-- Table structure for table `grns`
--

CREATE TABLE `grns` (
  `grnbatch` smallint(6) NOT NULL DEFAULT '0',
  `grnno` int(11) NOT NULL AUTO_INCREMENT,
  `podetailitem` int(11) NOT NULL DEFAULT '0',
  `itemcode` varchar(20) NOT NULL DEFAULT '',
  `deliverydate` date NOT NULL DEFAULT '0000-00-00',
  `itemdescription` varchar(100) NOT NULL DEFAULT '',
  `qtyrecd` double NOT NULL DEFAULT '0',
  `quantityinv` double NOT NULL DEFAULT '0',
  `supplierid` varchar(10) NOT NULL DEFAULT '',
  `stdcostunit` double NOT NULL DEFAULT '0',
  `supplierref` varchar(30) NOT NULL DEFAULT '',
  PRIMARY KEY (`grnno`),
  KEY `DeliveryDate` (`deliverydate`),
  KEY `ItemCode` (`itemcode`),
  KEY `PODetailItem` (`podetailitem`),
  KEY `SupplierID` (`supplierid`)
) ENGINE=InnoDB AUTO_INCREMENT=6 DEFAULT CHARSET=utf8;

--
-- Dumping data for table `grns`
--

INSERT INTO `grns` VALUES (1,1,3,'','2016-12-15','pern',2,2,'EBUZ',2.5,''),(1,2,4,'','2016-12-15','pencil',1,1,'EBUZ',3.2,''),(2,3,6,'','2017-09-23','stationerys',1,1,'EBUZ',5.5,''),(1,4,6,'','2018-01-23','Wires',1,0,'107',200,''),(2,5,7,'','2018-01-23','conduits',1,0,'107',250,'');

--
-- Table structure for table `guardforceclient`
--

CREATE TABLE `guardforceclient` (
  `clientid` int(11) NOT NULL AUTO_INCREMENT COMMENT 'treat this as patrol id. mistake was done so cant change it.',
  `sectors` varchar(100) NOT NULL,
  `debtorno` varchar(10) NOT NULL,
  `patrollocation` varchar(100) NOT NULL,
  `account_number` varchar(100) NOT NULL,
  `department` varchar(100) NOT NULL,
  `req_guards` int(11) NOT NULL,
  `standby_guards` int(11) NOT NULL,
  `base_wage` decimal(10,2) NOT NULL,
  `premium` tinyint(1) NOT NULL,
  `premium_rate` decimal(10,2) NOT NULL,
  `weekly_hours_required` decimal(10,2) NOT NULL,
  `customername` varchar(100) NOT NULL,
  `portforlio_manager` varchar(100) NOT NULL,
  PRIMARY KEY (`clientid`)
) ENGINE=InnoDB AUTO_INCREMENT=164 DEFAULT CHARSET=utf8;

--
-- Dumping data for table `guardforceclient`
--

INSERT INTO `guardforceclient` VALUES (1,'1','','24 Marou','9165','1',0,0,0.00,0,0.00,0.00,'',''),(2,'1','','1 Cakobau','5021','1',0,0,0.00,0,0.00,0.00,'',''),(3,'1','','British High Comm','5021','1',0,0,0.00,0,0.00,0.00,'',''),(4,'1','','25 Vuya','5021','1',0,0,0.00,0,0.00,0.00,'',''),(5,'1','','3 Moli','5021','1',0,0,0.00,0,0.00,0.00,'',''),(6,'1','','33 Richards','5021','1',0,0,0.00,0,0.00,0.00,'',''),(7,'1','','28 Kavika','5147','1',0,0,0.00,0,0.00,0.00,'',''),(8,'1','','195 QE Drive','5147','1',0,0,0.00,0,0.00,0.00,'',''),(9,'1','','14 Vuivui','9473','1',0,0,0.00,0,0.00,0.00,'',''),(10,'1','','26 Berry','9473','1',0,0,0.00,0,0.00,0.00,'',''),(11,'1','','1 Marou','5147','1',0,0,0.00,0,0.00,0.00,'',''),(12,'1','','34 Fletcher','5147','1',0,0,0.00,0,0.00,0.00,'',''),(13,'1','','NZ EMB RES','5147','1',0,0,0.00,0,0.00,0.00,'',''),(14,'1','','7 Kavika','9275','1',0,0,0.00,0,0.00,0.00,'',''),(15,'1','','21 Nararo','5147','1',0,0,0.00,0,0.00,0.00,'',''),(16,'1','','24 Verata','5149','1',0,0,0.00,0,0.00,0.00,'',''),(17,'1','','40 Beach Rd','5149','1',0,0,0.00,0,0.00,0.00,'',''),(18,'1','','10 Duncan','5149','1',0,0,0.00,0,0.00,0.00,'',''),(19,'1','','10 Adi Davila','5149','1',0,0,0.00,0,0.00,0.00,'',''),(20,'1','','199 QE Drive','9908','1',0,0,0.00,0,0.00,0.00,'',''),(21,'1','','73 Domain','9004','1',0,0,0.00,0,0.00,0.00,'',''),(22,'1','','257 Rt Sukuna','2060','1',0,0,0.00,0,0.00,0.00,'',''),(23,'1','','242 Rt Sukuna','5203','1',0,0,0.00,0,0.00,0.00,'',''),(24,'1','','69 Cakobau','5950','1',0,0,0.00,0,0.00,0.00,'',''),(25,'1','','10 Allardyce','5203','1',0,0,0.00,0,0.00,0.00,'',''),(26,'1','','3 Clarke','9905','1',0,0,0.00,0,0.00,0.00,'',''),(27,'1','','5 Denision','9348','1',0,0,0.00,0,0.00,0.00,'',''),(28,'1','','56 Richard','9912','1',0,0,0.00,0,0.00,0.00,'',''),(29,'1','','10 Short Street','9909','1',0,0,0.00,0,0.00,0.00,'',''),(30,'1','','33 Richards','5021','1',0,0,0.00,0,0.00,0.00,'',''),(31,'1','','12 Marou','2057','1',0,0,0.00,0,0.00,0.00,'',''),(32,'1','','149 QE Drive','9903','1',0,0,0.00,0,0.00,0.00,'',''),(33,'1','','12 Vuivui','5083','1',0,0,0.00,0,0.00,0.00,'',''),(34,'1','','Makans','9898','1',0,0,0.00,0,0.00,0.00,'',''),(35,'1','','Total Warehouse','5239','1',0,0,0.00,0,0.00,0.00,'',''),(36,'1','','27 Kavika','9268','1',0,0,0.00,0,0.00,0.00,'',''),(37,'1','','3 Muanikau','9913','1',0,0,0.00,0,0.00,0.00,'',''),(38,'1','','252 Rt Sukuna','2060','1',0,0,0.00,0,0.00,0.00,'',''),(39,'1','','14 Makita','9907','1',0,0,0.00,0,0.00,0.00,'',''),(40,'1','','Japanese Emb Office','5110','1',0,0,0.00,0,0.00,0.00,'',''),(41,'1','','Indonesian Embassy','9242','1',0,0,0.00,0,0.00,0.00,'',''),(42,'1','','Oceanic Holding','2042','1',0,0,0.00,0,0.00,0.00,'',''),(43,'1','','MHCC','9832','1',0,0,0.00,0,0.00,0.00,'',''),(44,'1','','2 Bukshi','9274','1',0,0,0.00,0,0.00,0.00,'',''),(45,'1','','Queensland Insurance','5947','1',0,0,0.00,0,0.00,0.00,'',''),(46,'1','','Whaleys Butcher','9319','1',0,0,0.00,0,0.00,0.00,'',''),(47,'1','','Tikos Res','9274','1',0,0,0.00,0,0.00,0.00,'',''),(48,'1','','Fiji AirWays','5002','1',0,0,0.00,0,0.00,0.00,'',''),(49,'2','','Lot 1 Adi Davila','9586','1',0,0,0.00,0,0.00,0.00,'',''),(50,'2','','SPC Narere Gate 1','5186','1',0,0,0.00,0,0.00,0.00,'',''),(51,'2','','SPC Narere Gate 2','5186','1',0,0,0.00,0,0.00,0.00,'',''),(52,'2','','Coca Cola Plant','5231','1',0,0,0.00,0,0.00,0.00,'',''),(53,'2','','ANZ Kalabu','5051','1',0,0,0.00,0,0.00,0.00,'',''),(54,'2','','Capital Hill Apt','5907','1',0,0,0.00,0,0.00,0.00,'',''),(55,'2','','22 Rokotuicolo','9242','1',0,0,0.00,0,0.00,0.00,'',''),(56,'2','','Domodomo House','5157','1',0,0,0.00,0,0.00,0.00,'',''),(57,'2','','35 Mead Rd','9385','1',0,0,0.00,0,0.00,0.00,'',''),(58,'2','','280 Princess Rd','3065','1',0,0,0.00,0,0.00,0.00,'',''),(59,'2','','Kundan Singh','5118','1',0,0,0.00,0,0.00,0.00,'',''),(60,'2','','APTC Walubay','2084','1',0,0,0.00,0,0.00,0.00,'',''),(61,'2','','1 Howard','9901','1',0,0,0.00,0,0.00,0.00,'',''),(62,'2','','6 McGowen','5090','1',0,0,0.00,0,0.00,0.00,'',''),(63,'2','','10 McGowen','5147','1',0,0,0.00,0,0.00,0.00,'',''),(64,'2','','16 Crompton','2055','1',0,0,0.00,0,0.00,0.00,'',''),(65,'2','','Recoveries - RCL','5236','1',0,0,0.00,0,0.00,0.00,'',''),(66,'2','','Indian High Com-Extra','9331','1',0,0,0.00,0,0.00,0.00,'',''),(67,'2','','187 Princess','3034','1',0,0,0.00,0,0.00,0.00,'',''),(68,'2','','67 Princess','5203','1',0,0,0.00,0,0.00,0.00,'',''),(69,'2','','71 Princess','5147','1',0,0,0.00,0,0.00,0.00,'',''),(70,'2','','Novotel','5049','1',0,0,0.00,0,0.00,0.00,'',''),(71,'2','','Novotel-Extra','5049','1',0,0,0.00,0,0.00,0.00,'',''),(72,'2','','Fiji Gas','5075','1',0,0,0.00,0,0.00,0.00,'',''),(73,'2','','Mobil Terminal','5866','1',0,0,0.00,0,0.00,0.00,'',''),(74,'2','','Total Terminal','5239','1',0,0,0.00,0,0.00,0.00,'',''),(75,'2','','Northgate','5160','1',0,0,0.00,0,0.00,0.00,'',''),(76,'2','','Muaiwalu','5160','1',0,0,0.00,0,0.00,0.00,'',''),(77,'2','','11 Hemraj','9910','1',0,0,0.00,0,0.00,0.00,'',''),(78,'2','','46 Paul Sloan','3065','1',0,0,0.00,0,0.00,0.00,'',''),(79,'2','','SPC Nabua','5186','1',0,0,0.00,0,0.00,0.00,'',''),(80,'2','','SPC Nabua-Car Park','5186','1',0,0,0.00,0,0.00,0.00,'',''),(81,'2','','30 Niranji','9366','1',0,0,0.00,0,0.00,0.00,'',''),(82,'2','','7 Deoji','9900','1',0,0,0.00,0,0.00,0.00,'',''),(83,'2','','Pioneer Manoca','9911','1',0,0,0.00,0,0.00,0.00,'',''),(84,'2','','Pioneer Office','9911','1',0,0,0.00,0,0.00,0.00,'',''),(85,'2','','Pioneer Residence','9911','1',0,0,0.00,0,0.00,0.00,'',''),(86,'2','','Japanese Emb Residence','5110','1',0,0,2.68,1,1.10,0.00,'',''),(87,'4','','EU Supervisors','5058','1',0,0,2.68,0,0.00,1.99,'',''),(88,'4','','Tapoo City','5058','1',0,0,2.68,0,0.00,2.22,'',''),(89,'4','','EU Crew','5058','1',0,0,2.68,0,0.00,1.97,'',''),(90,'4','','5 Vuivui','5058','1',4,0,2.68,0,0.00,1.95,'',''),(91,'4','','29 Niranji','5058','1',4,0,2.68,0,0.00,1.95,'',''),(92,'4','','17 Rokotuicolo','5058','1',4,0,2.68,0,0.00,1.95,'',''),(93,'4','','4 Vunilekutu','5058','1',4,0,2.68,0,0.00,1.95,'',''),(94,'4','','41 Service Street','5058','1',4,0,2.68,0,0.00,1.95,'',''),(95,'4','','12 Charlton','5058','1',4,0,2.68,0,0.00,1.95,'',''),(96,'4','','34 Marou Rd','5058','1',4,0,2.68,0,0.00,1.95,'',''),(97,'4','','11 Miline Gate 1','5058','1',4,0,2.68,0,0.00,1.95,'',''),(98,'4','','11 Miline Gate 2','5058','1',4,0,2.68,0,0.00,1.95,'',''),(99,'4','','1 Stoddart','5058','1',4,0,2.68,0,0.00,1.95,'',''),(100,'4','','13 Makita','5058','1',4,0,2.68,0,0.00,1.95,'',''),(101,'4','','19 Verata','5058','1',4,0,2.68,0,0.00,1.95,'',''),(102,'4','','12 Short Street','5058','1',4,0,2.68,0,0.00,1.95,'',''),(103,'4','','11 Howard','5058','1',4,0,2.68,0,0.00,1.95,'',''),(104,'4','','8 Narain','5058','1',4,0,2.68,0,0.00,1.95,'',''),(105,'4','','15 Shiri Raman','5058','1',4,0,2.68,0,0.00,1.95,'',''),(106,'4','','61 Mead Road','5058','1',4,0,2.68,0,0.00,1.95,'',''),(107,'4','','9A Verata','5058','1',4,0,2.68,0,0.00,1.95,'',''),(108,'4','','7 Herrick Place','5058','1',4,0,2.68,0,0.00,1.95,'',''),(109,'4','','6 Deovji','5058','1',4,0,2.68,0,0.00,1.95,'',''),(110,'8','','POST E-01 COMMANDER','9242','1',0,0,6.02,0,0.00,0.00,'',''),(111,'8','','POST E-09 HARDLINE BOOTH ACCESS CONTROL','9242','1',0,0,4.37,0,0.00,0.00,'',''),(112,'8','','POST E-10 CHANCERY ENTRANCE WTMD','9242','1',4,0,4.11,0,0.00,0.00,'',''),(113,'8','','POST E-14 CON WAITING AREA','9242','1',0,0,4.11,0,0.00,0.00,'',''),(114,'8','','POST E-07 CAC EXTERIOR - PREMETER SECURITY','9242','1',0,0,4.11,0,0.00,0.00,'',''),(115,'8','','POST E-13 CAC EXTERIOR','9242','1',0,0,4.11,0,0.00,0.00,'',''),(116,'8','','POST - E-02 CAC SUPERVISOR','9242','1',0,0,4.62,0,0.00,0.00,'',''),(117,'8','','POST E-06  - VEHICLE INSPECTION','9242','1',0,0,4.11,0,0.00,0.00,'',''),(118,'8','','POST E-15 - REAR GATE ACCESS CONTROL','9242','1',0,0,4.11,0,0.00,0.00,'',''),(119,'8','','POST E-05 - PC ACCESS CONTROL WTMD','9242','1',0,0,4.11,0,0.00,0.00,'',''),(120,'8','','POST E-04 PAC ACCESS CONTROL','9242','1',0,0,4.37,0,0.00,0.00,'',''),(121,'8','','POST E-16 STAFF VEHICLE LOT','9242','1',0,0,4.11,0,0.00,0.00,'',''),(122,'8','','POST E-03 PAC - GATE CONTROL/ITEMIZER','9242','1',0,0,4.37,0,0.00,0.00,'',''),(123,'8','','POST E-11 CON PAC ACCESS CONTROL','9242','1',0,0,4.37,0,0.00,0.00,'',''),(124,'8','','POST E-12 CON PAC ACCESS WTMD','9242','1',0,0,4.11,0,0.00,0.00,'',''),(125,'8','','POST E-08 ROVING PERIMETER SECURITY','9242','1',0,0,4.11,0,0.00,0.00,'',''),(126,'8','','POST E-17 -VISITOR PARKING','9242','1',0,0,4.11,0,0.00,0.00,'',''),(127,'8','','24 FOXTROT - ACCESS CONTROL/SCREENING','9242','1',0,0,4.11,0,0.00,0.00,'',''),(128,'8','','POST MP-1 MOBILE PATROL - Mike Tango 1','9242','1',0,0,4.67,0,0.00,0.00,'',''),(129,'8','','POST MP-2 MOBILE PATROL- Mike Tango Crew','9242','1',0,0,4.37,0,0.00,0.00,'',''),(130,'8','','POST MP-3 MOBILE PATROL - Mike Mike - Driver','9242','1',0,0,4.62,0,0.00,0.00,'',''),(131,'8','','POST MP-4 MOBILE PATROL - Miki Mike Crew','9242','1',0,0,4.37,0,0.00,0.00,'',''),(132,'8','','POST R-1 CMR - EAGLE NEST 1','9242','1',0,0,4.37,0,0.00,0.00,'',''),(133,'8','','POST  M-2  MOBILE PATROL  - RESIDENTIAL SECURITY','9242','1',0,0,0.00,0,0.00,0.00,'',''),(134,'8','','CMR / Access Control Rover/EAGLE NEST 2','9242','1',0,0,4.11,0,0.00,0.00,'',''),(135,'8','','RELIEVING GUARDS','9242','1',0,0,4.11,0,0.00,0.00,'',''),(136,'8','','Briefing Guard','9242','1',0,0,4.11,0,0.00,0.00,'',''),(137,'8','','Construction Site','9242','1',0,0,4.37,0,0.00,0.00,'',''),(138,'4','','COMMANDER','','1',1,0,0.00,1,1.95,0.00,'',''),(139,'2','','131 Nailuva','3065','1',4,0,2.68,0,0.00,0.00,'',''),(140,'2','','Athen\'s Apartment','3065','1',0,0,2.68,0,0.00,0.00,'',''),(141,'10','','Baggage Duties - FJ431','','1',0,0,0.00,0,0.00,0.00,'',''),(142,'10','','Aircraft Search - FJ431','','1',0,0,0.00,0,0.00,0.00,'',''),(143,'10','','Pacific Sun','','1',0,0,0.00,0,0.00,0.00,'',''),(144,'10','','Standby','','1',0,0,0.00,0,0.00,0.00,'',''),(145,'10','','Baggage Duties - FJ281','','1',0,0,0.00,0,0.00,0.00,'',''),(146,'10','','Aircraft Search - FJ281','','1',0,0,0.00,0,0.00,0.00,'',''),(147,'10','','Baggage Duties - FJ267','','1',0,0,0.00,0,0.00,0.00,'',''),(148,'10','','Aircraft Search  - FJ267','','1',0,0,0.00,0,0.00,0.00,'',''),(149,'1','','B1 HUTSON','','1',4,0,2.68,0,0.00,0.00,'',''),(150,'2','','SOUTH GATE','','1',0,0,0.00,0,0.00,0.00,'',''),(151,'2','','MAGI ENTERPRISES (FIJI) PTE LTD','','1',0,0,0.00,0,0.00,0.00,'',''),(152,'10','','Aircraft Search - FJ941','','1',0,0,0.00,0,0.00,0.00,'',''),(153,'10','','Baggage Duties - FJ941','','1',0,0,0.00,0,0.00,0.00,'',''),(154,'10','','Lag Search - FJ941','','1',0,0,0.00,0,0.00,0.00,'',''),(155,'9','','BASE MARINA','','1',0,0,0.00,0,0.00,0.00,'',''),(156,'9','','MOBILE PATROL','','1',0,0,0.00,0,0.00,0.00,'',''),(157,'9','','PATROL SUPERVISOR','','1',0,0,0.00,0,0.00,0.00,'',''),(158,'9','','ONODERE GUARDS','','1',0,0,0.00,0,0.00,0.00,'',''),(159,'9','','LAUCALA AIRPORT','','1',0,0,0.00,0,0.00,0.00,'',''),(160,'9','','AVIATION FIRE','','1',0,0,0.00,0,0.00,0.00,'',''),(161,'','34','ATS BOND','','2',2,0,0.00,1,1.40,336.00,'',''),(162,'10','','NAUSORI AIR PORT SUPERVISOR','','1',0,0,0.00,0,0.00,0.00,'',''),(163,'10','','Nausori Air Port Cros','','1',0,0,0.00,0,0.00,0.00,'','');

--
-- Table structure for table `guardforceclient1`
--

CREATE TABLE `guardforceclient1` (
  `clientid` int(11) NOT NULL AUTO_INCREMENT COMMENT 'treat this as patrol id. mistake was done so cant change it.',
  `sectors` varchar(100) NOT NULL,
  `debtorno` varchar(10) NOT NULL,
  `patrollocation` varchar(100) NOT NULL,
  `account_number` varchar(100) NOT NULL,
  `department` varchar(100) NOT NULL,
  `contract_start` date NOT NULL,
  `contract_end` date NOT NULL,
  `req_guards` int(11) NOT NULL,
  `standby_guards` int(11) NOT NULL,
  `billing_rate` decimal(10,2) NOT NULL,
  `premium_rate` decimal(10,2) NOT NULL,
  `monday` text NOT NULL,
  `tuesday` text NOT NULL,
  `wednesday` text NOT NULL,
  `thursday` text NOT NULL,
  `friday` text NOT NULL,
  `saturday` text NOT NULL,
  `sunday` text NOT NULL,
  `monday_2` text NOT NULL,
  `weekly_hours_required` decimal(10,2) NOT NULL,
  `customername` varchar(100) NOT NULL,
  `contract_file` longblob NOT NULL,
  PRIMARY KEY (`clientid`)
) ENGINE=InnoDB AUTO_INCREMENT=322 DEFAULT CHARSET=utf8;

--
-- Dumping data for table `guardforceclient1`
--

INSERT INTO `guardforceclient1` VALUES (1,'6','17','SPC Nabua','5186','1','0000-00-00','0000-00-00',0,0,0.00,0.00,'','','','','','','','',0.00,'SPC',''),(2,'6','ADB','ADB 20 Kavika','5149','1','0000-00-00','0000-00-00',0,0,0.00,0.00,'','','','','','','','',0.00,'ADB',''),(3,'6','19','JICA 159 Veiuto','2040','1','0000-00-00','0000-00-00',0,0,0.00,0.00,'','','','','','','','',0.00,'JICA',''),(4,'6','100','NZ 28 Kavika','5147','1','0000-00-00','0000-00-00',0,0,0.00,0.00,'','','','','','','','',0.00,'NZ Residence',''),(5,'6','100','NZ 11 Marou Defence','9473','1','0000-00-00','0000-00-00',0,0,0.00,0.00,'','','','','','','','',0.00,'NZ Residence',''),(6,'6','20','PSC 189 Rt Sukuna Rd','5283','1','0000-00-00','0000-00-00',0,0,0.00,0.00,'','','','','','','','',0.00,'PSC',''),(7,'6','21','S-S Grantham Rd 396','9356','1','0000-00-00','0000-00-00',0,0,0.00,0.00,'','','','','','','','',0.00,'Shop n Save',''),(8,'6','21','S-S Apartment Laucala ','9356','1','0000-00-00','0000-00-00',0,0,0.00,0.00,'','','','','','','','',0.00,'Shop n Save',''),(9,'6','ADB','ADB 27 Kavika','5149','1','0000-00-00','0000-00-00',0,0,0.00,0.00,'','','','','','','','',0.00,'ADB',''),(10,'6','100','NZ HC Residence Rt Sukuna Rd','5147','1','0000-00-00','0000-00-00',0,0,0.00,0.00,'','','','','','','','',0.00,'NZ Residence',''),(11,'6','22','UNDP 7 Vuivui','2060','1','0000-00-00','0000-00-00',0,0,0.00,0.00,'','','','','','','','',0.00,'UNDP',''),(12,'6','22','UNDP 242 Rt Sukuna','5019','1','0000-00-00','0000-00-00',0,0,0.00,0.00,'','','','','','','','',0.00,'UNDP',''),(13,'6','22','UN Women- 14 Vuivui','2060','1','0000-00-00','0000-00-00',0,0,0.00,0.00,'','','','','','','','',0.00,'UN Women',''),(14,'6','22','UNDP 252 Rt Sukuna Rd','2060','1','0000-00-00','0000-00-00',0,0,0.00,0.00,'','','','','','','','',0.00,'UNDP',''),(15,'6','100','NZ 7 Kavika','9275','1','0000-00-00','0000-00-00',0,0,0.00,0.00,'','','','','','','','',0.00,'NZ Residence',''),(16,'6','21','S-S Nabua Supermaket','9356','1','0000-00-00','0000-00-00',0,0,0.00,0.00,'','','','','','','','',0.00,'Shop n Save',''),(17,'6','24','7 Rifle Range','5968','1','0000-00-00','0000-00-00',0,0,0.00,0.00,'','','','','','','','',0.00,'Digital Group',''),(18,'6','25','French Residence 198 Rt Sukuna Rd','5247','1','0000-00-00','0000-00-00',0,0,0.00,0.00,'','','','','','','','',0.00,'Embassy of France',''),(19,'6','100','NZ 1 Marou Rd','5147','1','0000-00-00','0000-00-00',0,0,0.00,0.00,'','','','','','','','',0.00,'NZ Residence',''),(20,'6','26','IMF 3 muanikau','9268','1','0000-00-00','0000-00-00',0,0,0.00,0.00,'','','','','','','','',0.00,'IMF',''),(21,'6','27','CJ Patel 12 Vuivui','5083','1','0000-00-00','0000-00-00',0,0,0.00,0.00,'','','','','','','','',0.00,'CJ Patel',''),(22,'6','100','NZ - 21 Nararo','5147','1','0000-00-00','0000-00-00',0,0,0.00,0.00,'','','','','','','','',0.00,'NZ Residence',''),(23,'6','100','18 Marou - NZ','5147','1','0000-00-00','0000-00-00',0,0,0.00,0.00,'','','','','','','','',0.00,'NZ Residence',''),(24,'6','ADB','ADB-RESIDENCE 24 VERATA','5149','1','0000-00-00','0000-00-00',0,0,0.00,0.00,'','','','','','','','',0.00,'Asian Development Bank (ADB)',''),(25,'6','28','Total Lubricant Warehouse','','1','0000-00-00','0000-00-00',0,0,0.00,0.00,'','','','','','','','',0.00,'Total ',''),(26,'6','29','MindPearl Apartment Nailuva RD','3065','1','0000-00-00','0000-00-00',0,0,0.00,0.00,'','','','','','','','',0.00,'Mind Pearl',''),(27,'6','26','IMF 12 Marou','2057','1','0000-00-00','0000-00-00',0,0,0.00,0.00,'','','','','','','','',0.00,'IMF',''),(28,'6','3','DDP-27 Marou','9264','1','0000-00-00','0000-00-00',0,0,0.00,0.00,'','','','','','','','',0.00,'DDP',''),(29,'6','30','9 RAIWASA','','1','0000-00-00','0000-00-00',0,0,0.00,0.00,'','','','','','','','',0.00,'Guardforce Fiji',''),(30,'8','US-EM','POST C-1 CHANCERY - HARDLINE ACCESS CONTROL BOOTH','5007-01','1','0000-00-00','0000-00-00',0,0,0.00,0.00,'','','','','','','','',0.00,'US Embassy',''),(31,'8','US-EM','POST C- 2 CHANCERY','5007-02','1','0000-00-00','0000-00-00',0,0,0.00,0.00,'','','','','','','','',0.00,'US Embassy',''),(32,'8','US-EM','POST E-3 CHANCERY','5007-03','1','0000-00-00','0000-00-00',0,0,0.00,0.00,'','','','','','','','',0.00,'US Embassy',''),(33,'8','US-EM','POST C - 4 EMBASSY COMPOIND - CONSULAR','5007-04','1','0000-00-00','0000-00-00',0,0,0.00,0.00,'','','','','','','','',0.00,'US Embassy',''),(34,'8','US-EM','POST E -5 MAIN CAC','5007-05','1','0000-00-00','0000-00-00',0,0,0.00,0.00,'','','','','','','','',0.00,'US Embassy',''),(35,'8','US-EM','POST C - 6 MAIN CAC','5007-06','1','0000-00-00','0000-00-00',0,0,0.00,0.00,'','','','','','','','',0.00,'US Embassy',''),(36,'8','US-EM','POST - C 7 MAIN CAC SHIFT SUPERVISOR','5007-07','1','0000-00-00','0000-00-00',0,0,0.00,0.00,'','','','','','','','',0.00,'US Embassy',''),(37,'8','US-EM','POST E -8 MAIN CAC','5007-08','1','0000-00-00','0000-00-00',0,0,0.00,0.00,'','','','','','','','',0.00,'US Embassy',''),(38,'8','US-EM','POST E-10 MAIN CAC','5007-09','1','0000-00-00','0000-00-00',0,0,0.00,0.00,'','','','','','','','',0.00,'US Embassy',''),(39,'8','US-EM','POST E-11 MAIN CAC SENIOR GUARD','5007-10','1','0000-00-00','0000-00-00',0,0,0.00,0.00,'','','','','','','','',0.00,'US Embassy',''),(40,'8','US-EM','POST C-12 EMBASSY COMPOUND -STAFF PARKING','5007-11','1','0000-00-00','0000-00-00',0,0,0.00,0.00,'','','','','','','','',0.00,'US Embassy',''),(41,'8','US-EM','POST C-13 MAIN CAC','5007-12','1','0000-00-00','0000-00-00',0,0,0.00,0.00,'','','','','','','','',0.00,'US Embassy',''),(42,'8','US-EM','POST E-14 CONSULAR CAC','5007-13','1','0000-00-00','0000-00-00',0,0,0.00,0.00,'','','','','','','','',0.00,'US Embassy',''),(43,'8','US-EM','POST C-15 CONSULAR CAC','5007-14','1','0000-00-00','0000-00-00',0,0,0.00,0.00,'','','','','','','','',0.00,'US Embassy',''),(44,'8','US-EM','POST C-16 EMBASSY COMPOUND','5007-15','1','0000-00-00','0000-00-00',0,0,0.00,0.00,'','','','','','','','',0.00,'US Embassy',''),(45,'8','US-EM','POST C-17 EMBASSY COMPOUND-VISITOR PARKING','5007-16','1','0000-00-00','0000-00-00',0,0,0.00,0.00,'','','','','','','','',0.00,'US Embassy',''),(46,'8','US-EM','POST E-18 GFC-EMBASSY COMPOUND- GFC OFFICE','5007-17','1','0000-00-00','0000-00-00',0,0,0.00,0.00,'','','','','','','','',0.00,'US Embassy',''),(47,'8','US-EM','24 FOXTROT','5007-18','1','0000-00-00','0000-00-00',0,0,0.00,0.00,'','','','','','','','',0.00,'US Embassy',''),(48,'8','US-EM','POST MP-1 MOBILE PATROL Guard Driver','5007-19','1','0000-00-00','0000-00-00',0,0,0.00,0.00,'','','','','','','','',0.00,'US Embassy',''),(49,'8','US-EM','POST MP-2 MOBILE PATROL Senior Guard','5007-20','1','0000-00-00','0000-00-00',0,0,0.00,0.00,'','','','','','','','',0.00,'US Embassy',''),(50,'8','US-EM','POST MP-3 MOBILE PATROL Guard Driver','5007-21','1','0000-00-00','0000-00-00',0,0,0.00,0.00,'','','','','','','','',0.00,'US Embassy',''),(51,'8','US-EM','POST MP-4 MOBILE PATROL Senior Guard','5007-22','1','0000-00-00','0000-00-00',0,0,0.00,0.00,'','','','','','','','',0.00,'US Embassy',''),(52,'8','US-EM','POST R-1 CMR','5007-23','1','0000-00-00','0000-00-00',0,0,0.00,0.00,'','','','','','','','',0.00,'US Embassy',''),(53,'8','US-EM','POST  M-2  MOBILE PATROL  - RESIDENTIAL SECURITY','5007-24','1','0000-00-00','0000-00-00',0,0,0.00,0.00,'','','','','','','','',0.00,'US Embassy',''),(54,'8','US-EM','US EMBASSY RELIEVING GUARDS','5007-25','1','0000-00-00','0000-00-00',0,0,0.00,0.00,'','','','','','','','',0.00,'US Embassy',''),(55,'7','31','PORTS - SOUTH','5160-01','1','0000-00-00','0000-00-00',0,0,0.00,0.00,'','','','','','','','',0.00,'Fiji PortS Corporation Limited ',''),(56,'7','31','MUAIWALU JETTY','5160-02','1','0000-00-00','0000-00-00',0,0,0.00,0.00,'','','','','','','','',0.00,'Fiji PortS Corporation Limited ',''),(57,'7','31','PORTS NORTH GATE','5160-03','1','0000-00-00','0000-00-00',0,0,0.00,0.00,'','','','','','','','',0.00,'Fiji PortS Corporation Limited ',''),(58,'5','AUST','203 Princess Rd','5160-04','1','0000-00-00','0000-00-00',0,0,0.00,0.00,'','','','','','','','',0.00,'Australian High Commission',''),(59,'5','AUST','13 Crompton','5160-05','1','0000-00-00','0000-00-00',0,0,0.00,0.00,'','','','','','','','',0.00,'Australian High Commission',''),(60,'5','AUST','23 Narain','5160-06','1','0000-00-00','0000-00-00',0,0,0.00,0.00,'','','','','','','','',0.00,'Australian High Commission',''),(61,'5','AUST','261 Princess Rd','5160-07','1','0000-00-00','0000-00-00',0,0,0.00,0.00,'','','','','','','','',0.00,'Australian High Commission',''),(62,'5','AUST','261A Princess Rd','5160-08','1','0000-00-00','0000-00-00',0,0,0.00,0.00,'','','','','','','','',0.00,'Australian High Commission',''),(63,'5','AUST','40 Mead Rd','5160-09','1','0000-00-00','0000-00-00',0,0,0.00,0.00,'','','','','','','','',0.00,'Australian High Commission',''),(64,'5','AUST','97 Niranji','5160-10','1','0000-00-00','0000-00-00',0,0,0.00,0.00,'','','','','','','','',0.00,'Australian High Commission',''),(65,'5','AUST','45 Navurevure - 24 Aug 16 - 24 hrs','5160-11','1','0000-00-00','0000-00-00',0,0,0.00,0.00,'','','','','','','','',0.00,'Australian High Commission',''),(66,'5','AUST','51 Muaicolo','5160-12','1','0000-00-00','0000-00-00',0,0,0.00,0.00,'','','','','','','','',0.00,'Australian High Commission',''),(67,'5','AUST','52 Muaicolo','5160-13','1','0000-00-00','0000-00-00',0,0,0.00,0.00,'','','','','','','','',0.00,'Australian High Commission',''),(68,'5','AUST','57 Vunakece','5160-14','1','0000-00-00','0000-00-00',0,0,0.00,0.00,'','','','','','','','',0.00,'Australian High Commission',''),(69,'5','AUST','10 Marou','5160-15','1','0000-00-00','0000-00-00',0,0,0.00,0.00,'','','','','','','','',0.00,'Australian High Commission',''),(70,'5','AUST','33 Kavika Pl','5160-16','1','0000-00-00','0000-00-00',0,0,0.00,0.00,'','','','','','','','',0.00,'Australian High Commission',''),(71,'5','AUST','15 Kavika Pl','5160-17','1','0000-00-00','0000-00-00',0,0,0.00,0.00,'','','','','','','','',0.00,'Australian High Commission',''),(72,'5','AUST','22 Marou','5160-18','1','0000-00-00','0000-00-00',0,0,0.00,0.00,'','','','','','','','',0.00,'Australian High Commission',''),(73,'5','AUST','6 Davila','5160-19','1','0000-00-00','0000-00-00',0,0,0.00,0.00,'','','','','','','','',0.00,'Australian High Commission',''),(74,'5','AUST','15 Vudi Place - Fri 2 Sep 16 started','5160-20','1','0000-00-00','0000-00-00',0,0,0.00,0.00,'','','','','','','','',0.00,'Australian High Commission',''),(75,'5','AUST','AHC Mobile Team','5160-21','1','0000-00-00','0000-00-00',0,0,0.00,0.00,'','','','','','','','',0.00,'Australian High Commission',''),(76,'5','AUST','MOBILE CREW','5160-22','1','0000-00-00','0000-00-00',0,0,0.00,0.00,'','','','','','','','',0.00,'Australian High Commission',''),(77,'5','AUST','Chancery-Site Supervisor','5160-23','1','0000-00-00','0000-00-00',0,0,0.00,0.00,'','','','','','','','',0.00,'Australian High Commission',''),(78,'5','AUST','Chancery-Shift Supervisor','5160-24','1','0000-00-00','0000-00-00',0,0,0.00,0.00,'','','','','','','','',0.00,'Australian High Commission',''),(79,'5','AUST','Chancery-Vehicle Search 1','5160-25','1','0000-00-00','0000-00-00',0,0,0.00,0.00,'','','','','','','','',0.00,'Australian High Commission',''),(80,'5','AUST','Chancery-Padestrian Gate 1','5160-26','1','0000-00-00','0000-00-00',0,0,0.00,0.00,'','','','','','','','',0.00,'Australian High Commission',''),(81,'5','AUST','Chancery-Vehicle Search 2','5160-27','1','0000-00-00','0000-00-00',0,0,0.00,0.00,'','','','','','','','',0.00,'Australian High Commission',''),(82,'5','AUST','Chancery-Padestrian Gate 1','5160-28','1','0000-00-00','0000-00-00',0,0,0.00,0.00,'','','','','','','','',0.00,'Australian High Commission',''),(83,'5','AUST','Chancery-Foot Patrol','5160-29','1','0000-00-00','0000-00-00',0,0,0.00,0.00,'','','','','','','','',0.00,'Australian High Commission',''),(84,'5','AUST','Chancery-Diac Gate 1','5160-30','1','0000-00-00','0000-00-00',0,0,0.00,0.00,'','','','','','','','',0.00,'Australian High Commission',''),(85,'5','AUST','Chancery-Diac Gate 2','5160-31','1','0000-00-00','0000-00-00',0,0,0.00,0.00,'','','','','','','','',0.00,'Australian High Commission',''),(86,'5','AUST','Chancery-Diac Gate 3','5160-32','1','0000-00-00','0000-00-00',0,0,0.00,0.00,'','','','','','','','',0.00,'Australian High Commission',''),(87,'5','AUST','Chancery-Resivor Rd 1','5160-33','1','0000-00-00','0000-00-00',0,0,0.00,0.00,'','','','','','','','',0.00,'Australian High Commission',''),(88,'5','AUST','Chancery-Resivor Rd 2','5160-34','1','0000-00-00','0000-00-00',0,0,0.00,0.00,'','','','','','','','',0.00,'Australian High Commission',''),(89,'4','32','Post 1 - Senior Supervisor','5058-01','1','0000-00-00','0000-00-00',0,0,0.00,0.00,'','','','','','','','',0.00,'European Union',''),(90,'4','32','Post 2- Guard Shift Leader','5058-02','1','0000-00-00','0000-00-00',0,0,0.00,0.00,'','','','','','','','',0.00,'European Union',''),(91,'4','32','Post 3- Mobile Supervisors','5058-03','1','0000-00-00','0000-00-00',0,0,0.00,0.00,'','','','','','','','',0.00,'European Union',''),(92,'4','32','Post 4- Mobile Crew','5058-04','1','0000-00-00','0000-00-00',0,0,0.00,0.00,'','','','','','','','',0.00,'European Union',''),(93,'4','32','34 Marou ','5058-05','1','0000-00-00','0000-00-00',0,0,0.00,0.00,'','','','','','','','',0.00,'European Union',''),(94,'4','32','309 Rt Sukuna Rd','5058-06','1','0000-00-00','0000-00-00',0,0,0.00,0.00,'','','','','','','','',0.00,'European Union',''),(95,'4','32','19 Verata','5058-07','1','0000-00-00','0000-00-00',0,0,0.00,0.00,'','','','','','','','',0.00,'European Union',''),(96,'4','32','11 Milne Gate 1 ','5058-08','1','0000-00-00','0000-00-00',0,0,0.00,0.00,'','','','','','','','',0.00,'European Union',''),(97,'4','32','12 Milne Gate 2','5058-09','1','0000-00-00','0000-00-00',0,0,0.00,0.00,'','','','','','','','',0.00,'European Union',''),(98,'4','32','13 Makita ','5058-10','1','0000-00-00','0000-00-00',0,0,0.00,0.00,'','','','','','','','',0.00,'European Union',''),(99,'4','32','33 Beach Rd','5058-11','1','0000-00-00','0000-00-00',0,0,0.00,0.00,'','','','','','','','',0.00,'European Union',''),(100,'4','32','12 Grants Place','5058-12','1','0000-00-00','0000-00-00',0,0,0.00,0.00,'','','','','','','','',0.00,'European Union',''),(101,'4','32','15 A2 Senibuadromo','5058-13','1','0000-00-00','0000-00-00',0,0,0.00,0.00,'','','','','','','','',0.00,'European Union',''),(102,'4','32','50 Richards','5058-14','1','0000-00-00','0000-00-00',0,0,0.00,0.00,'','','','','','','','',0.00,'European Union',''),(103,'4','32','8 Stirling','5058-15','1','0000-00-00','0000-00-00',0,0,0.00,0.00,'','','','','','','','',0.00,'European Union',''),(104,'4','32','1 Stoddart','5058-16','1','0000-00-00','0000-00-00',0,0,0.00,0.00,'','','','','','','','',0.00,'European Union',''),(105,'4','32',' 12 Charlton Avenue','5058-17','1','0000-00-00','0000-00-00',0,0,0.00,0.00,'','','','','','','','',0.00,'European Union',''),(106,'4','32','29 Niranji','5058-18','1','0000-00-00','0000-00-00',0,0,0.00,0.00,'','','','','','','','',0.00,'European Union',''),(107,'4','32','Tappoos City Level  6','5058-19','1','0000-00-00','0000-00-00',0,0,0.00,0.00,'','','','','','','','',0.00,'European Union',''),(108,'4','32','17 Rokotuicolo','5058-20','1','0000-00-00','0000-00-00',0,0,0.00,0.00,'','','','','','','','',0.00,'European Union',''),(109,'4','32','15 Shri Raman Place','5058-21','1','0000-00-00','0000-00-00',0,0,0.00,0.00,'','','','','','','','',0.00,'European Union',''),(110,'4','32','8 Narain Tamavua','5058-22','1','0000-00-00','0000-00-00',0,0,0.00,0.00,'','','','','','','','',0.00,'European Union',''),(111,'4','32','61 Mead Road','5058-23','1','0000-00-00','0000-00-00',0,0,0.00,0.00,'','','','','','','','',0.00,'European Union',''),(112,'1','33','2 Way Service Station','9419','1','0000-00-00','0000-00-00',0,0,0.00,0.00,'','','','','','','','',0.00,'Mobil',''),(113,'1','34','Berry Apartments','3067','1','0000-00-00','0000-00-00',0,0,0.00,0.00,'','','','','','','','',0.00,'International Shop Fitting',''),(114,'1','BRITISH','BHC Embassy','5021','1','0000-00-00','0000-00-00',0,0,0.00,0.00,'','','','','','','','',0.00,'British High Commission',''),(115,'1','22','UN 10 Allardyce','5015','1','0000-00-00','0000-00-00',0,0,0.00,0.00,'','','','','','','','',0.00,'UNDP',''),(116,'1','FJA','Fiji Airways','5002','1','0000-00-00','0000-00-00',0,0,0.00,0.00,'','','','','','','','',0.00,'Fiji Airways',''),(117,'1','WBT','Wahleys Butcher Toorak','9319','1','0000-00-00','0000-00-00',0,0,0.00,0.00,'','','','','','','','',0.00,'Wahleys',''),(118,'1','3','MHCC','9832','1','0000-00-00','0000-00-00',0,0,0.00,0.00,'','','','','','','','',0.00,'Carpenters Properties Ltd',''),(119,'1','35','Queensland Insurance Suva','5947','1','0000-00-00','0000-00-00',0,0,0.00,0.00,'','','','','','','','',0.00,'Queensland Insurance Suva',''),(120,'1','APTC','APTC Ganilau House','2084','1','0000-00-00','0000-00-00',0,0,0.00,0.00,'','','','','','','','',0.00,'APTC',''),(121,'1','37','South Seas Hotel','5035','1','0000-00-00','0000-00-00',0,0,0.00,0.00,'','','','','','','','',0.00,'Cathy Hotel',''),(122,'1','38','Fiji Club','5091','1','0000-00-00','0000-00-00',0,0,0.00,0.00,'','','','','','','','',0.00,'Fiji Club',''),(123,'1','OH','Oceanic Holdings','2042','1','0000-00-00','0000-00-00',0,0,0.00,0.00,'','','','','','','','',0.00,'Oceanic Holdings Ltd',''),(124,'1','IE','Indonesian Embassy Office','9242','1','0000-00-00','0000-00-00',0,0,0.00,0.00,'','','','','','','','',0.00,'Indonesian Embassy',''),(125,'1','CE','Chinese Embassy Office','9157','1','0000-00-00','0000-00-00',0,0,0.00,0.00,'','','','','','','','',0.00,'Chinese Embassy',''),(126,'1','CE','Chinese Amb Resd - 147 QE drive','9157','1','0000-00-00','0000-00-00',0,0,0.00,0.00,'','','','','','','','',0.00,'Chinese Embassy',''),(127,'1','22','UNICHA-27 Allardyce UN','5990','1','0000-00-00','0000-00-00',0,0,0.00,0.00,'','','','','','','','',0.00,'UNICHA',''),(128,'1','22','14 Makita - UN','5023','1','0000-00-00','0000-00-00',0,0,0.00,0.00,'','','','','','','','',0.00,'UNDP',''),(129,'1','22','10 Duncan UN Womens','2060','1','0000-00-00','0000-00-00',0,0,0.00,0.00,'','','','','','','','',0.00,'UNDP',''),(130,'1','BRITISH','1 Cakobau - Ambassador\'s Resd','','1','0000-00-00','0000-00-00',0,0,0.00,0.00,'','','','','','','','',0.00,'British High Commission',''),(131,'1','TR','2 Bakshi Street','9274','1','0000-00-00','0000-00-00',0,0,0.00,0.00,'','','','','','','','',0.00,'Tiko\'s Resturant',''),(132,'1','22','5 Denison 28 May UN','9348','1','0000-00-00','0000-00-00',0,0,0.00,0.00,'','','','','','','','',0.00,'UNDP',''),(133,'1','41','CARDNO 33 Richards Road','9813','1','0000-00-00','0000-00-00',0,0,0.00,0.00,'','','','','','','','',0.00,'Cardno Emerging Market Aust PTY Ltd',''),(134,'1','42','GEM (Fiji) Ltd - Gohil Building Toorak','9385','1','0000-00-00','0000-00-00',0,0,0.00,0.00,'','','','','','','','',0.00,'GEM Fiji Limited',''),(135,'1','22','56 Rcihards','5794','1','0000-00-00','0000-00-00',0,0,0.00,0.00,'','','','','','','','',0.00,'UNDP',''),(136,'1','43','McDonalds Suva','2120','1','0000-00-00','0000-00-00',0,0,0.00,0.00,'','','','','','','','',0.00,'McDonalds',''),(137,'1','44','52 Inthum','2088','1','0000-00-00','0000-00-00',0,0,0.00,0.00,'','','','','','','','',0.00,'Live & Learn',''),(138,'1','22','14 Storck Street','9768','1','0000-00-00','0000-00-00',0,0,0.00,0.00,'','','','','','','','',0.00,'UNDP',''),(139,'1','46','BSP Pacific House','2065','1','0000-00-00','0000-00-00',0,0,0.00,0.00,'','','','','','','','',0.00,'BSP',''),(140,'1','46','Bsp Dominion','2065','1','0000-00-00','0000-00-00',0,0,0.00,0.00,'','','','','','','','',0.00,'BSP',''),(141,'1','46','BSP Central','2065','1','0000-00-00','0000-00-00',0,0,0.00,0.00,'','','','','','','','',0.00,'BSP',''),(142,'1','46','BSP Damodar','2065','1','0000-00-00','0000-00-00',0,0,0.00,0.00,'','','','','','','','',0.00,'BSP',''),(143,'1','BRITISH','24 Marou','9165','1','0000-00-00','0000-00-00',0,0,0.00,0.00,'','','','','','','','',0.00,'British Defence',''),(144,'1','BRITSH','25 Vuya','','1','0000-00-00','0000-00-00',0,0,0.00,0.00,'','','','','','','','',0.00,'British High Commission',''),(145,'1','TR','Tikos Restaurant','9275','1','0000-00-00','0000-00-00',0,0,0.00,0.00,'','','','','','','','',0.00,'Tikos Restaurant',''),(146,'3','JAP-EM','Japanese Embassy Office','5110-01','1','0000-00-00','0000-00-00',0,0,0.00,0.00,'','','','','','','','',0.00,'Japanese Embassy',''),(147,'3','JAP-EM','Japanese Embassy Residence','5110-02','1','0000-00-00','0000-00-00',0,0,0.00,0.00,'','','','','','','','',0.00,'Japanese Embassy',''),(148,'3','22','UNOCH-7 Deoji - UN','5989','1','0000-00-00','0000-00-00',0,0,0.00,0.00,'','','','','','','','',0.00,'UNOCH',''),(149,'3','47','Capital Hill Apartments','5907','1','0000-00-00','0000-00-00',0,0,0.00,0.00,'','','','','','','','',0.00,'Sharma\'s Artitech',''),(150,'3','9','20 Khrishna ','5231','1','0000-00-00','0000-00-00',0,0,0.00,0.00,'','','','','','','','',0.00,'Coco Cola Amatil',''),(151,'3','IE','22 Rokotuicolo','9242','1','0000-00-00','0000-00-00',0,0,0.00,0.00,'','','','','','','','',0.00,'Indonesian Embassy',''),(152,'3','48','Lees Trading','5234','1','0000-00-00','0000-00-00',0,0,0.00,0.00,'','','','','','','','',0.00,'Lees Trading LTD',''),(153,'3','9','Coca Cola Plant','5231','1','0000-00-00','0000-00-00',0,0,0.00,0.00,'','','','','','','','',0.00,'Coco Cola Amatil',''),(154,'3','17','SPC Narere Gate 1','5186','1','0000-00-00','0000-00-00',0,0,0.00,0.00,'','','','','','','','',0.00,'SPC',''),(155,'3','17','SPC Narere Gate 2','5186','1','0000-00-00','0000-00-00',0,0,0.00,0.00,'','','','','','','','',0.00,'SPC',''),(156,'3','29','Mind Pearl 7 Pathik','3065','1','0000-00-00','0000-00-00',0,0,0.00,0.00,'','','','','','','','',0.00,'Mind Peral',''),(157,'3','29','Mind Pearl 280 Princess Rd','3065','1','0000-00-00','0000-00-00',0,0,0.00,0.00,'','','','','','','','',0.00,'Mind Peral',''),(158,'3','29','Mind Pearl 46 Paul Sloan','3065','1','0000-00-00','0000-00-00',0,0,0.00,0.00,'','','','','','','','',0.00,'Mind Peral',''),(159,'3','29','Mind Pearl 9 Daniva','3065','1','0000-00-00','0000-00-00',0,0,0.00,0.00,'','','','','','','','',0.00,'Mind Peral',''),(160,'3','22','32 Qomate ','5020','1','0000-00-00','0000-00-00',0,0,0.00,0.00,'','','','','','','','',0.00,'UNDP',''),(161,'3','133','ANZ Kalabu','5051','1','0000-00-00','0000-00-00',0,0,0.00,0.00,'','','','','','','','',0.00,'ANZ BANK',''),(162,'3','21','Shop & Save Kalabu','9356','1','0000-00-00','0000-00-00',0,0,0.00,0.00,'','','','','','','','',0.00,'Shop n Save',''),(163,'3','21','Shop & Save Vale Levu','9356','1','0000-00-00','0000-00-00',0,0,0.00,0.00,'','','','','','','','',0.00,'Shop n Save',''),(164,'3','21','Shop & Save Laucala','9356','1','0000-00-00','0000-00-00',0,0,0.00,0.00,'','','','','','','','',0.00,'Shop n Save',''),(165,'3','21','Shop n Save Makoi','9356','1','0000-00-00','0000-00-00',0,0,0.00,0.00,'','','','','','','','',0.00,'Shop n Save',''),(166,'3','21','Shop n Save Nakasi','9356','1','0000-00-00','0000-00-00',0,0,0.00,0.00,'','','','','','','','',0.00,'Shop n Save',''),(167,'3','50','Cremation - Lot 1 Adi Davila','9586','1','0000-00-00','0000-00-00',0,0,0.00,0.00,'','','','','','','','',0.00,'Beautiful Mourniment',''),(168,'3','ADB','ADB 22 Guava','5149','1','0000-00-00','0000-00-00',0,0,0.00,0.00,'','','','','','','','',0.00,'Asian Development Bank',''),(169,'3','42','35 Mead Road','9385','1','0000-00-00','0000-00-00',0,0,0.00,0.00,'','','','','','','','',0.00,'GEM Fiji Limited',''),(170,'3','33','Mobil Service Station Korovou','5092','1','0000-00-00','0000-00-00',0,0,0.00,0.00,'','','','','','','','',0.00,'Mobil',''),(171,'3','51','RCL Services','5236','1','0000-00-00','0000-00-00',0,0,0.00,0.00,'','','','','','','','',0.00,'Recoveries Corp Limited',''),(172,'3','GMF','GFI Farm Mahendra','9764','1','0000-00-00','0000-00-00',0,0,0.00,0.00,'','','','','','','','',0.00,'Goodman Fielder',''),(173,'3','GMF','GFI Farm Amras','5192','1','0000-00-00','0000-00-00',0,0,0.00,0.00,'','','','','','','','',0.00,'Goodman Fielder',''),(174,'3','GMF','GFI Farm Manoca','9883','1','0000-00-00','0000-00-00',0,0,0.00,0.00,'','','','','','','','',0.00,'GOODMAN FIELDER',''),(175,'3','GMF','GFI Farm Korocirrciri','9846','1','0000-00-00','0000-00-00',0,0,0.00,0.00,'','','','','','','','',0.00,'Goodman Fielder',''),(176,'3','GMF','GFI Farm Lohar','5193','1','0000-00-00','0000-00-00',0,0,0.00,0.00,'','','','','','','','',0.00,'Goodman Fielder',''),(177,'2','21','Shop n Save Lami','9356','1','0000-00-00','0000-00-00',0,0,0.00,0.00,'','','','','','','','',0.00,'Shop n Save',''),(178,'2','22','ILO-14 Loa','2100','1','0000-00-00','0000-00-00',0,0,0.00,0.00,'','','','','','','','',0.00,'UNDP',''),(179,'2','22','187 Princess Road','3034','1','0000-00-00','0000-00-00',0,0,0.00,0.00,'','','','','','','','',0.00,'UNDP',''),(180,'2','52','Kundan Singh Supermarket','5118','1','0000-00-00','0000-00-00',0,0,0.00,0.00,'','','','','','','','',0.00,'Kundan Singh',''),(181,'2','53','Indian High Comm Residence','9331','1','0000-00-00','0000-00-00',0,0,0.00,0.00,'','','','','','','','',0.00,'Indian High Commission',''),(182,'2','22','UNFPA-67 Princess Road','5022','1','0000-00-00','0000-00-00',0,0,0.00,0.00,'','','','','','','','',0.00,'UNFPA',''),(183,'2','37','20 Narain - Cathay Hotel Owner','5035','1','0000-00-00','0000-00-00',0,0,0.00,0.00,'','','','','','','','',0.00,'Cathy Hotel',''),(184,'2','33','Mobil Terminal','','1','0000-00-00','0000-00-00',0,0,0.00,0.00,'','','','','','','','',0.00,'Mobil',''),(185,'2','3','Carpenters Used Car','5036','1','0000-00-00','0000-00-00',0,0,0.00,0.00,'','','','','','','','',0.00,'CARPENTERS FIJI LIMITED',''),(186,'2','28','Total Terminal','','1','0000-00-00','0000-00-00',0,0,0.00,0.00,'','','','','','','','',0.00,'Total',''),(187,'2','55','Novotel Hotel','5049','1','0000-00-00','0000-00-00',0,0,0.00,0.00,'','','','','','','','',0.00,'Novotel Hotel',''),(188,'2','22','WHO-17 Qauia','5090','1','0000-00-00','0000-00-00',0,0,0.00,0.00,'','','','','','','','',0.00,'UNDP',''),(189,'2','57','Blue Gas Terminal','3080','1','0000-00-00','0000-00-00',0,0,0.00,0.00,'','','','','','','','',0.00,'Blue Gas',''),(190,'2','27','CJ Patel Wailada','5024','1','0000-00-00','0000-00-00',0,0,0.00,0.00,'','','','','','','','',0.00,'CJ Patel',''),(191,'2','70','Fiji Gas Wailada','5075','1','0000-00-00','0000-00-00',0,0,0.00,0.00,'','','','','','','','',0.00,'Fiji Gas',''),(192,'2','58','Auomated Building Services & Intergroup','5055','1','0000-00-00','0000-00-00',0,0,0.00,0.00,'','','','','','','','',0.00,'Automated Building Services',''),(193,'2','49','10 Howard','5011','1','0000-00-00','0000-00-00',0,0,0.00,0.00,'','','','','','','','',0.00,'ANZ',''),(194,'2','59','16 Crompton','2055','1','0000-00-00','0000-00-00',0,0,0.00,0.00,'','','','','','','','',0.00,'China Railway',''),(195,'2','APTC','APTC Walu bay','2084','1','0000-00-00','0000-00-00',0,0,0.00,0.00,'','','','','','','','',0.00,'APTC',''),(196,'2','FSHIL','FSHIL Slip way Walu bay','5053','1','0000-00-00','0000-00-00',0,0,0.00,0.00,'','','','','','','','',0.00,'FSHIL',''),(197,'2','FSHIL','FSHIL Yard (opp korovou)','5053','1','0000-00-00','0000-00-00',0,0,0.00,0.00,'','','','','','','','',0.00,'FSHIL',''),(198,'2','GMF','GFI Farm Vakabalea','2079','1','0000-00-00','0000-00-00',0,0,0.00,0.00,'','','','','','','','',0.00,'GOODMAN FIELDER',''),(199,'2','','10 Mcgowen','2008','1','0000-00-00','0000-00-00',0,0,0.00,0.00,'','','','','','','','',0.00,'',''),(200,'2','62','Resene Paints','9205','1','0000-00-00','0000-00-00',0,0,0.00,0.00,'','','','','','','','',0.00,'Resene Paints',''),(201,'2','28','Living Stone','9453','1','0000-00-00','0000-00-00',0,0,0.00,0.00,'','','','','','','','',0.00,'Total',''),(202,'2','','6 Mcgowen','5090','1','0000-00-00','0000-00-00',0,0,0.00,0.00,'','','','','','','','',0.00,'',''),(203,'2','100','71 Princeses Road','5147','1','0000-00-00','0000-00-00',0,0,0.00,0.00,'','','','','','','','',0.00,'New Zealand High Commission',''),(204,'2','9','Coco Cola Warehouse Wailda','5231','1','0000-00-00','0000-00-00',0,0,0.00,0.00,'','','','','','','','',0.00,'COCA COLA AMITAL',''),(209,'','GMF','Crest Chicken Lbs','5314','','0000-00-00','0000-00-00',0,4,4.59,0.00,'<table border=\"0\" cellpadding=\"0\" cellspacing=\"0\" style=\"border-collapse:collapse; width:77pt\">\n	<tbody>\n		<tr>\n			<td style=\"height:27.6pt; width:77pt\">3 x 8hrs Shifts</td>\n		</tr>\n	</tbody>\n</table>','<table border=\"0\" cellpadding=\"0\" cellspacing=\"0\" style=\"border-collapse:collapse; width:77pt\">\n	<tbody>\n		<tr>\n			<td style=\"height:27.6pt; width:77pt\">3 x 8hrs Shifts</td>\n		</tr>\n	</tbody>\n</table>','<table border=\"0\" cellpadding=\"0\" cellspacing=\"0\" style=\"border-collapse:collapse; width:74pt\">\n	<tbody>\n		<tr>\n			<td style=\"height:27.6pt; width:74pt\">3 x 8hrs Shifts</td>\n		</tr>\n	</tbody>\n</table>','<table border=\"0\" cellpadding=\"0\" cellspacing=\"0\" style=\"border-collapse:collapse; width:75pt\">\n	<tbody>\n		<tr>\n			<td style=\"height:27.6pt; width:75pt\">3 x 8hrs Shifts</td>\n		</tr>\n	</tbody>\n</table>','<table border=\"0\" cellpadding=\"0\" cellspacing=\"0\" style=\"border-collapse:collapse; width:77pt\">\n	<tbody>\n		<tr>\n			<td style=\"height:27.6pt; width:77pt\">3 x 8hrs Shifts</td>\n		</tr>\n	</tbody>\n</table>','<table border=\"0\" cellpadding=\"0\" cellspacing=\"0\" style=\"border-collapse:collapse; width:80pt\">\n	<tbody>\n		<tr>\n			<td style=\"height:27.6pt; width:80pt\">3 x 8hrs Shifts</td>\n		</tr>\n	</tbody>\n</table>','<table border=\"0\" cellpadding=\"0\" cellspacing=\"0\" style=\"border-collapse:collapse; width:68pt\">\n	<tbody>\n		<tr>\n			<td style=\"height:27.6pt; width:68pt\">3 x 8hrs Shifts</td>\n		</tr>\n	</tbody>\n</table>','',168.00,'',''),(211,'','65','Controll Officer','6707','','0000-00-00','0000-00-00',0,26,6.00,0.00,'<table border=\"0\" cellpadding=\"0\" cellspacing=\"0\" style=\"border-collapse:collapse; width:77pt\">\n	<tbody>\n		<tr>\n			<td style=\"height:51.0pt; width:77pt\">15 x 8hrs Shifts<br />\n			1 x 12hrs shift</td>\n		</tr>\n	</tbody>\n</table>','<table border=\"0\" cellpadding=\"0\" cellspacing=\"0\" style=\"border-collapse:collapse; width:77pt\">\n	<tbody>\n		<tr>\n			<td style=\"height:51.0pt; width:77pt\">15 x 8hrs Shifts<br />\n			1 x 12hrs shift</td>\n		</tr>\n	</tbody>\n</table>','<table border=\"0\" cellpadding=\"0\" cellspacing=\"0\" style=\"border-collapse:collapse; width:74pt\">\n	<tbody>\n		<tr>\n			<td style=\"height:51.0pt; width:74pt\">15 x 8hrs Shifts<br />\n			1 x 12hrs shift</td>\n		</tr>\n	</tbody>\n</table>','<table border=\"0\" cellpadding=\"0\" cellspacing=\"0\" style=\"border-collapse:collapse; width:75pt\">\n	<tbody>\n		<tr>\n			<td style=\"height:51.0pt; width:75pt\">15 x 8hrs Shifts<br />\n			1 x 12hrs shift</td>\n		</tr>\n	</tbody>\n</table>','<table border=\"0\" cellpadding=\"0\" cellspacing=\"0\" style=\"border-collapse:collapse; width:77pt\">\n	<tbody>\n		<tr>\n			<td style=\"height:51.0pt; width:77pt\">15 x 8hrs Shifts<br />\n			1 x 12hrs shift</td>\n		</tr>\n	</tbody>\n</table>','<table border=\"0\" cellpadding=\"0\" cellspacing=\"0\" style=\"border-collapse:collapse; width:80pt\">\n	<tbody>\n		<tr>\n			<td style=\"height:51.0pt; width:80pt\">15 x 8hrs Shifts<br />\n			1 x 12hrs shift</td>\n		</tr>\n	</tbody>\n</table>','<table border=\"0\" cellpadding=\"0\" cellspacing=\"0\" style=\"border-collapse:collapse; width:68pt\">\n	<tbody>\n		<tr>\n			<td style=\"height:51.0pt; width:68pt\">15 x 8hrs Shifts<br />\n			1 x 12hrs shift</td>\n		</tr>\n	</tbody>\n</table>','',1064.00,'',''),(212,'','65','Mobile Patrol Officer','6707','','0000-00-00','0000-00-00',0,26,6.00,0.00,'<table border=\"0\" cellpadding=\"0\" cellspacing=\"0\" style=\"border-collapse:collapse; width:77pt\">\n	<tbody>\n		<tr>\n			<td style=\"height:51.0pt; width:77pt\">15 x 8hrs Shifts<br />\n			1 x 12hrs shift</td>\n		</tr>\n	</tbody>\n</table>','<table border=\"0\" cellpadding=\"0\" cellspacing=\"0\" style=\"border-collapse:collapse; width:77pt\">\n	<tbody>\n		<tr>\n			<td style=\"height:51.0pt; width:77pt\">15 x 8hrs Shifts<br />\n			1 x 12hrs shift</td>\n		</tr>\n	</tbody>\n</table>','<table border=\"0\" cellpadding=\"0\" cellspacing=\"0\" style=\"border-collapse:collapse; width:77pt\">\n	<tbody>\n		<tr>\n			<td style=\"height:51.0pt; width:77pt\">15 x 8hrs Shifts<br />\n			1 x 12hrs shift</td>\n		</tr>\n	</tbody>\n</table>','<table border=\"0\" cellpadding=\"0\" cellspacing=\"0\" style=\"border-collapse:collapse; width:77pt\">\n	<tbody>\n		<tr>\n			<td style=\"height:51.0pt; width:77pt\">15 x 8hrs Shifts<br />\n			1 x 12hrs shift</td>\n		</tr>\n	</tbody>\n</table>','<table border=\"0\" cellpadding=\"0\" cellspacing=\"0\" style=\"border-collapse:collapse; width:77pt\">\n	<tbody>\n		<tr>\n			<td style=\"height:51.0pt; width:77pt\">15 x 8hrs Shifts<br />\n			1 x 12hrs shift</td>\n		</tr>\n	</tbody>\n</table>','<table border=\"0\" cellpadding=\"0\" cellspacing=\"0\" style=\"border-collapse:collapse; width:77pt\">\n	<tbody>\n		<tr>\n			<td style=\"height:51.0pt; width:77pt\">15 x 8hrs Shifts<br />\n			1 x 12hrs shift</td>\n		</tr>\n	</tbody>\n</table>','<table border=\"0\" cellpadding=\"0\" cellspacing=\"0\" style=\"border-collapse:collapse; width:68pt\">\n	<tbody>\n		<tr>\n			<td style=\"height:51.0pt; width:68pt\">15 x 8hrs Shifts<br />\n			1 x 12hrs shift</td>\n		</tr>\n	</tbody>\n</table>','',1064.00,'',''),(227,'','65','Riverside Residential Precint','6710','','0000-00-00','0000-00-00',0,25,6.00,0.00,'<table border=\"0\" cellpadding=\"0\" cellspacing=\"0\" style=\"border-collapse:collapse; width:77pt\">\n	<tbody>\n		<tr>\n			<td style=\"height:12.75pt; width:77pt\">24 x 8hrs shift</td>\n		</tr>\n	</tbody>\n</table>','<table border=\"0\" cellpadding=\"0\" cellspacing=\"0\" style=\"border-collapse:collapse; width:77pt\">\n	<tbody>\n		<tr>\n			<td style=\"height:12.75pt; width:77pt\">24 x 8hrs shift</td>\n		</tr>\n	</tbody>\n</table>','<table border=\"0\" cellpadding=\"0\" cellspacing=\"0\" style=\"border-collapse:collapse; width:77pt\">\n	<tbody>\n		<tr>\n			<td style=\"height:12.75pt; width:77pt\">24 x 8hrs shift</td>\n		</tr>\n	</tbody>\n</table>','<table border=\"0\" cellpadding=\"0\" cellspacing=\"0\" style=\"border-collapse:collapse; width:77pt\">\n	<tbody>\n		<tr>\n			<td style=\"height:12.75pt; width:77pt\">24 x 8hrs shift</td>\n		</tr>\n	</tbody>\n</table>','<table border=\"0\" cellpadding=\"0\" cellspacing=\"0\" style=\"border-collapse:collapse; width:77pt\">\n	<tbody>\n		<tr>\n			<td style=\"height:12.75pt; width:77pt\">24 x 8hrs shift</td>\n		</tr>\n	</tbody>\n</table>','<table border=\"0\" cellpadding=\"0\" cellspacing=\"0\" style=\"border-collapse:collapse; width:77pt\">\n	<tbody>\n		<tr>\n			<td style=\"height:12.75pt; width:77pt\">24 x 8hrs shift</td>\n		</tr>\n	</tbody>\n</table>','<table border=\"0\" cellpadding=\"0\" cellspacing=\"0\" style=\"border-collapse:collapse; width:77pt\">\n	<tbody>\n		<tr>\n			<td style=\"height:12.75pt; width:77pt\">24 x 8hrs shift</td>\n		</tr>\n	</tbody>\n</table>','',1008.00,'',''),(236,'','73','','6780','','0000-00-00','0000-00-00',0,3,4.60,0.00,'<table border=\"0\" cellpadding=\"0\" cellspacing=\"0\" style=\"border-collapse:collapse; width:77pt\">\n	<tbody>\n		<tr>\n			<td style=\"height:38.25pt; width:77pt\">2 x 8hrs Shifts</td>\n		</tr>\n	</tbody>\n</table>','<table border=\"0\" cellpadding=\"0\" cellspacing=\"0\" style=\"border-collapse:collapse; width:77pt\">\n	<tbody>\n		<tr>\n			<td style=\"height:38.25pt; width:77pt\">2 x 8hrs Shifts</td>\n		</tr>\n	</tbody>\n</table>','<table border=\"0\" cellpadding=\"0\" cellspacing=\"0\" style=\"border-collapse:collapse; width:77pt\">\n	<tbody>\n		<tr>\n			<td style=\"height:38.25pt; width:77pt\">2 x 8hrs Shifts</td>\n		</tr>\n	</tbody>\n</table>','<table border=\"0\" cellpadding=\"0\" cellspacing=\"0\" style=\"border-collapse:collapse; width:77pt\">\n	<tbody>\n		<tr>\n			<td style=\"height:38.25pt; width:77pt\">2 x 8hrs Shifts</td>\n		</tr>\n	</tbody>\n</table>','<table border=\"0\" cellpadding=\"0\" cellspacing=\"0\" style=\"border-collapse:collapse; width:77pt\">\n	<tbody>\n		<tr>\n			<td style=\"height:38.25pt; width:77pt\">2 x 8hrs Shifts</td>\n		</tr>\n	</tbody>\n</table>','<table border=\"0\" cellpadding=\"0\" cellspacing=\"0\" style=\"border-collapse:collapse; width:80pt\">\n	<tbody>\n		<tr>\n			<td style=\"height:38.25pt; width:80pt\">1 x 9hrs Shifts<br />\n			1 x 8hrs shift</td>\n		</tr>\n	</tbody>\n</table>','<table border=\"0\" cellpadding=\"0\" cellspacing=\"0\" style=\"border-collapse:collapse; width:68pt\">\n	<tbody>\n		<tr>\n			<td style=\"height:38.25pt; width:68pt\">3 x 8hrs Shifts</td>\n		</tr>\n	</tbody>\n</table>','',117.00,'',''),(239,'','75','','','','0000-00-00','0000-00-00',0,4,4.91,0.00,'<table border=\"0\" cellpadding=\"0\" cellspacing=\"0\" style=\"border-collapse:collapse; width:77pt\">\n	<tbody>\n		<tr>\n			<td style=\"height:38.25pt; width:77pt\">1 x 5hrs shifts<br />\n			1 x 7hrs shift<br />\n			1 x 8hrs shift</td>\n		</tr>\n	</tbody>\n</table>','<table border=\"0\" cellpadding=\"0\" cellspacing=\"0\" style=\"border-collapse:collapse; width:77pt\">\n	<tbody>\n		<tr>\n			<td style=\"height:38.25pt; width:77pt\">1 x 5hrs shifts<br />\n			1 x 7hrs shift<br />\n			1 x 8hrs shift</td>\n		</tr>\n	</tbody>\n</table>','<table border=\"0\" cellpadding=\"0\" cellspacing=\"0\" style=\"border-collapse:collapse; width:77pt\">\n	<tbody>\n		<tr>\n			<td style=\"height:38.25pt; width:77pt\">1 x 5hrs shifts<br />\n			1 x 7hrs shift<br />\n			1 x 8hrs shift</td>\n		</tr>\n	</tbody>\n</table>','<table border=\"0\" cellpadding=\"0\" cellspacing=\"0\" style=\"border-collapse:collapse; width:77pt\">\n	<tbody>\n		<tr>\n			<td style=\"height:38.25pt; width:77pt\">1 x 5hrs shifts<br />\n			1 x 7hrs shift<br />\n			1 x 8hrs shift</td>\n		</tr>\n	</tbody>\n</table>','<table border=\"0\" cellpadding=\"0\" cellspacing=\"0\" style=\"border-collapse:collapse; width:77pt\">\n	<tbody>\n		<tr>\n			<td style=\"height:38.25pt; width:77pt\">1 x 5hrs shifts<br />\n			1 x 7hrs shift<br />\n			1 x 8hrs shift</td>\n		</tr>\n	</tbody>\n</table>','<table border=\"0\" cellpadding=\"0\" cellspacing=\"0\" style=\"border-collapse:collapse; width:80pt\">\n	<tbody>\n		<tr>\n			<td style=\"height:38.25pt; width:80pt\"><br />\n			2 x 8hrs shift</td>\n		</tr>\n	</tbody>\n</table>','<table border=\"0\" cellpadding=\"0\" cellspacing=\"0\" style=\"border-collapse:collapse; width:68pt\">\n	<tbody>\n		<tr>\n			<td style=\"height:38.25pt; width:68pt\">3 x 8hrs Shifts</td>\n		</tr>\n	</tbody>\n</table>','',158.00,'',''),(240,'','76','','5388','1','0000-00-00','0000-00-00',0,16,4.57,0.00,'<table border=\"0\" cellpadding=\"0\" cellspacing=\"0\" style=\"border-collapse:collapse; width:77pt\">\n	<tbody>\n		<tr>\n			<td style=\"height:63.75pt; width:77pt\">10 x 8 hrs shifts<br />\n			2 x 9 hour shift<br />\n			&nbsp;</td>\n		</tr>\n	</tbody>\n</table>','<table border=\"0\" cellpadding=\"0\" cellspacing=\"0\" style=\"border-collapse:collapse; width:77pt\">\n	<tbody>\n		<tr>\n			<td style=\"height:63.75pt; width:77pt\">10 x 8 hrs shifts<br />\n			2 x 9 hour shift<br />\n			&nbsp;</td>\n		</tr>\n	</tbody>\n</table>','<table border=\"0\" cellpadding=\"0\" cellspacing=\"0\" style=\"border-collapse:collapse; width:77pt\">\n	<tbody>\n		<tr>\n			<td style=\"height:63.75pt; width:77pt\">10 x 8 hrs shifts<br />\n			2 x 9 hour shift<br />\n			&nbsp;</td>\n		</tr>\n	</tbody>\n</table>','<table border=\"0\" cellpadding=\"0\" cellspacing=\"0\" style=\"border-collapse:collapse; width:77pt\">\n	<tbody>\n		<tr>\n			<td style=\"height:63.75pt; width:77pt\">10 x 8 hrs shifts<br />\n			2 x 9 hour shift<br />\n			&nbsp;</td>\n		</tr>\n	</tbody>\n</table>','<table border=\"0\" cellpadding=\"0\" cellspacing=\"0\" style=\"border-collapse:collapse; width:77pt\">\n	<tbody>\n		<tr>\n			<td style=\"height:63.75pt; width:77pt\">10 x 8 hrs shifts<br />\n			2 x 9 hour shift<br />\n			&nbsp;</td>\n		</tr>\n	</tbody>\n</table>','<table border=\"0\" cellpadding=\"0\" cellspacing=\"0\" style=\"border-collapse:collapse; width:77pt\">\n	<tbody>\n		<tr>\n			<td style=\"height:63.75pt; width:77pt\">10 x 8 hrs shifts<br />\n			2 x 9 hour shift<br />\n			&nbsp;</td>\n		</tr>\n	</tbody>\n</table>','<table border=\"0\" cellpadding=\"0\" cellspacing=\"0\" style=\"border-collapse:collapse; width:77pt\">\n	<tbody>\n		<tr>\n			<td style=\"height:63.75pt; width:77pt\">10 x 8 hrs shifts<br />\n			2 x 9 hour shift<br />\n			&nbsp;</td>\n		</tr>\n	</tbody>\n</table>','',16.00,'',''),(241,'','76','Mana Loading','5388','','0000-00-00','0000-00-00',0,1,4.57,0.00,'','','<table border=\"0\" cellpadding=\"0\" cellspacing=\"0\" style=\"border-collapse:collapse; width:74pt\">\n	<tbody>\n		<tr>\n			<td style=\"height:12.75pt; width:74pt\">1 x 10hrs shift</td>\n		</tr>\n	</tbody>\n</table>','','<table border=\"0\" cellpadding=\"0\" cellspacing=\"0\" style=\"border-collapse:collapse; width:74pt\">\n	<tbody>\n		<tr>\n			<td style=\"height:12.75pt; width:74pt\">1 x 10hrs shift</td>\n		</tr>\n	</tbody>\n</table>','','','',24.00,'',''),(243,'','78','Mama\'s Pizza Nadi','','','0000-00-00','0000-00-00',0,1,4.91,0.00,'','','','<table border=\"0\" cellpadding=\"0\" cellspacing=\"0\" style=\"border-collapse:collapse; width:75pt\">\n	<tbody>\n		<tr>\n			<td style=\"height:12.75pt; width:75pt\">2 x 4hrs shift</td>\n		</tr>\n	</tbody>\n</table>','<table border=\"0\" cellpadding=\"0\" cellspacing=\"0\" style=\"border-collapse:collapse; width:75pt\">\n	<tbody>\n		<tr>\n			<td style=\"height:12.75pt; width:75pt\">2 x 4hrs shift</td>\n		</tr>\n	</tbody>\n</table>','<table border=\"0\" cellpadding=\"0\" cellspacing=\"0\" style=\"border-collapse:collapse; width:75pt\">\n	<tbody>\n		<tr>\n			<td style=\"height:12.75pt; width:75pt\">2 x 4hrs shift</td>\n		</tr>\n	</tbody>\n</table>','<table border=\"0\" cellpadding=\"0\" cellspacing=\"0\" style=\"border-collapse:collapse; width:75pt\">\n	<tbody>\n		<tr>\n			<td style=\"height:12.75pt; width:75pt\">2 x 4hrs shift</td>\n		</tr>\n	</tbody>\n</table>','',12.00,'',''),(247,'','33','Mobil oil Service Station Lautoka','6813','1','0000-00-00','0000-00-00',0,4,5.89,0.00,'<table border=\"0\" cellpadding=\"0\" cellspacing=\"0\" style=\"border-collapse:collapse; width:77pt\">\n	<tbody>\n		<tr>\n			<td style=\"height:38.25pt; width:77pt\">15 x 8hrs Shifts</td>\n		</tr>\n	</tbody>\n</table>','<table border=\"0\" cellpadding=\"0\" cellspacing=\"0\" style=\"border-collapse:collapse; width:77pt\">\n	<tbody>\n		<tr>\n			<td style=\"height:38.25pt; width:77pt\">15 x 8hrs Shifts</td>\n		</tr>\n	</tbody>\n</table>','<table border=\"0\" cellpadding=\"0\" cellspacing=\"0\" style=\"border-collapse:collapse; width:77pt\">\n	<tbody>\n		<tr>\n			<td style=\"height:38.25pt; width:77pt\">15 x 8hrs Shifts</td>\n		</tr>\n	</tbody>\n</table>','<table border=\"0\" cellpadding=\"0\" cellspacing=\"0\" style=\"border-collapse:collapse; width:77pt\">\n	<tbody>\n		<tr>\n			<td style=\"height:38.25pt; width:77pt\">15 x 8hrs Shifts</td>\n		</tr>\n	</tbody>\n</table>','<table border=\"0\" cellpadding=\"0\" cellspacing=\"0\" style=\"border-collapse:collapse; width:77pt\">\n	<tbody>\n		<tr>\n			<td style=\"height:38.25pt; width:77pt\">15 x 8hrs Shifts</td>\n		</tr>\n	</tbody>\n</table>','<table border=\"0\" cellpadding=\"0\" cellspacing=\"0\" style=\"border-collapse:collapse; width:77pt\">\n	<tbody>\n		<tr>\n			<td style=\"height:38.25pt; width:77pt\">15 x 8hrs Shifts</td>\n		</tr>\n	</tbody>\n</table>','<table border=\"0\" cellpadding=\"0\" cellspacing=\"0\" style=\"border-collapse:collapse; width:77pt\">\n	<tbody>\n		<tr>\n			<td style=\"height:38.25pt; width:77pt\">15 x 8hrs Shifts</td>\n		</tr>\n	</tbody>\n</table>','',168.00,'',''),(294,'','','','','','0000-00-00','0000-00-00',0,0,0.00,0.00,'','','','','','','','',0.00,'',''),(297,'','FJA','FJ Catering Duties','','','0000-00-00','0000-00-00',0,0,0.00,0.00,'','','','','','','','',0.00,'Fiji Airways',''),(298,'','FJA','FJ Training Centre','','','0000-00-00','0000-00-00',0,0,0.00,0.00,'','','','','','','','',0.00,'',''),(305,'','98','BISTRO/FUEL','','','0000-00-00','0000-00-00',0,0,0.00,0.00,'','','','','','','','',0.00,'',''),(306,'','98','VILLAGE 7 & 8','','','0000-00-00','0000-00-00',0,0,0.00,0.00,'','','','','','','','',0.00,'',''),(312,'6','17','SPC CARPARK','5186','1','2017-07-01','2018-07-28',1,0,0.00,0.00,'','','','','','','','',0.00,'SPC',''),(313,'6','19','195 QE DRIVE','2040','1','0000-00-00','0000-00-00',0,0,0.00,0.00,'','','','','','','','',0.00,'JICA Fiji Office',''),(314,'6','325','4 MOLI','5147','1','0000-00-00','0000-00-00',0,0,0.00,0.00,'','','','','','','','',0.00,'NEW ZEALAND EMBASSY',''),(315,'3','187','30 Naranji','','1','0000-00-00','0000-00-00',4,0,0.00,0.00,'','','','','','','','',0.00,'',''),(316,'6','ADB','12 Marou','5149','1','0000-00-00','0000-00-00',0,0,0.00,0.00,'','','','','','','','',0.00,'Asian Development Bank (ADB)',''),(317,'6','187','242 RATU SUKUNA','','1','2017-07-07','2018-07-12',0,0,0.00,0.00,'','','','','','','','',0.00,'UNDP',''),(318,'6','24','LOT 7 23 JAENT','','1','0000-00-00','0000-00-00',0,0,0.00,0.00,'','','','','','','','',0.00,'Digital Group',''),(319,'1','34','Berry Apartments','','1','2017-07-06','2018-07-12',0,0,0.00,0.00,'','','','','','','','',0.00,'International Shop Fitting',''),(320,'1','','24 Desvoux','','1','0000-00-00','0000-00-00',0,0,0.00,0.00,'','','','','','','','',0.00,'',''),(321,'1','','69 Cakobau','','1','0000-00-00','0000-00-00',0,0,0.00,0.00,'','','','','','','','',0.00,'','');

--
-- Table structure for table `guardforceclient-west`
--

CREATE TABLE `guardforceclient-west` (
  `clientid` int(11) NOT NULL AUTO_INCREMENT COMMENT 'treat this as patrol id. mistake was done so cant change it.',
  `sectors` varchar(100) NOT NULL,
  `debtorno` varchar(10) NOT NULL,
  `patrollocation` varchar(100) NOT NULL,
  `account_number` varchar(100) NOT NULL,
  `department` varchar(100) NOT NULL,
  `req_guards` int(11) NOT NULL,
  `standby_guards` int(11) NOT NULL,
  `base_wage` decimal(10,2) DEFAULT NULL,
  `premium_rate` decimal(10,2) NOT NULL,
  `mon_in` time NOT NULL,
  `mon_out` time NOT NULL,
  `tues_in` time NOT NULL,
  `tues_out` time NOT NULL,
  `wed_in` time NOT NULL,
  `wed_out` time NOT NULL,
  `thurs_in` time NOT NULL,
  `thurs_out` time NOT NULL,
  `fri_in` time NOT NULL,
  `fri_out` time NOT NULL,
  `sat_in` time NOT NULL,
  `sat_out` time NOT NULL,
  `sun_in` time NOT NULL,
  `sun_out` time NOT NULL,
  `mon2_in` time NOT NULL,
  `mon2_out` time NOT NULL,
  `weekly_hours_required` decimal(10,2) NOT NULL,
  `customername` varchar(100) NOT NULL,
  `portforlio_manager` varchar(100) NOT NULL,
  PRIMARY KEY (`clientid`)
) ENGINE=InnoDB AUTO_INCREMENT=324 DEFAULT CHARSET=utf8;

--
-- Dumping data for table `guardforceclient-west`
--

INSERT INTO `guardforceclient-west` VALUES (1,'6','17','SPC Nabua','5186','1',0,0,NULL,0.00,'00:00:00','00:00:00','00:00:00','00:00:00','00:00:00','00:00:00','00:00:00','00:00:00','00:00:00','00:00:00','00:00:00','00:00:00','00:00:00','00:00:00','00:00:00','00:00:00',0.00,'SPC',''),(2,'6','ADB','ADB 20 Kavika','5149','1',0,0,NULL,0.00,'00:00:00','00:00:00','00:00:00','00:00:00','00:00:00','00:00:00','00:00:00','00:00:00','00:00:00','00:00:00','00:00:00','00:00:00','00:00:00','00:00:00','00:00:00','00:00:00',0.00,'ADB',''),(3,'6','19','JICA 159 Veiuto','2040','1',0,0,NULL,0.00,'00:00:00','00:00:00','00:00:00','00:00:00','00:00:00','00:00:00','00:00:00','00:00:00','00:00:00','00:00:00','00:00:00','00:00:00','00:00:00','00:00:00','00:00:00','00:00:00',0.00,'JICA',''),(4,'6','100','NZ 28 Kavika','5147','1',0,0,NULL,0.00,'00:00:00','00:00:00','00:00:00','00:00:00','00:00:00','00:00:00','00:00:00','00:00:00','00:00:00','00:00:00','00:00:00','00:00:00','00:00:00','00:00:00','00:00:00','00:00:00',0.00,'NZ Residence',''),(5,'6','100','NZ 11 Marou Defence','9473','1',0,0,NULL,0.00,'00:00:00','00:00:00','00:00:00','00:00:00','00:00:00','00:00:00','00:00:00','00:00:00','00:00:00','00:00:00','00:00:00','00:00:00','00:00:00','00:00:00','00:00:00','00:00:00',0.00,'NZ Residence',''),(6,'6','20','PSC 189 Rt Sukuna Rd','5283','1',0,0,NULL,0.00,'00:00:00','00:00:00','00:00:00','00:00:00','00:00:00','00:00:00','00:00:00','00:00:00','00:00:00','00:00:00','00:00:00','00:00:00','00:00:00','00:00:00','00:00:00','00:00:00',0.00,'PSC',''),(7,'6','21','S-S Grantham Rd 396','9356','1',0,0,NULL,0.00,'00:00:00','00:00:00','00:00:00','00:00:00','00:00:00','00:00:00','00:00:00','00:00:00','00:00:00','00:00:00','00:00:00','00:00:00','00:00:00','00:00:00','00:00:00','00:00:00',0.00,'Shop n Save',''),(8,'6','21','S-S Apartment Laucala ','9356','1',0,0,NULL,0.00,'00:00:00','00:00:00','00:00:00','00:00:00','00:00:00','00:00:00','00:00:00','00:00:00','00:00:00','00:00:00','00:00:00','00:00:00','00:00:00','00:00:00','00:00:00','00:00:00',0.00,'Shop n Save',''),(9,'6','ADB','ADB 27 Kavika','5149','1',0,0,NULL,0.00,'00:00:00','00:00:00','00:00:00','00:00:00','00:00:00','00:00:00','00:00:00','00:00:00','00:00:00','00:00:00','00:00:00','00:00:00','00:00:00','00:00:00','00:00:00','00:00:00',0.00,'ADB',''),(10,'6','100','NZ HC Residence Rt Sukuna Rd','5147','1',0,0,NULL,0.00,'00:00:00','00:00:00','00:00:00','00:00:00','00:00:00','00:00:00','00:00:00','00:00:00','00:00:00','00:00:00','00:00:00','00:00:00','00:00:00','00:00:00','00:00:00','00:00:00',0.00,'NZ Residence',''),(11,'6','22','UNDP 7 Vuivui','2060','1',0,0,NULL,0.00,'00:00:00','00:00:00','00:00:00','00:00:00','00:00:00','00:00:00','00:00:00','00:00:00','00:00:00','00:00:00','00:00:00','00:00:00','00:00:00','00:00:00','00:00:00','00:00:00',0.00,'UNDP',''),(12,'6','22','UNDP 242 Rt Sukuna','5019','1',0,0,NULL,0.00,'00:00:00','00:00:00','00:00:00','00:00:00','00:00:00','00:00:00','00:00:00','00:00:00','00:00:00','00:00:00','00:00:00','00:00:00','00:00:00','00:00:00','00:00:00','00:00:00',0.00,'UNDP',''),(13,'6','22','UN Women- 14 Vuivui','2060','1',0,0,NULL,0.00,'00:00:00','00:00:00','00:00:00','00:00:00','00:00:00','00:00:00','00:00:00','00:00:00','00:00:00','00:00:00','00:00:00','00:00:00','00:00:00','00:00:00','00:00:00','00:00:00',0.00,'UN Women',''),(14,'6','22','UNDP 252 Rt Sukuna Rd','2060','1',0,0,NULL,0.00,'00:00:00','00:00:00','00:00:00','00:00:00','00:00:00','00:00:00','00:00:00','00:00:00','00:00:00','00:00:00','00:00:00','00:00:00','00:00:00','00:00:00','00:00:00','00:00:00',0.00,'UNDP',''),(15,'6','100','NZ 7 Kavika','9275','1',0,0,NULL,0.00,'00:00:00','00:00:00','00:00:00','00:00:00','00:00:00','00:00:00','00:00:00','00:00:00','00:00:00','00:00:00','00:00:00','00:00:00','00:00:00','00:00:00','00:00:00','00:00:00',0.00,'NZ Residence',''),(16,'6','21','S-S Nabua Supermaket','9356','1',0,0,NULL,0.00,'00:00:00','00:00:00','00:00:00','00:00:00','00:00:00','00:00:00','00:00:00','00:00:00','00:00:00','00:00:00','00:00:00','00:00:00','00:00:00','00:00:00','00:00:00','00:00:00',0.00,'Shop n Save',''),(17,'6','24','7 Rifle Range','5968','1',0,0,NULL,0.00,'00:00:00','00:00:00','00:00:00','00:00:00','00:00:00','00:00:00','00:00:00','00:00:00','00:00:00','00:00:00','00:00:00','00:00:00','00:00:00','00:00:00','00:00:00','00:00:00',0.00,'Digital Group',''),(18,'6','25','French Residence 198 Rt Sukuna Rd','5247','1',0,0,NULL,0.00,'00:00:00','00:00:00','00:00:00','00:00:00','00:00:00','00:00:00','00:00:00','00:00:00','00:00:00','00:00:00','00:00:00','00:00:00','00:00:00','00:00:00','00:00:00','00:00:00',0.00,'Embassy of France',''),(19,'6','100','NZ 1 Marou Rd','5147','1',0,0,NULL,0.00,'00:00:00','00:00:00','00:00:00','00:00:00','00:00:00','00:00:00','00:00:00','00:00:00','00:00:00','00:00:00','00:00:00','00:00:00','00:00:00','00:00:00','00:00:00','00:00:00',0.00,'NZ Residence',''),(20,'6','26','IMF 3 muanikau','9268','1',0,0,NULL,0.00,'00:00:00','00:00:00','00:00:00','00:00:00','00:00:00','00:00:00','00:00:00','00:00:00','00:00:00','00:00:00','00:00:00','00:00:00','00:00:00','00:00:00','00:00:00','00:00:00',0.00,'IMF',''),(21,'6','27','CJ Patel 12 Vuivui','5083','1',0,0,NULL,0.00,'00:00:00','00:00:00','00:00:00','00:00:00','00:00:00','00:00:00','00:00:00','00:00:00','00:00:00','00:00:00','00:00:00','00:00:00','00:00:00','00:00:00','00:00:00','00:00:00',0.00,'CJ Patel',''),(22,'6','100','NZ - 21 Nararo','5147','1',0,0,NULL,0.00,'00:00:00','00:00:00','00:00:00','00:00:00','00:00:00','00:00:00','00:00:00','00:00:00','00:00:00','00:00:00','00:00:00','00:00:00','00:00:00','00:00:00','00:00:00','00:00:00',0.00,'NZ Residence',''),(23,'6','100','18 Marou - NZ','5147','1',0,0,NULL,0.00,'00:00:00','00:00:00','00:00:00','00:00:00','00:00:00','00:00:00','00:00:00','00:00:00','00:00:00','00:00:00','00:00:00','00:00:00','00:00:00','00:00:00','00:00:00','00:00:00',0.00,'NZ Residence',''),(24,'6','ADB','ADB-RESIDENCE 24 VERATA','5149','1',0,0,NULL,0.00,'00:00:00','00:00:00','00:00:00','00:00:00','00:00:00','00:00:00','00:00:00','00:00:00','00:00:00','00:00:00','00:00:00','00:00:00','00:00:00','00:00:00','00:00:00','00:00:00',0.00,'Asian Development Bank (ADB)',''),(25,'6','28','Total Lubricant Warehouse','','1',0,0,NULL,0.00,'00:00:00','00:00:00','00:00:00','00:00:00','00:00:00','00:00:00','00:00:00','00:00:00','00:00:00','00:00:00','00:00:00','00:00:00','00:00:00','00:00:00','00:00:00','00:00:00',0.00,'Total ',''),(26,'6','29','MindPearl Apartment Nailuva RD','3065','1',0,0,NULL,0.00,'00:00:00','00:00:00','00:00:00','00:00:00','00:00:00','00:00:00','00:00:00','00:00:00','00:00:00','00:00:00','00:00:00','00:00:00','00:00:00','00:00:00','00:00:00','00:00:00',0.00,'Mind Pearl',''),(27,'6','26','IMF 12 Marou','2057','1',0,0,NULL,0.00,'00:00:00','00:00:00','00:00:00','00:00:00','00:00:00','00:00:00','00:00:00','00:00:00','00:00:00','00:00:00','00:00:00','00:00:00','00:00:00','00:00:00','00:00:00','00:00:00',0.00,'IMF',''),(28,'6','3','DDP-27 Marou','9264','1',0,0,NULL,0.00,'00:00:00','00:00:00','00:00:00','00:00:00','00:00:00','00:00:00','00:00:00','00:00:00','00:00:00','00:00:00','00:00:00','00:00:00','00:00:00','00:00:00','00:00:00','00:00:00',0.00,'DDP',''),(29,'6','30','9 RAIWASA','','1',0,0,NULL,0.00,'00:00:00','00:00:00','00:00:00','00:00:00','00:00:00','00:00:00','00:00:00','00:00:00','00:00:00','00:00:00','00:00:00','00:00:00','00:00:00','00:00:00','00:00:00','00:00:00',0.00,'Guardforce Fiji',''),(30,'8','US-EM','POST C-1 CHANCERY - HARDLINE ACCESS CONTROL BOOTH','5007-01','1',0,0,NULL,0.00,'00:00:00','00:00:00','00:00:00','00:00:00','00:00:00','00:00:00','00:00:00','00:00:00','00:00:00','00:00:00','00:00:00','00:00:00','00:00:00','00:00:00','00:00:00','00:00:00',0.00,'US Embassy',''),(31,'8','US-EM','POST C- 2 CHANCERY','5007-02','1',0,0,NULL,0.00,'00:00:00','00:00:00','00:00:00','00:00:00','00:00:00','00:00:00','00:00:00','00:00:00','00:00:00','00:00:00','00:00:00','00:00:00','00:00:00','00:00:00','00:00:00','00:00:00',0.00,'US Embassy',''),(32,'8','US-EM','POST E-3 CHANCERY','5007-03','1',0,0,NULL,0.00,'00:00:00','00:00:00','00:00:00','00:00:00','00:00:00','00:00:00','00:00:00','00:00:00','00:00:00','00:00:00','00:00:00','00:00:00','00:00:00','00:00:00','00:00:00','00:00:00',0.00,'US Embassy',''),(33,'8','US-EM','POST C - 4 EMBASSY COMPOIND - CONSULAR','5007-04','1',0,0,NULL,0.00,'00:00:00','00:00:00','00:00:00','00:00:00','00:00:00','00:00:00','00:00:00','00:00:00','00:00:00','00:00:00','00:00:00','00:00:00','00:00:00','00:00:00','00:00:00','00:00:00',0.00,'US Embassy',''),(34,'8','US-EM','POST E -5 MAIN CAC','5007-05','1',0,0,NULL,0.00,'00:00:00','00:00:00','00:00:00','00:00:00','00:00:00','00:00:00','00:00:00','00:00:00','00:00:00','00:00:00','00:00:00','00:00:00','00:00:00','00:00:00','00:00:00','00:00:00',0.00,'US Embassy',''),(35,'8','US-EM','POST C - 6 MAIN CAC','5007-06','1',0,0,NULL,0.00,'00:00:00','00:00:00','00:00:00','00:00:00','00:00:00','00:00:00','00:00:00','00:00:00','00:00:00','00:00:00','00:00:00','00:00:00','00:00:00','00:00:00','00:00:00','00:00:00',0.00,'US Embassy',''),(36,'8','US-EM','POST - C 7 MAIN CAC SHIFT SUPERVISOR','5007-07','1',0,0,NULL,0.00,'00:00:00','00:00:00','00:00:00','00:00:00','00:00:00','00:00:00','00:00:00','00:00:00','00:00:00','00:00:00','00:00:00','00:00:00','00:00:00','00:00:00','00:00:00','00:00:00',0.00,'US Embassy',''),(37,'8','US-EM','POST E -8 MAIN CAC','5007-08','1',0,0,NULL,0.00,'00:00:00','00:00:00','00:00:00','00:00:00','00:00:00','00:00:00','00:00:00','00:00:00','00:00:00','00:00:00','00:00:00','00:00:00','00:00:00','00:00:00','00:00:00','00:00:00',0.00,'US Embassy',''),(38,'8','US-EM','POST E-10 MAIN CAC','5007-09','1',0,0,NULL,0.00,'00:00:00','00:00:00','00:00:00','00:00:00','00:00:00','00:00:00','00:00:00','00:00:00','00:00:00','00:00:00','00:00:00','00:00:00','00:00:00','00:00:00','00:00:00','00:00:00',0.00,'US Embassy',''),(39,'8','US-EM','POST E-11 MAIN CAC SENIOR GUARD','5007-10','1',0,0,NULL,0.00,'00:00:00','00:00:00','00:00:00','00:00:00','00:00:00','00:00:00','00:00:00','00:00:00','00:00:00','00:00:00','00:00:00','00:00:00','00:00:00','00:00:00','00:00:00','00:00:00',0.00,'US Embassy',''),(40,'8','US-EM','POST C-12 EMBASSY COMPOUND -STAFF PARKING','5007-11','1',0,0,NULL,0.00,'00:00:00','00:00:00','00:00:00','00:00:00','00:00:00','00:00:00','00:00:00','00:00:00','00:00:00','00:00:00','00:00:00','00:00:00','00:00:00','00:00:00','00:00:00','00:00:00',0.00,'US Embassy',''),(41,'8','US-EM','POST C-13 MAIN CAC','5007-12','1',0,0,NULL,0.00,'00:00:00','00:00:00','00:00:00','00:00:00','00:00:00','00:00:00','00:00:00','00:00:00','00:00:00','00:00:00','00:00:00','00:00:00','00:00:00','00:00:00','00:00:00','00:00:00',0.00,'US Embassy',''),(42,'8','US-EM','POST E-14 CONSULAR CAC','5007-13','1',0,0,NULL,0.00,'00:00:00','00:00:00','00:00:00','00:00:00','00:00:00','00:00:00','00:00:00','00:00:00','00:00:00','00:00:00','00:00:00','00:00:00','00:00:00','00:00:00','00:00:00','00:00:00',0.00,'US Embassy',''),(43,'8','US-EM','POST C-15 CONSULAR CAC','5007-14','1',0,0,NULL,0.00,'00:00:00','00:00:00','00:00:00','00:00:00','00:00:00','00:00:00','00:00:00','00:00:00','00:00:00','00:00:00','00:00:00','00:00:00','00:00:00','00:00:00','00:00:00','00:00:00',0.00,'US Embassy',''),(44,'8','US-EM','POST C-16 EMBASSY COMPOUND','5007-15','1',0,0,NULL,0.00,'00:00:00','00:00:00','00:00:00','00:00:00','00:00:00','00:00:00','00:00:00','00:00:00','00:00:00','00:00:00','00:00:00','00:00:00','00:00:00','00:00:00','00:00:00','00:00:00',0.00,'US Embassy',''),(45,'8','US-EM','POST C-17 EMBASSY COMPOUND-VISITOR PARKING','5007-16','1',0,0,NULL,0.00,'00:00:00','00:00:00','00:00:00','00:00:00','00:00:00','00:00:00','00:00:00','00:00:00','00:00:00','00:00:00','00:00:00','00:00:00','00:00:00','00:00:00','00:00:00','00:00:00',0.00,'US Embassy',''),(46,'8','US-EM','POST E-18 GFC-EMBASSY COMPOUND- GFC OFFICE','5007-17','1',0,0,NULL,0.00,'00:00:00','00:00:00','00:00:00','00:00:00','00:00:00','00:00:00','00:00:00','00:00:00','00:00:00','00:00:00','00:00:00','00:00:00','00:00:00','00:00:00','00:00:00','00:00:00',0.00,'US Embassy',''),(47,'8','US-EM','24 FOXTROT','5007-18','1',0,0,NULL,0.00,'00:00:00','00:00:00','00:00:00','00:00:00','00:00:00','00:00:00','00:00:00','00:00:00','00:00:00','00:00:00','00:00:00','00:00:00','00:00:00','00:00:00','00:00:00','00:00:00',0.00,'US Embassy',''),(48,'8','US-EM','POST MP-1 MOBILE PATROL Guard Driver','5007-19','1',0,0,NULL,0.00,'00:00:00','00:00:00','00:00:00','00:00:00','00:00:00','00:00:00','00:00:00','00:00:00','00:00:00','00:00:00','00:00:00','00:00:00','00:00:00','00:00:00','00:00:00','00:00:00',0.00,'US Embassy',''),(49,'8','US-EM','POST MP-2 MOBILE PATROL Senior Guard','5007-20','1',0,0,NULL,0.00,'00:00:00','00:00:00','00:00:00','00:00:00','00:00:00','00:00:00','00:00:00','00:00:00','00:00:00','00:00:00','00:00:00','00:00:00','00:00:00','00:00:00','00:00:00','00:00:00',0.00,'US Embassy',''),(50,'8','US-EM','POST MP-3 MOBILE PATROL Guard Driver','5007-21','1',0,0,NULL,0.00,'00:00:00','00:00:00','00:00:00','00:00:00','00:00:00','00:00:00','00:00:00','00:00:00','00:00:00','00:00:00','00:00:00','00:00:00','00:00:00','00:00:00','00:00:00','00:00:00',0.00,'US Embassy',''),(51,'8','US-EM','POST MP-4 MOBILE PATROL Senior Guard','5007-22','1',0,0,NULL,0.00,'00:00:00','00:00:00','00:00:00','00:00:00','00:00:00','00:00:00','00:00:00','00:00:00','00:00:00','00:00:00','00:00:00','00:00:00','00:00:00','00:00:00','00:00:00','00:00:00',0.00,'US Embassy',''),(52,'8','US-EM','POST R-1 CMR','5007-23','1',0,0,NULL,0.00,'00:00:00','00:00:00','00:00:00','00:00:00','00:00:00','00:00:00','00:00:00','00:00:00','00:00:00','00:00:00','00:00:00','00:00:00','00:00:00','00:00:00','00:00:00','00:00:00',0.00,'US Embassy',''),(53,'8','US-EM','POST  M-2  MOBILE PATROL  - RESIDENTIAL SECURITY','5007-24','1',0,0,NULL,0.00,'00:00:00','00:00:00','00:00:00','00:00:00','00:00:00','00:00:00','00:00:00','00:00:00','00:00:00','00:00:00','00:00:00','00:00:00','00:00:00','00:00:00','00:00:00','00:00:00',0.00,'US Embassy',''),(54,'8','US-EM','US EMBASSY RELIEVING GUARDS','5007-25','1',0,0,NULL,0.00,'00:00:00','00:00:00','00:00:00','00:00:00','00:00:00','00:00:00','00:00:00','00:00:00','00:00:00','00:00:00','00:00:00','00:00:00','00:00:00','00:00:00','00:00:00','00:00:00',0.00,'US Embassy',''),(55,'7','31','PORTS - SOUTH','5160-01','1',0,0,NULL,0.00,'00:00:00','00:00:00','00:00:00','00:00:00','00:00:00','00:00:00','00:00:00','00:00:00','00:00:00','00:00:00','00:00:00','00:00:00','00:00:00','00:00:00','00:00:00','00:00:00',0.00,'Fiji PortS Corporation Limited ',''),(56,'7','31','MUAIWALU JETTY','5160-02','1',0,0,NULL,0.00,'00:00:00','00:00:00','00:00:00','00:00:00','00:00:00','00:00:00','00:00:00','00:00:00','00:00:00','00:00:00','00:00:00','00:00:00','00:00:00','00:00:00','00:00:00','00:00:00',0.00,'Fiji PortS Corporation Limited ',''),(57,'7','31','PORTS NORTH GATE','5160-03','1',0,0,NULL,0.00,'00:00:00','00:00:00','00:00:00','00:00:00','00:00:00','00:00:00','00:00:00','00:00:00','00:00:00','00:00:00','00:00:00','00:00:00','00:00:00','00:00:00','00:00:00','00:00:00',0.00,'Fiji PortS Corporation Limited ',''),(58,'5','AUST','203 Princess Rd','5160-04','1',0,0,NULL,0.00,'00:00:00','00:00:00','00:00:00','00:00:00','00:00:00','00:00:00','00:00:00','00:00:00','00:00:00','00:00:00','00:00:00','00:00:00','00:00:00','00:00:00','00:00:00','00:00:00',0.00,'Australian High Commission',''),(59,'5','AUST','13 Crompton','5160-05','1',0,0,NULL,0.00,'00:00:00','00:00:00','00:00:00','00:00:00','00:00:00','00:00:00','00:00:00','00:00:00','00:00:00','00:00:00','00:00:00','00:00:00','00:00:00','00:00:00','00:00:00','00:00:00',0.00,'Australian High Commission',''),(60,'5','AUST','23 Narain','5160-06','1',0,0,NULL,0.00,'00:00:00','00:00:00','00:00:00','00:00:00','00:00:00','00:00:00','00:00:00','00:00:00','00:00:00','00:00:00','00:00:00','00:00:00','00:00:00','00:00:00','00:00:00','00:00:00',0.00,'Australian High Commission',''),(61,'5','AUST','261 Princess Rd','5160-07','1',0,0,NULL,0.00,'00:00:00','00:00:00','00:00:00','00:00:00','00:00:00','00:00:00','00:00:00','00:00:00','00:00:00','00:00:00','00:00:00','00:00:00','00:00:00','00:00:00','00:00:00','00:00:00',0.00,'Australian High Commission',''),(62,'5','AUST','261A Princess Rd','5160-08','1',0,0,NULL,0.00,'00:00:00','00:00:00','00:00:00','00:00:00','00:00:00','00:00:00','00:00:00','00:00:00','00:00:00','00:00:00','00:00:00','00:00:00','00:00:00','00:00:00','00:00:00','00:00:00',0.00,'Australian High Commission',''),(63,'5','AUST','40 Mead Rd','5160-09','1',0,0,NULL,0.00,'00:00:00','00:00:00','00:00:00','00:00:00','00:00:00','00:00:00','00:00:00','00:00:00','00:00:00','00:00:00','00:00:00','00:00:00','00:00:00','00:00:00','00:00:00','00:00:00',0.00,'Australian High Commission',''),(64,'5','AUST','97 Niranji','5160-10','1',0,0,NULL,0.00,'00:00:00','00:00:00','00:00:00','00:00:00','00:00:00','00:00:00','00:00:00','00:00:00','00:00:00','00:00:00','00:00:00','00:00:00','00:00:00','00:00:00','00:00:00','00:00:00',0.00,'Australian High Commission',''),(65,'5','AUST','45 Navurevure - 24 Aug 16 - 24 hrs','5160-11','1',0,0,NULL,0.00,'00:00:00','00:00:00','00:00:00','00:00:00','00:00:00','00:00:00','00:00:00','00:00:00','00:00:00','00:00:00','00:00:00','00:00:00','00:00:00','00:00:00','00:00:00','00:00:00',0.00,'Australian High Commission',''),(66,'5','AUST','51 Muaicolo','5160-12','1',0,0,NULL,0.00,'00:00:00','00:00:00','00:00:00','00:00:00','00:00:00','00:00:00','00:00:00','00:00:00','00:00:00','00:00:00','00:00:00','00:00:00','00:00:00','00:00:00','00:00:00','00:00:00',0.00,'Australian High Commission',''),(67,'5','AUST','52 Muaicolo','5160-13','1',0,0,NULL,0.00,'00:00:00','00:00:00','00:00:00','00:00:00','00:00:00','00:00:00','00:00:00','00:00:00','00:00:00','00:00:00','00:00:00','00:00:00','00:00:00','00:00:00','00:00:00','00:00:00',0.00,'Australian High Commission',''),(68,'5','AUST','57 Vunakece','5160-14','1',0,0,NULL,0.00,'00:00:00','00:00:00','00:00:00','00:00:00','00:00:00','00:00:00','00:00:00','00:00:00','00:00:00','00:00:00','00:00:00','00:00:00','00:00:00','00:00:00','00:00:00','00:00:00',0.00,'Australian High Commission',''),(69,'5','AUST','10 Marou','5160-15','1',0,0,NULL,0.00,'00:00:00','00:00:00','00:00:00','00:00:00','00:00:00','00:00:00','00:00:00','00:00:00','00:00:00','00:00:00','00:00:00','00:00:00','00:00:00','00:00:00','00:00:00','00:00:00',0.00,'Australian High Commission',''),(70,'5','AUST','33 Kavika Pl','5160-16','1',0,0,NULL,0.00,'00:00:00','00:00:00','00:00:00','00:00:00','00:00:00','00:00:00','00:00:00','00:00:00','00:00:00','00:00:00','00:00:00','00:00:00','00:00:00','00:00:00','00:00:00','00:00:00',0.00,'Australian High Commission',''),(71,'5','AUST','15 Kavika Pl','5160-17','1',0,0,NULL,0.00,'00:00:00','00:00:00','00:00:00','00:00:00','00:00:00','00:00:00','00:00:00','00:00:00','00:00:00','00:00:00','00:00:00','00:00:00','00:00:00','00:00:00','00:00:00','00:00:00',0.00,'Australian High Commission',''),(72,'5','AUST','22 Marou','5160-18','1',0,0,NULL,0.00,'00:00:00','00:00:00','00:00:00','00:00:00','00:00:00','00:00:00','00:00:00','00:00:00','00:00:00','00:00:00','00:00:00','00:00:00','00:00:00','00:00:00','00:00:00','00:00:00',0.00,'Australian High Commission',''),(73,'5','AUST','6 Davila','5160-19','1',0,0,NULL,0.00,'00:00:00','00:00:00','00:00:00','00:00:00','00:00:00','00:00:00','00:00:00','00:00:00','00:00:00','00:00:00','00:00:00','00:00:00','00:00:00','00:00:00','00:00:00','00:00:00',0.00,'Australian High Commission',''),(74,'5','AUST','15 Vudi Place - Fri 2 Sep 16 started','5160-20','1',0,0,NULL,0.00,'00:00:00','00:00:00','00:00:00','00:00:00','00:00:00','00:00:00','00:00:00','00:00:00','00:00:00','00:00:00','00:00:00','00:00:00','00:00:00','00:00:00','00:00:00','00:00:00',0.00,'Australian High Commission',''),(75,'5','AUST','AHC Mobile Team','5160-21','1',0,0,NULL,0.00,'00:00:00','00:00:00','00:00:00','00:00:00','00:00:00','00:00:00','00:00:00','00:00:00','00:00:00','00:00:00','00:00:00','00:00:00','00:00:00','00:00:00','00:00:00','00:00:00',0.00,'Australian High Commission',''),(76,'5','AUST','MOBILE CREW','5160-22','1',0,0,NULL,0.00,'00:00:00','00:00:00','00:00:00','00:00:00','00:00:00','00:00:00','00:00:00','00:00:00','00:00:00','00:00:00','00:00:00','00:00:00','00:00:00','00:00:00','00:00:00','00:00:00',0.00,'Australian High Commission',''),(77,'5','AUST','Chancery-Site Supervisor','5160-23','1',0,0,NULL,0.00,'00:00:00','00:00:00','00:00:00','00:00:00','00:00:00','00:00:00','00:00:00','00:00:00','00:00:00','00:00:00','00:00:00','00:00:00','00:00:00','00:00:00','00:00:00','00:00:00',0.00,'Australian High Commission',''),(78,'5','AUST','Chancery-Shift Supervisor','5160-24','1',0,0,NULL,0.00,'00:00:00','00:00:00','00:00:00','00:00:00','00:00:00','00:00:00','00:00:00','00:00:00','00:00:00','00:00:00','00:00:00','00:00:00','00:00:00','00:00:00','00:00:00','00:00:00',0.00,'Australian High Commission',''),(79,'5','AUST','Chancery-Vehicle Search 1','5160-25','1',0,0,NULL,0.00,'00:00:00','00:00:00','00:00:00','00:00:00','00:00:00','00:00:00','00:00:00','00:00:00','00:00:00','00:00:00','00:00:00','00:00:00','00:00:00','00:00:00','00:00:00','00:00:00',0.00,'Australian High Commission',''),(80,'5','AUST','Chancery-Padestrian Gate 1','5160-26','1',0,0,NULL,0.00,'00:00:00','00:00:00','00:00:00','00:00:00','00:00:00','00:00:00','00:00:00','00:00:00','00:00:00','00:00:00','00:00:00','00:00:00','00:00:00','00:00:00','00:00:00','00:00:00',0.00,'Australian High Commission',''),(81,'5','AUST','Chancery-Vehicle Search 2','5160-27','1',0,0,NULL,0.00,'00:00:00','00:00:00','00:00:00','00:00:00','00:00:00','00:00:00','00:00:00','00:00:00','00:00:00','00:00:00','00:00:00','00:00:00','00:00:00','00:00:00','00:00:00','00:00:00',0.00,'Australian High Commission',''),(82,'5','AUST','Chancery-Padestrian Gate 1','5160-28','1',0,0,NULL,0.00,'00:00:00','00:00:00','00:00:00','00:00:00','00:00:00','00:00:00','00:00:00','00:00:00','00:00:00','00:00:00','00:00:00','00:00:00','00:00:00','00:00:00','00:00:00','00:00:00',0.00,'Australian High Commission',''),(83,'5','AUST','Chancery-Foot Patrol','5160-29','1',0,0,NULL,0.00,'00:00:00','00:00:00','00:00:00','00:00:00','00:00:00','00:00:00','00:00:00','00:00:00','00:00:00','00:00:00','00:00:00','00:00:00','00:00:00','00:00:00','00:00:00','00:00:00',0.00,'Australian High Commission',''),(84,'5','AUST','Chancery-Diac Gate 1','5160-30','1',0,0,NULL,0.00,'00:00:00','00:00:00','00:00:00','00:00:00','00:00:00','00:00:00','00:00:00','00:00:00','00:00:00','00:00:00','00:00:00','00:00:00','00:00:00','00:00:00','00:00:00','00:00:00',0.00,'Australian High Commission',''),(85,'5','AUST','Chancery-Diac Gate 2','5160-31','1',0,0,NULL,0.00,'00:00:00','00:00:00','00:00:00','00:00:00','00:00:00','00:00:00','00:00:00','00:00:00','00:00:00','00:00:00','00:00:00','00:00:00','00:00:00','00:00:00','00:00:00','00:00:00',0.00,'Australian High Commission',''),(86,'5','AUST','Chancery-Diac Gate 3','5160-32','1',0,0,NULL,0.00,'00:00:00','00:00:00','00:00:00','00:00:00','00:00:00','00:00:00','00:00:00','00:00:00','00:00:00','00:00:00','00:00:00','00:00:00','00:00:00','00:00:00','00:00:00','00:00:00',0.00,'Australian High Commission',''),(87,'5','AUST','Chancery-Resivor Rd 1','5160-33','1',0,0,NULL,0.00,'00:00:00','00:00:00','00:00:00','00:00:00','00:00:00','00:00:00','00:00:00','00:00:00','00:00:00','00:00:00','00:00:00','00:00:00','00:00:00','00:00:00','00:00:00','00:00:00',0.00,'Australian High Commission',''),(88,'5','AUST','Chancery-Resivor Rd 2','5160-34','1',0,0,NULL,0.00,'00:00:00','00:00:00','00:00:00','00:00:00','00:00:00','00:00:00','00:00:00','00:00:00','00:00:00','00:00:00','00:00:00','00:00:00','00:00:00','00:00:00','00:00:00','00:00:00',0.00,'Australian High Commission',''),(89,'4','32','Post 1 - Senior Supervisor','5058-01','1',0,0,NULL,0.00,'00:00:00','00:00:00','00:00:00','00:00:00','00:00:00','00:00:00','00:00:00','00:00:00','00:00:00','00:00:00','00:00:00','00:00:00','00:00:00','00:00:00','00:00:00','00:00:00',0.00,'European Union',''),(90,'4','32','Post 2- Guard Shift Leader','5058-02','1',0,0,NULL,0.00,'00:00:00','00:00:00','00:00:00','00:00:00','00:00:00','00:00:00','00:00:00','00:00:00','00:00:00','00:00:00','00:00:00','00:00:00','00:00:00','00:00:00','00:00:00','00:00:00',0.00,'European Union',''),(91,'4','32','Post 3- Mobile Supervisors','5058-03','1',0,0,NULL,0.00,'00:00:00','00:00:00','00:00:00','00:00:00','00:00:00','00:00:00','00:00:00','00:00:00','00:00:00','00:00:00','00:00:00','00:00:00','00:00:00','00:00:00','00:00:00','00:00:00',0.00,'European Union',''),(92,'4','32','Post 4- Mobile Crew','5058-04','1',0,0,NULL,0.00,'00:00:00','00:00:00','00:00:00','00:00:00','00:00:00','00:00:00','00:00:00','00:00:00','00:00:00','00:00:00','00:00:00','00:00:00','00:00:00','00:00:00','00:00:00','00:00:00',0.00,'European Union',''),(93,'4','32','34 Marou ','5058-05','1',0,0,NULL,0.00,'00:00:00','00:00:00','00:00:00','00:00:00','00:00:00','00:00:00','00:00:00','00:00:00','00:00:00','00:00:00','00:00:00','00:00:00','00:00:00','00:00:00','00:00:00','00:00:00',0.00,'European Union',''),(94,'4','32','309 Rt Sukuna Rd','5058-06','1',0,0,NULL,0.00,'00:00:00','00:00:00','00:00:00','00:00:00','00:00:00','00:00:00','00:00:00','00:00:00','00:00:00','00:00:00','00:00:00','00:00:00','00:00:00','00:00:00','00:00:00','00:00:00',0.00,'European Union',''),(95,'4','32','19 Verata','5058-07','1',0,0,NULL,0.00,'00:00:00','00:00:00','00:00:00','00:00:00','00:00:00','00:00:00','00:00:00','00:00:00','00:00:00','00:00:00','00:00:00','00:00:00','00:00:00','00:00:00','00:00:00','00:00:00',0.00,'European Union',''),(96,'4','32','11 Milne Gate 1 ','5058-08','1',0,0,NULL,0.00,'00:00:00','00:00:00','00:00:00','00:00:00','00:00:00','00:00:00','00:00:00','00:00:00','00:00:00','00:00:00','00:00:00','00:00:00','00:00:00','00:00:00','00:00:00','00:00:00',0.00,'European Union',''),(97,'4','32','12 Milne Gate 2','5058-09','1',0,0,NULL,0.00,'00:00:00','00:00:00','00:00:00','00:00:00','00:00:00','00:00:00','00:00:00','00:00:00','00:00:00','00:00:00','00:00:00','00:00:00','00:00:00','00:00:00','00:00:00','00:00:00',0.00,'European Union',''),(98,'4','32','13 Makita ','5058-10','1',0,0,NULL,0.00,'00:00:00','00:00:00','00:00:00','00:00:00','00:00:00','00:00:00','00:00:00','00:00:00','00:00:00','00:00:00','00:00:00','00:00:00','00:00:00','00:00:00','00:00:00','00:00:00',0.00,'European Union',''),(99,'4','32','33 Beach Rd','5058-11','1',0,0,NULL,0.00,'00:00:00','00:00:00','00:00:00','00:00:00','00:00:00','00:00:00','00:00:00','00:00:00','00:00:00','00:00:00','00:00:00','00:00:00','00:00:00','00:00:00','00:00:00','00:00:00',0.00,'European Union',''),(100,'4','32','12 Grants Place','5058-12','1',0,0,NULL,0.00,'00:00:00','00:00:00','00:00:00','00:00:00','00:00:00','00:00:00','00:00:00','00:00:00','00:00:00','00:00:00','00:00:00','00:00:00','00:00:00','00:00:00','00:00:00','00:00:00',0.00,'European Union',''),(101,'4','32','15 A2 Senibuadromo','5058-13','1',0,0,NULL,0.00,'00:00:00','00:00:00','00:00:00','00:00:00','00:00:00','00:00:00','00:00:00','00:00:00','00:00:00','00:00:00','00:00:00','00:00:00','00:00:00','00:00:00','00:00:00','00:00:00',0.00,'European Union',''),(102,'4','32','50 Richards','5058-14','1',0,0,NULL,0.00,'00:00:00','00:00:00','00:00:00','00:00:00','00:00:00','00:00:00','00:00:00','00:00:00','00:00:00','00:00:00','00:00:00','00:00:00','00:00:00','00:00:00','00:00:00','00:00:00',0.00,'European Union',''),(103,'4','32','8 Stirling','5058-15','1',0,0,NULL,0.00,'00:00:00','00:00:00','00:00:00','00:00:00','00:00:00','00:00:00','00:00:00','00:00:00','00:00:00','00:00:00','00:00:00','00:00:00','00:00:00','00:00:00','00:00:00','00:00:00',0.00,'European Union',''),(104,'4','32','1 Stoddart','5058-16','1',0,0,NULL,0.00,'00:00:00','00:00:00','00:00:00','00:00:00','00:00:00','00:00:00','00:00:00','00:00:00','00:00:00','00:00:00','00:00:00','00:00:00','00:00:00','00:00:00','00:00:00','00:00:00',0.00,'European Union',''),(105,'4','32',' 12 Charlton Avenue','5058-17','1',0,0,NULL,0.00,'00:00:00','00:00:00','00:00:00','00:00:00','00:00:00','00:00:00','00:00:00','00:00:00','00:00:00','00:00:00','00:00:00','00:00:00','00:00:00','00:00:00','00:00:00','00:00:00',0.00,'European Union',''),(106,'4','32','29 Niranji','5058-18','1',0,0,NULL,0.00,'00:00:00','00:00:00','00:00:00','00:00:00','00:00:00','00:00:00','00:00:00','00:00:00','00:00:00','00:00:00','00:00:00','00:00:00','00:00:00','00:00:00','00:00:00','00:00:00',0.00,'European Union',''),(107,'4','32','Tappoos City Level  6','5058-19','1',0,0,NULL,0.00,'00:00:00','00:00:00','00:00:00','00:00:00','00:00:00','00:00:00','00:00:00','00:00:00','00:00:00','00:00:00','00:00:00','00:00:00','00:00:00','00:00:00','00:00:00','00:00:00',0.00,'European Union',''),(108,'4','32','17 Rokotuicolo','5058-20','1',0,0,NULL,0.00,'00:00:00','00:00:00','00:00:00','00:00:00','00:00:00','00:00:00','00:00:00','00:00:00','00:00:00','00:00:00','00:00:00','00:00:00','00:00:00','00:00:00','00:00:00','00:00:00',0.00,'European Union',''),(109,'4','32','23 Niranji ','5058-21','1',0,0,NULL,0.00,'00:00:00','00:00:00','00:00:00','00:00:00','00:00:00','00:00:00','00:00:00','00:00:00','00:00:00','00:00:00','00:00:00','00:00:00','00:00:00','00:00:00','00:00:00','00:00:00',0.00,'European Union',''),(110,'4','32','8 Narain Tamavua','5058-22','1',0,0,NULL,0.00,'00:00:00','00:00:00','00:00:00','00:00:00','00:00:00','00:00:00','00:00:00','00:00:00','00:00:00','00:00:00','00:00:00','00:00:00','00:00:00','00:00:00','00:00:00','00:00:00',0.00,'European Union',''),(111,'4','32','61 Mead Road','5058-23','1',0,0,NULL,0.00,'00:00:00','00:00:00','00:00:00','00:00:00','00:00:00','00:00:00','00:00:00','00:00:00','00:00:00','00:00:00','00:00:00','00:00:00','00:00:00','00:00:00','00:00:00','00:00:00',0.00,'European Union',''),(112,'1','33','2 Way Service Station','9419','1',0,0,NULL,0.00,'00:00:00','00:00:00','00:00:00','00:00:00','00:00:00','00:00:00','00:00:00','00:00:00','00:00:00','00:00:00','00:00:00','00:00:00','00:00:00','00:00:00','00:00:00','00:00:00',0.00,'Mobil',''),(113,'1','34','Berry Apartments','3067','1',0,0,NULL,0.00,'00:00:00','00:00:00','00:00:00','00:00:00','00:00:00','00:00:00','00:00:00','00:00:00','00:00:00','00:00:00','00:00:00','00:00:00','00:00:00','00:00:00','00:00:00','00:00:00',0.00,'International Shop Fitting',''),(114,'1','BRITISH','BHC Embassy','5021','1',0,0,NULL,0.00,'00:00:00','00:00:00','00:00:00','00:00:00','00:00:00','00:00:00','00:00:00','00:00:00','00:00:00','00:00:00','00:00:00','00:00:00','00:00:00','00:00:00','00:00:00','00:00:00',0.00,'British High Commission',''),(115,'1','22','UN 10 Allardyce','5015','1',0,0,NULL,0.00,'00:00:00','00:00:00','00:00:00','00:00:00','00:00:00','00:00:00','00:00:00','00:00:00','00:00:00','00:00:00','00:00:00','00:00:00','00:00:00','00:00:00','00:00:00','00:00:00',0.00,'UNDP',''),(116,'1','FJA','Fiji Airways','5002','1',0,0,NULL,0.00,'00:00:00','00:00:00','00:00:00','00:00:00','00:00:00','00:00:00','00:00:00','00:00:00','00:00:00','00:00:00','00:00:00','00:00:00','00:00:00','00:00:00','00:00:00','00:00:00',0.00,'Fiji Airways',''),(117,'1','WBT','Wahleys Butcher Toorak','9319','1',0,0,NULL,0.00,'00:00:00','00:00:00','00:00:00','00:00:00','00:00:00','00:00:00','00:00:00','00:00:00','00:00:00','00:00:00','00:00:00','00:00:00','00:00:00','00:00:00','00:00:00','00:00:00',0.00,'Wahleys',''),(118,'1','3','MHCC','9832','1',0,0,NULL,0.00,'00:00:00','00:00:00','00:00:00','00:00:00','00:00:00','00:00:00','00:00:00','00:00:00','00:00:00','00:00:00','00:00:00','00:00:00','00:00:00','00:00:00','00:00:00','00:00:00',0.00,'Carpenters Properties Ltd',''),(119,'1','35','Queensland Insurance Suva','5947','1',0,0,NULL,0.00,'00:00:00','00:00:00','00:00:00','00:00:00','00:00:00','00:00:00','00:00:00','00:00:00','00:00:00','00:00:00','00:00:00','00:00:00','00:00:00','00:00:00','00:00:00','00:00:00',0.00,'Queensland Insurance Suva',''),(120,'1','APTC','APTC Ganilau House','2084','1',0,0,NULL,0.00,'00:00:00','00:00:00','00:00:00','00:00:00','00:00:00','00:00:00','00:00:00','00:00:00','00:00:00','00:00:00','00:00:00','00:00:00','00:00:00','00:00:00','00:00:00','00:00:00',0.00,'APTC',''),(121,'1','37','South Seas Hotel','5035','1',0,0,NULL,0.00,'00:00:00','00:00:00','00:00:00','00:00:00','00:00:00','00:00:00','00:00:00','00:00:00','00:00:00','00:00:00','00:00:00','00:00:00','00:00:00','00:00:00','00:00:00','00:00:00',0.00,'Cathy Hotel',''),(122,'1','38','Fiji Club','5091','1',0,0,NULL,0.00,'00:00:00','00:00:00','00:00:00','00:00:00','00:00:00','00:00:00','00:00:00','00:00:00','00:00:00','00:00:00','00:00:00','00:00:00','00:00:00','00:00:00','00:00:00','00:00:00',0.00,'Fiji Club',''),(123,'1','OH','Oceanic Holdings','2042','1',0,0,NULL,0.00,'00:00:00','00:00:00','00:00:00','00:00:00','00:00:00','00:00:00','00:00:00','00:00:00','00:00:00','00:00:00','00:00:00','00:00:00','00:00:00','00:00:00','00:00:00','00:00:00',0.00,'Oceanic Holdings Ltd',''),(124,'1','IE','Indonesian Embassy Office','9242','1',0,0,NULL,0.00,'00:00:00','00:00:00','00:00:00','00:00:00','00:00:00','00:00:00','00:00:00','00:00:00','00:00:00','00:00:00','00:00:00','00:00:00','00:00:00','00:00:00','00:00:00','00:00:00',0.00,'Indonesian Embassy',''),(125,'1','CE','Chinese Embassy Office','9157','1',0,0,NULL,0.00,'00:00:00','00:00:00','00:00:00','00:00:00','00:00:00','00:00:00','00:00:00','00:00:00','00:00:00','00:00:00','00:00:00','00:00:00','00:00:00','00:00:00','00:00:00','00:00:00',0.00,'Chinese Embassy',''),(126,'1','CE','Chinese Amb Resd - 147 QE drive','9157','1',0,0,NULL,0.00,'00:00:00','00:00:00','00:00:00','00:00:00','00:00:00','00:00:00','00:00:00','00:00:00','00:00:00','00:00:00','00:00:00','00:00:00','00:00:00','00:00:00','00:00:00','00:00:00',0.00,'Chinese Embassy',''),(127,'1','22','UNICHA-27 Allardyce UN','5990','1',0,0,NULL,0.00,'00:00:00','00:00:00','00:00:00','00:00:00','00:00:00','00:00:00','00:00:00','00:00:00','00:00:00','00:00:00','00:00:00','00:00:00','00:00:00','00:00:00','00:00:00','00:00:00',0.00,'UNICHA',''),(128,'1','22','14 Makita - UN','5023','1',0,0,NULL,0.00,'00:00:00','00:00:00','00:00:00','00:00:00','00:00:00','00:00:00','00:00:00','00:00:00','00:00:00','00:00:00','00:00:00','00:00:00','00:00:00','00:00:00','00:00:00','00:00:00',0.00,'UNDP',''),(129,'1','22','10 Duncan UN Womens','2060','1',0,0,NULL,0.00,'00:00:00','00:00:00','00:00:00','00:00:00','00:00:00','00:00:00','00:00:00','00:00:00','00:00:00','00:00:00','00:00:00','00:00:00','00:00:00','00:00:00','00:00:00','00:00:00',0.00,'UNDP',''),(130,'1','BRITISH','1 Cakobau - Ambassador\'s Resd','','1',0,0,NULL,0.00,'00:00:00','00:00:00','00:00:00','00:00:00','00:00:00','00:00:00','00:00:00','00:00:00','00:00:00','00:00:00','00:00:00','00:00:00','00:00:00','00:00:00','00:00:00','00:00:00',0.00,'British High Commission',''),(131,'1','TR','2 Bakshi Street','9274','1',0,0,NULL,0.00,'00:00:00','00:00:00','00:00:00','00:00:00','00:00:00','00:00:00','00:00:00','00:00:00','00:00:00','00:00:00','00:00:00','00:00:00','00:00:00','00:00:00','00:00:00','00:00:00',0.00,'Tiko\'s Resturant',''),(132,'1','22','5 Denison 28 May UN','9348','1',0,0,NULL,0.00,'00:00:00','00:00:00','00:00:00','00:00:00','00:00:00','00:00:00','00:00:00','00:00:00','00:00:00','00:00:00','00:00:00','00:00:00','00:00:00','00:00:00','00:00:00','00:00:00',0.00,'UNDP',''),(133,'1','41','CARDNO 33 Richards Road','9813','1',0,0,NULL,0.00,'00:00:00','00:00:00','00:00:00','00:00:00','00:00:00','00:00:00','00:00:00','00:00:00','00:00:00','00:00:00','00:00:00','00:00:00','00:00:00','00:00:00','00:00:00','00:00:00',0.00,'Cardno Emerging Market Aust PTY Ltd',''),(134,'1','42','GEM (Fiji) Ltd - Gohil Building Toorak','9385','1',0,0,NULL,0.00,'00:00:00','00:00:00','00:00:00','00:00:00','00:00:00','00:00:00','00:00:00','00:00:00','00:00:00','00:00:00','00:00:00','00:00:00','00:00:00','00:00:00','00:00:00','00:00:00',0.00,'GEM Fiji Limited',''),(135,'1','22','56 Rcihards','5794','1',0,0,NULL,0.00,'00:00:00','00:00:00','00:00:00','00:00:00','00:00:00','00:00:00','00:00:00','00:00:00','00:00:00','00:00:00','00:00:00','00:00:00','00:00:00','00:00:00','00:00:00','00:00:00',0.00,'UNDP',''),(136,'1','43','McDonalds Suva','2120','1',0,0,NULL,0.00,'00:00:00','00:00:00','00:00:00','00:00:00','00:00:00','00:00:00','00:00:00','00:00:00','00:00:00','00:00:00','00:00:00','00:00:00','00:00:00','00:00:00','00:00:00','00:00:00',0.00,'McDonalds',''),(137,'1','44','52 Inthum','2088','1',0,0,NULL,0.00,'00:00:00','00:00:00','00:00:00','00:00:00','00:00:00','00:00:00','00:00:00','00:00:00','00:00:00','00:00:00','00:00:00','00:00:00','00:00:00','00:00:00','00:00:00','00:00:00',0.00,'Live & Learn',''),(138,'1','22','14 Storck Street','9768','1',0,0,NULL,0.00,'00:00:00','00:00:00','00:00:00','00:00:00','00:00:00','00:00:00','00:00:00','00:00:00','00:00:00','00:00:00','00:00:00','00:00:00','00:00:00','00:00:00','00:00:00','00:00:00',0.00,'UNDP',''),(139,'1','46','BSP Pacific House','2065','1',0,0,NULL,0.00,'00:00:00','00:00:00','00:00:00','00:00:00','00:00:00','00:00:00','00:00:00','00:00:00','00:00:00','00:00:00','00:00:00','00:00:00','00:00:00','00:00:00','00:00:00','00:00:00',0.00,'BSP',''),(140,'1','46','Bsp Dominion','2065','1',0,0,NULL,0.00,'00:00:00','00:00:00','00:00:00','00:00:00','00:00:00','00:00:00','00:00:00','00:00:00','00:00:00','00:00:00','00:00:00','00:00:00','00:00:00','00:00:00','00:00:00','00:00:00',0.00,'BSP',''),(141,'1','46','BSP Central','2065','1',0,0,NULL,0.00,'00:00:00','00:00:00','00:00:00','00:00:00','00:00:00','00:00:00','00:00:00','00:00:00','00:00:00','00:00:00','00:00:00','00:00:00','00:00:00','00:00:00','00:00:00','00:00:00',0.00,'BSP',''),(142,'1','46','BSP Damodar','2065','1',0,0,NULL,0.00,'00:00:00','00:00:00','00:00:00','00:00:00','00:00:00','00:00:00','00:00:00','00:00:00','00:00:00','00:00:00','00:00:00','00:00:00','00:00:00','00:00:00','00:00:00','00:00:00',0.00,'BSP',''),(143,'1','BRITISH','24 Marou','9165','1',0,0,NULL,0.00,'00:00:00','00:00:00','00:00:00','00:00:00','00:00:00','00:00:00','00:00:00','00:00:00','00:00:00','00:00:00','00:00:00','00:00:00','00:00:00','00:00:00','00:00:00','00:00:00',0.00,'British Defence',''),(144,'1','BRITSH','25 Vuya','','1',0,0,NULL,0.00,'00:00:00','00:00:00','00:00:00','00:00:00','00:00:00','00:00:00','00:00:00','00:00:00','00:00:00','00:00:00','00:00:00','00:00:00','00:00:00','00:00:00','00:00:00','00:00:00',0.00,'British High Commission',''),(145,'1','TR','Tikos Restaurant','9275','1',0,0,NULL,0.00,'00:00:00','00:00:00','00:00:00','00:00:00','00:00:00','00:00:00','00:00:00','00:00:00','00:00:00','00:00:00','00:00:00','00:00:00','00:00:00','00:00:00','00:00:00','00:00:00',0.00,'Tikos Restaurant',''),(146,'3','JAP-EM','Japanese Embassy Office','5110-01','1',0,0,NULL,0.00,'00:00:00','00:00:00','00:00:00','00:00:00','00:00:00','00:00:00','00:00:00','00:00:00','00:00:00','00:00:00','00:00:00','00:00:00','00:00:00','00:00:00','00:00:00','00:00:00',0.00,'Japanese Embassy',''),(147,'3','JAP-EM','Japanese Embassy Residence','5110-02','1',0,0,NULL,0.00,'00:00:00','00:00:00','00:00:00','00:00:00','00:00:00','00:00:00','00:00:00','00:00:00','00:00:00','00:00:00','00:00:00','00:00:00','00:00:00','00:00:00','00:00:00','00:00:00',0.00,'Japanese Embassy',''),(148,'3','22','UNOCH-7 Deoji - UN','5989','1',0,0,NULL,0.00,'00:00:00','00:00:00','00:00:00','00:00:00','00:00:00','00:00:00','00:00:00','00:00:00','00:00:00','00:00:00','00:00:00','00:00:00','00:00:00','00:00:00','00:00:00','00:00:00',0.00,'UNOCH',''),(149,'3','47','Capital Hill Apartments','5907','1',0,0,NULL,0.00,'00:00:00','00:00:00','00:00:00','00:00:00','00:00:00','00:00:00','00:00:00','00:00:00','00:00:00','00:00:00','00:00:00','00:00:00','00:00:00','00:00:00','00:00:00','00:00:00',0.00,'Sharma\'s Artitech',''),(150,'3','9','20 Khrishna ','5231','1',0,0,NULL,0.00,'00:00:00','00:00:00','00:00:00','00:00:00','00:00:00','00:00:00','00:00:00','00:00:00','00:00:00','00:00:00','00:00:00','00:00:00','00:00:00','00:00:00','00:00:00','00:00:00',0.00,'Coco Cola Amatil',''),(151,'3','IE','22 Rokotuicolo','9242','1',0,0,NULL,0.00,'00:00:00','00:00:00','00:00:00','00:00:00','00:00:00','00:00:00','00:00:00','00:00:00','00:00:00','00:00:00','00:00:00','00:00:00','00:00:00','00:00:00','00:00:00','00:00:00',0.00,'Indonesian Embassy',''),(152,'3','48','Lees Trading','5234','1',0,0,NULL,0.00,'00:00:00','00:00:00','00:00:00','00:00:00','00:00:00','00:00:00','00:00:00','00:00:00','00:00:00','00:00:00','00:00:00','00:00:00','00:00:00','00:00:00','00:00:00','00:00:00',0.00,'Lees Trading LTD',''),(153,'3','9','Coca Cola Plant','5231','1',0,0,NULL,0.00,'00:00:00','00:00:00','00:00:00','00:00:00','00:00:00','00:00:00','00:00:00','00:00:00','00:00:00','00:00:00','00:00:00','00:00:00','00:00:00','00:00:00','00:00:00','00:00:00',0.00,'Coco Cola Amatil',''),(154,'3','17','SPC Narere Gate 1','5186','1',0,0,NULL,0.00,'00:00:00','00:00:00','00:00:00','00:00:00','00:00:00','00:00:00','00:00:00','00:00:00','00:00:00','00:00:00','00:00:00','00:00:00','00:00:00','00:00:00','00:00:00','00:00:00',0.00,'SPC',''),(155,'3','17','SPC Narere Gate 2','5186','1',0,0,NULL,0.00,'00:00:00','00:00:00','00:00:00','00:00:00','00:00:00','00:00:00','00:00:00','00:00:00','00:00:00','00:00:00','00:00:00','00:00:00','00:00:00','00:00:00','00:00:00','00:00:00',0.00,'SPC',''),(156,'3','29','Mind Pearl 7 Pathik','3065','1',0,0,NULL,0.00,'00:00:00','00:00:00','00:00:00','00:00:00','00:00:00','00:00:00','00:00:00','00:00:00','00:00:00','00:00:00','00:00:00','00:00:00','00:00:00','00:00:00','00:00:00','00:00:00',0.00,'Mind Peral',''),(157,'3','29','Mind Pearl 280 Princess Rd','3065','1',0,0,NULL,0.00,'00:00:00','00:00:00','00:00:00','00:00:00','00:00:00','00:00:00','00:00:00','00:00:00','00:00:00','00:00:00','00:00:00','00:00:00','00:00:00','00:00:00','00:00:00','00:00:00',0.00,'Mind Peral',''),(158,'3','29','Mind Pearl 46 Paul Sloan','3065','1',0,0,NULL,0.00,'00:00:00','00:00:00','00:00:00','00:00:00','00:00:00','00:00:00','00:00:00','00:00:00','00:00:00','00:00:00','00:00:00','00:00:00','00:00:00','00:00:00','00:00:00','00:00:00',0.00,'Mind Peral',''),(159,'3','29','Mind Pearl 9 Daniva','3065','1',0,0,NULL,0.00,'00:00:00','00:00:00','00:00:00','00:00:00','00:00:00','00:00:00','00:00:00','00:00:00','00:00:00','00:00:00','00:00:00','00:00:00','00:00:00','00:00:00','00:00:00','00:00:00',0.00,'Mind Peral',''),(160,'3','22','32 Qomate ','5020','1',0,0,NULL,0.00,'00:00:00','00:00:00','00:00:00','00:00:00','00:00:00','00:00:00','00:00:00','00:00:00','00:00:00','00:00:00','00:00:00','00:00:00','00:00:00','00:00:00','00:00:00','00:00:00',0.00,'UNDP',''),(161,'3','133','ANZ Kalabu','5051','1',4,5,NULL,5.43,'07:00:00','15:00:00','00:00:00','00:00:00','00:00:00','00:00:00','00:00:00','00:00:00','00:00:00','00:00:00','00:00:00','00:00:00','00:00:00','00:00:00','00:00:00','00:00:00',0.00,'ANZ BANK','Select Manager'),(162,'3','21','Shop & Save Kalabu','9356','1',0,0,NULL,0.00,'00:00:00','00:00:00','00:00:00','00:00:00','00:00:00','00:00:00','00:00:00','00:00:00','00:00:00','00:00:00','00:00:00','00:00:00','00:00:00','00:00:00','00:00:00','00:00:00',0.00,'Shop n Save',''),(163,'3','21','Shop & Save Vale Levu','9356','1',0,0,NULL,0.00,'00:00:00','00:00:00','00:00:00','00:00:00','00:00:00','00:00:00','00:00:00','00:00:00','00:00:00','00:00:00','00:00:00','00:00:00','00:00:00','00:00:00','00:00:00','00:00:00',0.00,'Shop n Save',''),(164,'3','21','Shop & Save Laucala','9356','1',0,0,NULL,0.00,'00:00:00','00:00:00','00:00:00','00:00:00','00:00:00','00:00:00','00:00:00','00:00:00','00:00:00','00:00:00','00:00:00','00:00:00','00:00:00','00:00:00','00:00:00','00:00:00',0.00,'Shop n Save',''),(165,'3','21','Shop n Save Makoi','9356','1',0,0,NULL,0.00,'00:00:00','00:00:00','00:00:00','00:00:00','00:00:00','00:00:00','00:00:00','00:00:00','00:00:00','00:00:00','00:00:00','00:00:00','00:00:00','00:00:00','00:00:00','00:00:00',0.00,'Shop n Save',''),(166,'3','21','Shop n Save Nakasi','9356','1',0,0,NULL,0.00,'00:00:00','00:00:00','00:00:00','00:00:00','00:00:00','00:00:00','00:00:00','00:00:00','00:00:00','00:00:00','00:00:00','00:00:00','00:00:00','00:00:00','00:00:00','00:00:00',0.00,'Shop n Save',''),(167,'3','50','Cremation - Lot 1 Adi Davila','9586','1',0,0,NULL,0.00,'00:00:00','00:00:00','00:00:00','00:00:00','00:00:00','00:00:00','00:00:00','00:00:00','00:00:00','00:00:00','00:00:00','00:00:00','00:00:00','00:00:00','00:00:00','00:00:00',0.00,'Beautiful Mourniment',''),(168,'3','ADB','ADB 22 Guava','5149','1',0,0,NULL,0.00,'00:00:00','00:00:00','00:00:00','00:00:00','00:00:00','00:00:00','00:00:00','00:00:00','00:00:00','00:00:00','00:00:00','00:00:00','00:00:00','00:00:00','00:00:00','00:00:00',0.00,'Asian Development Bank',''),(169,'3','42','35 Mead Road','9385','1',0,0,NULL,0.00,'00:00:00','00:00:00','00:00:00','00:00:00','00:00:00','00:00:00','00:00:00','00:00:00','00:00:00','00:00:00','00:00:00','00:00:00','00:00:00','00:00:00','00:00:00','00:00:00',0.00,'GEM Fiji Limited',''),(170,'3','33','Mobil Service Station Korovou','5092','1',0,0,NULL,0.00,'00:00:00','00:00:00','00:00:00','00:00:00','00:00:00','00:00:00','00:00:00','00:00:00','00:00:00','00:00:00','00:00:00','00:00:00','00:00:00','00:00:00','00:00:00','00:00:00',0.00,'Mobil',''),(171,'3','51','RCL Services','5236','1',0,0,NULL,0.00,'00:00:00','00:00:00','00:00:00','00:00:00','00:00:00','00:00:00','00:00:00','00:00:00','00:00:00','00:00:00','00:00:00','00:00:00','00:00:00','00:00:00','00:00:00','00:00:00',0.00,'Recoveries Corp Limited',''),(172,'3','GMF','GFI Farm Mahendra','9764','1',0,0,NULL,0.00,'00:00:00','00:00:00','00:00:00','00:00:00','00:00:00','00:00:00','00:00:00','00:00:00','00:00:00','00:00:00','00:00:00','00:00:00','00:00:00','00:00:00','00:00:00','00:00:00',0.00,'Goodman Fielder',''),(173,'3','GMF','GFI Farm Amras','5192','1',0,0,NULL,0.00,'00:00:00','00:00:00','00:00:00','00:00:00','00:00:00','00:00:00','00:00:00','00:00:00','00:00:00','00:00:00','00:00:00','00:00:00','00:00:00','00:00:00','00:00:00','00:00:00',0.00,'Goodman Fielder',''),(174,'3','GMF','GFI Farm Manoca','9883','1',0,0,NULL,0.00,'00:00:00','00:00:00','00:00:00','00:00:00','00:00:00','00:00:00','00:00:00','00:00:00','00:00:00','00:00:00','00:00:00','00:00:00','00:00:00','00:00:00','00:00:00','00:00:00',0.00,'GOODMAN FIELDER',''),(175,'3','GMF','GFI Farm Korocirrciri','9846','1',0,0,NULL,0.00,'00:00:00','00:00:00','00:00:00','00:00:00','00:00:00','00:00:00','00:00:00','00:00:00','00:00:00','00:00:00','00:00:00','00:00:00','00:00:00','00:00:00','00:00:00','00:00:00',0.00,'Goodman Fielder',''),(176,'3','GMF','GFI Farm Lohar','5193','1',0,0,NULL,0.00,'00:00:00','00:00:00','00:00:00','00:00:00','00:00:00','00:00:00','00:00:00','00:00:00','00:00:00','00:00:00','00:00:00','00:00:00','00:00:00','00:00:00','00:00:00','00:00:00',0.00,'Goodman Fielder',''),(177,'2','21','Shop n Save Lami','9356','1',0,0,NULL,0.00,'00:00:00','00:00:00','00:00:00','00:00:00','00:00:00','00:00:00','00:00:00','00:00:00','00:00:00','00:00:00','00:00:00','00:00:00','00:00:00','00:00:00','00:00:00','00:00:00',0.00,'Shop n Save',''),(178,'2','22','ILO-14 Loa','2100','1',0,0,NULL,0.00,'00:00:00','00:00:00','00:00:00','00:00:00','00:00:00','00:00:00','00:00:00','00:00:00','00:00:00','00:00:00','00:00:00','00:00:00','00:00:00','00:00:00','00:00:00','00:00:00',0.00,'UNDP',''),(179,'2','22','187 Princess Road','3034','1',0,0,NULL,0.00,'00:00:00','00:00:00','00:00:00','00:00:00','00:00:00','00:00:00','00:00:00','00:00:00','00:00:00','00:00:00','00:00:00','00:00:00','00:00:00','00:00:00','00:00:00','00:00:00',0.00,'UNDP',''),(180,'2','52','Kundan Singh Supermarket','5118','1',0,0,NULL,0.00,'00:00:00','00:00:00','00:00:00','00:00:00','00:00:00','00:00:00','00:00:00','00:00:00','00:00:00','00:00:00','00:00:00','00:00:00','00:00:00','00:00:00','00:00:00','00:00:00',0.00,'Kundan Singh',''),(181,'2','53','Indian High Comm Residence','9331','1',0,0,NULL,0.00,'00:00:00','00:00:00','00:00:00','00:00:00','00:00:00','00:00:00','00:00:00','00:00:00','00:00:00','00:00:00','00:00:00','00:00:00','00:00:00','00:00:00','00:00:00','00:00:00',0.00,'Indian High Commission',''),(182,'2','22','UNFPA-67 Princess Road','5022','1',0,0,NULL,0.00,'00:00:00','00:00:00','00:00:00','00:00:00','00:00:00','00:00:00','00:00:00','00:00:00','00:00:00','00:00:00','00:00:00','00:00:00','00:00:00','00:00:00','00:00:00','00:00:00',0.00,'UNFPA',''),(183,'2','37','20 Narain - Cathay Hotel Owner','5035','1',0,0,NULL,0.00,'00:00:00','00:00:00','00:00:00','00:00:00','00:00:00','00:00:00','00:00:00','00:00:00','00:00:00','00:00:00','00:00:00','00:00:00','00:00:00','00:00:00','00:00:00','00:00:00',0.00,'Cathy Hotel',''),(184,'2','33','Mobil Terminal','','1',0,0,NULL,0.00,'00:00:00','00:00:00','00:00:00','00:00:00','00:00:00','00:00:00','00:00:00','00:00:00','00:00:00','00:00:00','00:00:00','00:00:00','00:00:00','00:00:00','00:00:00','00:00:00',0.00,'Mobil',''),(185,'2','3','Carpenters Used Car','5036','1',0,0,NULL,0.00,'00:00:00','00:00:00','00:00:00','00:00:00','00:00:00','00:00:00','00:00:00','00:00:00','00:00:00','00:00:00','00:00:00','00:00:00','00:00:00','00:00:00','00:00:00','00:00:00',0.00,'CARPENTERS FIJI LIMITED',''),(186,'2','28','Total Terminal','','1',0,0,NULL,0.00,'00:00:00','00:00:00','00:00:00','00:00:00','00:00:00','00:00:00','00:00:00','00:00:00','00:00:00','00:00:00','00:00:00','00:00:00','00:00:00','00:00:00','00:00:00','00:00:00',0.00,'Total',''),(187,'2','55','Novotel Hotel','5049','1',0,0,NULL,0.00,'00:00:00','00:00:00','00:00:00','00:00:00','00:00:00','00:00:00','00:00:00','00:00:00','00:00:00','00:00:00','00:00:00','00:00:00','00:00:00','00:00:00','00:00:00','00:00:00',0.00,'Novotel Hotel',''),(188,'2','22','WHO-17 Qauia','5090','1',0,0,NULL,0.00,'00:00:00','00:00:00','00:00:00','00:00:00','00:00:00','00:00:00','00:00:00','00:00:00','00:00:00','00:00:00','00:00:00','00:00:00','00:00:00','00:00:00','00:00:00','00:00:00',0.00,'UNDP',''),(189,'2','57','Blue Gas Terminal','3080','1',0,0,NULL,0.00,'00:00:00','00:00:00','00:00:00','00:00:00','00:00:00','00:00:00','00:00:00','00:00:00','00:00:00','00:00:00','00:00:00','00:00:00','00:00:00','00:00:00','00:00:00','00:00:00',0.00,'Blue Gas',''),(190,'2','27','CJ Patel Wailada','5024','1',0,0,NULL,0.00,'00:00:00','00:00:00','00:00:00','00:00:00','00:00:00','00:00:00','00:00:00','00:00:00','00:00:00','00:00:00','00:00:00','00:00:00','00:00:00','00:00:00','00:00:00','00:00:00',0.00,'CJ Patel',''),(191,'2','70','Fiji Gas Wailada','5075','1',0,0,NULL,0.00,'00:00:00','00:00:00','00:00:00','00:00:00','00:00:00','00:00:00','00:00:00','00:00:00','00:00:00','00:00:00','00:00:00','00:00:00','00:00:00','00:00:00','00:00:00','00:00:00',0.00,'Fiji Gas',''),(192,'2','58','Auomated Building Services & Intergroup','5055','1',0,0,NULL,0.00,'00:00:00','00:00:00','00:00:00','00:00:00','00:00:00','00:00:00','00:00:00','00:00:00','00:00:00','00:00:00','00:00:00','00:00:00','00:00:00','00:00:00','00:00:00','00:00:00',0.00,'Automated Building Services',''),(193,'2','49','10 Howard','5011','1',0,0,NULL,0.00,'00:00:00','00:00:00','00:00:00','00:00:00','00:00:00','00:00:00','00:00:00','00:00:00','00:00:00','00:00:00','00:00:00','00:00:00','00:00:00','00:00:00','00:00:00','00:00:00',0.00,'ANZ',''),(194,'2','59','16 Crompton','2055','1',0,0,NULL,0.00,'00:00:00','00:00:00','00:00:00','00:00:00','00:00:00','00:00:00','00:00:00','00:00:00','00:00:00','00:00:00','00:00:00','00:00:00','00:00:00','00:00:00','00:00:00','00:00:00',0.00,'China Railway',''),(195,'2','APTC','APTC Walu bay','2084','1',0,0,NULL,0.00,'00:00:00','00:00:00','00:00:00','00:00:00','00:00:00','00:00:00','00:00:00','00:00:00','00:00:00','00:00:00','00:00:00','00:00:00','00:00:00','00:00:00','00:00:00','00:00:00',0.00,'APTC',''),(196,'2','FSHIL','FSHIL Slip way Walu bay','5053','1',0,0,NULL,0.00,'00:00:00','00:00:00','00:00:00','00:00:00','00:00:00','00:00:00','00:00:00','00:00:00','00:00:00','00:00:00','00:00:00','00:00:00','00:00:00','00:00:00','00:00:00','00:00:00',0.00,'FSHIL',''),(197,'2','FSHIL','FSHIL Yard (opp korovou)','5053','1',0,0,NULL,0.00,'00:00:00','00:00:00','00:00:00','00:00:00','00:00:00','00:00:00','00:00:00','00:00:00','00:00:00','00:00:00','00:00:00','00:00:00','00:00:00','00:00:00','00:00:00','00:00:00',0.00,'FSHIL',''),(198,'2','GMF','GFI Farm Vakabalea','2079','1',0,0,NULL,0.00,'00:00:00','00:00:00','00:00:00','00:00:00','00:00:00','00:00:00','00:00:00','00:00:00','00:00:00','00:00:00','00:00:00','00:00:00','00:00:00','00:00:00','00:00:00','00:00:00',0.00,'GOODMAN FIELDER',''),(199,'2','','10 Mcgowen','2008','1',0,0,NULL,0.00,'00:00:00','00:00:00','00:00:00','00:00:00','00:00:00','00:00:00','00:00:00','00:00:00','00:00:00','00:00:00','00:00:00','00:00:00','00:00:00','00:00:00','00:00:00','00:00:00',0.00,'',''),(200,'2','62','Resene Paints','9205','1',0,0,NULL,0.00,'00:00:00','00:00:00','00:00:00','00:00:00','00:00:00','00:00:00','00:00:00','00:00:00','00:00:00','00:00:00','00:00:00','00:00:00','00:00:00','00:00:00','00:00:00','00:00:00',0.00,'Resene Paints',''),(201,'2','28','Living Stone','9453','1',0,0,NULL,0.00,'00:00:00','00:00:00','00:00:00','00:00:00','00:00:00','00:00:00','00:00:00','00:00:00','00:00:00','00:00:00','00:00:00','00:00:00','00:00:00','00:00:00','00:00:00','00:00:00',0.00,'Total',''),(202,'2','','6 Mcgowen','5090','1',0,0,NULL,0.00,'00:00:00','00:00:00','00:00:00','00:00:00','00:00:00','00:00:00','00:00:00','00:00:00','00:00:00','00:00:00','00:00:00','00:00:00','00:00:00','00:00:00','00:00:00','00:00:00',0.00,'',''),(203,'2','100','71 Princeses Road','5147','1',0,0,NULL,0.00,'00:00:00','00:00:00','00:00:00','00:00:00','00:00:00','00:00:00','00:00:00','00:00:00','00:00:00','00:00:00','00:00:00','00:00:00','00:00:00','00:00:00','00:00:00','00:00:00',0.00,'New Zealand High Commission',''),(204,'2','9','Coco Cola Warehouse Wailda','5231','1',0,0,NULL,0.00,'00:00:00','00:00:00','00:00:00','00:00:00','00:00:00','00:00:00','00:00:00','00:00:00','00:00:00','00:00:00','00:00:00','00:00:00','00:00:00','00:00:00','00:00:00','00:00:00',0.00,'COCA COLA AMITAL',''),(205,'','63','Nadi','5313','2',0,3,NULL,0.00,'00:00:00','00:00:00','00:00:00','00:00:00','00:00:00','00:00:00','00:00:00','00:00:00','00:00:00','00:00:00','00:00:00','00:00:00','00:00:00','00:00:00','00:00:00','00:00:00',117.00,'Pacific Energy ',''),(206,'','37','','6200','2',0,2,NULL,0.00,'00:00:00','00:00:00','00:00:00','00:00:00','00:00:00','00:00:00','00:00:00','00:00:00','00:00:00','00:00:00','00:00:00','00:00:00','00:00:00','00:00:00','00:00:00','00:00:00',91.00,'',''),(207,'','64','','6660','2',0,6,NULL,0.00,'00:00:00','00:00:00','00:00:00','00:00:00','00:00:00','00:00:00','00:00:00','00:00:00','00:00:00','00:00:00','00:00:00','00:00:00','00:00:00','00:00:00','00:00:00','00:00:00',259.00,'',''),(208,'','9','Waiyavi, Lautoka','6417','2',0,3,NULL,0.00,'00:00:00','00:00:00','00:00:00','00:00:00','00:00:00','00:00:00','00:00:00','00:00:00','00:00:00','00:00:00','00:00:00','00:00:00','00:00:00','00:00:00','00:00:00','00:00:00',116.00,'COCA COLA AMITAL',''),(209,'','GMF','Crest Chicken Lbs','5314','',0,4,NULL,0.00,'00:00:00','00:00:00','00:00:00','00:00:00','00:00:00','00:00:00','00:00:00','00:00:00','00:00:00','00:00:00','00:00:00','00:00:00','00:00:00','00:00:00','00:00:00','00:00:00',168.00,'',''),(211,'','65','Controll Officer','6707','',0,26,NULL,0.00,'00:00:00','00:00:00','00:00:00','00:00:00','00:00:00','00:00:00','00:00:00','00:00:00','00:00:00','00:00:00','00:00:00','00:00:00','00:00:00','00:00:00','00:00:00','00:00:00',1064.00,'',''),(212,'','65','Mobile Patrol Officer','6707','',0,26,NULL,0.00,'00:00:00','00:00:00','00:00:00','00:00:00','00:00:00','00:00:00','00:00:00','00:00:00','00:00:00','00:00:00','00:00:00','00:00:00','00:00:00','00:00:00','00:00:00','00:00:00',1064.00,'',''),(213,'','65','Main Gate 1st Guard','6707','2',0,26,NULL,0.00,'00:00:00','00:00:00','00:00:00','00:00:00','00:00:00','00:00:00','00:00:00','00:00:00','00:00:00','00:00:00','00:00:00','00:00:00','00:00:00','00:00:00','00:00:00','00:00:00',1064.00,'',''),(214,'','65','Main Gate 2nd Guard','6707','2',0,26,NULL,0.00,'00:00:00','00:00:00','00:00:00','00:00:00','00:00:00','00:00:00','00:00:00','00:00:00','00:00:00','00:00:00','00:00:00','00:00:00','00:00:00','00:00:00','00:00:00','00:00:00',1064.00,'Denarau Corporation Limited',''),(215,'','65','Main Gate 3rd Guard','6707','2',0,26,NULL,0.00,'00:00:00','00:00:00','00:00:00','00:00:00','00:00:00','00:00:00','00:00:00','00:00:00','00:00:00','00:00:00','00:00:00','00:00:00','00:00:00','00:00:00','00:00:00','00:00:00',1064.00,'',''),(216,'','65','Private Beachfront','6707','2',0,26,NULL,0.00,'00:00:00','00:00:00','00:00:00','00:00:00','00:00:00','00:00:00','00:00:00','00:00:00','00:00:00','00:00:00','00:00:00','00:00:00','00:00:00','00:00:00','00:00:00','00:00:00',1064.00,'',''),(217,'','65','2nd Controll Officer','6707','2',0,8,NULL,0.00,'00:00:00','00:00:00','00:00:00','00:00:00','00:00:00','00:00:00','00:00:00','00:00:00','00:00:00','00:00:00','00:00:00','00:00:00','00:00:00','00:00:00','00:00:00','00:00:00',336.00,'',''),(218,'','65','Denarau Residential Estate Limited','6710','2',0,25,NULL,0.00,'00:00:00','00:00:00','00:00:00','00:00:00','00:00:00','00:00:00','00:00:00','00:00:00','00:00:00','00:00:00','00:00:00','00:00:00','00:00:00','00:00:00','00:00:00','00:00:00',1008.00,'',''),(219,'','65','Marina Point Residence','6710','2',0,25,NULL,0.00,'00:00:00','00:00:00','00:00:00','00:00:00','00:00:00','00:00:00','00:00:00','00:00:00','00:00:00','00:00:00','00:00:00','00:00:00','00:00:00','00:00:00','00:00:00','00:00:00',1008.00,'',''),(220,'','65','The Cove Residential Precint','6710','2',0,25,NULL,0.00,'00:00:00','00:00:00','00:00:00','00:00:00','00:00:00','00:00:00','00:00:00','00:00:00','00:00:00','00:00:00','00:00:00','00:00:00','00:00:00','00:00:00','00:00:00','00:00:00',1008.00,'',''),(221,'','65','Mariner\'s Reach Residential Precint','6710','2',0,25,NULL,0.00,'00:00:00','00:00:00','00:00:00','00:00:00','00:00:00','00:00:00','00:00:00','00:00:00','00:00:00','00:00:00','00:00:00','00:00:00','00:00:00','00:00:00','00:00:00','00:00:00',1008.00,'Denarau Corporation Limited',''),(223,'','65','Fairway Palms Residential Precint','6710','2',0,25,NULL,0.00,'00:00:00','00:00:00','00:00:00','00:00:00','00:00:00','00:00:00','00:00:00','00:00:00','00:00:00','00:00:00','00:00:00','00:00:00','00:00:00','00:00:00','00:00:00','00:00:00',1008.00,'',''),(224,'','65','Sovereign Quays Residential Precint','6710','2',0,25,NULL,0.00,'00:00:00','00:00:00','00:00:00','00:00:00','00:00:00','00:00:00','00:00:00','00:00:00','00:00:00','00:00:00','00:00:00','00:00:00','00:00:00','00:00:00','00:00:00','00:00:00',1008.00,'',''),(225,'','65','The Links Residential Precint','6710','2',0,25,NULL,0.00,'00:00:00','00:00:00','00:00:00','00:00:00','00:00:00','00:00:00','00:00:00','00:00:00','00:00:00','00:00:00','00:00:00','00:00:00','00:00:00','00:00:00','00:00:00','00:00:00',1008.00,'',''),(226,'','65','The Peninsula Residential Precint','6710','2',0,25,NULL,0.00,'00:00:00','00:00:00','00:00:00','00:00:00','00:00:00','00:00:00','00:00:00','00:00:00','00:00:00','00:00:00','00:00:00','00:00:00','00:00:00','00:00:00','00:00:00','00:00:00',1008.00,'',''),(227,'','65','Riverside Residential Precint','6710','',0,25,NULL,0.00,'00:00:00','00:00:00','00:00:00','00:00:00','00:00:00','00:00:00','00:00:00','00:00:00','00:00:00','00:00:00','00:00:00','00:00:00','00:00:00','00:00:00','00:00:00','00:00:00',1008.00,'',''),(228,'','65','Golf Cart Patrol ( The Links)','6710','2',0,8,NULL,0.00,'00:00:00','00:00:00','00:00:00','00:00:00','00:00:00','00:00:00','00:00:00','00:00:00','00:00:00','00:00:00','00:00:00','00:00:00','00:00:00','00:00:00','00:00:00','00:00:00',336.00,'',''),(229,'','65','Boat patrol ( DRELL)','6710','2',0,4,NULL,0.00,'00:00:00','00:00:00','00:00:00','00:00:00','00:00:00','00:00:00','00:00:00','00:00:00','00:00:00','00:00:00','00:00:00','00:00:00','00:00:00','00:00:00','00:00:00','00:00:00',168.00,'',''),(230,'','65','Denarau Golf & Racquet Club','6709','2',0,6,NULL,0.00,'00:00:00','00:00:00','00:00:00','00:00:00','00:00:00','00:00:00','00:00:00','00:00:00','00:00:00','00:00:00','00:00:00','00:00:00','00:00:00','00:00:00','00:00:00','00:00:00',235.00,'',''),(231,'','68','','','2',0,18,NULL,0.00,'00:00:00','00:00:00','00:00:00','00:00:00','00:00:00','00:00:00','00:00:00','00:00:00','00:00:00','00:00:00','00:00:00','00:00:00','00:00:00','00:00:00','00:00:00','00:00:00',732.00,'',''),(232,'','70','Lautoka','5345','2',0,4,NULL,0.00,'00:00:00','00:00:00','00:00:00','00:00:00','00:00:00','00:00:00','00:00:00','00:00:00','00:00:00','00:00:00','00:00:00','00:00:00','00:00:00','00:00:00','00:00:00','00:00:00',168.00,'Fiji Gas Company  SG',''),(233,'','70','Sigatoka','5345','2',0,1,NULL,0.00,'00:00:00','00:00:00','00:00:00','00:00:00','00:00:00','00:00:00','00:00:00','00:00:00','00:00:00','00:00:00','00:00:00','00:00:00','00:00:00','00:00:00','00:00:00','00:00:00',168.00,'Fiji Gas Company  SG',''),(234,'','71','','','2',0,1,NULL,0.00,'00:00:00','00:00:00','00:00:00','00:00:00','00:00:00','00:00:00','00:00:00','00:00:00','00:00:00','00:00:00','00:00:00','00:00:00','00:00:00','00:00:00','00:00:00','00:00:00',56.00,'Geckos Restaurant',''),(235,'','72','','6799','2',0,3,NULL,0.00,'00:00:00','00:00:00','00:00:00','00:00:00','00:00:00','00:00:00','00:00:00','00:00:00','00:00:00','00:00:00','00:00:00','00:00:00','00:00:00','00:00:00','00:00:00','00:00:00',119.00,'',''),(236,'','73','','6780','',0,3,NULL,0.00,'00:00:00','00:00:00','00:00:00','00:00:00','00:00:00','00:00:00','00:00:00','00:00:00','00:00:00','00:00:00','00:00:00','00:00:00','00:00:00','00:00:00','00:00:00','00:00:00',117.00,'',''),(237,'','74','','6509','2',0,8,NULL,0.00,'00:00:00','00:00:00','00:00:00','00:00:00','00:00:00','00:00:00','00:00:00','00:00:00','00:00:00','00:00:00','00:00:00','00:00:00','00:00:00','00:00:00','00:00:00','00:00:00',308.00,'',''),(238,'','74','','6509','2',0,8,NULL,0.00,'00:00:00','00:00:00','00:00:00','00:00:00','00:00:00','00:00:00','00:00:00','00:00:00','00:00:00','00:00:00','00:00:00','00:00:00','00:00:00','00:00:00','00:00:00','00:00:00',308.00,'',''),(239,'','75','','','',0,4,NULL,0.00,'00:00:00','00:00:00','00:00:00','00:00:00','00:00:00','00:00:00','00:00:00','00:00:00','00:00:00','00:00:00','00:00:00','00:00:00','00:00:00','00:00:00','00:00:00','00:00:00',158.00,'',''),(240,'','76','','5388','1',0,16,NULL,0.00,'00:00:00','00:00:00','00:00:00','00:00:00','00:00:00','00:00:00','00:00:00','00:00:00','00:00:00','00:00:00','00:00:00','00:00:00','00:00:00','00:00:00','00:00:00','00:00:00',16.00,'',''),(241,'','76','Mana Loading','5388','',0,1,NULL,0.00,'00:00:00','00:00:00','00:00:00','00:00:00','00:00:00','00:00:00','00:00:00','00:00:00','00:00:00','00:00:00','00:00:00','00:00:00','00:00:00','00:00:00','00:00:00','00:00:00',24.00,'',''),(242,'','116','','6761','2',0,0,NULL,0.00,'00:00:00','00:00:00','00:00:00','00:00:00','00:00:00','00:00:00','00:00:00','00:00:00','00:00:00','00:00:00','00:00:00','00:00:00','00:00:00','00:00:00','00:00:00','00:00:00',168.00,'',''),(243,'','78','Mama\'s Pizza Nadi','','',0,1,NULL,0.00,'00:00:00','00:00:00','00:00:00','00:00:00','00:00:00','00:00:00','00:00:00','00:00:00','00:00:00','00:00:00','00:00:00','00:00:00','00:00:00','00:00:00','00:00:00','00:00:00',12.00,'',''),(244,'','78','Mama\'s Pizza Namaka','','2',0,1,NULL,0.00,'00:00:00','00:00:00','00:00:00','00:00:00','00:00:00','00:00:00','00:00:00','00:00:00','00:00:00','00:00:00','00:00:00','00:00:00','00:00:00','00:00:00','00:00:00','00:00:00',12.00,'',''),(245,'','33','Mobil Oil Malau','6812','2',0,4,NULL,0.00,'00:00:00','00:00:00','00:00:00','00:00:00','00:00:00','00:00:00','00:00:00','00:00:00','00:00:00','00:00:00','00:00:00','00:00:00','00:00:00','00:00:00','00:00:00','00:00:00',168.00,'',''),(246,'','33','Mobil Oil Vuda','6813','2',0,4,NULL,0.00,'00:00:00','00:00:00','00:00:00','00:00:00','00:00:00','00:00:00','00:00:00','00:00:00','00:00:00','00:00:00','00:00:00','00:00:00','00:00:00','00:00:00','00:00:00','00:00:00',168.00,'',''),(247,'','33','Mobil oil Service Station Lautoka','6813','1',0,4,NULL,0.00,'00:00:00','00:00:00','00:00:00','00:00:00','00:00:00','00:00:00','00:00:00','00:00:00','00:00:00','00:00:00','00:00:00','00:00:00','00:00:00','00:00:00','00:00:00','00:00:00',168.00,'',''),(248,'','33','Mobil oil Service Station Sigatoka','6813','2',0,4,NULL,0.00,'00:00:00','00:00:00','00:00:00','00:00:00','00:00:00','00:00:00','00:00:00','00:00:00','00:00:00','00:00:00','00:00:00','00:00:00','00:00:00','00:00:00','00:00:00','00:00:00',168.00,'',''),(249,'','80','','5401','2',0,4,NULL,0.00,'00:00:00','00:00:00','00:00:00','00:00:00','00:00:00','00:00:00','00:00:00','00:00:00','00:00:00','00:00:00','00:00:00','00:00:00','00:00:00','00:00:00','00:00:00','00:00:00',168.00,'',''),(250,'','81','','6613','2',0,6,NULL,0.00,'00:00:00','00:00:00','00:00:00','00:00:00','00:00:00','00:00:00','00:00:00','00:00:00','00:00:00','00:00:00','00:00:00','00:00:00','00:00:00','00:00:00','00:00:00','00:00:00',252.00,'',''),(251,'','82','Main Factory','5509','2',0,1,NULL,0.00,'00:00:00','00:00:00','00:00:00','00:00:00','00:00:00','00:00:00','00:00:00','00:00:00','00:00:00','00:00:00','00:00:00','00:00:00','00:00:00','00:00:00','00:00:00','00:00:00',48.00,'Motiram ',''),(252,'','83','','6583','2',0,2,NULL,0.00,'00:00:00','00:00:00','00:00:00','00:00:00','00:00:00','00:00:00','00:00:00','00:00:00','00:00:00','00:00:00','00:00:00','00:00:00','00:00:00','00:00:00','00:00:00','00:00:00',96.00,'',''),(253,'','84','','5320','2',0,2,NULL,0.00,'00:00:00','00:00:00','00:00:00','00:00:00','00:00:00','00:00:00','00:00:00','00:00:00','00:00:00','00:00:00','00:00:00','00:00:00','00:00:00','00:00:00','00:00:00','00:00:00',84.00,'',''),(254,'','55','','5410','2',0,0,NULL,0.00,'00:00:00','00:00:00','00:00:00','00:00:00','00:00:00','00:00:00','00:00:00','00:00:00','00:00:00','00:00:00','00:00:00','00:00:00','00:00:00','00:00:00','00:00:00','00:00:00',420.00,'',''),(255,'','86','Supervisor','6546','2',0,2,NULL,0.00,'00:00:00','00:00:00','00:00:00','00:00:00','00:00:00','00:00:00','00:00:00','00:00:00','00:00:00','00:00:00','00:00:00','00:00:00','00:00:00','00:00:00','00:00:00','00:00:00',77.00,'Outrigger on the Lagoon',''),(256,'','86','Boomgate','6546','2',0,2,NULL,0.00,'00:00:00','00:00:00','00:00:00','00:00:00','00:00:00','00:00:00','00:00:00','00:00:00','00:00:00','00:00:00','00:00:00','00:00:00','00:00:00','00:00:00','00:00:00','00:00:00',77.00,'Outrigger on the Lagoon',''),(257,'','86','Front Gate','6546','2',0,0,NULL,0.00,'00:00:00','00:00:00','00:00:00','00:00:00','00:00:00','00:00:00','00:00:00','00:00:00','00:00:00','00:00:00','00:00:00','00:00:00','00:00:00','00:00:00','00:00:00','00:00:00',6.00,'Outrigger on the Lagoon',''),(258,'','86','Beachfront','6546','2',0,14,NULL,0.00,'00:00:00','00:00:00','00:00:00','00:00:00','00:00:00','00:00:00','00:00:00','00:00:00','00:00:00','00:00:00','00:00:00','00:00:00','00:00:00','00:00:00','00:00:00','00:00:00',567.00,'Outrigger on the Lagoon',''),(259,'','86','Vahavu','6546','2',0,0,NULL,0.00,'00:00:00','00:00:00','00:00:00','00:00:00','00:00:00','00:00:00','00:00:00','00:00:00','00:00:00','00:00:00','00:00:00','00:00:00','00:00:00','00:00:00','00:00:00','00:00:00',0.00,'Outrigger on the Lagoon',''),(260,'','86','Bebe Spa','6546','2',0,2,NULL,0.00,'00:00:00','00:00:00','00:00:00','00:00:00','00:00:00','00:00:00','00:00:00','00:00:00','00:00:00','00:00:00','00:00:00','00:00:00','00:00:00','00:00:00','00:00:00','00:00:00',77.00,'Outrigger on the Lagoon',''),(261,'','86','Back of House','6546','2',0,2,NULL,0.00,'00:00:00','00:00:00','00:00:00','00:00:00','00:00:00','00:00:00','00:00:00','00:00:00','00:00:00','00:00:00','00:00:00','00:00:00','00:00:00','00:00:00','00:00:00','00:00:00',77.00,'Outrigger on the Lagoon',''),(262,'','86','Escort ( Upon Request)','6546','2',0,0,NULL,0.00,'00:00:00','00:00:00','00:00:00','00:00:00','00:00:00','00:00:00','00:00:00','00:00:00','00:00:00','00:00:00','00:00:00','00:00:00','00:00:00','00:00:00','00:00:00','00:00:00',6.00,'Outrigger on the Lagoon',''),(263,'','86','Special Duty(Upon Request)','6546','2',0,2,NULL,0.00,'00:00:00','00:00:00','00:00:00','00:00:00','00:00:00','00:00:00','00:00:00','00:00:00','00:00:00','00:00:00','00:00:00','00:00:00','00:00:00','00:00:00','00:00:00','00:00:00',77.00,'Outrigger on the Lagoon',''),(264,'','21','Tavua','','2',0,3,NULL,0.00,'00:00:00','00:00:00','00:00:00','00:00:00','00:00:00','00:00:00','00:00:00','00:00:00','00:00:00','00:00:00','00:00:00','00:00:00','00:00:00','00:00:00','00:00:00','00:00:00',115.00,'Shop n Save',''),(265,'','21','','Ba','2',0,3,NULL,0.00,'00:00:00','00:00:00','00:00:00','00:00:00','00:00:00','00:00:00','00:00:00','00:00:00','00:00:00','00:00:00','00:00:00','00:00:00','00:00:00','00:00:00','00:00:00','00:00:00',112.00,'Shop n Save',''),(266,'','117','CAR PARK','6503','2',0,0,NULL,0.00,'00:00:00','00:00:00','00:00:00','00:00:00','00:00:00','00:00:00','00:00:00','00:00:00','00:00:00','00:00:00','00:00:00','00:00:00','00:00:00','00:00:00','00:00:00','00:00:00',0.00,'',''),(267,'','117','HQ','6503','2',0,0,NULL,0.00,'00:00:00','00:00:00','00:00:00','00:00:00','00:00:00','00:00:00','00:00:00','00:00:00','00:00:00','00:00:00','00:00:00','00:00:00','00:00:00','00:00:00','00:00:00','00:00:00',0.00,'',''),(268,'','31','Ports Authority','5160','2',0,12,NULL,0.00,'00:00:00','00:00:00','00:00:00','00:00:00','00:00:00','00:00:00','00:00:00','00:00:00','00:00:00','00:00:00','00:00:00','00:00:00','00:00:00','00:00:00','00:00:00','00:00:00',504.00,'',''),(269,'','114','Saweni Beach Resort','5543','2',0,2,NULL,0.00,'00:00:00','00:00:00','00:00:00','00:00:00','00:00:00','00:00:00','00:00:00','00:00:00','00:00:00','00:00:00','00:00:00','00:00:00','00:00:00','00:00:00','00:00:00','00:00:00',84.00,'',''),(270,'','88','Shangri La\'s Fijian Resort  - contract','5435','2',0,35,NULL,0.00,'00:00:00','00:00:00','00:00:00','00:00:00','00:00:00','00:00:00','00:00:00','00:00:00','00:00:00','00:00:00','00:00:00','00:00:00','00:00:00','00:00:00','00:00:00','00:00:00',1400.00,'',''),(271,'','89','Smugglers','6570','2',0,1,NULL,0.00,'00:00:00','00:00:00','00:00:00','00:00:00','00:00:00','00:00:00','00:00:00','00:00:00','00:00:00','00:00:00','00:00:00','00:00:00','00:00:00','00:00:00','00:00:00','00:00:00',56.00,'',''),(272,'','21','Tukani Street','','2',0,3,NULL,0.00,'00:00:00','00:00:00','00:00:00','00:00:00','00:00:00','00:00:00','00:00:00','00:00:00','00:00:00','00:00:00','00:00:00','00:00:00','00:00:00','00:00:00','00:00:00','00:00:00',116.00,'Shop n Save',''),(273,'','21','Yasawa Street 2','','2',0,3,NULL,0.00,'00:00:00','00:00:00','00:00:00','00:00:00','00:00:00','00:00:00','00:00:00','00:00:00','00:00:00','00:00:00','00:00:00','00:00:00','00:00:00','00:00:00','00:00:00','00:00:00',112.00,'',''),(274,'','21','Yasawa Street 3','','2',0,3,NULL,0.00,'00:00:00','00:00:00','00:00:00','00:00:00','00:00:00','00:00:00','00:00:00','00:00:00','00:00:00','00:00:00','00:00:00','00:00:00','00:00:00','00:00:00','00:00:00','00:00:00',116.00,'',''),(275,'','21','Namoli Bulk','','2',0,6,NULL,0.00,'00:00:00','00:00:00','00:00:00','00:00:00','00:00:00','00:00:00','00:00:00','00:00:00','00:00:00','00:00:00','00:00:00','00:00:00','00:00:00','00:00:00','00:00:00','00:00:00',224.00,'Shop n Save',''),(276,'','21','Vetari Bulk','','2',0,3,NULL,0.00,'00:00:00','00:00:00','00:00:00','00:00:00','00:00:00','00:00:00','00:00:00','00:00:00','00:00:00','00:00:00','00:00:00','00:00:00','00:00:00','00:00:00','00:00:00','00:00:00',112.00,'',''),(277,'','21','Votualevu','','2',0,3,NULL,0.00,'00:00:00','00:00:00','00:00:00','00:00:00','00:00:00','00:00:00','00:00:00','00:00:00','00:00:00','00:00:00','00:00:00','00:00:00','00:00:00','00:00:00','00:00:00','00:00:00',112.00,'',''),(278,'','21','Namaka','','2',0,7,NULL,0.00,'00:00:00','00:00:00','00:00:00','00:00:00','00:00:00','00:00:00','00:00:00','00:00:00','00:00:00','00:00:00','00:00:00','00:00:00','00:00:00','00:00:00','00:00:00','00:00:00',282.00,'',''),(279,'','21','Shaul Khan-1','','2',0,3,NULL,0.00,'00:00:00','00:00:00','00:00:00','00:00:00','00:00:00','00:00:00','00:00:00','00:00:00','00:00:00','00:00:00','00:00:00','00:00:00','00:00:00','00:00:00','00:00:00','00:00:00',112.00,'Shop n Save',''),(280,'','21','Market Road -2','','2',0,3,NULL,0.00,'00:00:00','00:00:00','00:00:00','00:00:00','00:00:00','00:00:00','00:00:00','00:00:00','00:00:00','00:00:00','00:00:00','00:00:00','00:00:00','00:00:00','00:00:00','00:00:00',112.00,'',''),(281,'','21','Labasa','','2',0,3,NULL,0.00,'00:00:00','00:00:00','00:00:00','00:00:00','00:00:00','00:00:00','00:00:00','00:00:00','00:00:00','00:00:00','00:00:00','00:00:00','00:00:00','00:00:00','00:00:00','00:00:00',112.00,'',''),(282,'','21','Sigatoka','','2',0,3,NULL,0.00,'00:00:00','00:00:00','00:00:00','00:00:00','00:00:00','00:00:00','00:00:00','00:00:00','00:00:00','00:00:00','00:00:00','00:00:00','00:00:00','00:00:00','00:00:00','00:00:00',112.00,'',''),(283,'','90','','','2',0,4,NULL,0.00,'00:00:00','00:00:00','00:00:00','00:00:00','00:00:00','00:00:00','00:00:00','00:00:00','00:00:00','00:00:00','00:00:00','00:00:00','00:00:00','00:00:00','00:00:00','00:00:00',168.00,'',''),(284,'','28','Total Fiji Ltd','','2',0,4,NULL,0.00,'00:00:00','00:00:00','00:00:00','00:00:00','00:00:00','00:00:00','00:00:00','00:00:00','00:00:00','00:00:00','00:00:00','00:00:00','00:00:00','00:00:00','00:00:00','00:00:00',168.00,'',''),(285,'','91','','','2',0,4,NULL,0.00,'00:00:00','00:00:00','00:00:00','00:00:00','00:00:00','00:00:00','00:00:00','00:00:00','00:00:00','00:00:00','00:00:00','00:00:00','00:00:00','00:00:00','00:00:00','00:00:00',168.00,'',''),(286,'','92','Labasa','','2',0,0,NULL,0.00,'00:00:00','00:00:00','00:00:00','00:00:00','00:00:00','00:00:00','00:00:00','00:00:00','00:00:00','00:00:00','00:00:00','00:00:00','00:00:00','00:00:00','00:00:00','00:00:00',336.00,'',''),(287,'','93','','','2',0,11,NULL,0.00,'00:00:00','00:00:00','00:00:00','00:00:00','00:00:00','00:00:00','00:00:00','00:00:00','00:00:00','00:00:00','00:00:00','00:00:00','00:00:00','00:00:00','00:00:00','00:00:00',458.00,'',''),(288,'','93','Tropik woods Chip Yard','','2',0,11,NULL,0.00,'00:00:00','00:00:00','00:00:00','00:00:00','00:00:00','00:00:00','00:00:00','00:00:00','00:00:00','00:00:00','00:00:00','00:00:00','00:00:00','00:00:00','00:00:00','00:00:00',458.00,'',''),(289,'','96','','','2',0,2,NULL,0.00,'00:00:00','00:00:00','00:00:00','00:00:00','00:00:00','00:00:00','00:00:00','00:00:00','00:00:00','00:00:00','00:00:00','00:00:00','00:00:00','00:00:00','00:00:00','00:00:00',98.00,'',''),(290,'','97','Palms','','2',0,3,NULL,0.00,'00:00:00','00:00:00','00:00:00','00:00:00','00:00:00','00:00:00','00:00:00','00:00:00','00:00:00','00:00:00','00:00:00','00:00:00','00:00:00','00:00:00','00:00:00','00:00:00',112.00,'',''),(291,'','98','','4.68','2',0,25,NULL,0.00,'00:00:00','00:00:00','00:00:00','00:00:00','00:00:00','00:00:00','00:00:00','00:00:00','00:00:00','00:00:00','00:00:00','00:00:00','00:00:00','00:00:00','00:00:00','00:00:00',1008.00,'',''),(292,'','99','','','2',0,2,NULL,0.00,'00:00:00','00:00:00','00:00:00','00:00:00','00:00:00','00:00:00','00:00:00','00:00:00','00:00:00','00:00:00','00:00:00','00:00:00','00:00:00','00:00:00','00:00:00','00:00:00',77.00,'',''),(293,'','9','Labasa','','2',0,0,NULL,0.00,'00:00:00','00:00:00','00:00:00','00:00:00','00:00:00','00:00:00','00:00:00','00:00:00','00:00:00','00:00:00','00:00:00','00:00:00','00:00:00','00:00:00','00:00:00','00:00:00',0.00,'COCA COLA AMITAL',''),(294,'','','','','',0,0,NULL,0.00,'00:00:00','00:00:00','00:00:00','00:00:00','00:00:00','00:00:00','00:00:00','00:00:00','00:00:00','00:00:00','00:00:00','00:00:00','00:00:00','00:00:00','00:00:00','00:00:00',0.00,'',''),(295,'3','68','Danam Koogar','','2',0,0,NULL,0.00,'00:00:00','00:00:00','00:00:00','00:00:00','00:00:00','00:00:00','00:00:00','00:00:00','00:00:00','00:00:00','00:00:00','00:00:00','00:00:00','00:00:00','00:00:00','00:00:00',0.00,'Danam Fiji',''),(296,'','113','Nadi Airport Arrivals Terminal','','2',0,0,NULL,0.00,'00:00:00','00:00:00','00:00:00','00:00:00','00:00:00','00:00:00','00:00:00','00:00:00','00:00:00','00:00:00','00:00:00','00:00:00','00:00:00','00:00:00','00:00:00','00:00:00',0.00,'Westpac Bank',''),(297,'','FJA','FJ Catering Duties','','',0,0,NULL,0.00,'00:00:00','00:00:00','00:00:00','00:00:00','00:00:00','00:00:00','00:00:00','00:00:00','00:00:00','00:00:00','00:00:00','00:00:00','00:00:00','00:00:00','00:00:00','00:00:00',0.00,'Fiji Airways',''),(298,'','FJA','FJ Training Centre','','',0,0,NULL,0.00,'00:00:00','00:00:00','00:00:00','00:00:00','00:00:00','00:00:00','00:00:00','00:00:00','00:00:00','00:00:00','00:00:00','00:00:00','00:00:00','00:00:00','00:00:00','00:00:00',0.00,'',''),(299,'','FJA','FJ  Sales Office','','2',0,0,NULL,0.00,'00:00:00','00:00:00','00:00:00','00:00:00','00:00:00','00:00:00','00:00:00','00:00:00','00:00:00','00:00:00','00:00:00','00:00:00','00:00:00','00:00:00','00:00:00','00:00:00',0.00,'Fiji Airways',''),(300,'','FJA','FJ Hangar Floor','','2',0,0,NULL,0.00,'00:00:00','00:00:00','00:00:00','00:00:00','00:00:00','00:00:00','00:00:00','00:00:00','00:00:00','00:00:00','00:00:00','00:00:00','00:00:00','00:00:00','00:00:00','00:00:00',0.00,'Fiji Airways',''),(301,'','FJA','FJ Hangar Supervisors','','2',0,0,NULL,0.00,'00:00:00','00:00:00','00:00:00','00:00:00','00:00:00','00:00:00','00:00:00','00:00:00','00:00:00','00:00:00','00:00:00','00:00:00','00:00:00','00:00:00','00:00:00','00:00:00',0.00,'Fiji Airways',''),(302,'','FJA','FJ Hangar CROs','','2',0,0,NULL,0.00,'00:00:00','00:00:00','00:00:00','00:00:00','00:00:00','00:00:00','00:00:00','00:00:00','00:00:00','00:00:00','00:00:00','00:00:00','00:00:00','00:00:00','00:00:00','00:00:00',0.00,'Fiji Airways',''),(303,'','FJA','FJ Drystores','','2',0,0,NULL,0.00,'00:00:00','00:00:00','00:00:00','00:00:00','00:00:00','00:00:00','00:00:00','00:00:00','00:00:00','00:00:00','00:00:00','00:00:00','00:00:00','00:00:00','00:00:00','00:00:00',0.00,'Fiji Airways',''),(304,'','211','','','2',0,0,NULL,0.00,'00:00:00','00:00:00','00:00:00','00:00:00','00:00:00','00:00:00','00:00:00','00:00:00','00:00:00','00:00:00','00:00:00','00:00:00','00:00:00','00:00:00','00:00:00','00:00:00',0.00,'',''),(305,'','98','BISTRO/FUEL','','',0,0,NULL,0.00,'00:00:00','00:00:00','00:00:00','00:00:00','00:00:00','00:00:00','00:00:00','00:00:00','00:00:00','00:00:00','00:00:00','00:00:00','00:00:00','00:00:00','00:00:00','00:00:00',0.00,'',''),(306,'','98','VILLAGE 7 & 8','','',0,0,NULL,0.00,'00:00:00','00:00:00','00:00:00','00:00:00','00:00:00','00:00:00','00:00:00','00:00:00','00:00:00','00:00:00','00:00:00','00:00:00','00:00:00','00:00:00','00:00:00','00:00:00',0.00,'',''),(307,'','98','VILLAGE 7 & 8','','2',0,0,NULL,0.00,'00:00:00','00:00:00','00:00:00','00:00:00','00:00:00','00:00:00','00:00:00','00:00:00','00:00:00','00:00:00','00:00:00','00:00:00','00:00:00','00:00:00','00:00:00','00:00:00',0.00,'Westin Fiji Resort',''),(312,'6','17','SPC CARPARK','5186','1',1,0,NULL,0.00,'00:00:00','00:00:00','00:00:00','00:00:00','00:00:00','00:00:00','00:00:00','00:00:00','00:00:00','00:00:00','00:00:00','00:00:00','00:00:00','00:00:00','00:00:00','00:00:00',0.00,'SPC',''),(313,'6','19','195 QE DRIVE','2040','1',0,0,NULL,0.00,'00:00:00','00:00:00','00:00:00','00:00:00','00:00:00','00:00:00','00:00:00','00:00:00','00:00:00','00:00:00','00:00:00','00:00:00','00:00:00','00:00:00','00:00:00','00:00:00',0.00,'JICA Fiji Office',''),(314,'6','325','34 FLETCHER','5147','1',0,0,NULL,0.00,'00:00:00','00:00:00','00:00:00','00:00:00','00:00:00','00:00:00','00:00:00','00:00:00','00:00:00','00:00:00','00:00:00','00:00:00','00:00:00','00:00:00','00:00:00','00:00:00',0.00,'NEW ZEALAND EMBASSY','Select Manager'),(315,'3','187','30 Naranji','','1',4,0,NULL,0.00,'00:00:00','00:00:00','00:00:00','00:00:00','00:00:00','00:00:00','00:00:00','00:00:00','00:00:00','00:00:00','00:00:00','00:00:00','00:00:00','00:00:00','00:00:00','00:00:00',0.00,'',''),(316,'8','US-EM','POST - C 7 MAIN CAC','','1',0,0,NULL,0.00,'00:00:00','00:00:00','00:00:00','00:00:00','00:00:00','00:00:00','00:00:00','00:00:00','00:00:00','00:00:00','00:00:00','00:00:00','00:00:00','00:00:00','00:00:00','00:00:00',0.00,'',''),(317,'8','US-EM','POST E-9','','1',0,0,NULL,0.00,'00:00:00','00:00:00','00:00:00','00:00:00','00:00:00','00:00:00','00:00:00','00:00:00','00:00:00','00:00:00','00:00:00','00:00:00','00:00:00','00:00:00','00:00:00','00:00:00',0.00,'',''),(318,'8','US-EM','POST C-12 EMBASSY COMPOUND -STAFF PARKING','','1',0,0,NULL,0.00,'00:00:00','00:00:00','00:00:00','00:00:00','00:00:00','00:00:00','00:00:00','00:00:00','00:00:00','00:00:00','00:00:00','00:00:00','00:00:00','00:00:00','00:00:00','00:00:00',0.00,'',''),(319,'8','US-EM','POST C-13 MAIN CAC','','1',0,0,NULL,0.00,'00:00:00','00:00:00','00:00:00','00:00:00','00:00:00','00:00:00','00:00:00','00:00:00','00:00:00','00:00:00','00:00:00','00:00:00','00:00:00','00:00:00','00:00:00','00:00:00',0.00,'',''),(320,'8','US-EM','POST  M-2  MOBILE PATROL  - RESIDENTIAL SECURITY','','1',0,0,NULL,0.00,'00:00:00','00:00:00','00:00:00','00:00:00','00:00:00','00:00:00','00:00:00','00:00:00','00:00:00','00:00:00','00:00:00','00:00:00','00:00:00','00:00:00','00:00:00','00:00:00',0.00,'',''),(321,'8','US-EM','US EMBASSY RELIEVING GUARDS','','1',0,0,NULL,0.00,'00:00:00','00:00:00','00:00:00','00:00:00','00:00:00','00:00:00','00:00:00','00:00:00','00:00:00','00:00:00','00:00:00','00:00:00','00:00:00','00:00:00','00:00:00','00:00:00',0.00,'',''),(322,'5','AUST','PEDESTRIAN GATE 2','','1',0,0,NULL,0.00,'00:00:00','00:00:00','00:00:00','00:00:00','00:00:00','00:00:00','00:00:00','00:00:00','00:00:00','00:00:00','00:00:00','00:00:00','00:00:00','00:00:00','00:00:00','00:00:00',0.00,'Australian high Commission','Timoci Vosailagi'),(323,'6','','GFS Wormald Base','','1',4,0,NULL,0.00,'07:00:00','07:00:00','07:00:00','07:00:00','07:00:00','07:00:00','07:00:00','07:00:00','07:00:00','07:00:00','07:00:00','07:00:00','07:00:00','07:00:00','00:00:00','00:00:00',168.00,'','Tito Elo');

--
-- Table structure for table `guardforceclient_contract`
--

CREATE TABLE `guardforceclient_contract` (
  `clientid` int(11) NOT NULL AUTO_INCREMENT COMMENT 'treat this as patrol id. mistake was done so cant change it.',
  `sectors` varchar(100) NOT NULL,
  `debtorno` varchar(10) NOT NULL,
  `patrollocation` varchar(100) NOT NULL,
  `account_number` varchar(100) NOT NULL,
  `department` varchar(100) NOT NULL,
  `contract_start` date NOT NULL,
  `contract_end` date NOT NULL,
  `req_guards` int(11) NOT NULL,
  `standby_guards` int(11) NOT NULL,
  `billing_rate` decimal(10,2) NOT NULL,
  `premium_rate` decimal(10,2) NOT NULL,
  `monday` text NOT NULL,
  `tuesday` text NOT NULL,
  `wednesday` text NOT NULL,
  `thursday` text NOT NULL,
  `friday` text NOT NULL,
  `saturday` text NOT NULL,
  `sunday` text NOT NULL,
  `weekly_hours_required` decimal(10,2) NOT NULL,
  `customername` varchar(100) NOT NULL,
  PRIMARY KEY (`clientid`)
) ENGINE=InnoDB DEFAULT CHARSET=utf8;

--
-- Dumping data for table `guardforceclient_contract`
--


--
-- Table structure for table `guards_bill_files`
--

CREATE TABLE `guards_bill_files` (
  `id` int(11) NOT NULL AUTO_INCREMENT,
  `bill_id` int(11) NOT NULL,
  `file_description` varchar(100) NOT NULL,
  `file` blob NOT NULL,
  PRIMARY KEY (`id`)
) ENGINE=InnoDB DEFAULT CHARSET=utf8;

--
-- Dumping data for table `guards_bill_files`
--


--
-- Table structure for table `guards_bill_items`
--

CREATE TABLE `guards_bill_items` (
  `id` int(11) NOT NULL AUTO_INCREMENT,
  `bill_id` int(11) NOT NULL,
  `description` varchar(100) NOT NULL,
  `narrative` varchar(200) DEFAULT NULL,
  `qty` varchar(100) NOT NULL,
  `uom` varchar(100) NOT NULL,
  `unit_price` varchar(50) NOT NULL,
  `total` decimal(10,2) NOT NULL,
  `entered_by` varchar(100) DEFAULT NULL,
  PRIMARY KEY (`id`)
) ENGINE=InnoDB DEFAULT CHARSET=utf8;

--
-- Dumping data for table `guards_bill_items`
--


--
-- Table structure for table `guards_billing`
--

CREATE TABLE `guards_billing` (
  `bill_id` int(11) NOT NULL AUTO_INCREMENT,
  `customer` varchar(100) NOT NULL,
  `branchcode` varchar(100) NOT NULL,
  `account_number` int(11) NOT NULL,
  `department` int(11) NOT NULL,
  `month` varchar(100) NOT NULL,
  `year` varchar(100) NOT NULL,
  `invoice_date` date NOT NULL,
  `comments` text NOT NULL,
  `status` varchar(100) NOT NULL,
  `modified_by` varchar(100) NOT NULL,
  PRIMARY KEY (`bill_id`)
) ENGINE=InnoDB AUTO_INCREMENT=2 DEFAULT CHARSET=utf8;

--
-- Dumping data for table `guards_billing`
--

INSERT INTO `guards_billing` VALUES (1,'612','612',425,20,'May','2018','2018-05-28','','locked','admin');

--
-- Table structure for table `holdreasons`
--

CREATE TABLE `holdreasons` (
  `reasoncode` smallint(6) NOT NULL DEFAULT '1',
  `reasondescription` char(30) NOT NULL DEFAULT '',
  `dissallowinvoices` tinyint(4) NOT NULL DEFAULT '-1',
  PRIMARY KEY (`reasoncode`),
  KEY `ReasonDescription` (`reasondescription`)
) ENGINE=InnoDB DEFAULT CHARSET=utf8;

--
-- Dumping data for table `holdreasons`
--

INSERT INTO `holdreasons` VALUES (1,'Good History',0),(20,'Watch',2),(51,'In liquidation',1);

--
-- Table structure for table `hr_training`
--

CREATE TABLE `hr_training` (
  `training_id` int(11) NOT NULL AUTO_INCREMENT,
  `training_period` varchar(100) NOT NULL,
  `training_type` varchar(100) NOT NULL,
  `name` varchar(100) NOT NULL,
  `start_date` datetime NOT NULL,
  `end_date` datetime NOT NULL,
  `status` varchar(100) NOT NULL,
  PRIMARY KEY (`training_id`)
) ENGINE=InnoDB AUTO_INCREMENT=2 DEFAULT CHARSET=utf8;

--
-- Dumping data for table `hr_training`
--

INSERT INTO `hr_training` VALUES (1,'training1','Guardforce','New Recruit Trainings','2017-04-19 10:00:00','2017-04-19 17:00:00','Under Progress');

--
-- Table structure for table `hr_training_candidates`
--

CREATE TABLE `hr_training_candidates` (
  `candidate_id` int(11) NOT NULL AUTO_INCREMENT,
  `training_id` int(11) NOT NULL,
  `trainee_name` int(11) NOT NULL,
  `remarks` varchar(100) CHARACTER SET latin1 NOT NULL,
  PRIMARY KEY (`candidate_id`),
  KEY `training_id` (`training_id`)
) ENGINE=InnoDB DEFAULT CHARSET=utf8;

--
-- Dumping data for table `hr_training_candidates`
--


--
-- Table structure for table `industrial_relations`
--

CREATE TABLE `industrial_relations` (
  `id` int(11) NOT NULL AUTO_INCREMENT,
  `employeeid` int(5) NOT NULL,
  `type` varchar(100) NOT NULL,
  `description` varchar(500) NOT NULL,
  `attachments` blob,
  `entered_date` datetime(1) NOT NULL,
  `entered_by` varchar(100) NOT NULL,
  PRIMARY KEY (`id`)
) ENGINE=InnoDB DEFAULT CHARSET=utf8;

--
-- Dumping data for table `industrial_relations`
--


--
-- Table structure for table `internal_location`
--

CREATE TABLE `internal_location` (
  `id` tinyint(4) NOT NULL AUTO_INCREMENT,
  `location` varchar(100) NOT NULL,
  `divisionid` tinyint(4) NOT NULL,
  `departmentid` tinyint(4) NOT NULL,
  PRIMARY KEY (`id`),
  KEY `divisionid` (`divisionid`),
  KEY `departmentid` (`departmentid`)
) ENGINE=InnoDB AUTO_INCREMENT=10 DEFAULT CHARSET=utf8;

--
-- Dumping data for table `internal_location`
--

INSERT INTO `internal_location` VALUES (1,'Suva Office Main Gate',2,1),(2,'Nadi Office Front',2,2),(3,'Monitoring',5,11),(4,'Control Room',2,1),(5,'admin -finance-suva',1,13),(6,'admin-finance-nadi',1,14),(7,'admin-hr-suva',1,22),(8,'admin-hr-nadi',1,23),(9,'GFS Admin',2,1);

--
-- Table structure for table `internalrostering`
--

CREATE TABLE `internalrostering` (
  `rosterid` int(11) NOT NULL AUTO_INCREMENT,
  `id` int(11) NOT NULL,
  `patrol_location` varchar(100) NOT NULL,
  `department` varchar(100) NOT NULL,
  `status` varchar(100) NOT NULL,
  `last_modified_by` varchar(100) NOT NULL,
  `lastupdate` datetime NOT NULL,
  `management_approval` tinyint(1) NOT NULL,
  PRIMARY KEY (`rosterid`)
) ENGINE=InnoDB DEFAULT CHARSET=utf8;

--
-- Dumping data for table `internalrostering`
--


--
-- Table structure for table `internalstockcatrole`
--

CREATE TABLE `internalstockcatrole` (
  `categoryid` varchar(6) NOT NULL,
  `secroleid` int(11) NOT NULL,
  PRIMARY KEY (`categoryid`,`secroleid`),
  KEY `internalstockcatrole_ibfk_1` (`categoryid`),
  KEY `internalstockcatrole_ibfk_2` (`secroleid`)
) ENGINE=InnoDB DEFAULT CHARSET=utf8;

--
-- Dumping data for table `internalstockcatrole`
--

INSERT INTO `internalstockcatrole` VALUES ('FIRE-S',10),('FIRE-W',10),('NORTH',10),('SEC',10),('SEC-W',10),('FIRE-S',65);

--
-- Table structure for table `jc_labortype`
--

CREATE TABLE `jc_labortype` (
  `labortypeid` tinyint(4) NOT NULL AUTO_INCREMENT,
  `name` varchar(100) NOT NULL,
  `rate` decimal(10,2) NOT NULL,
  PRIMARY KEY (`labortypeid`)
) ENGINE=InnoDB AUTO_INCREMENT=5 DEFAULT CHARSET=utf16;

--
-- Dumping data for table `jc_labortype`
--

INSERT INTO `jc_labortype` VALUES (1,'DESIGN',150.00),(2,'SUPERVISOR',50.00),(3,'NORMAL',17.50),(4,'AFTER HOURS',25.00);

--
-- Table structure for table `jc_stockcat`
--

CREATE TABLE `jc_stockcat` (
  `jsstockcatid` char(6) NOT NULL,
  `name` varchar(100) NOT NULL,
  PRIMARY KEY (`jsstockcatid`)
) ENGINE=InnoDB DEFAULT CHARSET=utf8;

--
-- Dumping data for table `jc_stockcat`
--

INSERT INTO `jc_stockcat` VALUES ('AMPAC','AMPAC Costing Sheet'),('ANAL','Analogue Costing Sheet'),('CONVEN','Conventional Costing Sheet'),('FIRE-S','Fire Suva Stock'),('FIRE-W','Fire West'),('NORTH','North Stock'),('PRO','Protech Electrical'),('RC','RC Manubhai'),('SEC','SEC Suva Stock'),('SEC-W','SEC West Stock'),('TRADE','Trade Supplies');

--
-- Table structure for table `jobcostingitemcategory`
--

CREATE TABLE `jobcostingitemcategory` (
  `itemcatid` int(11) NOT NULL AUTO_INCREMENT,
  `name` varchar(100) NOT NULL,
  PRIMARY KEY (`itemcatid`)
) ENGINE=InnoDB AUTO_INCREMENT=61 DEFAULT CHARSET=utf8;

--
-- Dumping data for table `jobcostingitemcategory`
--

INSERT INTO `jobcostingitemcategory` VALUES (1,'ALARM PANELS'),(2,'DETECTORS'),(3,'DETECTOR BASE\r\n'),(4,'MANUAL CALL POINTS'),(5,'EVAC ACCESSORIES\r\n'),(6,'SOUNDERS / SPEAKERS / STROBE'),(7,'BATTERIES'),(8,'RESPONDERS \r\n'),(9,'CABLES'),(10,'ACCESSORIES\r\n'),(11,'LOCAL SUPPLIERS'),(12,'CONVENTIONAL FIRE ALARM CONTROL PANELS'),(13,'CONVENTIONAL FIRE ALARM  PANEL ANCILLARIES'),(14,'ADDRESSABLE FIRE ALARM CONTROL PANELS'),(15,'LOOPSENSE FIRE ALARM CONTROL PANELS\r\n'),(16,'LOOPSENSE REMOTE MIMICS'),(17,'ZONESENSE PLUS AGENT RELEASE PANELS (Conventional)'),(18,'FIREFINDER PLUS AGENT RELEASE (Addressable)'),(19,'AGENT RELEASE WARNING SIGNS'),(20,'APOLLO S65 CONVENTIONAL SMOKE  DETECTORS AND BASES'),(21,'CONVENTIONAL BEAM SMOKE DETECTORS'),(22,'APOLLO S65 CONVENTIONAL HEAT DETECTORS AND BASES'),(23,'AMPAC CONVENTIONAL HEAT DETECTORS\r\n'),(24,'APOLLO ANALOGUE ADDRESSABLE SMOKE DETECTORS'),(25,'APOLLO ANALOGUE ADDRESSABLE  HEAT DETECTORS\r\n'),(26,'ANALOGUE ADDRESSABLE DETECTOR BASES'),(27,'APOLLO SHORT CIRCUIT ISOLATOR'),(28,'AMPAC ANALOGUE ADDRESSABLE ENCAPSULATED HEAT DETECTORS'),(29,'DETECTOR BRACKETS AND GUARDS'),(30,'MARINE ADDRESSABLE  DETECTORS AND BASE'),(31,'INTRINSICALLY SAFE ADDRESSABLE  DETECTORS AND BASE'),(32,'INTRINSICALLY SAFE ADDRESSABLE BARRIERS'),(33,'APOLLO FLAME DETECTORS'),(34,'APOLLO XP95 ADDRESSABLE DEVICES\r\n'),(35,'AMPAC ADDRESSABLE DEVICES\r\n'),(36,'MANUAL CALL POINTS CONVENTIONAL\r\n'),(37,'MANUAL CALL POINTS ADDRESSABLE\r\n'),(38,'MANUAL CALL POINTS IP67\r\n'),(39,'MANUAL CALL POINT EXTRAS\r\n'),(40,'MANUAL CALL POINT SIGNS\r\n'),(41,'XPANDER WIRELESS DETECTOR SYSTEM-DETECTORS, MCP, INPUT/OUTPUT MODULES\r\n'),(42,'XPANDER WIRELESS DETECTOR SYSTEM-RADIO TRANSMISSION DEVICES\r\n'),(43,'XPANDER WIRELESS DETECTOR SYSTEM-SOUNDERS AND VISUAL ALERTING DEVICES\r\n'),(44,'BELLS\r\n'),(45,'SPEAKERS'),(46,'SOUNDERS\r\n'),(47,'STROBES\r\n'),(48,'DOOR HOLDERS'),(49,'DOOR HOLDER CONTROLLERS'),(50,'REMOTE INDICATORS'),(51,'BUZZERS\r\n'),(52,'WAGNER'),(53,'FastSense'),(54,'FASTSENSE POWER SUPPLIES\r\n'),(55,'FASTSENSE  ANCILLARIES\r\n'),(56,'ASPIRATING SYSTEMS FITTINGS\r\n\r\n'),(57,'MONITORED POWER SUPPLIES\r\n'),(58,'EMPTY CABINETS\r\n'),(59,'SPECIAL ANCILLARIES\r\n'),(60,'APOLLO TEST EQUIPMENT\r\n');

--
-- Table structure for table `jobcostingsheet`
--

CREATE TABLE `jobcostingsheet` (
  `id` int(11) NOT NULL AUTO_INCREMENT,
  `code` varchar(100) NOT NULL,
  `jsstockcatid` varchar(6) NOT NULL,
  `description` varchar(100) NOT NULL,
  `cost` decimal(10,2) NOT NULL,
  `landing_cost` decimal(10,2) NOT NULL,
  PRIMARY KEY (`id`)
) ENGINE=InnoDB AUTO_INCREMENT=801 DEFAULT CHARSET=utf8;

--
-- Dumping data for table `jobcostingsheet`
--

INSERT INTO `jobcostingsheet` VALUES (1,'FP0759','CONVEN','SIGMA 5 R/S PANEL',0.00,646.58),(2,'FP0760','CONVEN','SIGMA  PANEL FP1668-18',0.00,844.73),(3,'FP0674','CONVEN','ALPHA 4 FIRE PANEL ',0.00,489.51),(4,'FP0547','CONVEN','REAR SERVICE PANEL FP1600',0.00,1205.40),(5,'FP0548','CONVEN','FRONT SERVICE PANEL FP1600',0.00,1302.06),(6,'KT0216','CONVEN','FP600 MK3 F/S MOTHER BOARD',0.00,744.19),(7,'PA0842S','CONVEN','Sigma 5 mother board',0.00,752.00),(8,'2351E','CONVEN','Smoke Detector  ',0.00,44.67),(9,'FP0899','CONVEN','Indi-VIGIL Blue Heat Detector',0.00,30.97),(10,'FP0900','CONVEN','Indi-VIGIL Yellow Heat Detector',0.00,28.12),(11,'FP0910','CONVEN','Indi-VIGIL Encapsulated Blue Heat',0.00,75.25),(12,'FP0911','CONVEN','Indi-VIGIL Encapsulated Yellow Heat',0.00,77.00),(13,'SS0324','CONVEN','2151 DETECTOR OPTICAL ',0.00,79.62),(14,'201-0512','CONVEN','Heat Detector Ampac',0.00,79.80),(15,'201-0501','CONVEN','Smoke Detector Ampac',0.00,132.30),(16,'SS0401','CONVEN','5451  RATE OF RISE HEAT DETECTOR',0.00,72.37),(17,'517.050.603      ','CONVEN','601P-M Conventional Photo Smoke Detector (Marine)',0.00,93.00),(18,'FP0717','CONVEN','1756 HEAT DETECTOR 57DEG',0.00,15.33),(19,'FP0721','CONVEN','DETECTOR VIGIL HEAT DIPPED BLUE 57 DEG',0.00,26.33),(20,'FP0722','CONVEN','DETECTOR VIGIL HEAT DIPPED YELLOW 77 DEG',0.00,20.78),(21,'4351E','CONVEN','HEAT DETECTOR HIGH TEMPERATURE',0.00,52.00),(22,'SSO300','CONVEN','B401 Base',0.00,7.26),(23,'201-0528','CONVEN','Detector Base Ampac',0.00,21.00),(24,'517.050.017','CONVEN','Standard 5 inch base Conventinal ',0.00,16.00),(25,'E 521','CONVEN','Fire Alarm in Conceale Space (INDENT)',0.00,19.43),(26,'FP 0904','CONVEN','MCP Indicating Type Surface',0.00,57.37),(27,'FP0668','CONVEN','MCP ADM LED SURFACE ADDRESSE',0.00,142.66),(28,'SU0631','CONVEN','Conventional Call Point Red',0.00,42.17),(29,'SU0605','CONVEN','Call Point Glass',0.00,2.00),(30,'SU0632','CONVEN','Surface Mount Box',0.00,7.18),(31,'FP0518','CONVEN','STOPPER II CPT COVER SURFACE',0.00,264.16),(32,'PA0766','CONVEN','T-Gen 50 24volts',0.00,374.50),(33,'PA1026','CONVEN','24 volt Mini Gen Mk2',0.00,362.25),(34,'PA1025','CONVEN','12 volt Mini Gen Mk2',0.00,203.12),(35,'FP1022','CONVEN','100W T-GEN BOWS',0.00,2828.52),(36,'FP1021','CONVEN','50W T-GEN BOWS',0.00,2277.62),(37,'ME0213','CONVEN','Hand Held Microphone QE 90',0.00,180.00),(38,'ME0290','CONVEN','Hand Held Microphone T Gen 50',0.00,114.88),(39,'FP0698','CONVEN','3U Rack Mounting Panel',0.00,1054.00),(40,'FP0766','CONVEN','Power Supply 12V/24volts',0.00,584.25),(41,'ME0292','CONVEN','TGEN Cabinet',0.00,346.87),(42,'NFA','CONVEN','ASE Unit',0.00,6500.00),(43,'ATC 10','CONVEN','Horn speaker',0.00,64.55),(44,'576.501.005T','CONVEN','Banshee Multi-Tone Sounder',0.00,140.99),(45,'EA0005','CONVEN','Speakers',0.00,32.19),(46,'40020','CONVEN','External Fire Alarm Strobe',0.00,83.34),(47,'C2049','CONVEN','EA0013 10 watt Horn Speaker C2053',0.00,58.80),(48,'E2SFI','CONVEN','E2S SONORA F-1 SOUNDER',0.00,63.40),(49,'FP0416','CONVEN','SOUNDER RH3 12V',0.00,31.65),(50,'FP0469','CONVEN','SOUNDER RH4 24V',0.00,29.77),(51,'IP66','CONVEN','Horn speaker',0.00,129.00),(52,'BA110','CONVEN','12V 6.5 AMP BATTERY',0.00,45.57),(53,'BA12400','CONVEN','12volts 40amps Battery',0.00,471.38),(54,'BA12240','CONVEN','12volts 24amps Battery',0.00,199.20),(55,'BA12170','CONVEN','12volts 17amps Battery',0.00,145.65),(56,'FP0576','CONVEN','Empty Battery Box',0.00,449.20),(57,'GEL - PC1210DR','CONVEN','BATTERY CHARGER',0.00,1353.24),(58,'FP0575','CONVEN','F4000 MPR Responder',0.00,824.04),(59,'PA0713','CONVEN','MPR  ',0.00,727.84),(60,'PA0737','CONVEN','FP4000 Combined Responder',0.00,896.00),(61,'PA0434','CONVEN','FP4000 Relay Responder',0.00,638.75),(62,'PA0473','CONVEN','IOR Responder PCB',0.00,679.84),(63,'PA0497','CONVEN','ADR PCB 1901-116 ADR 4mAdet. Current',0.00,362.43),(64,'FP0529','CONVEN','Empty ADR Box',0.00,57.98),(65,'75200','CONVEN','RELAY',0.00,15.67),(66,'DC229F/A','CONVEN','1.5MM 7/0.50 2 CORE CABLE tps red',0.00,120.00),(67,'DC249F/A','CONVEN','2.5MM 7/0.67 PVC TPS CABLE tps red',0.00,198.00),(68,'DC450','CONVEN','Cable 4mm 4C Responder Cable per m',0.00,7.00),(69,'BFR2C/1.5 RED','CONVEN','1.5mm Fire Rated 500mtr Drum',0.00,5504.25),(70,'PA0493','CONVEN','Loop Booster 1901-35 ',0.00,997.00),(71,'ME0476','CONVEN','MX4428 PSU 240VAC 24V 5A (Replaces FP0874)',0.00,632.52),(72,'FP0938','CONVEN','Vigilant WIP Phone',0.00,79.95),(73,'EA0412','CONVEN','Cabinet for WIP phone',0.00,235.00),(74,'PA0773','CONVEN','NETWORK CARD',0.00,858.00),(75,'SS0710','CONVEN','ADM130 INTELLEGENT MONITOR SYSTEM SENSOR',0.00,148.75),(76,'SS0711','CONVEN','ADC130 CONTACT RELAY MODULE',0.00,192.50),(77,'PA1034','CONVEN','SAFE/Beneconda/Mk10 SGD brigade interface',0.00,646.00),(78,'FP0659','CONVEN','FP MODULE CAM130',0.00,59.13),(79,'KT0215','CONVEN','Extender Board FP1600 (PA0977 - Obsolete)',0.00,591.50),(80,'PA0454','CONVEN','Display Extender Board F4000',0.00,231.04),(81,'PA1040S','CONVEN','MX Main Board comes with MX firmware',0.00,1662.15),(82,'PA0916','CONVEN','WTRM2000',0.00,245.52),(83,'PA0642','CONVEN','WIPS2000',0.00,882.00),(84,'FA2027','CONVEN','MECP Master Board + common + 2 zone - Key Pad (lower membrane)',0.00,236.25),(85,'PA0698','CONVEN','PCB Assy. QE90ECM9603 Evac Communication Module',0.00,842.00),(86,'FP0814','CONVEN','Upgrade Kit MX4428',0.00,210.00),(87,'SF0238','CONVEN','MPR firm ware V2.26',0.00,25.00),(88,'PA0692','CONVEN','QE90 HTRN 9308, 21x100w TRANSFORMER moule',0.00,330.60),(89,'ME0297','CONVEN','QE90 Auto/Man/Isol Keyswitch Assembly ',0.00,132.72),(90,'428311','CONVEN','Alarm Initiating Switch, SPDT',0.00,36.42),(91,'PA0690','CONVEN','QE90 HAMP9308, 2x50 AMP module',0.00,889.04),(92,'PA0691','CONVEN','HTRN9380-1',0.00,611.96),(93,'PA0643-ECP9702-1','CONVEN','ECP 3 WIP Board',0.00,932.75),(94,'PA0792','CONVEN','TRAN9705-2 transformer',0.00,400.75),(95,'PA0690','CONVEN','HAMP9308 2x50/100 watt amp',0.00,721.87),(96,'PA0649','CONVEN','SPIF9709  (SECP Panel Interface)',0.00,479.70),(97,'109','CONVEN','EMERGENCY KEY BREAK GLASS',0.00,44.29),(98,'FA2029','CONVEN','QE 90 8 Zone Extender membrane for EWIS panel upper membrane',0.00,236.25),(99,'TPO910','CONVEN','SMOKE DETECTOR TESTER 120G',0.00,28.48),(100,'MCP 700x96','CONVEN','MCP Glass',0.00,1.20),(101,'155-0029','CONVEN','Extender Card Ampac',0.00,802.61),(102,'PA1038','CONVEN','MXP Loop Filter',0.00,146.16),(103,'PA0875','CONVEN','DBA MOTHER BOARD PCB ASSY 1970-1-1 COMPACT FBA C/W LED BD ( X AND Y )',0.00,295.31),(104,'M503ME','CONVEN','Pertronic Micro Monitor / Input Module with LED output',0.00,243.08),(105,'BA12400','CONVEN','RM12-40(12v 40AH/20HR) rechargable valve regulated sealed battery',0.00,460.00),(106,'PA0861','CONVEN','Brigade Interface Card',0.00,50.00),(107,'SS0401','CONVEN','5451  RATE OF RISE HEAT DETECTOR',0.00,66.00),(108,'PA0650','CONVEN','EAMP9001 10/25 watt amp',0.00,534.19),(109,'PA0474','CONVEN','32 Way Input Termination Board',0.00,221.08),(110,'PA0470','CONVEN','16 Way Relay Board (IOR)',0.00,412.02),(111,'PA0475','CONVEN','32 Way Output Termination Board',0.00,177.98),(112,'RIM800','CONVEN','RIM800 MX Relay Interface Module',0.00,140.43),(113,'MIM800','CONVEN','Mini Input Module',0.00,106.60),(114,'FP0837','CONVEN','MIM801 Mini Input Module ',0.00,181.48),(115,'CIM800','CONVEN','Contact Input Module',0.00,201.53),(116,'FP0959','CONVEN','AZM800 Apartment Module',0.00,308.00),(117,'FP0962','CONVEN','AZM Remote Hush Unit',0.00,70.00),(118,'DIM800','CONVEN','Detector Input Module',0.00,227.92),(119,'LIM800','CONVEN','Line Isolator Module',0.00,84.00),(120,'SNM800','CONVEN','Sounder Notification Module',0.00,225.00),(121,'517.035.010','CONVEN','MX Module Plastic Back Box',0.00,8.84),(122,'M520','CONVEN','MX Module Plastic Box Cover',0.00,20.35),(123,'FA2417','CONVEN','MX1 Front Service Index',0.00,33.25),(124,'517.050.603','CONVEN','DHM-5B Deckhead Mount',0.00,34.81),(125,'FB0111','CONVEN','Mounting Bracket Galvanised',0.00,3.47),(126,'GASKETHD','CONVEN','Rubber Mounting Gasket',0.00,1.05),(127,'PA1022','CONVEN','Indicating Module',0.00,45.81),(128,'PA0479','CONVEN','16 Way Input Termination Board',0.00,112.35),(129,'E 521','CONVEN','Fire Alarm in Conceale Space (INDENT)',0.00,14.35),(130,'LIFRK10A/9 ','CONVEN','Smoke Alarm Isolation Relay 240V AC / 30V DC 10Amp contact rating',0.00,106.00),(131,'1','TRADE','32mm conduit',0.00,10.87),(132,'2','TRADE','32mm Elbow',0.00,0.00),(133,'3','TRADE','32mm coupling',0.00,1.22),(134,'4','TRADE','32mm 1 way junction box',0.00,11.30),(135,'5','TRADE','32mm 2 way junction box',0.00,11.30),(136,'6','TRADE','32mm 3 way junction box',0.00,11.30),(137,'7','TRADE','32mm Flexible Hose',0.00,4.30),(138,'8','TRADE','32mm Full saddle',0.00,1.39),(139,'9','TRADE','32mm Half saddle',0.00,1.26),(140,'10','TRADE','32mm Locknut Adaptor',0.00,3.35),(141,'11','TRADE','32mm Tee',0.00,6.09),(142,'12','TRADE','25mm conduit',0.00,5.65),(143,'13','TRADE','25mm Elbow',0.00,3.04),(144,'14','TRADE','25mm coupling',0.00,0.87),(145,'15','TRADE','25mm 1 way junction box',0.00,4.35),(146,'16','TRADE','25mm 2 way junction box',0.00,4.35),(147,'17','TRADE','25mm 3 way junction box',0.00,4.35),(148,'18','TRADE','25mm Flexible Hose',0.00,2.61),(149,'19','TRADE','25mm Full saddle',0.00,0.17),(150,'20','TRADE','25mm Half saddle',0.00,0.61),(151,'21','TRADE','25mm Locknut Adaptor',0.00,3.04),(152,'22','TRADE','25mm Tee',0.00,3.91),(153,'23','TRADE','20mm conduit',0.00,4.35),(154,'24','TRADE','20mm Elbow',0.00,1.91),(155,'25','TRADE','20mm coupling',0.00,0.87),(156,'26','TRADE','20mm 1 way junction box',0.00,3.91),(157,'27','TRADE','20mm 2 way junction box',0.00,3.91),(158,'28','TRADE','20mm 3 way junction box',0.00,3.91),(159,'29','TRADE','20mm Flexible Hose',0.00,2.17),(160,'30','TRADE','20mm Full saddle',0.00,0.13),(161,'31','TRADE','20mm Half saddle',0.00,0.61),(162,'32','TRADE','20mm Locknut Adaptor',0.00,1.74),(163,'33','TRADE','20mm Tee',0.00,3.48),(164,'34','TRADE','16mm conduit',0.00,3.74),(165,'35','TRADE','16mm Elbow',0.00,2.26),(166,'36','TRADE','16mm coupling',0.00,0.43),(167,'37','TRADE','16mm 1 way junction box',0.00,3.61),(168,'38','TRADE','16mm 2 way junction box',0.00,3.61),(169,'39','TRADE','16mm 3 way junction box',0.00,3.61),(170,'40','TRADE','16mm Flexible Hose',0.00,2.39),(171,'41','TRADE','16mm Full saddle',0.00,0.30),(172,'42','TRADE','16mm Half saddle',0.00,0.43),(173,'43','TRADE','16mm Locknut Adaptor',0.00,3.04),(174,'44','TRADE','16mm Tee',0.00,0.00),(175,'45','TRADE','5mm Concrete Bit',0.00,3.30),(176,'46','TRADE','25mm Hole saw',0.00,17.39),(177,'47','TRADE','Arbor for 25mm holesaw',0.00,17.39),(178,'48','TRADE','pkt 5mm dowl',0.00,8.70),(179,'49','TRADE','2.26 CRC spray',0.00,13.04),(180,'50','TRADE','Jar Screws (500)',0.00,39.13),(181,'51','TRADE','Pkt Screws (100)',0.00,6.09),(182,'52','TRADE','Cable Tie 140mm',0.00,4.35),(183,'53','TRADE','Catnary wire (190mtr)',0.00,113.04),(184,'54','TRADE','Labelling Cartridge (Bondwell)',0.00,33.91),(185,'55','TRADE','Silicon ',0.00,15.65),(186,'56','TRADE','No More Gap',0.00,10.43),(187,'57','TRADE','16x25x25 Ducting',0.00,19.57),(188,'58','TRADE','25x25x25 Ducting',0.00,23.04),(189,'59','TRADE','Hacksaw Blade',0.00,1.74),(190,'60','TRADE','Insulating Tape',0.00,2.00),(191,'61','PRO','32mm conduit',0.00,0.00),(192,'62','PRO','32mm conduit',0.00,8.70),(193,'63','PRO','32mm Elbow',0.00,3.35),(194,'64','PRO','32mm coupling',0.00,0.70),(195,'65','PRO','32mm 1 way junction box',0.00,28.70),(196,'66','PRO','32mm 2 way junction box',0.00,30.43),(197,'67','PRO','32mm 3 way junction box',0.00,45.22),(198,'68','PRO','32mm Flexible Hose',0.00,3.48),(199,'69','PRO','32mm Full saddle',0.00,0.30),(200,'70','PRO','32mm Half saddle',0.00,0.00),(201,'71','PRO','32mm Locknut Adaptor',0.00,3.91),(202,'72','PRO','32mm Tee',0.00,0.00),(203,'73','PRO','25mm conduit',0.00,3.48),(204,'74','PRO','25mm Elbow',0.00,1.74),(205,'75','PRO','25mm coupling',0.00,0.57),(206,'76','PRO','25mm 1 way junction box',0.00,2.26),(207,'77','PRO','25mm 2 way junction box',0.00,2.26),(208,'78','PRO','25mm 3 way junction box',0.00,2.26),(209,'79','PRO','25mm Flexible Hose',0.00,1.70),(210,'80','PRO','25mm Full saddle',0.00,0.22),(211,'81','PRO','25mm Half saddle',0.00,0.00),(212,'82','PRO','25mm Locknut Adaptor',0.00,0.87),(213,'83','PRO','25mm Tee',0.00,1.74),(214,'84','PRO','20mm conduit',0.00,3.48),(215,'85','PRO','20mm Elbow',0.00,1.43),(216,'86','PRO','20mm coupling',0.00,0.43),(217,'87','PRO','20mm 1 way junction box',0.00,2.17),(218,'88','PRO','20mm 2 way junction box',0.00,2.17),(219,'89','PRO','20mm 3 way junction box',0.00,2.17),(220,'90','PRO','20mm Flexible Hose',0.00,1.57),(221,'91','PRO','20mm Full saddle',0.00,0.17),(222,'92','PRO','20mm Half saddle',0.00,0.00),(223,'93','PRO','20mm Locknut Adaptor',0.00,0.78),(224,'94','PRO','20mm Tee',0.00,1.57),(225,'95','PRO','16mm conduit',0.00,0.00),(226,'96','PRO','16mm Elbow',0.00,0.00),(227,'97','PRO','16mm coupling',0.00,0.00),(228,'98','PRO','16mm 1 way junction box',0.00,0.00),(229,'99','PRO','16mm 2 way junction box',0.00,0.00),(230,'100','PRO','16mm 3 way junction box',0.00,0.00),(231,'101','PRO','16mm Flexible Hose',0.00,0.00),(232,'102','PRO','16mm Full saddle',0.00,0.13),(233,'103','PRO','16mm Half saddle',0.00,0.00),(234,'104','PRO','16mm Locknut Adaptor',0.00,0.00),(235,'105','PRO','16mm Tee',0.00,0.00),(236,'106','PRO','Cable Tie 300mm',0.00,10.00),(237,'107','PRO','6mm Steel Bit',0.00,5.65),(238,'108','PRO','6mm Concrete Bit',0.00,5.65),(239,'109','PRO','5mm Concrete Bit',0.00,0.00),(240,'110','PRO','25mm Hole saw with arbour',0.00,28.70),(241,'111','PRO','25mm high speed metal holesaw',0.00,16.52),(242,'112','PRO','6mm dowl per mtr',0.00,1.13),(243,'113','PRO','2.26 CRC spray',0.00,17.39),(244,'114','PRO','Jar Screws (500)',0.00,0.00),(245,'115','PRO','Pkt Screws (100)',0.00,4.35),(246,'116','PRO','Cable Tie 140mm',0.00,3.48),(247,'117','PRO','Catnary wire (190mtr)',0.00,0.00),(248,'118','PRO','Labelling Cartridge (Bondwell)',0.00,0.00),(249,'119','PRO','Silicon ',0.00,7.39),(250,'120','PRO','No More Gap',0.00,7.39),(251,'121','PRO','16x25x25 Ducting',0.00,6.09),(252,'122','PRO','25x25x25 Ducting',0.00,6.52),(253,'123','PRO','Hacksaw Blade',0.00,2.61),(254,'124','PRO','Insulating Tape',0.00,1.70),(255,'125','RC','32mm conduit',0.00,4.78),(256,'126','RC','32mm Elbow',0.00,0.00),(257,'127','RC','32mm coupling',0.00,1.74),(258,'128','RC','32mm 1 way junction box',0.00,0.00),(259,'129','RC','32mm 2 way junction box',0.00,0.00),(260,'130','RC','32mm 3 way junction box',0.00,0.00),(261,'131','RC','32mm Flexible Hose',0.00,3.91),(262,'132','RC','32mm Full saddle',0.00,0.30),(263,'133','RC','32mm Half saddle',0.00,0.00),(264,'134','RC','32mm Locknut Adaptor',0.00,1.35),(265,'135','RC','32mm Tee',0.00,0.00),(266,'136','RC','25mm conduit',0.00,2.68),(267,'137','RC','25mm Elbow',0.00,1.90),(268,'138','RC','25mm coupling',0.00,0.21),(269,'139','RC','25mm 1 way junction box',0.00,0.00),(270,'140','RC','25mm 2 way junction box',0.00,0.00),(271,'141','RC','25mm 3 way junction box',0.00,1.00),(272,'142','RC','25mm Flexible Hose',0.00,0.97),(273,'143','RC','25mm Full saddle',0.00,0.15),(274,'144','RC','25mm Half saddle',0.00,0.00),(275,'145','RC','25mm Locknut Adaptor',0.00,0.22),(276,'146','RC','25mm Tee',0.00,0.00),(277,'147','RC','20mm conduit',0.00,2.10),(278,'148','RC','20mm Elbow',0.00,1.15),(279,'149','RC','20mm coupling',0.00,0.00),(280,'150','RC','20mm 1 way junction box',0.00,1.48),(281,'151','RC','20mm 2 way junction box',0.00,1.30),(282,'152','RC','20mm 3 way junction box',0.00,1.30),(283,'153','RC','20mm Flexible Hose',0.00,0.75),(284,'154','RC','20mm Full saddle',0.00,0.11),(285,'155','RC','20mm Half saddle',0.00,0.00),(286,'156','RC','20mm Locknut Adaptor',0.00,0.00),(287,'157','RC','20mm Tee',0.00,0.00),(288,'158','RC','16mm conduit',0.00,2.09),(289,'159','RC','16mm Elbow',0.00,0.00),(290,'160','RC','16mm coupling',0.00,0.00),(291,'161','RC','16mm 1 way junction box',0.00,0.00),(292,'162','RC','16mm 2 way junction box',0.00,0.00),(293,'163','RC','16mm 3 way junction box',0.00,0.00),(294,'164','RC','16mm Flexible Hose',0.00,0.00),(295,'165','RC','16mm Full saddle',0.00,0.10),(296,'166','RC','16mm Half saddle',0.00,0.00),(297,'167','RC','16mm Locknut Adaptor',0.00,0.00),(298,'168','RC','16mm Tee',0.00,0.00),(299,'169','RC','5.50mm Concrete Bit',0.00,2.87),(300,'170','RC','5mm Concrete Bit',0.00,2.63),(301,'171','RC','25mm Hole saw with arbour',0.00,0.00),(302,'172','RC','25mm high speed metal holesaw',0.00,0.00),(303,'173','RC','6mm dowl per mtr',0.00,0.00),(304,'174','RC','2.26 CRC spray',0.00,12.17),(305,'175','RC','Jar Screws (500)',0.00,0.00),(306,'176','RC','Pkt Screws (100)',0.00,0.00),(307,'177','RC','Cable Tie 150mm',0.00,2.13),(308,'178','RC','Catnary wire (190mtr)',0.00,0.00),(309,'179','RC','Labelling Cartridge (Bondwell)',0.00,0.00),(310,'180','RC','Silicon ',0.00,7.48),(311,'181','RC','No More Gap',0.00,4.00),(312,'182','RC','16x25x25 Ducting',0.00,4.30),(313,'183','RC','25x25x25 Ducting',0.00,5.35),(314,'184','RC','Hacksaw Blade',0.00,1.65),(315,'185','RC','Insulating Tape',0.00,0.49),(316,'FP0547','ANAL','REAR SERVICE PANEL FP1600',0.00,1205.40),(317,'FP0548','ANAL','FRONT SERVICE PANEL FP1600',0.00,1324.17),(318,'FP0893','ANAL','MX1 Single Loop Panel NZ',0.00,3034.00),(319,'FP1002','ANAL','MX1 16 Zone Display Extender',0.00,140.00),(320,'FZ1190','ANAL','MX4428 15U NZ Panel',0.00,4563.95),(321,'FP0791','ANAL','NDU AS4428 SLIMLINE SURFACE',0.00,1461.11),(322,'FP0792','ANAL','NDU AS4428 SLIMLINE FLUSH',0.00,1450.20),(323,'FP0451','ANAL','FRONT SERVICE PANEL MASTER FP4000',0.00,2016.78),(324,'SS0367','ANAL','DETECTOR PHOTO ELECTRICAL',0.00,123.92),(325,'SS0697','ANAL','DETECTOR ANALOGUE ( T131A ) Heat',0.00,109.37),(326,'SS0698','ANAL','P131A PHOTO LOW ANALOGUE DETECTOR smoke',0.00,131.25),(327,'SS0699','ANAL','C131A DETECTOR ANALOGUE IONAZATION',0.00,133.00),(328,'814PH','ANAL','MX Smoke Detector',0.00,100.45),(329,'814HCTD ','ANAL','MX Heat Detector',0.00,78.39),(330,'516.600.066','ANAL','Minerva 601 FEx Infra Red Flame Detector ',0.00,724.35),(331,'2251BAUS','ANAL','ANALOGUE DETECTOR SMOKE',0.00,124.25),(332,'4098-9637EA ','ANAL','Heat Detector Type A Normal Temperature Fixed/ROR (614TA)',0.00,61.25),(333,'4098-9639EA','ANAL','Heat Detector Type C High Temp Fixed/ROR (614TC)',0.00,70.00),(334,'MD614A','ANAL','MINERVA HEAT RATE OF RISE/FIXE D TEMP 60C',0.00,61.25),(335,'SS0323','ANAL','1151 Low Profile Series 100 Ionisation Smoke Detector',0.00,81.38),(336,'01-33-23','ANAL','IR6003/7 Mist and Smoke beam detector',0.00,0.00),(337,'SS0777','ANAL','BASE DETCTOR ANALOGUE Z131A',0.00,14.00),(338,'SS0778','ANAL','Z132A Sounder Base ',0.00,113.75),(339,'802SB','ANAL','Low Power Sounder Base ',0.00,110.28),(340,'517.050.017','ANAL','Universal Minerva Base 5B',0.00,7.18),(341,'814IB','ANAL','5BI MX Isolator Base',0.00,31.37),(342,'FP0668','ANAL','MCP ADM LED SURFACE ADDRESSE',0.00,217.45),(343,'FP0839','ANAL','1841 MX Manual call Point Surface',0.00,229.60),(344,'FP0518','ANAL','STOPPER II CPT COVER SURFACE',0.00,202.13),(345,'PA0766','ANAL','T-Gen 50 24volts',0.00,374.50),(346,'PA1026','ANAL','24 volt Mini Gen Mk2',0.00,362.25),(347,'PA1025','ANAL','12 volt Mini Gen Mk2',0.00,337.75),(348,'FP1022','ANAL','100W T-GEN BOWS',0.00,2828.52),(349,'FP1021','ANAL','50W T-GEN BOWS',0.00,2277.62),(350,'ME0213','ANAL','Hand Held Microphone',0.00,180.00),(351,'FP0698','ANAL','3U Rack Mounting Panel',0.00,1054.00),(352,'FP0766','ANAL','Power Supply 12V/24volts',0.00,584.25),(353,'ME0292','ANAL','TGEN Cabinet',0.00,346.87),(354,'ATC 10','ANAL','Horn speaker',0.00,81.18),(355,'576.501.005T','ANAL','Banshee Multi-Tone Sounder',0.00,82.50),(356,'EA0005','ANAL','Speakers',0.00,32.19),(357,'40020','ANAL','External Fire Alarm Strobe',0.00,98.40),(358,'C2049','ANAL','EA0013 10 watt Horn Speaker C2053',0.00,58.80),(359,'EA0313','ANAL','Alert and Evac Strobe',0.00,150.00),(360,'BA110','ANAL','12V 6.5 AMP BATTERY',0.00,45.57),(361,'BA12400','ANAL','12volts 40amps Battery',0.00,319.80),(362,'BA12240','ANAL','12volts 24amps Battery',0.00,199.20),(363,'BA12170','ANAL','12volts 17amps Battery',0.00,145.65),(364,'BA12400','ANAL','QE 90 Evac System Battery',0.00,319.80),(365,'GEL - PC1210DR','ANAL','BATTERY CHARGER',0.00,1353.24),(366,'OSI-10','ANAL','OSID Beam Detector 10 deg Imager',0.00,1302.84),(367,'OSE-SPW','ANAL','OSID Beam Detector 24 v Emitter',0.00,629.08),(368,'OSID-INST','ANAL','OSID Install kit',0.00,335.93),(369,'FP0865','ANAL','Compact Firefighter Facility FF',0.00,1219.75),(370,'FP1010','ANAL','15U NZ MX1 Panel',0.00,3331.25),(371,'FP0950','ANAL','Mx1 Loop Cards',0.00,666.25),(372,'FP0986','ANAL','PIB Cards',0.00,830.25),(373,'FP0771','ANAL','I-Hub Cards',0.00,1014.75),(374,'PA0712','ANAL','RS485-RS232 Network card',0.00,414.10),(375,'FP1048','ANAL','LED RZDU Brigade Mimic Driver',0.00,463.30),(376,'FP1002','ANAL','MX1 Display Boards',0.00,147.60),(377,'FP0967','ANAL','Slimline Mimic Cabinets',0.00,612.95),(378,'FP0881','ANAL','NSA LCD Mimic',0.00,1260.75),(379,'DC229F/A','ANAL','1.5MM 7/0.50 2 CORE CABLE tps red',0.00,120.00),(380,'DC249F/A','ANAL','2.5MM 7/0.67 PVC TPS CABLE tps red',0.00,198.00),(381,'DC450','ANAL','Cable 4mm 4C Responder Cable per m',0.00,7.00),(382,'BFR2C/1.5 RED','ANAL','1.5mm Fire Rated 500mtr Drum',0.00,5504.25),(383,'PA0493','ANAL','Loop Booster 1901-35 ',0.00,997.00),(384,'ME0476','ANAL','MX4428 PSU 240VAC 24V 5A (Replaces FP0874)',0.00,632.52),(385,'FP0938','ANAL','Vigilant WIP Phone',0.00,79.95),(386,'EA0412','ANAL','Cabinet for WIP phone',0.00,235.00),(387,'PA0773','ANAL','NETWORK CARD',0.00,858.00),(388,'SS0710','ANAL','ADM130 INTELLEGENT MONITOR SYSTEM SENSOR',0.00,148.75),(389,'SS0711','ANAL','ADC130 CONTACT RELAY MODULE',0.00,192.50),(390,'PA1034','ANAL','SAFE/Beneconda/Mk10 SGD brigade interface',0.00,646.00),(391,'FP0659','ANAL','FP MODULE CAM130',0.00,59.13),(392,'KT021','ANAL','Extender Board FP1600 (PA0977 - Obsolete)',0.00,591.50),(393,'PA0454','ANAL','Display Extender Board F4000',0.00,231.04),(394,'PA1040S','ANAL','MX Main Board comes with MX firmware',0.00,1662.15),(395,'PA0916','ANAL','WTRM2000',0.00,245.52),(396,'PA0642','ANAL','WIPS2000',0.00,882.00),(397,'FA2027','ANAL','MECP Master Board + common + 2 zone - Key Pad (lower membrane)',0.00,236.25),(398,'PA0698','ANAL','PCB Assy. QE90ECM9603 Evac Communication Module',0.00,842.00),(399,'FP0814','ANAL','Upgrade Kit MX4428',0.00,210.00),(400,'SF0238','ANAL','MPR firm ware V2.26',0.00,25.00),(401,'PA0692','ANAL','QE90 HTRN 9308, 21x100w TRANSFORMER moule',0.00,330.60),(402,'ME0297','ANAL','QE90 Auto/Man/Isol Keyswitch Assembly ',0.00,132.72),(403,'517.050.017','ANAL','Standard 5 inch base Conventinal ',0.00,16.00),(404,'428311','ANAL','Alarm Initiating Switch, SPDT',0.00,36.42),(405,'PA0690','ANAL','QE90 HAMP9308, 2x50 AMP module',0.00,889.04),(406,'PA0691','ANAL','HTRN9380-1',0.00,611.96),(407,'PA0643-ECP9702-1','ANAL','ECP 3 WIP Board',0.00,932.75),(408,'PA0792','ANAL','TRAN9705-2 transformer',0.00,400.75),(409,'PA0690','ANAL','HAMP9308 2x50/100 watt amp',0.00,721.87),(410,'PA0649','ANAL','SPIF9709  (SECP Panel Interface)',0.00,479.70),(411,'109','ANAL','EMERGENCY KEY BREAK GLASS',0.00,44.29),(412,'FA2029','ANAL','QE 90 8 Zone Extender membrane for EWIS panel upper membrane',0.00,236.25),(413,'TPO910','ANAL','SMOKE DETECTOR TESTER 120G',0.00,28.48),(414,'MCP 700x96','ANAL','MCP Glass',0.00,1.20),(415,'155-0029','ANAL','Extender Card Ampac',0.00,802.61),(416,'PA1038','ANAL','MXP Loop Filter',0.00,146.16),(417,'PA0875','ANAL','DBA MOTHER BOARD PCB ASSY 1970-1-1 COMPACT FBA C/W LED BD ( X AND Y )',0.00,295.31),(418,'M503ME','ANAL','Pertronic Micro Monitor / Input Module with LED output',0.00,243.08),(419,'BA12400','ANAL','RM12-40(12v 40AH/20HR) rechargable valve regulated sealed battery',0.00,460.00),(420,'PA0861','ANAL','Brigade Interface Card',0.00,50.00),(421,'SS0401','ANAL','5451  RATE OF RISE HEAT DETECTOR',0.00,66.00),(422,'PA0650','ANAL','EAMP9001 10/25 watt amp',0.00,534.19),(423,'PA0474','ANAL','32 Way Input Termination Board',0.00,221.08),(424,'PA0470','ANAL','16 Way Relay Board (IOR)',0.00,412.02),(425,'PA0475','ANAL','32 Way Output Termination Board',0.00,177.98),(426,'RIM800','ANAL','RIM800 MX Relay Interface Module',0.00,140.43),(427,'MIM800','ANAL','Mini Input Module',0.00,106.60),(428,'FP0837','ANAL','MIM801 Mini Input Module ',0.00,181.48),(429,'CIM800','ANAL','Contact Input Module',0.00,201.53),(430,'FP0959','ANAL','AZM800 Apartment Module',0.00,308.00),(431,'FP0962','ANAL','AZM Remote Hush Unit',0.00,70.00),(432,'DIM800','ANAL','Detector Input Module',0.00,227.92),(433,'LIM800','ANAL','Line Isolator Module',0.00,84.00),(434,'SNM800','ANAL','Sounder Notification Module',0.00,225.00),(435,'517.035.010','ANAL','MX Module Plastic Back Box',0.00,8.84),(436,'M520','ANAL','MX Module Plastic Box Cover',0.00,20.35),(437,'FA2417','ANAL','MX1 Front Service Index',0.00,33.25),(438,'517.050.603','ANAL','DHM-5B Deckhead Mount',0.00,34.81),(439,'FB0111','ANAL','Mounting Bracket Galvanised',0.00,3.47),(440,'GASKETHD','ANAL','Rubber Mounting Gasket',0.00,1.05),(441,'PA1022','ANAL','Indicating Module',0.00,45.81),(442,'PA0479','ANAL','16 Way Input Termination Board',0.00,112.35),(443,'E 521','ANAL','Fire Alarm in Conceale Space (INDENT)',0.00,14.35),(444,'LIFRK10A/9 ','ANAL','Smoke Alarm Isolation Relay 240V AC / 30V DC 10Amp contact rating',0.00,106.00),(445,'2655-0100','AMPAC','ZoneSense NZ1 NZS4512 ABS cabinet',426.00,830.70),(446,'2655-1100','AMPAC','Zonesense NZ1 NZS4512  Metal Cabinet',426.00,830.70),(447,'2655-0150','AMPAC','ZoneSense NZ1 R (residential) series',373.00,727.35),(448,'5155-0201','AMPAC','NZ400 R/S excludes index and battery. No amplifier fitted',664.00,1294.80),(449,'5155-0251','AMPAC','NZ400 R/S excludes index and battery. No amplifier fitted',664.00,1294.80),(450,'6010-0015','AMPAC','Ampac 20 watt 12 volt amplifier (NZ400)',195.00,380.25),(451,'299-0002','AMPAC','NZ400 acrylic index',10.00,19.50),(452,'5155-0301','AMPAC','NZ3200/16 8Z R/S excludes index and batteries. No amplifier fitted',1358.00,2648.10),(453,'5155-0351','AMPAC','NZ3200/16 8Z F/S  excludes index and batteries. No amplifier fitted',1438.00,2804.10),(454,'6010-0001','AMPAC','Ampac 50 watt 24 volt amplifier',419.00,817.05),(455,'6010-0002','AMPAC','Ampac 25 watt 24 volt amplifier',396.00,772.20),(456,'155-0004','AMPAC','Index 8 Z 32/16 RS',30.00,58.50),(457,'155-0005','AMPAC','Index 16 Z 32/16 RS',30.00,58.50),(458,'155-0009','AMPAC','Index 8 Z 32/16 FS',35.00,68.25),(459,'155-0010','AMPAC','Index 16 Z 32/16 FS',35.00,68.25),(460,'155-0001','AMPAC','NZ400 / NZ3200 / FF SGD II Kit',235.00,458.25),(461,'155-0015','AMPAC','Single Relay Output Board Kit-To suit NZ400',169.00,329.55),(462,'155-0028','AMPAC','SGDII to SAFE Interface-To suit NZ400',239.00,466.05),(463,'155-0028S','AMPAC','SGDII to Security Interface-To suit NZ400',249.00,485.55),(464,'155-0001','AMPAC','NZ400 / NZ3200 / FF SGD II Kit',235.00,458.25),(465,'155-0003','AMPAC','8 Way Relay Board Kit-To suit NZ3200 panels',223.00,434.85),(466,'155-0015','AMPAC','Single Relay Output Board Kit-To suit NZ3200 panels',169.00,329.55),(467,'155-0016','AMPAC','Repeater Driver Brd (for NZ3200 remote LED mimic)-To suit NZ3200 panels',147.00,286.65),(468,'155-0017','AMPAC','24-12v Bell Driver Kit-To suit NZ3200 panels',145.00,282.75),(469,'155-0018','AMPAC','24 -24v Bell Driver Kit-To suit NZ3200 panels',163.00,317.85),(470,'155-0028','AMPAC','SGDII to SAFE Interface-To suit NZ3200 panels',239.00,466.05),(471,'155-0028S','AMPAC','SGDII to Security Interface-To suit NZ3200 panels',249.00,485.55),(472,'155-0029','AMPAC','8 Zone Ext NZ3200-To suit NZ3200 panels',463.00,902.85),(473,'8656-0110','AMPAC','FireFinder Plus SP1X 1 loop 5 amp power supply',2569.00,5009.55),(474,'8656-0113','AMPAC','FireFinder Plus SP8X 1 loop 5 amp power supply',3029.00,5906.55),(475,'8610-0001','AMPAC','FireFinder Plus slave CPU board(To Expand FireFinder Plus to 2 loops add)',101.00,196.95),(476,'8610-0001','AMPAC','FF+ slave CPU board (for even number loops)',101.00,196.95),(477,'8610-0002','AMPAC','FF+ loop termination board with slave CPU expands FF+ to odd number loops loops',228.00,444.60),(478,'4210-0006','AMPAC','2 wire network interface card (NIC)',303.00,590.85),(479,'4310-0011','AMPAC','Agent release module',838.00,1634.10),(480,'4310-0021','AMPAC','Fire Fan module and termination board',353.00,688.35),(481,'4310-0030','AMPAC','Switch/Indicator card 8 way',225.00,438.75),(482,'4310-0040','AMPAC','16 input board',159.00,310.05),(483,'4310-0050','AMPAC','8 way relay board',157.00,306.15),(484,'4310-0080','AMPAC','HLI expander board ( for HLI and Modbus output)',257.00,501.15),(485,'4310-0082','AMPAC','8 zone conventional card',170.00,331.50),(486,'4310-0086','AMPAC','32 zone alarm indicator module',201.00,391.95),(487,'4310-0088','AMPAC','Bargraph display module for Wagner Titanus indication',259.00,505.05),(488,'159-0129','AMPAC','Communication driver kit  for connection to remote LED/LCD mimic panels',158.00,308.10),(489,'4380-0003','AMPAC','LCD SmartTerminal BX05 Requires 159-0129 fitted in panel',688.00,1341.60),(490,'4355-0004','AMPAC','LED 28 zones incls. 4 com & 8 zone LEDs Requires 159-0129 fitted in panel',382.00,744.90),(491,'ENC3098','AMPAC','Acrylic index for LED mimic panel',25.00,48.75),(492,'4210-0007','AMPAC','8z red LED kit flying leads',75.00,146.25),(493,'BRD43LEDM2-A','AMPAC','LED mimic board (drives an additional 32 zone LEDs)',200.00,390.00),(494,'159-0073','AMPAC','SmartGraphics software',6890.00,13435.50),(495,'159-0074','AMPAC','SmartGraphics complete package',0.00,0.00),(496,'8555-1100','AMPAC','FireFinder SP1X 1 loop FS 2 amp power supply',2207.00,4303.65),(497,'8555-4100','AMPAC','FireFinder SP8X 1 Loop FS 5 amp power supply',2940.00,5733.00),(498,'112-0009','AMPAC','NZFF 1 Loop 16 Zone RS 2 amp power supply ',3798.00,7406.10),(499,'159-0001','AMPAC','FF Even No. Loop',153.00,298.35),(500,'155-0024','AMPAC','Acrylic Index Firefinder 32Z(Indexes for rear service FireFinder panels)',50.00,97.50),(501,'155-0025','AMPAC','Acrylic Index Firefinder 16Z(Indexes for rear service FireFinder panels)',45.00,87.75),(502,'155-0026','AMPAC','NZFF 17-32Z  R/S LED BOARD (To Expand Rear Service FireFinders to 32 LED Zones add)',155.00,302.25),(503,'159-0227','AMPAC','FF LCD mimic NZ  Requires 4 wire network card fitted to panel',2091.00,4077.45),(504,'4350-0003','AMPAC','LCD SmartTerminal BX05 Requires 159-0129 or 4355-0080 fitted in panel',599.00,1168.05),(505,'4355-0004','AMPAC','LED 28 zones incls. 4 com & 8 zone LEDs Requires 159-0129 fitted in panel',382.00,744.90),(506,'ENC3098','AMPAC','Acrylic index for LED mimic panel',25.00,48.75),(507,'4210-0007','AMPAC','8z red LED kit flying leads',75.00,146.25),(508,'8256-0105','AMPAC','LoopSense 1 Loop BX11',1627.00,3172.65),(509,'8210-0001','AMPAC','LoopSense loop activation key',46.00,89.70),(510,'4355-0004','AMPAC','LED indicating mimic panel 4common 8 zones LEDs',382.00,744.90),(511,'ENC3098','AMPAC','Acrylic index for LED mimic panel',25.00,48.75),(512,'4210-0007','AMPAC','Additional 8 x zone red LED kit flying leads',75.00,146.25),(513,'4210-0008','AMPAC','Additional 4 common LEDs',42.00,81.90),(514,'4380-0013','AMPAC','LCD Smart Terminal Loopsense',587.00,1144.65),(515,'BRD43LEDM2-A','AMPAC','LED mimic board (drives an additional 32 zone LEDs)',200.00,390.00),(516,'CAB3012','AMPAC','Additional Key switch assembly',75.00,146.25),(517,'2555-0151','AMPAC','ZoneSense Plus 4 zone Agent Release Control Panel',2069.00,4034.55),(518,'4310-0019','AMPAC','ZS Plus LCS Agent Release (Remote local control station)',613.00,1195.35),(519,'4310-0011','AMPAC','Agent release module - module plugs into front of FF+ panel for agent release control',838.00,1634.10),(520,'4310-0019','AMPAC','ZS Plus LCS Agent Release (Remote local control station)',613.00,1195.35),(521,'4210-0110','AMPAC','Warning Sign Back Box IP50 (no fascia plate)',276.00,538.20),(522,'4210-0120','AMPAC','Warning Sign Back Box IP65 (no fascia plate)',403.00,785.85),(523,'4210-0131','AMPAC','Fire Alarm, Do Not Enter Fascia plate only',70.00,136.50),(524,'4210-0132','AMPAC','Fire Alarm, Evacuate Area Fascia plate only',70.00,136.50),(525,'4210-0133','AMPAC','Do Not Enter, Gas Discharged Fascia plate only',70.00,136.50),(526,'4210-0134','AMPAC','Fire Door Closing Fascia plate only',70.00,136.50),(527,'4210-0135','AMPAC','Extinguish System Inoperative Fascia plate only',70.00,136.50),(528,'55000-217','AMPAC','S65 Ionisation smoke detector',65.00,126.75),(529,'55000-220','AMPAC','S65 Intergrating Ionisation',65.00,126.75),(530,'55000-317','AMPAC','S65 Photo optical smoke detector',60.00,117.00),(531,'53546-021','AMPAC','S65 Duct sampling unit Note: Duct sampling unit does not include Detector Head',185.00,360.75),(532,'45681-200','AMPAC','S65 standard detector base',8.00,15.60),(533,'45681-360','AMPAC','S65 Low Profile Relay Base',49.00,95.55),(534,'45681-258','AMPAC','S65 24 volt EOL relay base',96.00,187.20),(535,'45681-204','AMPAC','Apollo conduit boxes (Fits Under the detector base)',20.00,39.00),(536,'45681-217','AMPAC','Deckhead mounting box',43.00,83.85),(537,'220-0006','AMPAC','Fireray 50R reflective beam -Suitable for distances 5-50 Meters',1400.00,2730.00),(538,'220-0007','AMPAC','Fireray 100R reflective beam-Suitable for distances 50 - 100 Meters',1400.00,2730.00),(539,'220-0008','AMPAC','Fireray 5000 Beam Detector (motorised self aligning)- 2 detector controller - 1 detector head includ',1600.00,3120.00),(540,'220-0009','AMPAC','Fireray 5000 additional detector',1400.00,2730.00),(541,'23901','AMPAC','Reflective Beam Detector Prism',81.00,157.95),(542,'220-0011','AMPAC','Fireray 5000 universal bracket',260.00,507.00),(543,'220-0014','AMPAC','Fireray 5000 ceiling mount',515.00,1004.25),(544,'4109-1001','AMPAC','Fireray 3000 point to point beam detector',1400.00,2730.00),(545,'55000-122','AMPAC','S65 Heat Detector A1R 57C Rate of Rise',38.00,74.10),(546,'55000-127','AMPAC','S65 Heat Detector BR 75C Rate of Rise',38.00,74.10),(547,'55000-137','AMPAC','S65 Heat Detector CS 90C Fixed temp',38.00,74.10),(548,'45681-200','AMPAC','S65 standard detector base',8.00,15.60),(549,'45681-360','AMPAC','S65 Low Profile Relay Base',49.00,95.55),(550,'45681-258','AMPAC','S65 24 volt EOL relay base',96.00,187.20),(551,'45681-204','AMPAC','Apollo conduit boxes (Fits Under the detector base)',20.00,39.00),(552,'45681-217','AMPAC','Deckhead mounting box',43.00,83.85),(553,'4255-0301','AMPAC','AHD06 Heat Detector 57C Indicating  NZ03',25.00,48.75),(554,'4255-0302','AMPAC','AHD06 Heat Detector 57C Ind sealed NZ03',45.00,87.75),(555,'4255-0311','AMPAC','AHD06 Heat Detector 77C Indicating  NZ03',25.00,48.75),(556,'4255-0312','AMPAC','AHD06 Heat Detector 77C Ind sealed NZ03',45.00,87.75),(557,'4255-0341','AMPAC','AHD05 Heat Detector 57C Non Indicating NZ97',18.00,35.10),(558,'4255-0342','AMPAC','AHD05 Heat Detector 57C Non Ind sealed NZ97',38.00,74.10),(559,'4255-0351','AMPAC','AHD05 Heat Detector 77C Non Indicating NZ97',18.00,35.10),(560,'4255-0352','AMPAC','AHD05 Heat detector 77C Non Ind sealed NZ97',38.00,74.10),(561,'55000-520','AMPAC','XP95 Ionisation Smoke Detector',110.00,214.50),(562,'55000-620','AMPAC','XP95 Photo Optical Smoke Detector',95.00,185.25),(563,'55000-560','AMPAC','XP95 Ionisation Smoke Detector  Black',140.00,273.00),(564,'55000-660','AMPAC','XP95 Photo Optical Smoke Detector Black',140.00,273.00),(565,'53546-022','AMPAC','XP95 Duct sampling unit (Excluding Detector head)',320.00,624.00),(566,'58000-300','AMPAC','Discovery CO Detector (Carbon Monoxide)',160.00,312.00),(567,'58000-500','AMPAC','Discovery Ionisation',120.00,234.00),(568,'58000-600','AMPAC','Discovery Photo Optical Smoke Detector',120.00,234.00),(569,'58000-700','AMPAC','Discovery Multisensor Detector',125.00,243.75),(570,'55000-401','AMPAC','XP95 Heat Detector  High Temp (90oC)',107.00,208.65),(571,'55000-420','AMPAC','XP95 Heat Detector (55oC)',95.00,185.25),(572,'58000-400','AMPAC','Discovery Heat detector (57 to 90 deg, mode settable) ',115.00,224.25),(573,'45681-210','AMPAC','XP95 Standard Base',10.00,19.50),(574,'45681-361','AMPAC','XP95 Base Black',17.00,33.15),(575,'45681-276','AMPAC','XP95 Ancillary Base Sounder',92.00,179.40),(576,'45681-277','AMPAC','Inegrated Base Sounder with Isolator & UK tones',120.00,234.00),(577,'45681-292','AMPAC','XP95 Sounder Base Locking White Cap',6.00,11.70),(578,'45681-304','AMPAC','XP95 Integrated Base Sounder NZ Tone (No Voice)',133.00,259.35),(579,'201-0095','AMPAC','XP95 Blank Xpert Card',2.20,4.29),(580,'55000-720','AMPAC','XP95 Short Circuit Isolator',85.00,165.75),(581,'45681-211','AMPAC','XP95 Isolator Base',10.00,19.50),(582,'55000-802','AMPAC','XP95 Dual Isolator DIN rail mount',245.00,477.75),(583,'4255-0322','AMPAC','57 degree addressable encapsulated ',95.00,185.25),(584,'4255-0332','AMPAC','77 degree addressable encapsulated',95.00,185.25),(585,'DETBRKT','AMPAC','Detector bracket',7.00,13.65),(586,'224-0003','AMPAC','Smoke / Heat detector guard',27.00,52.65),(587,'55000-520MAR','AMPAC','XP95 Marine Ionisation Smoke Detector',200.00,390.00),(588,'55000-620MAR','AMPAC','XP95 Marine Photo Optical Smoke detector',200.00,390.00),(589,'55000-420MAR','AMPAC','XP95 Marine Heat Detector',125.00,243.75),(590,'58000-400MAR','AMPAC','Discovery Marine Heat Detector',187.00,364.65),(591,'45681-210MAR','AMPAC','XP95 Marine Base',22.00,42.90),(592,'55000-540','AMPAC','XP95 IS Ionisation Smoke Detector',717.00,1398.15),(593,'55000-640','AMPAC','XP95 IS Photo optical Smoke Detector',396.00,772.20),(594,'55000-440','AMPAC','XP95 IS Heat',467.00,910.65),(595,'45681-215','AMPAC','XP95 IS Base',41.00,79.95),(596,'29600-098','AMPAC','XP95 I.S Galvanic barrier (requires protocol translator)',784.00,1528.80),(597,'55000-855','AMPAC','XP95 IS Single Channel Protocol Translator',488.00,951.60),(598,'55000-856','AMPAC','XP95 IS Dual Channel Protocol Translator',655.00,1277.25),(599,'55000-280','AMPAC','XP95 Dual IR2 Flame Detector',4335.00,8453.25),(600,'55000-295','AMPAC','XP95 Flameproof IR2 Flame Detector',5500.00,10725.00),(601,'55000-182','AMPAC','XP95 DIN rail mount sounder control (5A)',332.00,647.40),(602,'55000-258','AMPAC','XP95 Loop Sounder',238.00,464.10),(603,'55000-588','AMPAC','XP95 3 I/O Surface mount',305.00,594.75),(604,'55000-797','AMPAC','XP95 Mains switching unit DIN rail mount',195.00,380.25),(605,'55000-802','AMPAC','XP95  Dual isolator DIN rail mount',245.00,477.75),(606,'55000-812','AMPAC','XP95 Zone Monitor DIN rail  mount',227.00,442.65),(607,'55000-822','AMPAC','XP95 Switch Monitor Din rail mount',250.00,487.50),(608,'55000-845','AMPAC','XP95 Zone monitor unit c/w isolator',165.00,321.75),(609,'55000-847','AMPAC','XP95 Input output unit c/w isolator',200.00,390.00),(610,'55000-849','AMPAC','XP95 Output unit c/w isolator',180.00,351.00),(611,'55000-852','AMPAC','XP95 Sounder control unit c/w isolator',180.00,351.00),(612,'55000-877','AMPAC','XP95 Loop Beacon Red',128.00,249.60),(613,'55000-878','AMPAC','XP95 Loop  Beacon Clear lens',209.00,407.55),(614,'55000-875','AMPAC','XP95 Mains switching unit surface mount',161.00,313.95),(615,'55000-879','AMPAC','XP95 Loop beacon Amber',128.00,249.60),(616,'4210-0050','AMPAC',' Single Input / Output Device DIN rail mount',101.00,196.95),(617,'4210-0051','AMPAC',' Single Input / Output Device Enclosed',117.00,228.15),(618,'4210-0052','AMPAC','Single Input Device DIN rail mounted',101.00,196.95),(619,'4210-0053','AMPAC','Single Input Device Enclosed',101.00,196.95),(620,'4210-0054','AMPAC','3 Input /Output Device DIN rail mount',170.00,331.50),(621,'4210-0055','AMPAC','3 Input /Output Device Enclosed',180.00,351.00),(622,'4210-0056','AMPAC','3 Input Device DIN rail mount',127.00,247.65),(623,'4210-0057','AMPAC','3 Input Device Enclosed',148.00,288.60),(624,'4210-0058','AMPAC','Zone Input device DIN rail Mount',196.00,382.20),(625,'4210-0059','AMPAC','Zone Input device Enclosed',180.00,351.00),(626,'226-0003','AMPAC','Ampac Apartment Module with mute button',175.00,341.25),(627,'4255-0100','AMPAC','ACP-02 MCP surface mount',50.00,97.50),(628,'4255-0150','AMPAC','ACP-02 MCP flush mount',46.00,89.70),(629,'4255-0500','AMPAC','ACP-03 MCP Non Indicating (1997)',64.00,124.80),(630,'4255-0510','AMPAC','ACP-03 MCP (White)',64.00,124.80),(631,'4255-0700','AMPAC','ACP-03 MCP old style indicating',86.00,167.70),(632,'4255-0200','AMPAC','ACP-02  MCP surface mount',110.00,214.50),(633,'4255-0250','AMPAC','ACP02  MCP flush mount',110.00,214.50),(634,'4255-0600','AMPAC','ACP-03 MCP S90 old style',135.00,263.25),(635,'4255-0800','AMPAC','ACP-05 Conventional MCP IP67 indicating',219.00,427.05),(637,'TB17','AMPAC','ACP02 MCP bezel-Fits single and double flush box',12.50,24.38),(638,'268-0002','AMPAC','Square Flush Box 72 x 72 x 48',14.00,27.30),(639,'GL0002','AMPAC','Glass for ACP-03 MCP to NZ4512',3.00,5.85),(640,'CP200','AMPAC','Dial 111 MCP Sign plastic',6.50,12.68),(641,'CP200 ADHSV','AMPAC',' Dial 111 MCP Sign adhesive',0.80,1.56),(642,'4106-5303','AMPAC','Xpander Optical smoke detector with mounting base',327.00,637.65),(643,'4105-5301','AMPAC','Xpander Heat detector A1R with mounting base',315.00,614.25),(644,'4105-5302','AMPAC','Xpander Heat detector CS with mounting base',315.00,614.25),(645,'4105-5001','AMPAC','Xpander Manual call point',400.00,780.00),(646,'4110-2002','AMPAC','Xpander input / output module',434.00,846.30),(647,'4110-2003','AMPAC','Xpander dual channel input / output module',542.00,1056.90),(648,'4110-2001','AMPAC','Xpander diversity interface module with isolator',650.00,1267.50),(649,'4110-2004','AMPAC','Xpander radio hub 4 loop interface with isolator',1286.00,2507.70),(650,'4110-2005','AMPAC','Xpander radio communications cluster(note cluster unit to be used with NZS4512 approved power supply',1212.00,2363.40),(651,'4111-1301','AMPAC','Sounder heat A1R combined detector with base',580.00,1131.00),(652,'4111-1302','AMPAC','Sounder heat CS combined detector with base',580.00,1131.00),(653,'4111-1303','AMPAC','Sounder optical combined detector with base',580.00,1131.00),(654,'4111-1401','AMPAC','Sounder visual indicator red heat A1R combined with base',622.00,1212.90),(655,'4111-1402','AMPAC','Sounder visual indicator red heat CS combined with base',622.00,1212.90),(656,'4111-1403','AMPAC','Sounder visual indicator red optical combined with base',622.00,1212.90),(657,'4111-1501','AMPAC','Sounder visual clear heat A1R combined with base',622.00,1212.90),(658,'4111-1502','AMPAC','Sounder visual clear heat CS combined with base',622.00,1212.90),(659,'4111-1503','AMPAC','Sounder visual clear optical combined with base',622.00,1212.90),(660,'4107-8301','AMPAC','Sounder red and red mounting base',439.00,856.05),(661,'4107-8302','AMPAC','Sounder white and white mounting base',439.00,856.05),(662,'4107-8303','AMPAC','Sounder beacon red and red mounting base',512.00,998.40),(663,'4107-8304','AMPAC','Sounder beacon amber and white mounting base',512.00,998.40),(664,'4107-8305','AMPAC','Sounder beacon clear and white mounting base',512.00,998.40),(665,'206-0011','AMPAC','Bell 12v DC Red AFB-63',47.00,91.65),(666,'206-0012','AMPAC','Bell 24V DC Red AFB-63M',47.00,91.65),(667,'4113-1003','AMPAC','Ampac 70mm Fast Fit speaker',22.00,42.90),(668,'218-0005','AMPAC','ATC15 HORN SPEAKER IP66',186.00,362.70),(669,'218-0008','AMPAC','Speaker 100mm c/w cap',28.00,54.60),(670,'218-0009','AMPAC','200mm Speaker',37.00,72.15),(671,'218-0011','AMPAC','200mm Speaker Grill',5.00,9.75),(672,'218-0012','AMPAC','100mm Spkr Grill',3.00,5.85),(673,'218-0022','AMPAC','Surface speaker Round c/w Cap',72.00,140.40),(674,'205-0005','AMPAC','Horn Sounder 12V Red (TK)',21.00,40.95),(675,'205-0006','AMPAC','Horn Sounder 24V Red (TK)',21.00,40.95),(676,'205-0009','AMPAC','Vara sounder white',42.00,81.90),(677,'268-0002','AMPAC','Vara Flush Box 72 x 72 x 48',14.00,27.30),(678,'268-0008','AMPAC','Vara Surface Box White',6.00,11.70),(679,'205-0011','AMPAC','Vector sounder',52.00,101.40),(680,'205-0017','AMPAC','Vector sounder lid',6.00,11.70),(681,'205-0062','AMPAC','Vantage Sounder red',52.00,101.40),(682,'205-0063','AMPAC','Vantage sounder white',52.00,101.40),(683,'205-0064','AMPAC','Vantage Deep Base Only Red',14.00,27.30),(684,'205-0065','AMPAC','Vantage Deep Base Only White',14.00,27.30),(685,'205-0066','AMPAC','Vantage combi red sounder/strobe',106.00,206.70),(686,'205-0067','AMPAC','Vantage combi white sounder/strobe',126.00,245.70),(687,'205-0068','AMPAC','Vector UK Tones',52.00,101.40),(688,'208-0007','AMPAC','Strobe 24V Red TK86A',48.00,93.60),(689,'208-0008','AMPAC','Strobe 24V Amber TK86A',48.00,93.60),(690,'208-0011','AMPAC','Strobe 24v Red/Amber combo',172.00,335.40),(691,'208-0016','AMPAC','Strobe 24V Blue TK86',52.00,101.40),(692,'208-0030','AMPAC','Strobe 24V Red mini',29.00,56.55),(693,'208-0036','AMPAC','Strobe 24V Amber mimi',29.00,56.55),(694,'208-0013','AMPAC','Strobe 12V Red Mini ',29.00,56.55),(695,'208-0052','AMPAC','Strobe 12v Blue Mini',29.00,56.55),(696,'4101-1001','AMPAC','Surface Mount 200N 24 volt ABS case',88.00,171.60),(697,'4101-1002','AMPAC','Surface Mount 200N 230 volt ABS case',122.00,237.90),(698,'4101-1003','AMPAC','Surface Mount 500n 24 volt ABS case',96.00,187.20),(699,'4101-1004','AMPAC','Surface Mount 200N 24 volt Steel case',109.00,212.55),(700,'4101-1005','AMPAC','Surface Mount 200N 230 volt Steel case',116.00,226.20),(701,'4101-2001','AMPAC','Floor Mount 200N 24 volt Cast aluminium',160.00,312.00),(702,'4101-2002','AMPAC','Floor Mount 500N 24 volt Cast aluminium',170.00,331.50),(703,'4101-3001','AMPAC','Flush Mount 24 volt',148.00,288.60),(704,'4101-3002','AMPAC','Flush Mount 24 volt Chrome finish',180.00,351.00),(705,'4101-3003','AMPAC','Flush Mount 24 volt Brass finish',187.00,364.65),(706,'4101-3004','AMPAC','Flush Mount 24 volt Stainless Steel finish',190.00,370.50),(707,'4101-4001','AMPAC','Universal Mount 500N 24 volt Short post',270.00,526.50),(708,'4101-4002','AMPAC','Universal Mount 500N 24 volt Long post',273.00,532.35),(709,'4101-5001','AMPAC','IP65 1200N 24 volt',325.00,633.75),(710,'4101-5002','AMPAC','IP65 1200N 230 volt',445.00,867.75),(711,'4101-6004','AMPAC','Adjustable keeper plate 200N',25.00,48.75),(712,'4101-6005','AMPAC','Chrome surface kit',47.00,91.65),(713,'4101-6006','AMPAC','Brass surface kit',47.00,91.65),(714,'4101-6007 ','AMPAC','Stainless Steel surface kit',67.00,130.65),(715,'4101-6011','AMPAC','Spare switch for door holders',3.50,6.83),(716,'212-0012','AMPAC','Ampac Surface mount 50kg White',94.00,183.30),(717,'212-0009','AMPAC','Spare anvil for 212-0012',53.00,103.35),(718,'4510-1100','AMPAC','Multiamp-DH 250MA Flush Mount',139.00,271.05),(719,'4510-1101','AMPAC','Multiamp-DH 250MA Surface',139.00,271.05),(720,'209-0004','AMPAC','Fire Alarm in Concealed Space',13.00,25.35),(721,'209-0005','AMPAC','Fire Alarm in Roof Space',13.00,25.35),(722,'209-0006','AMPAC','Fire Alarm in Room',13.00,25.35),(723,'209-0007','AMPAC','Fire Alarm in Duct',13.00,25.35),(724,'209-0008','AMPAC','Fire Alarm in Cupboard',13.00,25.35),(725,'209-0009','AMPAC','Fire Alarm in Under Floor',13.00,25.35),(726,'209-0010','AMPAC','Fire Alarm in Return Air',13.00,25.35),(727,'209-0011','AMPAC','Fire Alarm in Exhaust Duct',13.00,25.35),(728,'209-0012','AMPAC','Fire Alarm in Supply Air Duct',13.00,25.35),(729,'209-0013','AMPAC','Fire Alarm in Ceiling',13.00,25.35),(730,'209-0014','AMPAC','Fire Alarm in  Above',13.00,25.35),(731,'209-0016','AMPAC','Remote LED with Buzzer & Mute Switch',108.00,210.60),(732,'209-0017','AMPAC','Remote LED & Buzzer on Switch plate',61.00,118.95),(733,'7010-1000','AMPAC','Wagner ProSens APID (Addressable device Apollo interface)',2526.00,4925.70),(734,'7010-1010','AMPAC','Wagner ProSens CLI (conventional interface)',2620.00,5109.00),(735,'7010-1100','AMPAC','Wagner ProSens Deep Freeze APID (Addr.device Apollo interface)',2988.00,5826.60),(736,'7010-1110','AMPAC','Wagner ProSens Deep Freeze CLI (Conventional interface)',3083.00,6011.85),(737,'AD-10-5100','AMPAC','ProSens head 0.1% rated -20 to +60 degrees',1544.00,3010.80),(738,'AD-10-5115','AMPAC','ProSens head 0.01% rated -20 to +60 degrees',4848.00,9453.60),(739,'AD-10-5130','AMPAC','ProSens head 0.5% rated -20 to +60 degrees',1146.00,2234.70),(740,'AD-10-5190','AMPAC','ProSens head 0.1% deep freeze rated -40 to +60 degrees',1712.00,3338.40),(741,'AD-10-5195','AMPAC','ProSense head 0.01% deep freeze rated -40 to +60 degrees',5551.00,10824.45),(742,'AD-10-5200','AMPAC','ProSense head 0.5% deep freeze rated -40 to +60 degrees',1359.00,2650.05),(743,'7010-6001','AMPAC','Wagner MicroSens sensor head 0.5% sensitivity',2991.00,5832.45),(744,'7010-6002','AMPAC','Wagner MicroSens sensor head 0.1% sensitivity',4987.00,9724.65),(745,'7010-6100','AMPAC','Wagner MicroSens sensor head 0.5% sensitivity Deep Freeze',0.00,0.00),(746,'7010-6101','AMPAC','Wagner MicroSens sensor head 0.1% sensitivity Deep Freeze',0.00,0.00),(747,'7010-9000','AMPAC','Wagner ProSens APID (Apollo interface  FM approved)',2590.00,5050.50),(748,'7010-0131','AMPAC','Wagner 15 micron filter box',553.00,1078.35),(749,'7010-0132','AMPAC','Wagner 10 micron filter box',637.00,1242.15),(750,'7010-0133','AMPAC','Wagner 5 micron filter box',637.00,1242.15),(751,'230-0008','AMPAC','FastSense 25 NZ 4512',4701.00,9166.95),(752,'230-0009','AMPAC','FastSense 100 NZ 4512',6258.00,12203.10),(753,'230-0010','AMPAC','FastSense Plus NZ 4512',6497.00,12669.15),(754,'230-0012','AMPAC','FastSense Plus + Command Module',8668.00,16902.60),(755,'230-0014','AMPAC','FastSense Command module-Required For Networking Using SenSeNET',5746.00,11204.70),(756,'4555-2110','AMPAC','Multiamp-PSU 2A ABS cabinet flush mount',366.00,713.70),(757,'230-0034','AMPAC','FastSense RDU 19\" board',701.00,1366.95),(758,'230-0035','AMPAC','FastSense RDU relay board',140.00,273.00),(759,'230-0036','AMPAC','FastSense RDU wall enclosure',404.00,787.80),(760,'230-0041','AMPAC','FastSense APIC card (Apollo addressable interface)',597.00,1164.15),(761,'230-0049','AMPAC','FastSense input relay card',482.00,939.90),(762,'230-0147','AMPAC','FastSense25/100 filter',81.00,157.95),(763,'230-0148','AMPAC','FastSense Plus filter',103.00,200.85),(764,'230-0170','AMPAC','FastSense 25/100 Reset/Isolate',180.00,351.00),(765,'230-0061','AMPAC','Sampling pipe 4 metre',19.00,37.05),(766,'230-0062','AMPAC','Pipe coupling standard',1.00,1.95),(767,'230-0063','AMPAC','Pipe coupling IP65 press fit',3.00,5.85),(768,'230-0065','AMPAC','Small 90 bend standard DX40125',2.00,3.90),(769,'230-0067','AMPAC','Large 90 bend standard',7.00,13.65),(770,'230-0068','AMPAC','End cap 25mm',0.70,1.37),(771,'230-0072','AMPAC','Pipe clip saddle type',0.70,1.37),(772,'230-0073','AMPAC','Pipe clip collar type',0.70,1.37),(773,'230-0074','AMPAC','Pipe clip mounting rail',1.50,2.93),(774,'230-0075','AMPAC','Pipe clip metal ring 6mm',1.00,1.95),(775,'230-0111','AMPAC','Tube 10mm per meter',4.99,9.73),(776,'230-0113','AMPAC','Tube 8mm per meter',4.99,9.73),(777,'230-0121','AMPAC','Sple hole pipe label each',0.53,1.03),(778,'230-0122','AMPAC','Sple point label red each',1.00,1.95),(779,'230-0085','AMPAC','Sample point 10mm head assembly complete',8.00,15.60),(780,'230-0086','AMPAC','Sample point 8mm head assembly complete',8.00,15.60),(781,'ENC1468-A','AMPAC','Sample point T 10mm tube',5.00,9.75),(782,'ENC1470-A','AMPAC','Sample point T 8mm tube',4.00,7.80),(783,'4555-2110','AMPAC','Multiamp-PSU ABS cabinet flush mount',366.00,713.70),(784,'291-0019','AMPAC','NZ400 Front Service Cabinet',400.00,780.00),(785,'291-0020','AMPAC','NZ400 Rear Service Cabinet',400.00,780.00),(786,'291-0034','AMPAC','NZ3200/16 RS Cabinet',691.00,1347.45),(787,'291-0035','AMPAC','NZ3200/32 RS Cabinet',712.00,1388.40),(788,'291-0037','AMPAC','NZ3200/16 FS Cabinet',707.00,1378.65),(789,'291-0038','AMPAC','NZ3200/32 FS Cabinet',739.00,1441.05),(790,'4210-0021','AMPAC','Document Cabinet Metal White',144.00,280.80),(791,'8510-9010','AMPAC','FireFinder SP8x ancillary cabinet',1089.00,2123.55),(792,'DETBRKT','AMPAC','Detector Bracket',7.00,13.65),(793,'224-0003','AMPAC','Smoke / Heat Detector Guard',27.00,52.65),(794,'278-0010','AMPAC','Camlock NZ100, NZ400,',21.00,40.95),(795,'SW0003','AMPAC','Switch Trial Evac SP SM0319',29.00,56.55),(796,'314-0006','AMPAC','Switch Alarm Silence SP (4512 ;1997 only)',40.00,78.00),(797,'SW0059','AMPAC','Bulgin Key for SW0003',2.00,3.90),(798,'GL0002','AMPAC','Glass for ACP-03 MCP to NZ4512',3.00,5.85),(799,'204-0016','AMPAC','Apollo Loop Test Set',4004.00,7807.80),(800,'Others','','Misc',150.00,90.00);

--
-- Table structure for table `labelfields`
--

CREATE TABLE `labelfields` (
  `labelfieldid` int(11) NOT NULL AUTO_INCREMENT,
  `labelid` tinyint(4) NOT NULL,
  `fieldvalue` varchar(20) NOT NULL,
  `vpos` double NOT NULL DEFAULT '0',
  `hpos` double NOT NULL DEFAULT '0',
  `fontsize` tinyint(4) NOT NULL,
  `barcode` tinyint(4) NOT NULL DEFAULT '0',
  PRIMARY KEY (`labelfieldid`),
  KEY `labelid` (`labelid`),
  KEY `vpos` (`vpos`)
) ENGINE=InnoDB DEFAULT CHARSET=utf8;

--
-- Dumping data for table `labelfields`
--


--
-- Table structure for table `labels`
--

CREATE TABLE `labels` (
  `labelid` tinyint(11) NOT NULL AUTO_INCREMENT,
  `description` varchar(50) NOT NULL,
  `pagewidth` double NOT NULL DEFAULT '0',
  `pageheight` double NOT NULL DEFAULT '0',
  `height` double NOT NULL DEFAULT '0',
  `width` double NOT NULL DEFAULT '0',
  `topmargin` double NOT NULL DEFAULT '0',
  `leftmargin` double NOT NULL DEFAULT '0',
  `rowheight` double NOT NULL DEFAULT '0',
  `columnwidth` double NOT NULL DEFAULT '0',
  PRIMARY KEY (`labelid`)
) ENGINE=InnoDB DEFAULT CHARSET=utf8;

--
-- Dumping data for table `labels`
--


--
-- Table structure for table `lastcostrollup`
--

CREATE TABLE `lastcostrollup` (
  `stockid` char(20) NOT NULL DEFAULT '',
  `totalonhand` double NOT NULL DEFAULT '0',
  `matcost` decimal(20,4) NOT NULL DEFAULT '0.0000',
  `labcost` decimal(20,4) NOT NULL DEFAULT '0.0000',
  `oheadcost` decimal(20,4) NOT NULL DEFAULT '0.0000',
  `categoryid` char(6) NOT NULL DEFAULT '',
  `stockact` varchar(20) NOT NULL DEFAULT '0',
  `adjglact` varchar(20) NOT NULL DEFAULT '0',
  `newmatcost` decimal(20,4) NOT NULL DEFAULT '0.0000',
  `newlabcost` decimal(20,4) NOT NULL DEFAULT '0.0000',
  `newoheadcost` decimal(20,4) NOT NULL DEFAULT '0.0000'
) ENGINE=InnoDB DEFAULT CHARSET=utf8;

--
-- Dumping data for table `lastcostrollup`
--


--
-- Table structure for table `locations`
--

CREATE TABLE `locations` (
  `loccode` varchar(5) NOT NULL DEFAULT '',
  `locationname` varchar(50) NOT NULL DEFAULT '',
  `deladd1` varchar(40) NOT NULL DEFAULT '',
  `deladd2` varchar(40) NOT NULL DEFAULT '',
  `deladd3` varchar(40) NOT NULL DEFAULT '',
  `deladd4` varchar(40) NOT NULL DEFAULT '',
  `deladd5` varchar(20) NOT NULL DEFAULT '',
  `deladd6` varchar(15) NOT NULL DEFAULT '',
  `tel` varchar(30) NOT NULL DEFAULT '',
  `fax` varchar(30) NOT NULL DEFAULT '',
  `email` varchar(55) NOT NULL DEFAULT '',
  `contact` varchar(30) NOT NULL DEFAULT '',
  `taxprovinceid` tinyint(4) NOT NULL DEFAULT '1',
  `cashsalecustomer` varchar(10) DEFAULT '',
  `managed` int(11) DEFAULT '0',
  `cashsalebranch` varchar(10) DEFAULT '',
  `internalrequest` tinyint(4) NOT NULL DEFAULT '1' COMMENT 'Allow (1) or not (0) internal request from this location',
  `usedforwo` tinyint(4) NOT NULL DEFAULT '1',
  `glaccountcode` varchar(20) NOT NULL DEFAULT '' COMMENT 'GL account of the location',
  `allowinvoicing` tinyint(1) NOT NULL DEFAULT '1' COMMENT 'Allow invoicing of items at this location',
  PRIMARY KEY (`loccode`),
  UNIQUE KEY `locationname` (`locationname`),
  KEY `taxprovinceid` (`taxprovinceid`)
) ENGINE=InnoDB DEFAULT CHARSET=utf8;

--
-- Dumping data for table `locations`
--

INSERT INTO `locations` VALUES ('AFL','AFL Office-NADI',' ','','','','','','','','','Mike',1,'',0,'',1,1,'',1),('NADI','Nadi Main Office',' ','','','','','','','','','Nisha',1,'',0,'',1,1,'',1),('NORTH','Labasa Office',' ','','','','','Fiji','','','','Ramlu',1,'',0,'',1,0,'',1),('SUVA','Suva Headoffice',' ','','','','','','3361999','','zhussein@wormaldfj.com','Zabeen',1,'',0,'',1,1,'',1),('VAN1','VAN 1-Reg',' ','','','','','','','','','This reg number drivers name',1,'',0,'',0,0,'',1);

--
-- Table structure for table `locationusers`
--

CREATE TABLE `locationusers` (
  `loccode` varchar(5) NOT NULL,
  `userid` varchar(20) NOT NULL,
  `canview` tinyint(4) NOT NULL DEFAULT '0',
  `canupd` tinyint(4) NOT NULL DEFAULT '0',
  PRIMARY KEY (`loccode`,`userid`),
  KEY `UserId` (`userid`)
) ENGINE=InnoDB DEFAULT CHARSET=utf8;

--
-- Dumping data for table `locationusers`
--

INSERT INTO `locationusers` VALUES ('AFL','admin',1,1),('AFL','akumar',1,1),('AFL','bovini',1,1),('AFL','duta',1,1),('AFL','ilimo',1,1),('AFL','joel',1,1),('AFL','madhawan',1,1),('AFL','matai',1,1),('AFL','mike',1,1),('AFL','mkhan',1,1),('AFL','nsaula',1,1),('AFL','pchand',1,1),('AFL','philly',1,1),('AFL','pkiran',1,1),('AFL','ravai',1,1),('AFL','roko',1,1),('AFL','sala',1,1),('AFL','schand',1,1),('AFL','shiv',1,1),('AFL','sonam',1,1),('AFL','wyosh',1,1),('NADI','admin',1,1),('NADI','ashika',1,1),('NADI','joseph',1,1),('NADI','lani',1,1),('NADI','lusi',1,1),('NADI','nemani',1,1),('NADI','nisha',1,1),('NADI','shanel',1,1),('NADI','tasha',1,1),('NADI','vani',1,1),('NADI','vashneel',1,1),('NADI','waisake',1,1),('NADI','waqa',1,1),('NORTH','admin',1,1),('NORTH','akumar',1,1),('NORTH','alata',1,1),('NORTH','athil',1,1),('NORTH','bovini',1,1),('NORTH','ccrey',1,1),('NORTH','iwhippy',1,1),('NORTH','jpenjueli',1,1),('NORTH','jprasad',1,1),('NORTH','jtukana',1,1),('NORTH','mgovind',1,1),('NORTH','mkhan',1,1),('NORTH','nsaula',1,1),('NORTH','panand',1,1),('NORTH','pchand',1,1),('NORTH','pkiran',1,1),('NORTH','pwentd',1,1),('NORTH','ravinesh',1,1),('NORTH','reema',1,1),('NORTH','rramlu',1,1),('NORTH','sachin',1,1),('NORTH','schand',1,1),('NORTH','sharukh',1,1),('NORTH','skumar',1,1),('NORTH','wsisilia',1,1),('NORTH','wyosh',1,1),('NORTH','zhussein',1,1),('SUVA','10278',1,1),('SUVA','1063',1,1),('SUVA','11113',1,1),('SUVA','11327',1,0),('SUVA','11400',1,1),('SUVA','11409',1,1),('SUVA','11988',1,1),('SUVA','12019',1,1),('SUVA','3150',1,1),('SUVA','admin',1,1),('SUVA','alani',1,1),('SUVA','alata',1,1),('SUVA','annie',1,1),('SUVA','ashil',1,1),('SUVA','athil',1,1),('SUVA','ccrey',1,1),('SUVA','deepshika',1,1),('SUVA','ebusiness',1,1),('SUVA','filiti',1,1),('SUVA','filo',1,1),('SUVA','hchan',1,1),('SUVA','hola',1,1),('SUVA','iwhippy',1,1),('SUVA','jpenjueli',1,1),('SUVA','jprasad',1,1),('SUVA','jtukana',1,1),('SUVA','kelera',1,1),('SUVA','lina',1,1),('SUVA','losa',1,1),('SUVA','mere',1,1),('SUVA','mgovind',1,1),('SUVA','panand',1,1),('SUVA','pramen',1,1),('SUVA','pwentd',1,1),('SUVA','ravinesh',1,1),('SUVA','ravneet',1,1),('SUVA','reema',1,1),('SUVA','riga',1,1),('SUVA','rramlu',1,1),('SUVA','sachin',1,1),('SUVA','salata',1,1),('SUVA','sanel',1,1),('SUVA','sharukh',1,1),('SUVA','skumar',1,1),('SUVA','sonam',1,1),('SUVA','stephanie',1,1),('SUVA','tito',1,1),('SUVA','vicky',1,1),('SUVA','victoria',1,1),('SUVA','wsisilia',1,1),('SUVA','zhussein',1,1),('SUVA','zuber',1,1),('VAN1','10278',1,1),('VAN1','1063',1,1),('VAN1','11113',1,1),('VAN1','11327',1,1),('VAN1','11400',1,1),('VAN1','11409',1,1),('VAN1','11988',1,1),('VAN1','12019',1,1),('VAN1','3150',1,1),('VAN1','admin',1,1),('VAN1','akumar',1,1),('VAN1','alani',1,1),('VAN1','alata',1,1),('VAN1','ashil',1,1),('VAN1','athil',1,1),('VAN1','bovini',1,1),('VAN1','ccrey',1,1),('VAN1','duta',1,1),('VAN1','ebusiness',1,1),('VAN1','filo',1,1),('VAN1','hchan',1,1),('VAN1','iwhippy',1,1),('VAN1','joel',1,1),('VAN1','jpenjueli',1,1),('VAN1','jprasad',1,1),('VAN1','jtukana',1,1),('VAN1','lani',1,1),('VAN1','losa',1,1),('VAN1','mgovind',1,1),('VAN1','mike',1,1),('VAN1','mkhan',1,1),('VAN1','nsaula',1,1),('VAN1','panand',1,1),('VAN1','pchand',1,1),('VAN1','philly',1,1),('VAN1','pkiran',1,1),('VAN1','pramen',1,1),('VAN1','pwentd',1,1),('VAN1','ravinesh',1,1),('VAN1','ravneet',1,1),('VAN1','reema',1,1),('VAN1','roko',1,1),('VAN1','rramlu',1,1),('VAN1','sachin',1,1),('VAN1','sala',1,1),('VAN1','schand',1,1),('VAN1','sharukh',1,1),('VAN1','skumar',1,1),('VAN1','sonam',1,1),('VAN1','stephanie',1,1),('VAN1','tito',1,1),('VAN1','victoria',1,1),('VAN1','wsisilia',1,1),('VAN1','wyosh',1,1),('VAN1','zhussein',1,1),('VAN1','zuber',1,1);

--
-- Table structure for table `locstock`
--

CREATE TABLE `locstock` (
  `loccode` varchar(5) NOT NULL DEFAULT '',
  `stockid` varchar(20) NOT NULL DEFAULT '',
  `quantity` double NOT NULL DEFAULT '0',
  `reorderlevel` bigint(20) NOT NULL DEFAULT '0',
  `bin` varchar(10) NOT NULL DEFAULT '',
  PRIMARY KEY (`loccode`,`stockid`),
  KEY `bin` (`bin`),
  KEY `stockid` (`stockid`)
) ENGINE=InnoDB DEFAULT CHARSET=utf8;

--
-- Dumping data for table `locstock`
--

INSERT INTO `locstock` VALUES ('AFL','CIT1',0,0,''),('AFL','CIT10',0,0,''),('AFL','CIT11',0,0,''),('AFL','CIT12',0,0,''),('AFL','CIT13',0,0,''),('AFL','CIT14',0,0,''),('AFL','CIT15',0,0,''),('AFL','CIT2',0,0,''),('AFL','CIT3',0,0,''),('AFL','CIT4',0,0,''),('AFL','CIT5',0,0,''),('AFL','CIT6',0,0,''),('AFL','CIT7',0,0,''),('AFL','CIT8',0,0,''),('AFL','CIT9',0,0,''),('AFL','CONTRACTBILL',0,0,''),('AFL','FIRESERVICE',0,0,''),('AFL','LABOUR',0,0,''),('NADI','CIT1',0,0,''),('NADI','CIT10',0,0,''),('NADI','CIT11',0,0,''),('NADI','CIT12',0,0,''),('NADI','CIT13',0,0,''),('NADI','CIT14',0,0,''),('NADI','CIT15',0,0,''),('NADI','CIT2',0,0,''),('NADI','CIT3',0,0,''),('NADI','CIT4',0,0,''),('NADI','CIT5',0,0,''),('NADI','CIT6',0,0,''),('NADI','CIT7',0,0,''),('NADI','CIT8',0,0,''),('NADI','CIT9',0,0,''),('NADI','CONTRACTBILL',0,0,''),('NADI','FIRESERVICE',0,0,''),('NADI','LABOUR',0,0,''),('NORTH','CIT1',0,0,''),('NORTH','CIT10',0,0,''),('NORTH','CIT11',0,0,''),('NORTH','CIT12',0,0,''),('NORTH','CIT13',0,0,''),('NORTH','CIT14',0,0,''),('NORTH','CIT15',0,0,''),('NORTH','CIT2',0,0,''),('NORTH','CIT3',0,0,''),('NORTH','CIT4',0,0,''),('NORTH','CIT5',0,0,''),('NORTH','CIT6',0,0,''),('NORTH','CIT7',0,0,''),('NORTH','CIT8',0,0,''),('NORTH','CIT9',0,0,''),('NORTH','CONTRACTBILL',0,0,''),('NORTH','FIRESERVICE',0,0,''),('NORTH','LABOUR',0,0,''),('SUVA','CIT1',0,0,''),('SUVA','CIT10',0,0,''),('SUVA','CIT11',0,0,''),('SUVA','CIT12',0,0,''),('SUVA','CIT13',0,0,''),('SUVA','CIT14',0,0,''),('SUVA','CIT15',0,0,''),('SUVA','CIT2',0,0,''),('SUVA','CIT3',0,0,''),('SUVA','CIT4',0,0,''),('SUVA','CIT5',0,0,''),('SUVA','CIT6',0,0,''),('SUVA','CIT7',0,0,''),('SUVA','CIT8',0,0,''),('SUVA','CIT9',0,0,''),('SUVA','CONTRACTBILL',0,0,''),('SUVA','FIRESERVICE',0,0,''),('SUVA','LABOUR',0,0,''),('VAN1','CIT1',0,0,''),('VAN1','CIT10',0,0,''),('VAN1','CIT11',0,0,''),('VAN1','CIT12',0,0,''),('VAN1','CIT13',0,0,''),('VAN1','CIT14',0,0,''),('VAN1','CIT15',0,0,''),('VAN1','CIT2',0,0,''),('VAN1','CIT3',0,0,''),('VAN1','CIT4',0,0,''),('VAN1','CIT5',0,0,''),('VAN1','CIT6',0,0,''),('VAN1','CIT7',0,0,''),('VAN1','CIT8',0,0,''),('VAN1','CIT9',0,0,''),('VAN1','CONTRACTBILL',0,0,''),('VAN1','FIRESERVICE',0,0,''),('VAN1','LABOUR',0,0,'');

--
-- Table structure for table `loctransfercancellations`
--

CREATE TABLE `loctransfercancellations` (
  `reference` int(11) NOT NULL,
  `stockid` varchar(20) NOT NULL,
  `cancelqty` double NOT NULL,
  `canceldate` datetime NOT NULL,
  `canceluserid` varchar(20) NOT NULL,
  KEY `Index1` (`reference`,`stockid`),
  KEY `Index2` (`canceldate`,`reference`,`stockid`)
) ENGINE=InnoDB DEFAULT CHARSET=latin1;

--
-- Dumping data for table `loctransfercancellations`
--


--
-- Table structure for table `loctransfers`
--

CREATE TABLE `loctransfers` (
  `reference` int(11) NOT NULL DEFAULT '0',
  `stockid` varchar(20) NOT NULL DEFAULT '',
  `shipqty` double NOT NULL DEFAULT '0',
  `recqty` double NOT NULL DEFAULT '0',
  `shipdate` datetime NOT NULL DEFAULT '0000-00-00 00:00:00',
  `recdate` datetime NOT NULL DEFAULT '0000-00-00 00:00:00',
  `shiploc` varchar(7) NOT NULL DEFAULT '',
  `recloc` varchar(7) NOT NULL DEFAULT '',
  KEY `Reference` (`reference`,`stockid`),
  KEY `ShipLoc` (`shiploc`),
  KEY `RecLoc` (`recloc`),
  KEY `StockID` (`stockid`)
) ENGINE=InnoDB DEFAULT CHARSET=utf8 COMMENT='Stores Shipments To And From Locations';

--
-- Dumping data for table `loctransfers`
--


--
-- Table structure for table `mailgroupdetails`
--

CREATE TABLE `mailgroupdetails` (
  `groupname` varchar(100) NOT NULL,
  `userid` varchar(20) NOT NULL,
  KEY `userid` (`userid`),
  KEY `groupname` (`groupname`)
) ENGINE=InnoDB DEFAULT CHARSET=utf8;

--
-- Dumping data for table `mailgroupdetails`
--


--
-- Table structure for table `mailgroups`
--

CREATE TABLE `mailgroups` (
  `id` int(11) NOT NULL AUTO_INCREMENT,
  `groupname` varchar(100) NOT NULL,
  PRIMARY KEY (`id`),
  UNIQUE KEY `groupname` (`groupname`)
) ENGINE=InnoDB AUTO_INCREMENT=4 DEFAULT CHARSET=utf8;

--
-- Dumping data for table `mailgroups`
--

INSERT INTO `mailgroups` VALUES (3,'management'),(2,'nadi office'),(1,'suva office');

--
-- Table structure for table `manufacturers`
--

CREATE TABLE `manufacturers` (
  `manufacturers_id` int(11) NOT NULL AUTO_INCREMENT,
  `manufacturers_name` varchar(32) NOT NULL,
  `manufacturers_url` varchar(50) NOT NULL DEFAULT '',
  `manufacturers_image` varchar(64) DEFAULT NULL,
  PRIMARY KEY (`manufacturers_id`),
  KEY `manufacturers_name` (`manufacturers_name`)
) ENGINE=InnoDB DEFAULT CHARSET=utf8;

--
-- Dumping data for table `manufacturers`
--


--
-- Table structure for table `mrpcalendar`
--

CREATE TABLE `mrpcalendar` (
  `calendardate` date NOT NULL,
  `daynumber` int(6) NOT NULL,
  `manufacturingflag` smallint(6) NOT NULL DEFAULT '1',
  PRIMARY KEY (`calendardate`),
  KEY `daynumber` (`daynumber`)
) ENGINE=MyISAM DEFAULT CHARSET=utf8;

--
-- Dumping data for table `mrpcalendar`
--


--
-- Table structure for table `mrpdemands`
--

CREATE TABLE `mrpdemands` (
  `demandid` int(11) NOT NULL AUTO_INCREMENT,
  `stockid` varchar(20) NOT NULL DEFAULT '',
  `mrpdemandtype` varchar(6) NOT NULL DEFAULT '',
  `quantity` double NOT NULL DEFAULT '0',
  `duedate` date NOT NULL DEFAULT '0000-00-00',
  PRIMARY KEY (`demandid`),
  KEY `StockID` (`stockid`),
  KEY `mrpdemands_ibfk_1` (`mrpdemandtype`)
) ENGINE=InnoDB DEFAULT CHARSET=utf8;

--
-- Dumping data for table `mrpdemands`
--


--
-- Table structure for table `mrpdemandtypes`
--

CREATE TABLE `mrpdemandtypes` (
  `mrpdemandtype` varchar(6) NOT NULL DEFAULT '',
  `description` char(30) NOT NULL DEFAULT '',
  PRIMARY KEY (`mrpdemandtype`)
) ENGINE=InnoDB DEFAULT CHARSET=utf8;

--
-- Dumping data for table `mrpdemandtypes`
--


--
-- Table structure for table `mrpplannedorders`
--

CREATE TABLE `mrpplannedorders` (
  `id` int(11) NOT NULL AUTO_INCREMENT,
  `part` char(20) DEFAULT NULL,
  `duedate` date DEFAULT NULL,
  `supplyquantity` double DEFAULT NULL,
  `ordertype` varchar(6) DEFAULT NULL,
  `orderno` int(11) DEFAULT NULL,
  `mrpdate` date DEFAULT NULL,
  `updateflag` smallint(6) DEFAULT NULL,
  PRIMARY KEY (`id`)
) ENGINE=InnoDB DEFAULT CHARSET=utf8;

--
-- Dumping data for table `mrpplannedorders`
--


--
-- Table structure for table `offers`
--

CREATE TABLE `offers` (
  `offerid` int(11) NOT NULL AUTO_INCREMENT,
  `tenderid` int(11) NOT NULL DEFAULT '0',
  `supplierid` varchar(10) NOT NULL DEFAULT '',
  `stockid` varchar(20) NOT NULL DEFAULT '',
  `quantity` double NOT NULL DEFAULT '0',
  `uom` varchar(15) NOT NULL DEFAULT '',
  `price` double NOT NULL DEFAULT '0',
  `expirydate` date NOT NULL DEFAULT '0000-00-00',
  `currcode` char(3) NOT NULL DEFAULT '',
  PRIMARY KEY (`offerid`),
  KEY `offers_ibfk_1` (`supplierid`),
  KEY `offers_ibfk_2` (`stockid`)
) ENGINE=InnoDB DEFAULT CHARSET=utf8;

--
-- Dumping data for table `offers`
--


--
-- Table structure for table `orderdeliverydifferenceslog`
--

CREATE TABLE `orderdeliverydifferenceslog` (
  `orderno` int(11) NOT NULL DEFAULT '0',
  `invoiceno` int(11) NOT NULL DEFAULT '0',
  `stockid` varchar(20) NOT NULL DEFAULT '',
  `quantitydiff` double NOT NULL DEFAULT '0',
  `debtorno` varchar(10) NOT NULL DEFAULT '',
  `branch` varchar(10) NOT NULL DEFAULT '',
  `can_or_bo` char(3) NOT NULL DEFAULT 'CAN',
  KEY `StockID` (`stockid`),
  KEY `DebtorNo` (`debtorno`,`branch`),
  KEY `Can_or_BO` (`can_or_bo`),
  KEY `OrderNo` (`orderno`)
) ENGINE=InnoDB DEFAULT CHARSET=utf8;

--
-- Dumping data for table `orderdeliverydifferenceslog`
--


--
-- Table structure for table `paycycle`
--

CREATE TABLE `paycycle` (
  `paycycleid` tinyint(4) NOT NULL AUTO_INCREMENT,
  `name` varchar(100) CHARACTER SET utf8 NOT NULL,
  `frequency` int(11) NOT NULL,
  PRIMARY KEY (`paycycleid`)
) ENGINE=InnoDB AUTO_INCREMENT=5 DEFAULT CHARSET=latin1;

--
-- Dumping data for table `paycycle`
--

INSERT INTO `paycycle` VALUES (2,'Weekly',52),(3,'Fortnightly',26),(4,'Monthly',12);

--
-- Table structure for table `paymentmethods`
--

CREATE TABLE `paymentmethods` (
  `paymentid` tinyint(4) NOT NULL AUTO_INCREMENT,
  `paymentname` varchar(15) NOT NULL DEFAULT '',
  `paymenttype` int(11) NOT NULL DEFAULT '1',
  `receipttype` int(11) NOT NULL DEFAULT '1',
  `usepreprintedstationery` tinyint(4) NOT NULL DEFAULT '0',
  `opencashdrawer` tinyint(4) NOT NULL DEFAULT '0',
  PRIMARY KEY (`paymentid`)
) ENGINE=InnoDB AUTO_INCREMENT=4 DEFAULT CHARSET=utf8;

--
-- Dumping data for table `paymentmethods`
--

INSERT INTO `paymentmethods` VALUES (1,'Cheque',1,1,1,0),(2,'Cash',1,1,0,0),(3,'Direct Credit',1,1,0,0);

--
-- Table structure for table `paymentterms`
--

CREATE TABLE `paymentterms` (
  `termsindicator` char(2) NOT NULL DEFAULT '',
  `terms` char(40) NOT NULL DEFAULT '',
  `daysbeforedue` smallint(6) NOT NULL DEFAULT '0',
  `dayinfollowingmonth` smallint(6) NOT NULL DEFAULT '0',
  PRIMARY KEY (`termsindicator`),
  KEY `DaysBeforeDue` (`daysbeforedue`),
  KEY `DayInFollowingMonth` (`dayinfollowingmonth`)
) ENGINE=InnoDB DEFAULT CHARSET=utf8;

--
-- Dumping data for table `paymentterms`
--

INSERT INTO `paymentterms` VALUES ('20','Due 20th Of the Following Month',0,22),('30','Due By End Of The Following Month',0,30),('7','Payment due within 7 days',7,0),('CA','Cash Only',1,0);

--
-- Table structure for table `payrol_adjustments`
--

CREATE TABLE `payrol_adjustments` (
  `id` int(11) NOT NULL AUTO_INCREMENT,
  `start_date` datetime NOT NULL,
  `end_date` datetime NOT NULL,
  `status` varchar(100) NOT NULL,
  `entered_by` varchar(100) NOT NULL,
  PRIMARY KEY (`id`)
) ENGINE=InnoDB AUTO_INCREMENT=2 DEFAULT CHARSET=utf8;

--
-- Dumping data for table `payrol_adjustments`
--

INSERT INTO `payrol_adjustments` VALUES (1,'2018-05-01 00:00:00','2018-05-07 10:00:00','draft','admin');

--
-- Table structure for table `payrol_adjustments_details`
--

CREATE TABLE `payrol_adjustments_details` (
  `adjustid` int(11) NOT NULL AUTO_INCREMENT,
  `id` int(11) NOT NULL,
  `employeeid` int(11) NOT NULL,
  `type` varchar(100) NOT NULL,
  `type_details` varchar(100) NOT NULL,
  `amount` decimal(10,0) NOT NULL,
  `comments` varchar(100) NOT NULL,
  `department` int(11) NOT NULL,
  PRIMARY KEY (`adjustid`)
) ENGINE=InnoDB DEFAULT CHARSET=utf8;

--
-- Dumping data for table `payrol_adjustments_details`
--


--
-- Table structure for table `payrol_adjustments_type_details`
--

CREATE TABLE `payrol_adjustments_type_details` (
  `id` int(5) NOT NULL AUTO_INCREMENT,
  `typeid` int(5) NOT NULL,
  `type_detail` varchar(100) NOT NULL,
  PRIMARY KEY (`id`)
) ENGINE=InnoDB AUTO_INCREMENT=17 DEFAULT CHARSET=utf8;

--
-- Dumping data for table `payrol_adjustments_type_details`
--

INSERT INTO `payrol_adjustments_type_details` VALUES (5,1,'Other allowances - non FNPF'),(6,1,'Other allowances - FNPF'),(8,2,'Loan Advances repayment'),(9,2,'Hire Purchase Repayments'),(10,2,'Medical Insurance Repayments'),(11,2,'Life Insurance repayments'),(12,2,'Mortgage Repayments'),(13,2,'Union Fees'),(14,2,'Legal family repayments'),(15,3,'Overpaymentswages-deductions'),(16,3,'Underpaymentwages-allowance');

--
-- Table structure for table `payrol_adjustments_types`
--

CREATE TABLE `payrol_adjustments_types` (
  `typeid` int(5) NOT NULL AUTO_INCREMENT,
  `type_name` varchar(100) NOT NULL,
  PRIMARY KEY (`typeid`)
) ENGINE=InnoDB AUTO_INCREMENT=4 DEFAULT CHARSET=utf8;

--
-- Dumping data for table `payrol_adjustments_types`
--

INSERT INTO `payrol_adjustments_types` VALUES (1,'Allowances'),(2,'Deductions'),(3,'Adjustments');

--
-- Table structure for table `payrun_details`
--

CREATE TABLE `payrun_details` (
  `payid` int(11) NOT NULL AUTO_INCREMENT,
  `id` int(11) NOT NULL,
  `date_processed` datetime NOT NULL,
  `employee_type` varchar(100) NOT NULL,
  `employeeid` int(11) NOT NULL,
  `normal_pay` decimal(10,2) NOT NULL,
  `timehalf_amount` decimal(10,2) NOT NULL,
  `double_amount` decimal(10,2) NOT NULL,
  `leave_allowances` decimal(10,2) NOT NULL,
  `other_allowances_fnpf` decimal(10,2) NOT NULL,
  `other_allowances_nonfnpf` decimal(10,2) NOT NULL,
  `meal_allowance` decimal(10,2) NOT NULL,
  `total_bonus` decimal(10,2) NOT NULL,
  `totalgross_amount` decimal(10,2) NOT NULL,
  `pay_cycle` int(11) NOT NULL,
  `completed_cycle` int(11) NOT NULL,
  `annual_income` decimal(10,2) NOT NULL,
  `annual_income_with_bonus` decimal(10,2) NOT NULL,
  `annual_income_tax` decimal(10,2) NOT NULL,
  `annual_srt_tax` decimal(10,2) NOT NULL,
  `annual_ecal_tax` decimal(10,2) NOT NULL,
  `annual_total_tax` decimal(10,2) NOT NULL,
  `income_tax_to_withhold` decimal(10,2) NOT NULL,
  `srt_tax_to_withhold` decimal(10,2) NOT NULL,
  `ecal_tax_to_withhold` decimal(10,2) NOT NULL,
  `total_tax_to_withhold` decimal(10,2) NOT NULL,
  `fnpf` decimal(10,2) NOT NULL,
  `fnpf_employer` decimal(10,2) NOT NULL,
  `fixed_deductions` decimal(10,2) NOT NULL,
  `other_deductions` decimal(10,2) NOT NULL,
  `net_pay` decimal(10,2) NOT NULL,
  `method_of_payment` varchar(100) NOT NULL,
  `bank_name` varchar(100) NOT NULL,
  `branch` varchar(100) NOT NULL,
  `bank_account_name` varchar(100) NOT NULL,
  `bank_account_number` varchar(100) NOT NULL,
  `entered_by` varchar(100) NOT NULL,
  PRIMARY KEY (`payid`),
  FULLTEXT KEY `employee_type` (`employee_type`)
) ENGINE=InnoDB AUTO_INCREMENT=183 DEFAULT CHARSET=utf8;

--
-- Dumping data for table `payrun_details`
--

INSERT INTO `payrun_details` VALUES (1,1,'2019-08-08 09:42:18','Timesheet',0,0.00,0.00,0.00,0.00,0.00,0.00,0.00,0.00,0.00,52,1,0.00,0.00,0.00,0.00,0.00,0.00,0.00,0.00,0.00,0.00,0.00,0.00,0.00,0.00,0.00,'','','','','','admin'),(2,1,'2019-08-08 09:42:18','Timesheet',1003,128.64,32.16,0.00,0.00,0.00,0.00,6.55,32.16,167.35,52,2,6689.28,6753.60,0.00,0.00,0.00,0.00,0.00,0.00,0.00,0.00,12.86,16.08,0.00,0.00,154.49,'','','','','','admin'),(3,1,'2019-08-08 09:42:18','Timesheet',1014,62.98,24.12,0.00,0.00,0.00,0.00,0.00,24.12,87.10,52,2,3274.96,3323.20,0.00,0.00,0.00,0.00,0.00,0.00,0.00,0.00,6.97,8.71,0.00,0.00,80.13,'','','','','','admin'),(4,1,'2019-08-08 09:42:18','Timesheet',1017,216.00,0.00,0.00,0.00,0.00,0.00,0.00,0.00,216.00,52,2,11232.00,11232.00,0.00,0.00,0.00,0.00,0.00,0.00,0.00,0.00,17.28,21.60,0.00,0.00,198.72,'','','','','','admin'),(5,1,'2019-08-08 09:42:18','Timesheet',1025,160.80,64.32,0.00,0.00,0.00,0.00,0.00,64.32,225.12,52,2,8361.60,8490.24,0.00,0.00,0.00,0.00,0.00,0.00,0.00,0.00,18.01,22.51,0.00,0.00,207.11,'','','','','','admin'),(6,1,'2019-08-08 09:42:18','Timesheet',1030,128.64,16.08,0.00,0.00,0.00,0.00,6.55,16.08,151.27,52,2,6689.28,6721.44,0.00,0.00,0.00,0.00,0.00,0.00,0.00,0.00,11.58,14.47,0.00,0.00,139.69,'','','','','','admin'),(7,1,'2019-08-08 09:42:18','Timesheet',1032,107.20,0.00,0.00,0.00,0.00,0.00,0.00,0.00,107.20,52,2,5574.40,5574.40,0.00,0.00,0.00,0.00,0.00,0.00,0.00,0.00,8.58,10.72,0.00,0.00,98.62,'','','','','','admin'),(8,1,'2019-08-08 09:42:18','Timesheet',1037,107.20,16.08,0.00,0.00,0.00,0.00,0.00,16.08,123.28,52,2,5574.40,5606.56,0.00,0.00,0.00,0.00,0.00,0.00,0.00,0.00,9.86,12.33,0.00,0.00,113.42,'','','','','','admin'),(9,1,'2019-08-08 09:42:18','Timesheet',1042,128.64,32.16,0.00,0.00,0.00,0.00,6.55,32.16,167.35,52,2,6689.28,6753.60,0.00,0.00,0.00,0.00,0.00,0.00,0.00,0.00,12.86,16.08,0.00,0.00,154.49,'','','','','','admin'),(10,1,'2019-08-08 09:42:18','Timesheet',1050,107.20,0.00,0.00,0.00,0.00,0.00,0.00,0.00,107.20,52,2,5574.40,5574.40,0.00,0.00,0.00,0.00,0.00,0.00,0.00,0.00,8.58,10.72,0.00,0.00,98.62,'','','','','','admin'),(11,1,'2019-08-08 09:42:18','Timesheet',1051,107.20,80.40,0.00,0.00,0.00,0.00,0.00,80.40,187.60,52,2,5574.40,5735.20,0.00,0.00,0.00,0.00,0.00,0.00,0.00,0.00,15.01,18.76,0.00,0.00,172.59,'','','','','','admin'),(12,1,'2019-08-08 09:42:18','Timesheet',1053,128.64,0.00,0.00,0.00,0.00,0.00,0.00,0.00,128.64,52,2,6689.28,6689.28,0.00,0.00,0.00,0.00,0.00,0.00,0.00,0.00,10.29,12.86,0.00,0.00,118.35,'','','','','','admin'),(13,1,'2019-08-08 09:42:18','Timesheet',1056,107.20,0.00,0.00,0.00,0.00,0.00,0.00,0.00,107.20,52,2,5574.40,5574.40,0.00,0.00,0.00,0.00,0.00,0.00,0.00,0.00,8.58,10.72,0.00,0.00,98.62,'','','','','','admin'),(14,1,'2019-08-08 09:42:18','Timesheet',1063,144.00,18.00,12.00,0.00,0.00,0.00,6.55,30.00,180.55,52,2,7488.00,7548.00,0.00,0.00,0.00,0.00,0.00,0.00,0.00,0.00,13.92,17.40,0.00,0.00,166.63,'','','','','','admin'),(15,1,'2019-08-08 09:42:18','Timesheet',1068,112.56,0.00,0.00,0.00,0.00,0.00,0.00,0.00,112.56,52,2,5853.12,5853.12,0.00,0.00,0.00,0.00,0.00,0.00,0.00,0.00,9.00,11.26,0.00,0.00,103.56,'Transfer to Bank','No Bank Yet','','','','admin'),(16,1,'2019-08-08 09:42:18','Timesheet',1072,128.64,0.00,0.00,0.00,0.00,0.00,0.00,0.00,128.64,52,2,6689.28,6689.28,0.00,0.00,0.00,0.00,0.00,0.00,0.00,0.00,10.29,12.86,0.00,0.00,118.35,'','','','','','admin'),(17,1,'2019-08-08 09:42:18','Timesheet',1077,107.20,80.40,0.00,0.00,0.00,0.00,0.00,80.40,187.60,52,2,5574.40,5735.20,0.00,0.00,0.00,0.00,0.00,0.00,0.00,0.00,15.01,18.76,0.00,0.00,172.59,'','','','','','admin'),(18,1,'2019-08-08 09:42:18','Timesheet',1094,128.64,50.25,0.00,0.00,0.00,0.00,0.00,50.25,178.89,52,2,6689.28,6789.78,0.00,0.00,0.00,0.00,0.00,0.00,0.00,0.00,14.31,17.89,0.00,0.00,164.58,'','','','','','admin'),(19,1,'2019-08-08 09:42:18','Timesheet',1097,128.64,0.00,0.00,0.00,0.00,0.00,0.00,0.00,128.64,52,2,6689.28,6689.28,0.00,0.00,0.00,0.00,0.00,0.00,0.00,0.00,10.29,12.86,0.00,0.00,118.35,'','','','','','admin'),(20,1,'2019-08-08 09:42:18','Timesheet',1102,151.20,37.80,0.00,0.00,0.00,0.00,6.55,37.80,195.55,52,2,7862.40,7938.00,0.00,0.00,0.00,0.00,0.00,0.00,0.00,0.00,15.12,18.90,0.00,0.00,180.43,'','','','','','admin'),(21,1,'2019-08-08 09:42:18','Timesheet',1112,123.28,0.00,0.00,0.00,0.00,0.00,0.00,0.00,123.28,52,2,6410.56,6410.56,0.00,0.00,0.00,0.00,0.00,0.00,0.00,0.00,9.86,12.33,0.00,0.00,113.42,'','','','','','admin'),(22,1,'2019-08-08 09:42:18','Timesheet',1128,128.64,32.16,0.00,0.00,0.00,0.00,6.55,32.16,167.35,52,2,6689.28,6753.60,0.00,0.00,0.00,0.00,0.00,0.00,0.00,0.00,12.86,16.08,0.00,0.00,154.49,'','','','','','admin'),(23,1,'2019-08-08 09:42:18','Timesheet',1129,0.00,0.00,0.00,0.00,0.00,0.00,6.55,0.00,6.55,52,2,0.00,0.00,0.00,0.00,0.00,0.00,0.00,0.00,0.00,0.00,0.00,0.00,0.00,0.00,6.55,'','','','','','admin'),(24,1,'2019-08-08 09:42:18','Timesheet',1136,117.92,0.00,0.00,0.00,0.00,0.00,0.00,0.00,117.92,52,2,6131.84,6131.84,0.00,0.00,0.00,0.00,0.00,0.00,0.00,0.00,9.43,11.79,0.00,0.00,108.49,'','','','','','admin'),(25,1,'2019-08-08 09:42:18','Timesheet',1143,128.64,16.08,0.00,0.00,0.00,0.00,0.00,16.08,144.72,52,2,6689.28,6721.44,0.00,0.00,0.00,0.00,0.00,0.00,0.00,0.00,11.58,14.47,0.00,0.00,133.14,'','','','','','admin'),(26,1,'2019-08-08 09:42:18','Timesheet',1148,85.76,0.00,0.00,0.00,0.00,0.00,0.00,0.00,85.76,52,2,4459.52,4459.52,0.00,0.00,0.00,0.00,0.00,0.00,0.00,0.00,6.86,8.58,0.00,0.00,78.90,'','','','','','admin'),(27,1,'2019-08-08 09:42:18','Timesheet',1149,0.00,0.00,0.00,0.00,0.00,0.00,6.55,0.00,6.55,52,2,0.00,0.00,0.00,0.00,0.00,0.00,0.00,0.00,0.00,0.00,0.00,0.00,0.00,0.00,6.55,'','','','','','admin'),(28,1,'2019-08-08 09:42:18','Timesheet',1158,128.64,0.00,0.00,0.00,0.00,0.00,0.00,0.00,128.64,52,2,6689.28,6689.28,0.00,0.00,0.00,0.00,0.00,0.00,0.00,0.00,10.29,12.86,0.00,0.00,118.35,'','','','','','admin'),(29,1,'2019-08-08 09:42:18','Timesheet',1168,128.64,24.12,0.00,0.00,0.00,0.00,0.00,24.12,152.76,52,2,6689.28,6737.52,0.00,0.00,0.00,0.00,0.00,0.00,0.00,0.00,12.22,15.28,0.00,0.00,140.54,'','','','','','admin'),(30,1,'2019-08-08 09:42:18','Timesheet',1169,225.00,0.00,0.00,0.00,0.00,0.00,0.00,0.00,225.00,52,2,11700.00,11700.00,0.00,0.00,0.00,0.00,0.00,0.00,0.00,0.00,18.00,22.50,0.00,0.00,207.00,'','','','','','admin'),(31,1,'2019-08-08 09:42:18','Timesheet',1171,83.08,48.24,0.00,0.00,0.00,0.00,6.55,48.24,137.87,52,2,4320.16,4416.64,0.00,0.00,0.00,0.00,0.00,0.00,0.00,0.00,10.51,13.13,0.00,0.00,127.36,'','','','','','admin'),(32,1,'2019-08-08 09:42:18','Timesheet',1174,128.64,32.16,0.00,0.00,0.00,0.00,6.55,32.16,167.35,52,2,6689.28,6753.60,0.00,0.00,0.00,0.00,0.00,0.00,0.00,0.00,12.86,16.08,0.00,0.00,154.49,'','','','','','admin'),(33,1,'2019-08-08 09:42:18','Timesheet',1178,144.48,0.00,0.00,0.00,0.00,0.00,0.00,0.00,144.48,52,2,7512.96,7512.96,0.00,0.00,0.00,0.00,0.00,0.00,0.00,0.00,11.56,14.45,0.00,0.00,132.92,'','','','','','admin'),(34,1,'2019-08-08 09:42:18','Timesheet',1192,108.00,16.20,0.00,0.00,0.00,0.00,0.00,16.20,124.20,52,2,5616.00,5648.40,0.00,0.00,0.00,0.00,0.00,0.00,0.00,0.00,9.94,12.42,0.00,0.00,114.26,'','','','','','admin'),(35,1,'2019-08-08 09:42:18','Timesheet',1193,128.64,0.00,0.00,0.00,0.00,0.00,0.00,0.00,128.64,52,2,6689.28,6689.28,0.00,0.00,0.00,0.00,0.00,0.00,0.00,0.00,10.29,12.86,0.00,0.00,118.35,'','','','','','admin'),(36,1,'2019-08-08 09:42:18','Timesheet',1207,107.20,0.00,0.00,0.00,0.00,0.00,0.00,0.00,107.20,52,2,5574.40,5574.40,0.00,0.00,0.00,0.00,0.00,0.00,0.00,0.00,8.58,10.72,0.00,0.00,98.62,'','','','','','admin'),(37,1,'2019-08-08 09:42:18','Timesheet',1213,107.20,0.00,0.00,0.00,0.00,0.00,0.00,0.00,107.20,52,2,5574.40,5574.40,0.00,0.00,0.00,0.00,0.00,0.00,0.00,0.00,8.58,10.72,0.00,0.00,98.62,'','','','','','admin'),(38,1,'2019-08-08 09:42:18','Timesheet',1215,107.20,0.00,0.00,0.00,0.00,0.00,0.00,0.00,107.20,52,2,5574.40,5574.40,0.00,0.00,0.00,0.00,0.00,0.00,0.00,0.00,8.58,10.72,0.00,0.00,98.62,'','','','','','admin'),(39,1,'2019-08-08 09:42:18','Timesheet',1217,107.20,0.00,0.00,0.00,0.00,0.00,0.00,0.00,107.20,52,2,5574.40,5574.40,0.00,0.00,0.00,0.00,0.00,0.00,0.00,0.00,8.58,10.72,0.00,0.00,98.62,'','','','','','admin'),(40,1,'2019-08-08 09:42:18','Timesheet',1223,128.64,32.16,0.00,0.00,0.00,0.00,6.55,32.16,167.35,52,2,6689.28,6753.60,0.00,0.00,0.00,0.00,0.00,0.00,0.00,0.00,12.86,16.08,0.00,0.00,154.49,'','','','','','admin'),(41,1,'2019-08-08 09:42:18','Timesheet',1225,107.20,0.00,0.00,0.00,0.00,0.00,0.00,0.00,107.20,52,2,5574.40,5574.40,0.00,0.00,0.00,0.00,0.00,0.00,0.00,0.00,8.58,10.72,0.00,0.00,98.62,'','','','','','admin'),(42,1,'2019-08-08 09:42:19','Timesheet',1234,180.00,0.00,0.00,0.00,0.00,0.00,0.00,0.00,180.00,52,2,9360.00,9360.00,0.00,0.00,0.00,0.00,0.00,0.00,0.00,0.00,14.40,18.00,0.00,0.00,165.60,'','','','','','admin'),(43,1,'2019-08-08 09:42:19','Timesheet',1240,128.64,96.48,214.40,0.00,0.00,0.00,39.30,310.88,478.82,52,2,6689.28,7311.04,0.00,0.00,0.00,0.00,0.00,0.00,0.00,0.00,35.16,43.95,0.00,0.00,443.66,'','','','','','admin'),(44,1,'2019-08-08 09:42:19','Timesheet',1241,107.20,0.00,0.00,0.00,0.00,0.00,0.00,0.00,107.20,52,2,5574.40,5574.40,0.00,0.00,0.00,0.00,0.00,0.00,0.00,0.00,8.58,10.72,0.00,0.00,98.62,'','','','','','admin'),(45,1,'2019-08-08 09:42:19','Timesheet',1242,128.64,0.00,0.00,0.00,0.00,0.00,0.00,0.00,128.64,52,2,6689.28,6689.28,0.00,0.00,0.00,0.00,0.00,0.00,0.00,0.00,10.29,12.86,0.00,0.00,118.35,'','','','','','admin'),(46,1,'2019-08-08 09:42:19','Timesheet',1244,0.00,0.00,0.00,0.00,0.00,0.00,0.00,0.00,0.00,52,2,0.00,0.00,0.00,0.00,0.00,0.00,0.00,0.00,0.00,0.00,0.00,0.00,0.00,0.00,0.00,'','','','','','admin'),(47,1,'2019-08-08 09:42:19','Timesheet',1247,128.64,32.16,0.00,0.00,0.00,0.00,0.00,32.16,160.80,52,2,6689.28,6753.60,0.00,0.00,0.00,0.00,0.00,0.00,0.00,0.00,12.86,16.08,0.00,0.00,147.94,'','','','','','admin'),(48,1,'2019-08-08 09:42:19','Timesheet',1255,128.64,16.08,0.00,0.00,0.00,0.00,0.00,16.08,144.72,52,2,6689.28,6721.44,0.00,0.00,0.00,0.00,0.00,0.00,0.00,0.00,11.58,14.47,0.00,0.00,133.14,'','','','','','admin'),(49,1,'2019-08-08 09:42:19','Timesheet',1262,0.00,0.00,0.00,0.00,0.00,0.00,0.00,0.00,0.00,52,2,0.00,0.00,0.00,0.00,0.00,0.00,0.00,0.00,0.00,0.00,0.00,0.00,0.00,0.00,0.00,'','','','','','admin'),(50,1,'2019-08-08 09:42:19','Timesheet',1266,0.00,0.00,0.00,0.00,0.00,0.00,6.55,0.00,6.55,52,2,0.00,0.00,0.00,0.00,0.00,0.00,0.00,0.00,0.00,0.00,0.00,0.00,0.00,0.00,6.55,'','','','','','admin'),(51,1,'2019-08-08 09:42:19','Timesheet',1294,107.20,0.00,0.00,0.00,0.00,0.00,0.00,0.00,107.20,52,2,5574.40,5574.40,0.00,0.00,0.00,0.00,0.00,0.00,0.00,0.00,8.58,10.72,0.00,0.00,98.62,'','','','','','admin'),(52,1,'2019-08-08 09:42:19','Timesheet',1326,107.20,0.00,0.00,0.00,0.00,0.00,0.00,0.00,107.20,52,2,5574.40,5574.40,0.00,0.00,0.00,0.00,0.00,0.00,0.00,0.00,8.58,10.72,0.00,0.00,98.62,'','','','','','admin'),(53,1,'2019-08-08 09:42:19','Timesheet',1329,128.64,0.00,0.00,0.00,0.00,0.00,0.00,0.00,128.64,52,2,6689.28,6689.28,0.00,0.00,0.00,0.00,0.00,0.00,0.00,0.00,10.29,12.86,0.00,0.00,118.35,'','','','','','admin'),(54,1,'2019-08-08 09:42:19','Timesheet',1330,112.56,0.00,0.00,0.00,0.00,0.00,0.00,0.00,112.56,52,2,5853.12,5853.12,0.00,0.00,0.00,0.00,0.00,0.00,0.00,0.00,9.00,11.26,0.00,0.00,103.56,'','','','','','admin'),(55,1,'2019-08-08 09:42:19','Timesheet',1334,128.64,0.00,0.00,0.00,0.00,0.00,0.00,0.00,128.64,52,2,6689.28,6689.28,0.00,0.00,0.00,0.00,0.00,0.00,0.00,0.00,10.29,12.86,0.00,0.00,118.35,'','','','','','admin'),(56,1,'2019-08-08 09:42:19','Timesheet',1335,107.20,0.00,0.00,0.00,0.00,0.00,0.00,0.00,107.20,52,2,5574.40,5574.40,0.00,0.00,0.00,0.00,0.00,0.00,0.00,0.00,8.58,10.72,0.00,0.00,98.62,'','','','','','admin'),(57,1,'2019-08-08 09:42:19','Timesheet',1365,128.64,96.48,0.00,0.00,0.00,0.00,6.55,96.48,231.67,52,2,6689.28,6882.24,0.00,0.00,0.00,0.00,0.00,0.00,0.00,0.00,18.01,22.51,0.00,0.00,213.66,'','','','','','admin'),(58,1,'2019-08-08 09:42:19','Timesheet',1381,180.00,0.00,0.00,0.00,0.00,0.00,0.00,0.00,180.00,52,2,9360.00,9360.00,0.00,0.00,0.00,0.00,0.00,0.00,0.00,0.00,14.40,18.00,0.00,0.00,165.60,'','','','','','admin'),(59,1,'2019-08-08 09:42:19','Timesheet',1386,105.86,32.16,0.00,0.00,0.00,0.00,0.00,32.16,138.02,52,2,5504.72,5569.04,0.00,0.00,0.00,0.00,0.00,0.00,0.00,0.00,11.04,13.80,0.00,0.00,126.98,'','','','','','admin'),(60,1,'2019-08-08 09:42:19','Timesheet',1389,107.20,0.00,0.00,0.00,0.00,0.00,0.00,0.00,107.20,52,2,5574.40,5574.40,0.00,0.00,0.00,0.00,0.00,0.00,0.00,0.00,8.58,10.72,0.00,0.00,98.62,'','','','','','admin'),(61,1,'2019-08-08 09:42:19','Timesheet',1393,107.20,0.00,0.00,0.00,0.00,0.00,0.00,0.00,107.20,52,2,5574.40,5574.40,0.00,0.00,0.00,0.00,0.00,0.00,0.00,0.00,8.58,10.72,0.00,0.00,98.62,'','','','','','admin'),(62,1,'2019-08-08 09:42:19','Timesheet',1397,107.20,16.08,0.00,0.00,0.00,0.00,0.00,16.08,123.28,52,2,5574.40,5606.56,0.00,0.00,0.00,0.00,0.00,0.00,0.00,0.00,9.86,12.33,0.00,0.00,113.42,'','','','','','admin'),(63,1,'2019-08-08 09:42:19','Timesheet',1401,75.04,32.16,0.00,0.00,0.00,0.00,6.55,32.16,113.75,52,2,3902.08,3966.40,0.00,0.00,0.00,0.00,0.00,0.00,0.00,0.00,8.58,10.72,0.00,0.00,105.17,'','','','','','admin'),(64,1,'2019-08-08 09:42:19','Timesheet',1408,107.20,0.00,0.00,0.00,0.00,0.00,0.00,0.00,107.20,52,2,5574.40,5574.40,0.00,0.00,0.00,0.00,0.00,0.00,0.00,0.00,8.58,10.72,0.00,0.00,98.62,'','','','','','admin'),(65,1,'2019-08-08 09:42:19','Timesheet',1415,128.64,32.16,0.00,0.00,0.00,0.00,0.00,32.16,160.80,52,2,6689.28,6753.60,0.00,0.00,0.00,0.00,0.00,0.00,0.00,0.00,12.86,16.08,0.00,0.00,147.94,'','','','','','admin'),(66,1,'2019-08-08 09:42:19','Timesheet',1433,107.20,0.00,0.00,0.00,0.00,0.00,0.00,0.00,107.20,52,2,5574.40,5574.40,0.00,0.00,0.00,0.00,0.00,0.00,0.00,0.00,8.58,10.72,0.00,0.00,98.62,'','','','','','admin'),(67,1,'2019-08-08 09:42:19','Timesheet',1440,104.52,0.00,0.00,0.00,0.00,0.00,0.00,0.00,104.52,52,2,5435.04,5435.04,0.00,0.00,0.00,0.00,0.00,0.00,0.00,0.00,8.36,10.45,0.00,0.00,96.16,'','','','','','admin'),(68,1,'2019-08-08 09:42:19','Timesheet',1442,107.20,0.00,0.00,0.00,0.00,0.00,0.00,0.00,107.20,52,2,5574.40,5574.40,0.00,0.00,0.00,0.00,0.00,0.00,0.00,0.00,8.58,10.72,0.00,0.00,98.62,'','','','','','admin'),(69,1,'2019-08-08 09:42:19','Timesheet',1446,64.32,48.24,8.04,0.00,0.00,0.00,6.55,56.28,127.15,52,2,3344.64,3457.20,0.00,0.00,0.00,0.00,0.00,0.00,0.00,0.00,9.65,12.06,0.00,0.00,117.50,'','','','','','admin'),(70,1,'2019-08-08 09:42:19','Timesheet',1466,128.64,0.00,0.00,0.00,0.00,0.00,0.00,0.00,128.64,52,2,6689.28,6689.28,0.00,0.00,0.00,0.00,0.00,0.00,0.00,0.00,10.29,12.86,0.00,0.00,118.35,'','','','','','admin'),(71,1,'2019-08-08 09:42:19','Timesheet',1467,125.00,0.00,0.00,0.00,0.00,0.00,0.00,0.00,125.00,52,2,6500.00,6500.00,0.00,0.00,0.00,0.00,0.00,0.00,0.00,0.00,10.00,12.50,0.00,0.00,115.00,'','','','','','admin'),(72,1,'2019-08-08 09:42:19','Timesheet',1476,139.36,0.00,0.00,0.00,0.00,0.00,0.00,0.00,139.36,52,2,7246.72,7246.72,0.00,0.00,0.00,0.00,0.00,0.00,0.00,0.00,11.15,13.94,0.00,0.00,128.21,'','','','','','admin'),(73,1,'2019-08-08 09:42:19','Timesheet',1478,128.64,0.00,0.00,0.00,0.00,0.00,0.00,0.00,128.64,52,2,6689.28,6689.28,0.00,0.00,0.00,0.00,0.00,0.00,0.00,0.00,10.29,12.86,0.00,0.00,118.35,'','','','','','admin'),(74,1,'2019-08-08 09:42:19','Timesheet',1488,128.64,0.00,0.00,0.00,0.00,0.00,0.00,0.00,128.64,52,2,6689.28,6689.28,0.00,0.00,0.00,0.00,0.00,0.00,0.00,0.00,10.29,12.86,0.00,0.00,118.35,'','','','','','admin'),(75,1,'2019-08-08 09:42:19','Timesheet',1495,107.20,64.32,0.00,0.00,0.00,0.00,6.55,64.32,178.07,52,2,5574.40,5703.04,0.00,0.00,0.00,0.00,0.00,0.00,0.00,0.00,13.72,17.15,0.00,0.00,164.35,'','','','','','admin'),(76,1,'2019-08-08 09:42:19','Timesheet',1496,107.20,0.00,0.00,0.00,0.00,0.00,0.00,0.00,107.20,52,2,5574.40,5574.40,0.00,0.00,0.00,0.00,0.00,0.00,0.00,0.00,8.58,10.72,0.00,0.00,98.62,'','','','','','admin'),(77,1,'2019-08-08 09:42:19','Timesheet',1499,107.20,0.00,0.00,0.00,0.00,0.00,0.00,0.00,107.20,52,2,5574.40,5574.40,0.00,0.00,0.00,0.00,0.00,0.00,0.00,0.00,8.58,10.72,0.00,0.00,98.62,'','','','','','admin'),(78,1,'2019-08-08 09:42:19','Timesheet',1512,107.20,0.00,0.00,21.44,0.00,0.00,0.00,21.44,128.64,52,2,5574.40,5617.28,0.00,0.00,0.00,0.00,0.00,0.00,0.00,0.00,10.29,12.86,25.00,0.00,93.35,'','','','','','admin'),(79,1,'2019-08-08 09:42:19','Timesheet',1521,128.64,0.00,0.00,0.00,0.00,0.00,0.00,0.00,128.64,52,2,6689.28,6689.28,0.00,0.00,0.00,0.00,0.00,0.00,0.00,0.00,10.29,12.86,0.00,0.00,118.35,'','','','','','admin'),(80,1,'2019-08-08 09:42:19','Timesheet',1523,128.64,32.16,0.00,0.00,0.00,0.00,0.00,32.16,160.80,52,2,6689.28,6753.60,0.00,0.00,0.00,0.00,0.00,0.00,0.00,0.00,12.86,16.08,0.00,0.00,147.94,'','','','','','admin'),(81,1,'2019-08-08 09:42:19','Timesheet',1534,107.20,0.00,0.00,0.00,0.00,0.00,0.00,0.00,107.20,52,2,5574.40,5574.40,0.00,0.00,0.00,0.00,0.00,0.00,0.00,0.00,8.58,10.72,0.00,0.00,98.62,'','','','','','admin'),(82,1,'2019-08-08 09:42:19','Timesheet',1535,85.76,48.24,0.00,0.00,0.00,0.00,0.00,48.24,134.00,52,2,4459.52,4556.00,0.00,0.00,0.00,0.00,0.00,0.00,0.00,0.00,10.72,13.40,0.00,0.00,123.28,'','','','','','admin'),(83,1,'2019-08-08 09:42:19','Timesheet',1538,107.20,0.00,0.00,0.00,0.00,0.00,0.00,0.00,107.20,52,2,5574.40,5574.40,0.00,0.00,0.00,0.00,0.00,0.00,0.00,0.00,8.58,10.72,0.00,0.00,98.62,'','','','','','admin'),(84,1,'2019-08-08 09:42:19','Timesheet',1546,116.40,69.84,0.00,0.00,0.00,0.00,0.00,69.84,186.24,52,2,6052.80,6192.48,0.00,0.00,0.00,0.00,0.00,0.00,0.00,0.00,14.90,18.62,0.00,0.00,171.34,'','','','','','admin'),(85,1,'2019-08-08 09:42:19','Timesheet',1552,107.20,0.00,0.00,0.00,0.00,0.00,0.00,0.00,107.20,52,2,5574.40,5574.40,0.00,0.00,0.00,0.00,0.00,0.00,0.00,0.00,8.58,10.72,0.00,0.00,98.62,'','','','','','admin'),(86,1,'2019-08-08 09:42:19','Timesheet',1562,128.64,0.00,0.00,0.00,0.00,0.00,0.00,0.00,128.64,52,2,6689.28,6689.28,0.00,0.00,0.00,0.00,0.00,0.00,0.00,0.00,10.29,12.86,0.00,0.00,118.35,'','','','','','admin'),(87,1,'2019-08-08 09:42:19','Timesheet',1582,128.64,0.00,0.00,0.00,0.00,0.00,0.00,0.00,128.64,52,2,6689.28,6689.28,0.00,0.00,0.00,0.00,0.00,0.00,0.00,0.00,10.29,12.86,0.00,0.00,118.35,'','','','','','admin'),(88,1,'2019-08-08 09:42:19','Timesheet',1586,128.64,0.00,0.00,0.00,0.00,0.00,0.00,0.00,128.64,52,2,6689.28,6689.28,0.00,0.00,0.00,0.00,0.00,0.00,0.00,0.00,10.29,12.86,0.00,0.00,118.35,'','','','','','admin'),(89,1,'2019-08-08 09:42:19','Timesheet',1601,191.04,17.28,0.00,0.00,0.00,0.00,0.00,17.28,208.32,52,2,9934.08,9968.64,0.00,0.00,0.00,0.00,0.00,0.00,0.00,0.00,16.67,20.83,0.00,0.00,191.65,'','','','','','admin'),(90,1,'2019-08-08 09:42:19','Timesheet',1607,107.20,0.00,0.00,0.00,0.00,0.00,0.00,0.00,107.20,52,2,5574.40,5574.40,0.00,0.00,0.00,0.00,0.00,0.00,0.00,0.00,8.58,10.72,0.00,0.00,98.62,'','','','','','admin'),(91,1,'2019-08-08 09:42:20','Timesheet',1610,107.20,32.16,42.88,0.00,0.00,0.00,13.10,75.04,195.34,52,2,5574.40,5724.48,0.00,0.00,0.00,0.00,0.00,0.00,0.00,0.00,14.58,18.22,0.00,0.00,180.76,'','','','','','admin'),(92,1,'2019-08-08 10:33:39','Timesheet',0,0.00,0.00,0.00,0.00,0.00,0.00,0.00,0.00,0.00,52,1,0.00,0.00,0.00,0.00,0.00,0.00,0.00,0.00,0.00,0.00,0.00,0.00,0.00,0.00,0.00,'','','','','','admin'),(93,1,'2019-08-08 10:33:39','Timesheet',1003,128.64,32.16,0.00,0.00,0.00,0.00,6.55,32.16,167.35,52,3,6689.28,6785.76,0.00,0.00,0.00,0.00,0.00,0.00,0.00,0.00,12.86,16.08,0.00,0.00,154.49,'','','','','','admin'),(94,1,'2019-08-08 10:33:39','Timesheet',1014,62.98,24.12,0.00,0.00,0.00,0.00,0.00,24.12,87.10,52,3,3274.96,3347.32,0.00,0.00,0.00,0.00,0.00,0.00,0.00,0.00,6.97,8.71,0.00,0.00,80.13,'','','','','','admin'),(95,1,'2019-08-08 10:33:39','Timesheet',1017,216.00,0.00,0.00,0.00,0.00,0.00,0.00,0.00,216.00,52,3,11232.00,11232.00,0.00,0.00,0.00,0.00,0.00,0.00,0.00,0.00,17.28,21.60,0.00,0.00,198.72,'','','','','','admin'),(96,1,'2019-08-08 10:33:39','Timesheet',1025,160.80,64.32,0.00,0.00,0.00,0.00,0.00,64.32,225.12,52,3,8361.60,8554.56,0.00,0.00,0.00,0.00,0.00,0.00,0.00,0.00,18.01,22.51,0.00,0.00,207.11,'','','','','','admin'),(97,1,'2019-08-08 10:33:39','Timesheet',1030,128.64,16.08,0.00,0.00,0.00,0.00,6.55,16.08,151.27,52,3,6689.28,6737.52,0.00,0.00,0.00,0.00,0.00,0.00,0.00,0.00,11.58,14.47,0.00,0.00,139.69,'','','','','','admin'),(98,1,'2019-08-08 10:33:39','Timesheet',1032,107.20,0.00,0.00,0.00,0.00,0.00,0.00,0.00,107.20,52,3,5574.40,5574.40,0.00,0.00,0.00,0.00,0.00,0.00,0.00,0.00,8.58,10.72,0.00,0.00,98.62,'','','','','','admin'),(99,1,'2019-08-08 10:33:39','Timesheet',1037,107.20,16.08,0.00,0.00,0.00,0.00,0.00,16.08,123.28,52,3,5574.40,5622.64,0.00,0.00,0.00,0.00,0.00,0.00,0.00,0.00,9.86,12.33,0.00,0.00,113.42,'','','','','','admin'),(100,1,'2019-08-08 10:33:39','Timesheet',1042,128.64,32.16,0.00,0.00,0.00,0.00,6.55,32.16,167.35,52,3,6689.28,6785.76,0.00,0.00,0.00,0.00,0.00,0.00,0.00,0.00,12.86,16.08,0.00,0.00,154.49,'','','','','','admin'),(101,1,'2019-08-08 10:33:39','Timesheet',1050,107.20,0.00,0.00,0.00,0.00,0.00,0.00,0.00,107.20,52,3,5574.40,5574.40,0.00,0.00,0.00,0.00,0.00,0.00,0.00,0.00,8.58,10.72,0.00,0.00,98.62,'','','','','','admin'),(102,1,'2019-08-08 10:33:39','Timesheet',1051,107.20,80.40,0.00,0.00,0.00,0.00,0.00,80.40,187.60,52,3,5574.40,5815.60,0.00,0.00,0.00,0.00,0.00,0.00,0.00,0.00,15.01,18.76,0.00,0.00,172.59,'','','','','','admin'),(103,1,'2019-08-08 10:33:39','Timesheet',1053,128.64,0.00,0.00,0.00,0.00,0.00,0.00,0.00,128.64,52,3,6689.28,6689.28,0.00,0.00,0.00,0.00,0.00,0.00,0.00,0.00,10.29,12.86,0.00,0.00,118.35,'','','','','','admin'),(104,1,'2019-08-08 10:33:39','Timesheet',1056,107.20,0.00,0.00,0.00,0.00,0.00,0.00,0.00,107.20,52,3,5574.40,5574.40,0.00,0.00,0.00,0.00,0.00,0.00,0.00,0.00,8.58,10.72,0.00,0.00,98.62,'','','','','','admin'),(105,1,'2019-08-08 10:33:39','Timesheet',1063,144.00,18.00,12.00,0.00,0.00,0.00,6.55,30.00,180.55,52,3,7488.00,7578.00,0.00,0.00,0.00,0.00,0.00,0.00,0.00,0.00,13.92,17.40,0.00,0.00,166.63,'','','','','','admin'),(106,1,'2019-08-08 10:33:39','Timesheet',1068,112.56,0.00,0.00,0.00,0.00,0.00,0.00,0.00,112.56,52,3,5853.12,5853.12,0.00,0.00,0.00,0.00,0.00,0.00,0.00,0.00,9.00,11.26,0.00,0.00,103.56,'Transfer to Bank','No Bank Yet','','','','admin'),(107,1,'2019-08-08 10:33:39','Timesheet',1072,128.64,0.00,0.00,0.00,0.00,0.00,0.00,0.00,128.64,52,3,6689.28,6689.28,0.00,0.00,0.00,0.00,0.00,0.00,0.00,0.00,10.29,12.86,0.00,0.00,118.35,'','','','','','admin'),(108,1,'2019-08-08 10:33:39','Timesheet',1077,107.20,80.40,0.00,0.00,0.00,0.00,0.00,80.40,187.60,52,3,5574.40,5815.60,0.00,0.00,0.00,0.00,0.00,0.00,0.00,0.00,15.01,18.76,0.00,0.00,172.59,'','','','','','admin'),(109,1,'2019-08-08 10:33:39','Timesheet',1094,128.64,50.25,0.00,0.00,0.00,0.00,0.00,50.25,178.89,52,3,6689.28,6840.03,0.00,0.00,0.00,0.00,0.00,0.00,0.00,0.00,14.31,17.89,0.00,0.00,164.58,'','','','','','admin'),(110,1,'2019-08-08 10:33:39','Timesheet',1097,128.64,0.00,0.00,0.00,0.00,0.00,0.00,0.00,128.64,52,3,6689.28,6689.28,0.00,0.00,0.00,0.00,0.00,0.00,0.00,0.00,10.29,12.86,0.00,0.00,118.35,'','','','','','admin'),(111,1,'2019-08-08 10:33:39','Timesheet',1102,151.20,37.80,0.00,0.00,0.00,0.00,6.55,37.80,195.55,52,3,7862.40,7975.80,0.00,0.00,0.00,0.00,0.00,0.00,0.00,0.00,15.12,18.90,0.00,0.00,180.43,'','','','','','admin'),(112,1,'2019-08-08 10:33:39','Timesheet',1112,123.28,0.00,0.00,0.00,0.00,0.00,0.00,0.00,123.28,52,3,6410.56,6410.56,0.00,0.00,0.00,0.00,0.00,0.00,0.00,0.00,9.86,12.33,0.00,0.00,113.42,'','','','','','admin'),(113,1,'2019-08-08 10:33:39','Timesheet',1128,128.64,32.16,0.00,0.00,0.00,0.00,6.55,32.16,167.35,52,3,6689.28,6785.76,0.00,0.00,0.00,0.00,0.00,0.00,0.00,0.00,12.86,16.08,0.00,0.00,154.49,'','','','','','admin'),(114,1,'2019-08-08 10:33:39','Timesheet',1129,0.00,0.00,0.00,0.00,0.00,0.00,6.55,0.00,6.55,52,3,0.00,0.00,0.00,0.00,0.00,0.00,0.00,0.00,0.00,0.00,0.00,0.00,0.00,0.00,6.55,'','','','','','admin'),(115,1,'2019-08-08 10:33:39','Timesheet',1136,117.92,0.00,0.00,0.00,0.00,0.00,0.00,0.00,117.92,52,3,6131.84,6131.84,0.00,0.00,0.00,0.00,0.00,0.00,0.00,0.00,9.43,11.79,0.00,0.00,108.49,'','','','','','admin'),(116,1,'2019-08-08 10:33:39','Timesheet',1143,128.64,16.08,0.00,0.00,0.00,0.00,0.00,16.08,144.72,52,3,6689.28,6737.52,0.00,0.00,0.00,0.00,0.00,0.00,0.00,0.00,11.58,14.47,0.00,0.00,133.14,'','','','','','admin'),(117,1,'2019-08-08 10:33:39','Timesheet',1148,85.76,0.00,0.00,0.00,0.00,0.00,0.00,0.00,85.76,52,3,4459.52,4459.52,0.00,0.00,0.00,0.00,0.00,0.00,0.00,0.00,6.86,8.58,0.00,0.00,78.90,'','','','','','admin'),(118,1,'2019-08-08 10:33:39','Timesheet',1149,0.00,0.00,0.00,0.00,0.00,0.00,6.55,0.00,6.55,52,3,0.00,0.00,0.00,0.00,0.00,0.00,0.00,0.00,0.00,0.00,0.00,0.00,0.00,0.00,6.55,'','','','','','admin'),(119,1,'2019-08-08 10:33:39','Timesheet',1158,128.64,0.00,0.00,0.00,0.00,0.00,0.00,0.00,128.64,52,3,6689.28,6689.28,0.00,0.00,0.00,0.00,0.00,0.00,0.00,0.00,10.29,12.86,0.00,0.00,118.35,'','','','','','admin'),(120,1,'2019-08-08 10:33:39','Timesheet',1168,128.64,24.12,0.00,0.00,0.00,0.00,0.00,24.12,152.76,52,3,6689.28,6761.64,0.00,0.00,0.00,0.00,0.00,0.00,0.00,0.00,12.22,15.28,0.00,0.00,140.54,'','','','','','admin'),(121,1,'2019-08-08 10:33:39','Timesheet',1169,225.00,0.00,0.00,0.00,0.00,0.00,0.00,0.00,225.00,52,3,11700.00,11700.00,0.00,0.00,0.00,0.00,0.00,0.00,0.00,0.00,18.00,22.50,0.00,0.00,207.00,'','','','','','admin'),(122,1,'2019-08-08 10:33:39','Timesheet',1171,83.08,48.24,0.00,0.00,0.00,0.00,6.55,48.24,137.87,52,3,4320.16,4464.88,0.00,0.00,0.00,0.00,0.00,0.00,0.00,0.00,10.51,13.13,0.00,0.00,127.36,'','','','','','admin'),(123,1,'2019-08-08 10:33:39','Timesheet',1174,128.64,32.16,0.00,0.00,0.00,0.00,6.55,32.16,167.35,52,3,6689.28,6785.76,0.00,0.00,0.00,0.00,0.00,0.00,0.00,0.00,12.86,16.08,0.00,0.00,154.49,'','','','','','admin'),(124,1,'2019-08-08 10:33:39','Timesheet',1178,144.48,0.00,0.00,0.00,0.00,0.00,0.00,0.00,144.48,52,3,7512.96,7512.96,0.00,0.00,0.00,0.00,0.00,0.00,0.00,0.00,11.56,14.45,0.00,0.00,132.92,'','','','','','admin'),(125,1,'2019-08-08 10:33:39','Timesheet',1192,108.00,16.20,0.00,0.00,0.00,0.00,0.00,16.20,124.20,52,3,5616.00,5664.60,0.00,0.00,0.00,0.00,0.00,0.00,0.00,0.00,9.94,12.42,0.00,0.00,114.26,'','','','','','admin'),(126,1,'2019-08-08 10:33:39','Timesheet',1193,128.64,0.00,0.00,0.00,0.00,0.00,0.00,0.00,128.64,52,3,6689.28,6689.28,0.00,0.00,0.00,0.00,0.00,0.00,0.00,0.00,10.29,12.86,0.00,0.00,118.35,'','','','','','admin'),(127,1,'2019-08-08 10:33:39','Timesheet',1207,107.20,0.00,0.00,0.00,0.00,0.00,0.00,0.00,107.20,52,3,5574.40,5574.40,0.00,0.00,0.00,0.00,0.00,0.00,0.00,0.00,8.58,10.72,0.00,0.00,98.62,'','','','','','admin'),(128,1,'2019-08-08 10:33:39','Timesheet',1213,107.20,0.00,0.00,0.00,0.00,0.00,0.00,0.00,107.20,52,3,5574.40,5574.40,0.00,0.00,0.00,0.00,0.00,0.00,0.00,0.00,8.58,10.72,0.00,0.00,98.62,'','','','','','admin'),(129,1,'2019-08-08 10:33:39','Timesheet',1215,107.20,0.00,0.00,0.00,0.00,0.00,0.00,0.00,107.20,52,3,5574.40,5574.40,0.00,0.00,0.00,0.00,0.00,0.00,0.00,0.00,8.58,10.72,0.00,0.00,98.62,'','','','','','admin'),(130,1,'2019-08-08 10:33:39','Timesheet',1217,107.20,0.00,0.00,0.00,0.00,0.00,0.00,0.00,107.20,52,3,5574.40,5574.40,0.00,0.00,0.00,0.00,0.00,0.00,0.00,0.00,8.58,10.72,0.00,0.00,98.62,'','','','','','admin'),(131,1,'2019-08-08 10:33:40','Timesheet',1223,128.64,32.16,0.00,0.00,0.00,0.00,6.55,32.16,167.35,52,3,6689.28,6785.76,0.00,0.00,0.00,0.00,0.00,0.00,0.00,0.00,12.86,16.08,0.00,0.00,154.49,'','','','','','admin'),(132,1,'2019-08-08 10:33:40','Timesheet',1225,107.20,0.00,0.00,0.00,0.00,0.00,0.00,0.00,107.20,52,3,5574.40,5574.40,0.00,0.00,0.00,0.00,0.00,0.00,0.00,0.00,8.58,10.72,0.00,0.00,98.62,'','','','','','admin'),(133,1,'2019-08-08 10:33:40','Timesheet',1234,180.00,0.00,0.00,0.00,0.00,0.00,0.00,0.00,180.00,52,3,9360.00,9360.00,0.00,0.00,0.00,0.00,0.00,0.00,0.00,0.00,14.40,18.00,0.00,0.00,165.60,'','','','','','admin'),(134,1,'2019-08-08 10:33:40','Timesheet',1240,128.64,96.48,214.40,0.00,0.00,0.00,39.30,310.88,478.82,52,3,6689.28,7621.92,0.00,0.00,0.00,0.00,0.00,0.00,0.00,0.00,35.16,43.95,0.00,0.00,443.66,'','','','','','admin'),(135,1,'2019-08-08 10:33:40','Timesheet',1241,107.20,0.00,0.00,0.00,0.00,0.00,0.00,0.00,107.20,52,3,5574.40,5574.40,0.00,0.00,0.00,0.00,0.00,0.00,0.00,0.00,8.58,10.72,0.00,0.00,98.62,'','','','','','admin'),(136,1,'2019-08-08 10:33:40','Timesheet',1242,128.64,0.00,0.00,0.00,0.00,0.00,0.00,0.00,128.64,52,3,6689.28,6689.28,0.00,0.00,0.00,0.00,0.00,0.00,0.00,0.00,10.29,12.86,0.00,0.00,118.35,'','','','','','admin'),(137,1,'2019-08-08 10:33:40','Timesheet',1244,0.00,0.00,0.00,0.00,0.00,0.00,0.00,0.00,0.00,52,3,0.00,0.00,0.00,0.00,0.00,0.00,0.00,0.00,0.00,0.00,0.00,0.00,0.00,0.00,0.00,'','','','','','admin'),(138,1,'2019-08-08 10:33:40','Timesheet',1247,128.64,32.16,0.00,0.00,0.00,0.00,0.00,32.16,160.80,52,3,6689.28,6785.76,0.00,0.00,0.00,0.00,0.00,0.00,0.00,0.00,12.86,16.08,0.00,0.00,147.94,'','','','','','admin'),(139,1,'2019-08-08 10:33:40','Timesheet',1255,128.64,16.08,0.00,0.00,0.00,0.00,0.00,16.08,144.72,52,3,6689.28,6737.52,0.00,0.00,0.00,0.00,0.00,0.00,0.00,0.00,11.58,14.47,0.00,0.00,133.14,'','','','','','admin'),(140,1,'2019-08-08 10:33:40','Timesheet',1262,0.00,0.00,0.00,0.00,0.00,0.00,0.00,0.00,0.00,52,3,0.00,0.00,0.00,0.00,0.00,0.00,0.00,0.00,0.00,0.00,0.00,0.00,0.00,0.00,0.00,'','','','','','admin'),(141,1,'2019-08-08 10:33:40','Timesheet',1266,0.00,0.00,0.00,0.00,0.00,0.00,6.55,0.00,6.55,52,3,0.00,0.00,0.00,0.00,0.00,0.00,0.00,0.00,0.00,0.00,0.00,0.00,0.00,0.00,6.55,'','','','','','admin'),(142,1,'2019-08-08 10:33:40','Timesheet',1294,107.20,0.00,0.00,0.00,0.00,0.00,0.00,0.00,107.20,52,3,5574.40,5574.40,0.00,0.00,0.00,0.00,0.00,0.00,0.00,0.00,8.58,10.72,0.00,0.00,98.62,'','','','','','admin'),(143,1,'2019-08-08 10:33:40','Timesheet',1326,107.20,0.00,0.00,0.00,0.00,0.00,0.00,0.00,107.20,52,3,5574.40,5574.40,0.00,0.00,0.00,0.00,0.00,0.00,0.00,0.00,8.58,10.72,0.00,0.00,98.62,'','','','','','admin'),(144,1,'2019-08-08 10:33:40','Timesheet',1329,128.64,0.00,0.00,0.00,0.00,0.00,0.00,0.00,128.64,52,3,6689.28,6689.28,0.00,0.00,0.00,0.00,0.00,0.00,0.00,0.00,10.29,12.86,0.00,0.00,118.35,'','','','','','admin'),(145,1,'2019-08-08 10:33:40','Timesheet',1330,112.56,0.00,0.00,0.00,0.00,0.00,0.00,0.00,112.56,52,3,5853.12,5853.12,0.00,0.00,0.00,0.00,0.00,0.00,0.00,0.00,9.00,11.26,0.00,0.00,103.56,'','','','','','admin'),(146,1,'2019-08-08 10:33:40','Timesheet',1334,128.64,0.00,0.00,0.00,0.00,0.00,0.00,0.00,128.64,52,3,6689.28,6689.28,0.00,0.00,0.00,0.00,0.00,0.00,0.00,0.00,10.29,12.86,0.00,0.00,118.35,'','','','','','admin'),(147,1,'2019-08-08 10:33:40','Timesheet',1335,107.20,0.00,0.00,0.00,0.00,0.00,0.00,0.00,107.20,52,3,5574.40,5574.40,0.00,0.00,0.00,0.00,0.00,0.00,0.00,0.00,8.58,10.72,0.00,0.00,98.62,'','','','','','admin'),(148,1,'2019-08-08 10:33:40','Timesheet',1365,128.64,96.48,0.00,0.00,0.00,0.00,6.55,96.48,231.67,52,3,6689.28,6978.72,0.00,0.00,0.00,0.00,0.00,0.00,0.00,0.00,18.01,22.51,0.00,0.00,213.66,'','','','','','admin'),(149,1,'2019-08-08 10:33:40','Timesheet',1381,180.00,0.00,0.00,0.00,0.00,0.00,0.00,0.00,180.00,52,3,9360.00,9360.00,0.00,0.00,0.00,0.00,0.00,0.00,0.00,0.00,14.40,18.00,0.00,0.00,165.60,'','','','','','admin'),(150,1,'2019-08-08 10:33:40','Timesheet',1386,105.86,32.16,0.00,0.00,0.00,0.00,0.00,32.16,138.02,52,3,5504.72,5601.20,0.00,0.00,0.00,0.00,0.00,0.00,0.00,0.00,11.04,13.80,0.00,0.00,126.98,'','','','','','admin'),(151,1,'2019-08-08 10:33:40','Timesheet',1389,107.20,0.00,0.00,0.00,0.00,0.00,0.00,0.00,107.20,52,3,5574.40,5574.40,0.00,0.00,0.00,0.00,0.00,0.00,0.00,0.00,8.58,10.72,0.00,0.00,98.62,'','','','','','admin'),(152,1,'2019-08-08 10:33:40','Timesheet',1393,107.20,0.00,0.00,0.00,0.00,0.00,0.00,0.00,107.20,52,3,5574.40,5574.40,0.00,0.00,0.00,0.00,0.00,0.00,0.00,0.00,8.58,10.72,0.00,0.00,98.62,'','','','','','admin'),(153,1,'2019-08-08 10:33:40','Timesheet',1397,107.20,16.08,0.00,0.00,0.00,0.00,0.00,16.08,123.28,52,3,5574.40,5622.64,0.00,0.00,0.00,0.00,0.00,0.00,0.00,0.00,9.86,12.33,0.00,0.00,113.42,'','','','','','admin'),(154,1,'2019-08-08 10:33:40','Timesheet',1401,75.04,32.16,0.00,0.00,0.00,0.00,6.55,32.16,113.75,52,3,3902.08,3998.56,0.00,0.00,0.00,0.00,0.00,0.00,0.00,0.00,8.58,10.72,0.00,0.00,105.17,'','','','','','admin'),(155,1,'2019-08-08 10:33:40','Timesheet',1408,107.20,0.00,0.00,0.00,0.00,0.00,0.00,0.00,107.20,52,3,5574.40,5574.40,0.00,0.00,0.00,0.00,0.00,0.00,0.00,0.00,8.58,10.72,0.00,0.00,98.62,'','','','','','admin'),(156,1,'2019-08-08 10:33:40','Timesheet',1415,128.64,32.16,0.00,0.00,0.00,0.00,0.00,32.16,160.80,52,3,6689.28,6785.76,0.00,0.00,0.00,0.00,0.00,0.00,0.00,0.00,12.86,16.08,0.00,0.00,147.94,'','','','','','admin'),(157,1,'2019-08-08 10:33:40','Timesheet',1433,107.20,0.00,0.00,0.00,0.00,0.00,0.00,0.00,107.20,52,3,5574.40,5574.40,0.00,0.00,0.00,0.00,0.00,0.00,0.00,0.00,8.58,10.72,0.00,0.00,98.62,'','','','','','admin'),(158,1,'2019-08-08 10:33:40','Timesheet',1440,104.52,0.00,0.00,0.00,0.00,0.00,0.00,0.00,104.52,52,3,5435.04,5435.04,0.00,0.00,0.00,0.00,0.00,0.00,0.00,0.00,8.36,10.45,0.00,0.00,96.16,'','','','','','admin'),(159,1,'2019-08-08 10:33:40','Timesheet',1442,107.20,0.00,0.00,0.00,0.00,0.00,0.00,0.00,107.20,52,3,5574.40,5574.40,0.00,0.00,0.00,0.00,0.00,0.00,0.00,0.00,8.58,10.72,0.00,0.00,98.62,'','','','','','admin'),(160,1,'2019-08-08 10:33:40','Timesheet',1446,64.32,48.24,8.04,0.00,0.00,0.00,6.55,56.28,127.15,52,3,3344.64,3513.48,0.00,0.00,0.00,0.00,0.00,0.00,0.00,0.00,9.65,12.06,0.00,0.00,117.50,'','','','','','admin'),(161,1,'2019-08-08 10:33:40','Timesheet',1466,128.64,0.00,0.00,0.00,0.00,0.00,0.00,0.00,128.64,52,3,6689.28,6689.28,0.00,0.00,0.00,0.00,0.00,0.00,0.00,0.00,10.29,12.86,0.00,0.00,118.35,'','','','','','admin'),(162,1,'2019-08-08 10:33:40','Timesheet',1467,125.00,0.00,0.00,0.00,0.00,0.00,0.00,0.00,125.00,52,3,6500.00,6500.00,0.00,0.00,0.00,0.00,0.00,0.00,0.00,0.00,10.00,12.50,0.00,0.00,115.00,'','','','','','admin'),(163,1,'2019-08-08 10:33:40','Timesheet',1476,139.36,0.00,0.00,0.00,0.00,0.00,0.00,0.00,139.36,52,3,7246.72,7246.72,0.00,0.00,0.00,0.00,0.00,0.00,0.00,0.00,11.15,13.94,0.00,0.00,128.21,'','','','','','admin'),(164,1,'2019-08-08 10:33:40','Timesheet',1478,128.64,0.00,0.00,0.00,0.00,0.00,0.00,0.00,128.64,52,3,6689.28,6689.28,0.00,0.00,0.00,0.00,0.00,0.00,0.00,0.00,10.29,12.86,0.00,0.00,118.35,'','','','','','admin'),(165,1,'2019-08-08 10:33:40','Timesheet',1488,128.64,0.00,0.00,0.00,0.00,0.00,0.00,0.00,128.64,52,3,6689.28,6689.28,0.00,0.00,0.00,0.00,0.00,0.00,0.00,0.00,10.29,12.86,0.00,0.00,118.35,'','','','','','admin'),(166,1,'2019-08-08 10:33:40','Timesheet',1495,107.20,64.32,0.00,0.00,0.00,0.00,6.55,64.32,178.07,52,3,5574.40,5767.36,0.00,0.00,0.00,0.00,0.00,0.00,0.00,0.00,13.72,17.15,0.00,0.00,164.35,'','','','','','admin'),(167,1,'2019-08-08 10:33:40','Timesheet',1496,107.20,0.00,0.00,0.00,0.00,0.00,0.00,0.00,107.20,52,3,5574.40,5574.40,0.00,0.00,0.00,0.00,0.00,0.00,0.00,0.00,8.58,10.72,0.00,0.00,98.62,'','','','','','admin'),(168,1,'2019-08-08 10:33:40','Timesheet',1499,107.20,0.00,0.00,0.00,0.00,0.00,0.00,0.00,107.20,52,3,5574.40,5574.40,0.00,0.00,0.00,0.00,0.00,0.00,0.00,0.00,8.58,10.72,0.00,0.00,98.62,'','','','','','admin'),(169,1,'2019-08-08 10:33:40','Timesheet',1512,107.20,0.00,0.00,21.44,0.00,0.00,0.00,21.44,128.64,52,3,5574.40,5638.72,0.00,0.00,0.00,0.00,0.00,0.00,0.00,0.00,10.29,12.86,25.00,0.00,93.35,'','','','','','admin'),(170,1,'2019-08-08 10:33:40','Timesheet',1521,128.64,0.00,0.00,0.00,0.00,0.00,0.00,0.00,128.64,52,3,6689.28,6689.28,0.00,0.00,0.00,0.00,0.00,0.00,0.00,0.00,10.29,12.86,0.00,0.00,118.35,'','','','','','admin'),(171,1,'2019-08-08 10:33:40','Timesheet',1523,128.64,32.16,0.00,0.00,0.00,0.00,0.00,32.16,160.80,52,3,6689.28,6785.76,0.00,0.00,0.00,0.00,0.00,0.00,0.00,0.00,12.86,16.08,0.00,0.00,147.94,'','','','','','admin'),(172,1,'2019-08-08 10:33:40','Timesheet',1534,107.20,0.00,0.00,0.00,0.00,0.00,0.00,0.00,107.20,52,3,5574.40,5574.40,0.00,0.00,0.00,0.00,0.00,0.00,0.00,0.00,8.58,10.72,0.00,0.00,98.62,'','','','','','admin'),(173,1,'2019-08-08 10:33:40','Timesheet',1535,85.76,48.24,0.00,0.00,0.00,0.00,0.00,48.24,134.00,52,3,4459.52,4604.24,0.00,0.00,0.00,0.00,0.00,0.00,0.00,0.00,10.72,13.40,0.00,0.00,123.28,'','','','','','admin'),(174,1,'2019-08-08 10:33:40','Timesheet',1538,107.20,0.00,0.00,0.00,0.00,0.00,0.00,0.00,107.20,52,3,5574.40,5574.40,0.00,0.00,0.00,0.00,0.00,0.00,0.00,0.00,8.58,10.72,0.00,0.00,98.62,'','','','','','admin'),(175,1,'2019-08-08 10:33:40','Timesheet',1546,116.40,69.84,0.00,0.00,0.00,0.00,0.00,69.84,186.24,52,3,6052.80,6262.32,0.00,0.00,0.00,0.00,0.00,0.00,0.00,0.00,14.90,18.62,0.00,0.00,171.34,'','','','','','admin'),(176,1,'2019-08-08 10:33:40','Timesheet',1552,107.20,0.00,0.00,0.00,0.00,0.00,0.00,0.00,107.20,52,3,5574.40,5574.40,0.00,0.00,0.00,0.00,0.00,0.00,0.00,0.00,8.58,10.72,0.00,0.00,98.62,'','','','','','admin'),(177,1,'2019-08-08 10:33:40','Timesheet',1562,128.64,0.00,0.00,0.00,0.00,0.00,0.00,0.00,128.64,52,3,6689.28,6689.28,0.00,0.00,0.00,0.00,0.00,0.00,0.00,0.00,10.29,12.86,0.00,0.00,118.35,'','','','','','admin'),(178,1,'2019-08-08 10:33:40','Timesheet',1582,128.64,0.00,0.00,0.00,0.00,0.00,0.00,0.00,128.64,52,3,6689.28,6689.28,0.00,0.00,0.00,0.00,0.00,0.00,0.00,0.00,10.29,12.86,0.00,0.00,118.35,'','','','','','admin'),(179,1,'2019-08-08 10:33:41','Timesheet',1586,128.64,0.00,0.00,0.00,0.00,0.00,0.00,0.00,128.64,52,3,6689.28,6689.28,0.00,0.00,0.00,0.00,0.00,0.00,0.00,0.00,10.29,12.86,0.00,0.00,118.35,'','','','','','admin'),(180,1,'2019-08-08 10:33:41','Timesheet',1601,191.04,17.28,0.00,0.00,0.00,0.00,0.00,17.28,208.32,52,3,9934.08,9985.92,0.00,0.00,0.00,0.00,0.00,0.00,0.00,0.00,16.67,20.83,0.00,0.00,191.65,'','','','','','admin'),(181,1,'2019-08-08 10:33:41','Timesheet',1607,107.20,0.00,0.00,0.00,0.00,0.00,0.00,0.00,107.20,52,3,5574.40,5574.40,0.00,0.00,0.00,0.00,0.00,0.00,0.00,0.00,8.58,10.72,0.00,0.00,98.62,'','','','','','admin'),(182,1,'2019-08-08 10:33:41','Timesheet',1610,107.20,32.16,42.88,0.00,0.00,0.00,13.10,75.04,195.34,52,3,5574.40,5799.52,0.00,0.00,0.00,0.00,0.00,0.00,0.00,0.00,14.58,18.22,0.00,0.00,180.76,'','','','','','admin');

--
