
--
-- Table structure for table `salesitemscounter2_retailshops1`
--

CREATE TABLE `salesitemscounter2_retailshops1` (
  `sale_id` int(11) NOT NULL,
  `item_id` varchar(200) NOT NULL,
  `description` varchar(500) NOT NULL,
  `serialnumber` varchar(200) NOT NULL,
  `line` int(11) NOT NULL,
  `quantity_purchased` decimal(10,2) DEFAULT NULL,
  `item_cost_price` decimal(10,2) DEFAULT NULL,
  `item_unit_price` decimal(10,2) DEFAULT NULL,
  `discount_percent` decimal(10,2) DEFAULT NULL,
  `loccode` varchar(100) NOT NULL,
  `counter` varchar(100) NOT NULL,
  `vat` tinyint(1) NOT NULL DEFAULT '0',
  `ecal` tinyint(1) NOT NULL DEFAULT '0',
  `stock_updated` tinyint(1) DEFAULT '0',
  `date` datetime DEFAULT NULL
) ENGINE=InnoDB DEFAULT CHARSET=utf8;

--
-- Dumping data for table `salesitemscounter2_retailshops1`
--

INSERT INTO `salesitemscounter2_retailshops1` VALUES (6146,'60','','',1,1.00,NULL,9.99,0.00,'3','counter2',1,0,0,NULL),(6147,'95','','',2,2.86,NULL,4.99,0.00,'3','counter2',1,0,0,NULL),(6147,'118','','',1,1.10,NULL,17.99,0.00,'3','counter2',1,0,0,NULL),(6148,'28','','',1,2.58,NULL,3.99,0.00,'3','counter2',1,0,0,NULL),(6149,'65','','',1,1.10,NULL,6.95,0.00,'3','counter2',0,0,0,NULL),(6150,'28','','',1,1.14,NULL,3.99,0.00,'3','counter2',1,0,0,NULL),(6151,'28','','',1,4.76,NULL,3.99,0.00,'3','counter2',1,0,0,NULL),(6152,'17','','',1,2.34,NULL,12.49,0.00,'3','counter2',0,0,0,NULL),(6153,'51','','',1,2.99,NULL,13.29,0.00,'3','counter2',1,0,0,NULL),(6154,'8','','',2,0.56,NULL,8.99,0.00,'3','counter2',0,0,0,NULL),(6154,'58','','',1,1.45,NULL,17.49,0.00,'3','counter2',1,0,0,NULL),(6155,'54','','',1,0.84,NULL,8.49,0.00,'3','counter2',1,0,0,NULL),(6156,'60','','',1,2.30,NULL,9.99,0.00,'3','counter2',1,0,0,NULL),(6156,'65','','',2,3.48,NULL,6.95,0.00,'3','counter2',0,0,0,NULL),(6157,'65','','',1,3.26,NULL,6.95,0.00,'3','counter2',0,0,0,NULL),(6158,'62','','',1,1.01,NULL,6.99,0.00,'3','counter2',1,0,0,NULL),(6159,'28','','',1,2.97,NULL,3.99,0.00,'3','counter2',1,0,0,NULL),(6160,'95','','',1,1.95,NULL,4.99,0.00,'3','counter2',1,0,0,NULL),(6161,'51','','',1,1.49,NULL,13.29,0.00,'3','counter2',1,0,0,NULL),(6161,'118','','',2,1.47,NULL,17.99,0.00,'3','counter2',1,0,0,NULL),(6162,'28','','',1,2.41,NULL,3.99,0.00,'3','counter2',1,0,0,NULL),(6163,'28','','',1,1.05,NULL,3.99,0.00,'3','counter2',1,0,0,NULL),(6164,'95','','',1,1.85,NULL,4.99,0.00,'3','counter2',1,0,0,NULL),(6165,'28','','',1,10.00,NULL,3.99,0.00,'3','counter2',1,0,0,NULL),(6166,'23','','',1,1.82,NULL,8.99,0.00,'3','counter2',1,0,0,NULL),(6166,'26','','',2,1.20,NULL,8.99,0.00,'3','counter2',1,0,0,NULL),(6167,'62','','',1,1.91,NULL,6.99,0.00,'3','counter2',1,0,0,NULL),(6168,'28','','',1,2.17,NULL,3.99,0.00,'3','counter2',1,0,0,NULL),(6169,'28','','',1,1.61,NULL,3.99,0.00,'3','counter2',1,0,0,NULL),(6170,'60','','',1,2.61,NULL,9.99,0.00,'3','counter2',1,0,0,NULL),(6171,'28','','',1,1.55,NULL,3.99,0.00,'3','counter2',1,0,0,NULL),(6172,'95','','',1,2.09,NULL,4.99,0.00,'3','counter2',1,0,0,NULL),(6173,'95','','',1,1.21,NULL,4.99,0.00,'3','counter2',1,0,0,NULL),(6174,'62','','',1,1.17,NULL,6.99,0.00,'3','counter2',1,0,0,NULL),(6175,'95','','',1,1.06,NULL,4.99,0.00,'3','counter2',1,0,0,NULL),(6176,'28','','',1,2.87,NULL,3.99,0.00,'3','counter2',1,0,0,NULL),(6177,'28','','',1,2.39,NULL,3.99,0.00,'3','counter2',1,0,0,NULL),(6178,'60','','',1,1.00,NULL,9.99,0.00,'3','counter2',1,0,0,NULL),(6179,'28','','',1,3.10,NULL,3.99,0.00,'3','counter2',1,0,0,NULL),(6180,'28','','',1,1.53,NULL,3.99,0.00,'3','counter2',1,0,0,NULL),(6181,'62','','',1,1.16,NULL,6.99,0.00,'3','counter2',1,0,0,NULL),(6182,'95','','',1,2.33,NULL,4.99,0.00,'3','counter2',1,0,0,NULL),(6183,'28','','',1,1.29,NULL,3.99,0.00,'3','counter2',1,0,0,NULL),(6184,'28','','',1,1.45,NULL,3.99,0.00,'3','counter2',1,0,0,NULL),(6185,'51','','',1,0.77,NULL,13.29,0.00,'3','counter2',1,0,0,NULL),(6186,'144','','',1,1.48,NULL,8.99,0.00,'3','counter2',1,0,0,NULL),(6187,'28','','',1,1.52,NULL,3.99,0.00,'3','counter2',1,0,0,NULL),(6188,'62','','',1,2.49,NULL,6.99,0.00,'3','counter2',1,0,0,NULL),(6189,'14','','',1,1.59,NULL,1.50,0.00,'3','counter2',0,0,0,NULL),(6190,'65','','',2,0.98,NULL,6.95,0.00,'3','counter2',0,0,0,NULL),(6190,'118','','',1,0.96,NULL,17.99,0.00,'3','counter2',1,0,0,NULL),(6191,'28','','',1,1.42,NULL,3.99,0.00,'3','counter2',1,0,0,NULL),(6192,'142','','',1,1.40,NULL,4.99,0.00,'3','counter2',1,0,0,NULL),(6193,'130','','',1,1.00,NULL,6.99,0.00,'3','counter2',1,0,0,NULL),(6194,'95','','',1,1.30,NULL,4.99,0.00,'3','counter2',1,0,0,NULL),(6195,'95','','',1,0.66,NULL,4.99,0.00,'3','counter2',1,0,0,NULL),(6196,'28','','',1,3.74,NULL,3.99,0.00,'3','counter2',1,0,0,NULL),(6197,'28','','',1,0.77,NULL,3.99,0.00,'3','counter2',1,0,0,NULL),(6197,'95','','',2,1.99,NULL,4.99,0.00,'3','counter2',1,0,0,NULL),(6198,'95','','',1,2.37,NULL,4.99,0.00,'3','counter2',1,0,0,NULL),(6199,'95','','',1,1.92,NULL,4.99,0.00,'3','counter2',1,0,0,NULL),(6200,'28','','',1,1.28,NULL,3.99,0.00,'3','counter2',1,0,0,NULL),(6201,'51','','',1,0.76,NULL,13.29,0.00,'3','counter2',1,0,0,NULL),(6201,'54','','',2,1.21,NULL,8.49,0.00,'3','counter2',1,0,0,NULL),(6201,'118','','',3,0.69,NULL,17.99,0.00,'3','counter2',1,0,0,NULL),(6202,'28','','',1,2.96,NULL,3.99,0.00,'3','counter2',1,0,0,NULL),(6203,'6','','',4,0.75,NULL,6.95,0.00,'3','counter2',0,0,0,NULL),(6203,'23','','',3,1.49,NULL,8.99,0.00,'3','counter2',1,0,0,NULL),(6203,'52','','',2,1.00,NULL,15.99,0.00,'3','counter2',1,0,0,NULL),(6203,'59','','',1,1.46,NULL,17.99,0.00,'3','counter2',1,0,0,NULL),(6204,'54','','',1,1.16,NULL,8.49,0.00,'3','counter2',1,0,0,NULL),(6205,'28','','',1,1.99,NULL,3.99,0.00,'3','counter2',1,0,0,NULL),(6206,'65','','',1,1.06,NULL,6.95,0.00,'3','counter2',0,0,0,NULL),(6207,'95','','',1,1.68,NULL,4.99,0.00,'3','counter2',1,0,0,NULL),(6208,'62','','',1,1.46,NULL,6.99,0.00,'3','counter2',1,0,0,NULL),(6209,'78','','',1,1.51,NULL,9.95,0.00,'3','counter2',0,0,0,NULL),(6210,'62','','',1,1.08,NULL,6.99,0.00,'3','counter2',1,0,0,NULL),(6211,'62','','',1,1.08,NULL,6.99,0.00,'3','counter2',1,0,0,NULL),(6212,'142','','',1,2.76,NULL,4.99,0.00,'3','counter2',1,0,0,NULL),(6213,'53','','',1,1.67,NULL,16.99,0.00,'3','counter2',1,0,0,NULL),(6214,'28','','',2,1.86,NULL,3.99,0.00,'3','counter2',1,0,0,NULL),(6214,'142','','',1,2.07,NULL,4.99,0.00,'3','counter2',1,0,0,NULL),(6215,'28','','',1,1.24,NULL,3.99,0.00,'3','counter2',1,0,0,NULL),(6216,'28','','',1,1.47,NULL,3.99,0.00,'3','counter2',1,0,0,NULL),(6217,'95','','',1,1.85,NULL,4.99,0.00,'3','counter2',1,0,0,NULL),(6218,'62','','',1,2.06,NULL,6.99,0.00,'3','counter2',1,0,0,NULL),(6219,'95','','',1,1.05,NULL,4.99,0.00,'3','counter2',1,0,0,NULL),(6220,'28','','',1,3.47,NULL,3.99,0.00,'3','counter2',1,0,0,NULL),(6220,'95','','',2,4.40,NULL,4.99,0.00,'3','counter2',1,0,0,NULL),(6221,'28','','',1,2.87,NULL,3.99,0.00,'3','counter2',1,0,0,NULL),(6222,'52','','',1,1.59,NULL,15.99,0.00,'3','counter2',1,0,0,NULL),(6223,'28','','',1,2.63,NULL,3.99,0.00,'3','counter2',1,0,0,NULL),(6224,'28','','',1,0.93,NULL,3.99,0.00,'3','counter2',1,0,0,NULL),(6225,'142','','',1,3.26,NULL,4.99,0.00,'3','counter2',1,0,0,NULL),(6226,'147','','',1,1.46,NULL,4.50,0.00,'3','counter2',1,0,0,NULL),(6227,'28','','',1,1.61,NULL,3.99,0.00,'3','counter2',1,0,0,NULL),(6228,'95','','',1,1.20,NULL,4.99,0.00,'3','counter2',1,0,0,NULL),(6229,'27','','',1,2.02,NULL,3.70,0.00,'3','counter2',1,0,0,NULL),(6229,'28','','',2,2.63,NULL,3.99,0.00,'3','counter2',1,0,0,NULL),(6230,'95','','',1,1.60,NULL,4.99,0.00,'3','counter2',1,0,0,NULL),(6231,'51','','',1,2.25,NULL,13.29,0.00,'3','counter2',1,0,0,NULL),(6231,'62','','',2,0.79,NULL,6.99,0.00,'3','counter2',1,0,0,NULL),(6232,'28','','',1,1.24,NULL,3.99,0.00,'3','counter2',1,0,0,NULL),(6232,'68','','',2,1.82,NULL,11.50,0.00,'3','counter2',1,0,0,NULL),(6233,'28','','',2,1.45,NULL,3.99,0.00,'3','counter2',1,0,0,NULL),(6233,'95','','',1,2.82,NULL,4.99,0.00,'3','counter2',1,0,0,NULL),(6234,'28','','',1,1.31,NULL,3.99,0.00,'3','counter2',1,0,0,NULL),(6235,'101','','',2,0.82,NULL,22.00,0.00,'3','counter2',1,0,0,NULL),(6235,'118','','',1,1.25,NULL,17.99,0.00,'3','counter2',1,0,0,NULL),(6236,'95','','',1,2.05,NULL,4.99,0.00,'3','counter2',1,0,0,NULL),(6237,'23','','',1,0.94,NULL,8.99,0.00,'3','counter2',1,0,0,NULL),(6238,'65','','',1,1.33,NULL,6.95,0.00,'3','counter2',0,0,0,NULL),(6239,'28','','',1,2.63,NULL,3.99,0.00,'3','counter2',1,0,0,NULL),(6240,'28','','',2,2.03,NULL,3.99,0.00,'3','counter2',1,0,0,NULL),(6240,'53','','',1,1.65,NULL,16.99,0.00,'3','counter2',1,0,0,NULL),(6240,'118','','',3,1.56,NULL,17.99,0.00,'3','counter2',1,0,0,NULL),(6241,'28','','',1,1.34,NULL,3.99,0.00,'3','counter2',1,0,0,NULL),(6242,'52','','',1,1.23,NULL,15.99,0.00,'3','counter2',1,0,0,NULL),(6243,'28','','',1,1.35,NULL,3.99,0.00,'3','counter2',1,0,0,NULL),(6244,'95','','',1,1.87,NULL,4.99,0.00,'3','counter2',1,0,0,NULL),(6245,'28','','',1,1.91,NULL,3.99,0.00,'3','counter2',1,0,0,NULL),(6246,'28','','',1,2.49,NULL,3.99,0.00,'3','counter2',1,0,0,NULL),(6247,'51','','',1,0.68,NULL,13.29,0.00,'3','counter2',1,0,0,NULL),(6248,'28','','',1,1.71,NULL,3.99,0.00,'3','counter2',1,0,0,NULL),(6249,'62','','',1,4.01,NULL,6.99,0.00,'3','counter2',1,0,0,NULL),(6250,'60','','',1,1.45,NULL,9.99,0.00,'3','counter2',1,0,0,NULL),(6251,'28','','',1,2.22,NULL,3.99,0.00,'3','counter2',1,0,0,NULL),(6252,'95','','',1,2.65,NULL,4.99,0.00,'3','counter2',1,0,0,NULL),(6253,'8','','',1,0.59,NULL,8.99,0.00,'3','counter2',0,0,0,NULL),(6254,'28','','',1,2.69,NULL,3.99,0.00,'3','counter2',1,0,0,NULL),(6255,'58','','',2,2.00,NULL,17.49,0.00,'3','counter2',1,0,0,NULL),(6255,'118','','',1,0.75,NULL,17.99,0.00,'3','counter2',1,0,0,NULL),(6256,'51','','',1,0.97,NULL,13.29,0.00,'3','counter2',1,0,0,NULL),(6256,'52','','',2,1.24,NULL,15.99,0.00,'3','counter2',1,0,0,NULL),(6257,'28','','',1,1.97,NULL,3.99,0.00,'3','counter2',1,0,0,NULL),(6258,'28','','',1,1.04,NULL,3.99,0.00,'3','counter2',1,0,0,NULL),(6259,'28','','',1,1.13,NULL,3.99,0.00,'3','counter2',1,0,0,NULL),(6260,'28','','',2,1.51,NULL,3.99,0.00,'3','counter2',1,0,0,NULL),(6260,'142','','',1,1.36,NULL,4.99,0.00,'3','counter2',1,0,0,NULL),(6261,'28','','',2,1.36,NULL,3.99,0.00,'3','counter2',1,0,0,NULL),(6261,'95','','',1,1.48,NULL,4.99,0.00,'3','counter2',1,0,0,NULL),(6262,'95','','',1,1.34,NULL,4.99,0.00,'3','counter2',1,0,0,NULL),(6263,'53','','',1,1.21,NULL,16.99,0.00,'3','counter2',1,0,0,NULL),(6264,'28','','',3,0.78,NULL,3.99,0.00,'3','counter2',1,0,0,NULL),(6264,'62','','',1,0.55,NULL,6.99,0.00,'3','counter2',1,0,0,NULL),(6264,'95','','',2,1.48,NULL,4.99,0.00,'3','counter2',1,0,0,NULL),(6265,'28','','',1,0.96,NULL,3.99,0.00,'3','counter2',1,0,0,NULL),(6266,'28','','',1,1.22,NULL,3.99,0.00,'3','counter2',1,0,0,NULL),(6267,'28','','',1,4.32,NULL,3.99,0.00,'3','counter2',1,0,0,NULL),(6268,'28','','',1,1.76,NULL,3.99,0.00,'3','counter2',1,0,0,NULL),(6269,'28','','',1,3.94,NULL,3.99,0.00,'3','counter2',1,0,0,NULL),(6270,'51','','',1,0.97,NULL,13.29,0.00,'3','counter2',1,0,0,NULL),(6271,'153','','',1,1.91,NULL,7.99,0.00,'3','counter2',1,0,0,NULL),(6272,'23','','',1,0.65,NULL,8.99,0.00,'3','counter2',1,0,0,NULL),(6273,'23','','',1,0.86,NULL,8.99,0.00,'3','counter2',1,0,0,NULL),(6274,'28','','',1,1.88,NULL,3.99,0.00,'3','counter2',1,0,0,NULL),(6275,'56','','',1,1.90,NULL,16.99,0.00,'3','counter2',1,0,0,NULL),(6276,'28','','',3,2.67,NULL,3.99,0.00,'3','counter2',1,0,0,NULL),(6276,'78','','',2,1.65,NULL,9.95,0.00,'3','counter2',0,0,0,NULL),(6276,'118','','',4,3.57,NULL,17.99,0.00,'3','counter2',1,0,0,NULL),(6277,'28','','',1,2.74,NULL,3.99,0.00,'3','counter2',1,0,0,NULL),(6278,'60','','',1,0.49,NULL,9.99,0.00,'3','counter2',1,0,0,NULL),(6279,'28','','',1,2.42,NULL,3.99,0.00,'3','counter2',1,0,0,NULL),(6280,'95','','',1,2.96,NULL,4.99,0.00,'3','counter2',1,0,0,NULL),(6281,'27','','',1,1.01,NULL,3.70,0.00,'3','counter2',1,0,0,NULL),(6282,'95','','',1,2.76,NULL,4.99,0.00,'3','counter2',1,0,0,NULL),(6283,'51','','',1,1.19,NULL,13.29,0.00,'3','counter2',1,0,0,NULL),(6284,'23','','',1,1.05,NULL,8.99,0.00,'3','counter2',1,0,0,NULL),(6284,'130','','',2,0.67,NULL,6.99,0.00,'3','counter2',1,0,0,NULL),(6285,'62','','',1,1.41,NULL,6.99,0.00,'3','counter2',1,0,0,NULL),(6286,'95','','',1,1.06,NULL,4.99,0.00,'3','counter2',1,0,0,NULL),(6287,'28','','',1,3.28,NULL,3.99,0.00,'3','counter2',1,0,0,NULL),(6288,'118','','',1,1.39,NULL,17.99,0.00,'3','counter2',1,0,0,NULL),(6289,'95','','',1,1.84,NULL,4.99,0.00,'3','counter2',1,0,0,NULL),(6290,'95','','',1,2.78,NULL,4.99,0.00,'3','counter2',1,0,0,NULL),(6291,'130','','',1,1.54,NULL,6.99,0.00,'3','counter2',1,0,0,NULL),(6292,'58','','',1,1.39,NULL,17.49,0.00,'3','counter2',1,0,0,NULL),(6293,'28','','',1,2.04,NULL,3.99,0.00,'3','counter2',1,0,0,NULL),(6294,'28','','',1,3.25,NULL,3.99,0.00,'3','counter2',1,0,0,NULL),(6295,'54','','',1,0.63,NULL,8.49,0.00,'3','counter2',1,0,0,NULL),(6296,'28','','',1,3.47,NULL,3.99,0.00,'3','counter2',1,0,0,NULL),(6297,'28','','',1,2.02,NULL,3.99,0.00,'3','counter2',1,0,0,NULL),(6298,'65','','',1,1.46,NULL,6.95,0.00,'3','counter2',0,0,0,NULL),(6299,'28','','',1,2.04,NULL,3.99,0.00,'3','counter2',1,0,0,NULL),(6300,'28','','',1,1.61,NULL,3.99,0.00,'3','counter2',1,0,0,NULL),(6301,'26','','',1,1.28,NULL,8.99,0.00,'3','counter2',1,0,0,NULL),(6302,'28','','',1,1.87,NULL,3.99,0.00,'3','counter2',1,0,0,NULL),(6303,'95','','',1,0.99,NULL,4.99,0.00,'3','counter2',1,0,0,NULL),(6304,'54','','',1,0.64,NULL,8.49,0.00,'3','counter2',1,0,0,NULL),(6305,'28','','',1,2.45,NULL,3.99,0.00,'3','counter2',1,0,0,NULL),(6306,'130','','',1,0.74,NULL,6.99,0.00,'3','counter2',1,0,0,NULL),(6307,'28','','',1,1.42,NULL,3.99,0.00,'3','counter2',1,0,0,NULL),(6308,'130','','',1,1.91,NULL,6.99,0.00,'3','counter2',1,0,0,NULL),(6309,'95','','',1,1.82,NULL,4.99,0.00,'3','counter2',1,0,0,NULL),(6310,'95','','',1,1.60,NULL,4.99,0.00,'3','counter2',1,0,0,NULL),(6311,'6','','',1,0.69,NULL,6.95,0.00,'3','counter2',0,0,0,NULL),(6312,'10','','',4,0.72,NULL,6.99,0.00,'3','counter2',1,0,0,NULL),(6312,'23','','',3,1.02,NULL,8.99,0.00,'3','counter2',1,0,0,NULL),(6312,'54','','',1,1.21,NULL,8.49,0.00,'3','counter2',1,0,0,NULL),(6312,'56','','',2,0.85,NULL,16.99,0.00,'3','counter2',1,0,0,NULL),(6313,'28','','',1,1.05,NULL,3.99,0.00,'3','counter2',1,0,0,NULL),(6314,'28','','',1,1.02,NULL,3.99,0.00,'3','counter2',1,0,0,NULL),(6315,'28','','',1,1.67,NULL,3.99,0.00,'3','counter2',1,0,0,NULL),(6316,'130','','',1,1.01,NULL,6.99,0.00,'3','counter2',1,0,0,NULL),(6317,'28','','',1,2.96,NULL,3.99,0.00,'3','counter2',1,0,0,NULL),(6318,'51','','',1,1.24,NULL,13.29,0.00,'3','counter2',1,0,0,NULL),(6319,'15','','',1,0.53,NULL,9.75,0.00,'3','counter2',0,0,0,NULL),(6320,'28','','',1,1.60,NULL,3.99,0.00,'3','counter2',1,0,0,NULL),(6321,'28','','',1,1.48,NULL,3.99,0.00,'3','counter2',1,0,0,NULL),(6322,'62','','',1,1.54,NULL,6.99,0.00,'3','counter2',1,0,0,NULL),(6323,'135','','',1,1.51,NULL,3.70,0.00,'3','counter2',1,0,0,NULL),(6324,'54','','',1,1.05,NULL,8.49,0.00,'3','counter2',1,0,0,NULL),(6325,'62','','',1,1.46,NULL,6.99,0.00,'3','counter2',1,0,0,NULL),(6326,'28','','',1,1.88,NULL,3.99,0.00,'3','counter2',1,0,0,NULL),(6327,'8','','',1,0.33,NULL,8.99,0.00,'3','counter2',0,0,0,NULL),(6328,'95','','',1,1.12,NULL,4.99,0.00,'3','counter2',1,0,0,NULL),(6329,'28','','',1,3.61,NULL,3.99,0.00,'3','counter2',1,0,0,NULL),(6330,'28','','',1,2.86,NULL,3.99,0.00,'3','counter2',1,0,0,NULL),(6331,'28','','',1,1.99,NULL,3.99,0.00,'3','counter2',1,0,0,NULL),(6332,'95','','',1,1.84,NULL,4.99,0.00,'3','counter2',1,0,0,NULL),(6333,'28','','',1,2.07,NULL,3.99,0.00,'3','counter2',1,0,0,NULL),(6334,'28','','',1,3.11,NULL,3.99,0.00,'3','counter2',1,0,0,NULL),(6335,'62','','',1,1.25,NULL,6.99,0.00,'3','counter2',1,0,0,NULL),(6336,'28','','',2,1.28,NULL,3.99,0.00,'3','counter2',1,0,0,NULL),(6336,'95','','',1,2.29,NULL,4.99,0.00,'3','counter2',1,0,0,NULL),(6337,'28','','',1,3.78,NULL,3.99,0.00,'3','counter2',1,0,0,NULL),(6338,'95','','',1,2.41,NULL,4.99,0.00,'3','counter2',1,0,0,NULL),(6339,'28','','',1,1.75,NULL,3.99,0.00,'3','counter2',1,0,0,NULL),(6340,'28','','',1,2.64,NULL,3.99,0.00,'3','counter2',1,0,0,NULL),(6341,'28','','',1,2.36,NULL,3.99,0.00,'3','counter2',1,0,0,NULL),(6342,'28','','',1,2.17,NULL,3.99,0.00,'3','counter2',1,0,0,NULL),(6342,'95','','',2,2.07,NULL,4.99,0.00,'3','counter2',1,0,0,NULL),(6343,'56','','',1,3.83,NULL,16.99,0.00,'3','counter2',1,0,0,NULL),(6344,'28','','',1,3.39,NULL,3.99,0.00,'3','counter2',1,0,0,NULL),(6345,'28','','',1,1.20,NULL,3.99,0.00,'3','counter2',1,0,0,NULL),(6346,'28','','',1,2.86,NULL,3.99,0.00,'3','counter2',1,0,0,NULL),(6347,'23','','',1,0.39,NULL,8.99,0.00,'3','counter2',1,0,0,NULL),(6348,'28','','',1,1.15,NULL,3.99,0.00,'3','counter2',1,0,0,NULL),(6349,'28','','',1,2.17,NULL,3.99,0.00,'3','counter2',1,0,0,NULL),(6350,'28','','',1,2.04,NULL,3.99,0.00,'3','counter2',1,0,0,NULL),(6351,'60','','',1,2.00,NULL,9.99,0.00,'3','counter2',1,0,0,NULL),(6352,'13','','',1,3.45,NULL,7.79,0.00,'3','counter2',0,0,0,NULL),(6353,'62','','',1,2.86,NULL,6.99,0.00,'3','counter2',1,0,0,NULL),(6354,'135','','',1,1.89,NULL,3.70,0.00,'3','counter2',1,0,0,NULL),(6355,'28','','',1,1.41,NULL,3.99,0.00,'3','counter2',1,0,0,NULL),(6355,'95','','',2,1.86,NULL,4.99,0.00,'3','counter2',1,0,0,NULL),(6356,'28','','',1,2.00,NULL,3.99,0.00,'3','counter2',1,0,0,NULL),(6357,'95','','',1,2.16,NULL,4.99,0.00,'3','counter2',1,0,0,NULL),(6358,'28','','',1,1.36,NULL,3.99,0.00,'3','counter2',1,0,0,NULL),(6358,'95','','',2,1.99,NULL,4.99,0.00,'3','counter2',1,0,0,NULL),(6359,'62','','',1,0.43,NULL,6.99,0.00,'3','counter2',1,0,0,NULL),(6360,'135','','',1,1.35,NULL,3.70,0.00,'3','counter2',1,0,0,NULL),(6361,'28','','',1,2.28,NULL,3.99,0.00,'3','counter2',1,0,0,NULL),(6362,'28','','',1,1.61,NULL,3.99,0.00,'3','counter2',1,0,0,NULL),(6363,'52','','',1,1.06,NULL,15.99,0.00,'3','counter2',1,0,0,NULL),(6364,'54','','',1,0.90,NULL,8.49,0.00,'3','counter2',1,0,0,NULL),(6365,'142','','',1,1.32,NULL,4.99,0.00,'3','counter2',1,0,0,NULL),(6366,'28','','',1,1.57,NULL,3.99,0.00,'3','counter2',1,0,0,NULL),(6367,'28','','',1,2.69,NULL,3.99,0.00,'3','counter2',1,0,0,NULL),(6368,'28','','',1,1.25,NULL,3.99,0.00,'3','counter2',1,0,0,NULL),(6369,'78','','',1,1.30,NULL,9.95,0.00,'3','counter2',0,0,0,NULL),(6370,'78','','',1,1.50,NULL,9.95,0.00,'3','counter2',0,0,0,NULL),(6371,'78','','',1,1.37,NULL,9.95,0.00,'3','counter2',0,0,0,NULL),(6372,'135','','',1,1.08,NULL,3.70,0.00,'3','counter2',1,0,0,NULL),(6373,'28','','',2,0.83,NULL,3.99,0.00,'3','counter2',1,0,0,NULL),(6373,'95','','',1,1.01,NULL,4.99,0.00,'3','counter2',1,0,0,NULL),(6374,'28','','',1,2.01,NULL,3.99,0.00,'3','counter2',1,0,0,NULL),(6375,'130','','',1,0.47,NULL,6.99,0.00,'3','counter2',1,0,0,NULL),(6376,'62','','',1,1.12,NULL,6.99,0.00,'3','counter2',1,0,0,NULL),(6377,'23','','',1,1.08,NULL,8.99,0.00,'3','counter2',1,0,0,NULL),(6378,'62','','',1,0.73,NULL,6.99,0.00,'3','counter2',1,0,0,NULL),(6379,'28','','',1,1.02,NULL,3.99,0.00,'3','counter2',1,0,0,NULL),(6380,'28','','',1,2.41,NULL,3.99,0.00,'3','counter2',1,0,0,NULL),(6380,'95','','',2,1.09,NULL,4.99,0.00,'3','counter2',1,0,0,NULL),(6381,'28','','',1,2.57,NULL,3.99,0.00,'3','counter2',1,0,0,NULL),(6382,'28','','',1,2.65,NULL,3.99,0.00,'3','counter2',1,0,0,NULL),(6383,'28','','',1,1.49,NULL,3.99,0.00,'3','counter2',1,0,0,NULL),(6384,'51','','',1,1.06,NULL,13.29,0.00,'3','counter2',1,0,0,NULL),(6385,'62','','',1,1.01,NULL,6.99,0.00,'3','counter2',1,0,0,NULL),(6386,'28','','',1,3.86,NULL,3.99,0.00,'3','counter2',1,0,0,NULL),(6387,'28','','',2,2.07,NULL,3.99,0.00,'3','counter2',1,0,0,NULL),(6387,'62','','',1,1.11,NULL,6.99,0.00,'3','counter2',1,0,0,NULL),(6388,'28','','',1,2.21,NULL,3.99,0.00,'3','counter2',1,0,0,NULL),(6389,'28','','',1,0.86,NULL,3.99,0.00,'3','counter2',1,0,0,NULL),(6390,'142','','',1,1.71,NULL,4.99,0.00,'3','counter2',1,0,0,NULL),(6391,'28','','',1,3.21,NULL,3.99,0.00,'3','counter2',1,0,0,NULL),(6392,'54','','',1,1.16,NULL,8.49,0.00,'3','counter2',1,0,0,NULL),(6392,'59','','',2,1.58,NULL,17.99,0.00,'3','counter2',1,0,0,NULL),(6393,'28','','',1,1.21,NULL,3.99,0.00,'3','counter2',1,0,0,NULL),(6394,'28','','',1,1.80,NULL,3.99,0.00,'3','counter2',1,0,0,NULL),(6394,'95','','',2,2.12,NULL,4.99,0.00,'3','counter2',1,0,0,NULL),(6395,'28','','',1,2.22,NULL,3.99,0.00,'3','counter2',1,0,0,NULL),(6396,'28','','',1,2.93,NULL,3.99,0.00,'3','counter2',1,0,0,NULL),(6397,'28','','',1,3.06,NULL,3.99,0.00,'3','counter2',1,0,0,NULL),(6398,'28','','',2,2.16,NULL,3.99,0.00,'3','counter2',1,0,0,NULL),(6398,'60','','',1,0.96,NULL,9.99,0.00,'3','counter2',1,0,0,NULL),(6398,'62','','',3,1.77,NULL,6.99,0.00,'3','counter2',1,0,0,NULL),(6399,'62','','',1,0.71,NULL,6.99,0.00,'3','counter2',1,0,0,NULL),(6400,'54','','',1,0.45,NULL,8.49,0.00,'3','counter2',1,0,0,NULL),(6401,'28','','',2,1.90,NULL,3.99,0.00,'3','counter2',1,0,0,NULL),(6401,'54','','',1,0.82,NULL,8.49,0.00,'3','counter2',1,0,0,NULL),(6402,'28','','',1,2.53,NULL,3.99,0.00,'3','counter2',1,0,0,NULL),(6403,'23','','',2,1.01,NULL,8.99,0.00,'3','counter2',1,0,0,NULL),(6403,'60','','',1,1.00,NULL,9.99,0.00,'3','counter2',1,0,0,NULL),(6404,'23','','',1,1.13,NULL,8.99,0.00,'3','counter2',1,0,0,NULL),(6404,'54','','',2,0.66,NULL,8.49,0.00,'3','counter2',1,0,0,NULL),(6405,'58','','',1,1.30,NULL,17.49,0.00,'3','counter2',1,0,0,NULL),(6406,'28','','',1,2.54,NULL,3.99,0.00,'3','counter2',1,0,0,NULL),(6407,'28','','',1,1.27,NULL,3.99,0.00,'3','counter2',1,0,0,NULL),(6408,'28','','',1,1.35,NULL,3.99,0.00,'3','counter2',1,0,0,NULL),(6409,'54','','',1,0.90,NULL,8.49,0.00,'3','counter2',1,0,0,NULL),(6410,'95','','',1,1.18,NULL,4.99,0.00,'3','counter2',1,0,0,NULL),(6411,'28','','',1,2.60,NULL,3.99,0.00,'3','counter2',1,0,0,NULL),(6412,'28','','',1,2.04,NULL,3.99,0.00,'3','counter2',1,0,0,NULL),(6413,'28','','',1,3.67,NULL,3.99,0.00,'3','counter2',1,0,0,NULL),(6414,'28','','',1,1.53,NULL,3.99,0.00,'3','counter2',1,0,0,NULL),(6414,'135','','',2,0.93,NULL,3.70,0.00,'3','counter2',1,0,0,NULL),(6415,'28','','',1,2.91,NULL,3.99,0.00,'3','counter2',1,0,0,NULL),(6416,'95','','',1,3.29,NULL,4.99,0.00,'3','counter2',1,0,0,NULL),(6417,'28','','',1,2.50,NULL,3.99,0.00,'3','counter2',1,0,0,NULL),(6418,'28','','',1,10.00,NULL,3.99,0.00,'3','counter2',1,0,0,NULL),(6419,'118','','',1,1.15,NULL,17.99,0.00,'3','counter2',1,0,0,NULL),(6420,'28','','',3,3.60,NULL,3.99,0.00,'3','counter2',1,0,0,NULL),(6420,'60','','',1,0.76,NULL,9.99,0.00,'3','counter2',1,0,0,NULL),(6420,'130','','',2,1.07,NULL,6.99,0.00,'3','counter2',1,0,0,NULL),(6421,'28','','',1,1.56,NULL,3.99,0.00,'3','counter2',1,0,0,NULL),(6422,'62','','',1,1.37,NULL,6.99,0.00,'3','counter2',1,0,0,NULL),(6423,'28','','',1,2.31,NULL,3.99,0.00,'3','counter2',1,0,0,NULL),(6424,'28','','',1,1.60,NULL,3.99,0.00,'3','counter2',1,0,0,NULL),(6425,'28','','',1,1.27,NULL,3.99,0.00,'3','counter2',1,0,0,NULL),(6426,'142','','',1,2.28,NULL,4.99,0.00,'3','counter2',1,0,0,NULL),(6427,'135','','',1,1.07,NULL,3.70,0.00,'3','counter2',1,0,0,NULL),(6428,'28','','',1,0.95,NULL,3.99,0.00,'3','counter2',1,0,0,NULL),(6429,'65','','',1,0.59,NULL,6.95,0.00,'3','counter2',0,0,0,NULL),(6430,'60','','',1,1.00,NULL,9.99,0.00,'3','counter2',1,0,0,NULL),(6431,'95','','',1,2.05,NULL,4.99,0.00,'3','counter2',1,0,0,NULL),(6432,'16','','',1,2.23,NULL,10.99,0.00,'3','counter2',0,0,0,NULL),(6433,'28','','',1,1.39,NULL,3.99,0.00,'3','counter2',1,0,0,NULL),(6434,'51','','',1,1.07,NULL,13.29,0.00,'3','counter2',1,0,0,NULL),(6435,'95','','',1,2.20,NULL,4.99,0.00,'3','counter2',1,0,0,NULL),(6436,'28','','',2,1.13,NULL,3.99,0.00,'3','counter2',1,0,0,NULL),(6436,'130','','',1,0.27,NULL,6.99,0.00,'3','counter2',1,0,0,NULL),(6437,'8','','',1,2.00,NULL,8.99,0.00,'3','counter2',0,0,0,NULL),(6438,'28','','',1,2.06,NULL,3.99,0.00,'3','counter2',1,0,0,NULL),(6439,'28','','',1,2.02,NULL,3.99,0.00,'3','counter2',1,0,0,NULL),(6440,'95','','',1,1.02,NULL,4.99,0.00,'3','counter2',1,0,0,NULL),(6441,'28','','',1,5.15,NULL,3.99,0.00,'3','counter2',1,0,0,NULL),(6442,'28','','',1,2.55,NULL,3.99,0.00,'3','counter2',1,0,0,NULL),(6443,'28','','',1,2.64,NULL,3.99,0.00,'3','counter2',1,0,0,NULL),(6444,'28','','',1,1.45,NULL,3.99,0.00,'3','counter2',1,0,0,NULL),(6445,'28','','',1,0.84,NULL,3.99,0.00,'3','counter2',1,0,0,NULL),(6446,'28','','',1,2.07,NULL,3.99,0.00,'3','counter2',1,0,0,NULL),(6447,'28','','',1,0.66,NULL,3.99,0.00,'3','counter2',1,0,0,NULL),(6448,'28','','',1,1.50,NULL,3.99,0.00,'3','counter2',1,0,0,NULL),(6449,'28','','',1,2.45,NULL,3.99,0.00,'3','counter2',1,0,0,NULL),(6450,'95','','',1,1.24,NULL,4.99,0.00,'3','counter2',1,0,0,NULL),(6451,'28','','',1,2.99,NULL,3.99,0.00,'3','counter2',1,0,0,NULL),(6452,'23','','',1,0.45,NULL,8.99,0.00,'3','counter2',1,0,0,NULL),(6453,'28','','',1,1.92,NULL,3.99,0.00,'3','counter2',1,0,0,NULL),(6454,'8','','',1,0.56,NULL,8.99,0.00,'3','counter2',0,0,0,NULL),(6454,'15','','',2,0.64,NULL,9.75,0.00,'3','counter2',0,0,0,NULL),(6455,'95','','',1,2.41,NULL,4.99,0.00,'3','counter2',1,0,0,NULL),(6456,'28','','',1,3.32,NULL,3.99,0.00,'3','counter2',1,0,0,NULL),(6457,'60','','',1,0.72,NULL,9.99,0.00,'3','counter2',1,0,0,NULL),(6458,'78','','',1,1.46,NULL,9.95,0.00,'3','counter2',0,0,0,NULL),(6459,'28','','',1,1.74,NULL,3.99,0.00,'3','counter2',1,0,0,NULL),(6460,'23','','',1,1.71,NULL,8.99,0.00,'3','counter2',1,0,0,NULL),(6461,'28','','',1,3.06,NULL,3.99,0.00,'3','counter2',1,0,0,NULL),(6462,'28','','',1,0.91,NULL,3.99,0.00,'3','counter2',1,0,0,NULL),(6463,'95','','',1,2.16,NULL,4.99,0.00,'3','counter2',1,0,0,NULL),(6464,'62','','',1,0.72,NULL,6.99,0.00,'3','counter2',1,0,0,NULL),(6465,'95','','',1,1.05,NULL,4.99,0.00,'3','counter2',1,0,0,NULL),(6466,'10','','',1,1.51,NULL,6.99,0.00,'3','counter2',1,0,0,NULL),(6467,'28','','',1,2.28,NULL,3.99,0.00,'3','counter2',1,0,0,NULL),(6468,'28','','',1,3.69,NULL,3.99,0.00,'3','counter2',1,0,0,NULL),(6469,'54','','',1,0.56,NULL,8.49,0.00,'3','counter2',1,0,0,NULL),(6470,'23','','',2,0.78,NULL,8.99,0.00,'3','counter2',1,0,0,NULL),(6470,'54','','',1,0.89,NULL,8.49,0.00,'3','counter2',1,0,0,NULL),(6471,'28','','',1,1.50,NULL,3.99,0.00,'3','counter2',1,0,0,NULL),(6472,'28','','',1,1.47,NULL,3.99,0.00,'3','counter2',1,0,0,NULL),(6473,'62','','',1,1.97,NULL,6.99,0.00,'3','counter2',1,0,0,NULL),(6474,'28','','',1,2.73,NULL,3.99,0.00,'3','counter2',1,0,0,NULL),(6475,'28','','',1,1.51,NULL,3.99,0.00,'3','counter2',1,0,0,NULL),(6476,'28','','',1,2.63,NULL,3.99,0.00,'3','counter2',1,0,0,NULL),(6477,'28','','',1,1.88,NULL,3.99,0.00,'3','counter2',1,0,0,NULL),(6478,'28','','',1,2.79,NULL,3.99,0.00,'3','counter2',1,0,0,NULL),(6479,'28','','',1,2.42,NULL,3.99,0.00,'3','counter2',1,0,0,NULL),(6480,'28','','',1,1.78,NULL,3.99,0.00,'3','counter2',1,0,0,NULL),(6481,'78','','',1,7.68,NULL,9.95,0.00,'3','counter2',0,0,0,NULL),(6482,'28','','',1,3.59,NULL,3.99,0.00,'3','counter2',1,0,0,NULL),(6483,'28','','',1,2.50,NULL,3.99,0.00,'3','counter2',1,0,0,NULL),(6484,'28','','',1,1.35,NULL,3.99,0.00,'3','counter2',1,0,0,NULL),(6485,'95','','',1,2.22,NULL,4.99,0.00,'3','counter2',1,0,0,NULL),(6486,'95','','',1,1.29,NULL,4.99,0.00,'3','counter2',1,0,0,NULL),(6487,'95','','',1,0.58,NULL,4.99,0.00,'3','counter2',1,0,0,NULL),(6488,'28','','',1,2.32,NULL,3.99,0.00,'3','counter2',1,0,0,NULL),(6489,'95','','',1,0.44,NULL,4.99,0.00,'3','counter2',1,0,0,NULL),(6490,'28','','',1,5.43,NULL,3.99,0.00,'3','counter2',1,0,0,NULL),(6491,'28','','',1,0.49,NULL,3.99,0.00,'3','counter2',1,0,0,NULL),(6492,'28','','',1,1.72,NULL,3.99,0.00,'3','counter2',1,0,0,NULL),(6493,'95','','',1,1.48,NULL,4.99,0.00,'3','counter2',1,0,0,NULL),(6494,'28','','',1,1.75,NULL,3.99,0.00,'3','counter2',1,0,0,NULL),(6495,'28','','',1,1.47,NULL,3.99,0.00,'3','counter2',1,0,0,NULL),(6496,'28','','',1,1.72,NULL,3.99,0.00,'3','counter2',1,0,0,NULL),(6497,'28','','',1,1.41,NULL,3.99,0.00,'3','counter2',1,0,0,NULL),(6498,'28','','',1,1.20,NULL,3.99,0.00,'3','counter2',1,0,0,NULL),(6499,'28','','',1,1.39,NULL,3.99,0.00,'3','counter2',1,0,0,NULL),(6500,'28','','',1,1.79,NULL,3.99,0.00,'3','counter2',1,0,0,NULL),(6501,'28','','',1,1.52,NULL,3.99,0.00,'3','counter2',1,0,0,NULL),(6502,'28','','',1,2.58,NULL,3.99,0.00,'3','counter2',1,0,0,NULL),(6503,'28','','',1,1.00,NULL,3.99,0.00,'3','counter2',1,0,0,NULL),(6504,'28','','',1,1.94,NULL,3.99,0.00,'3','counter2',1,0,0,NULL),(6505,'28','','',1,1.30,NULL,3.99,0.00,'3','counter2',1,0,0,NULL),(6506,'65','','',1,1.17,NULL,6.95,0.00,'3','counter2',0,0,0,NULL),(6507,'95','','',1,1.22,NULL,4.99,0.00,'3','counter2',1,0,0,NULL),(6508,'130','','',1,0.81,NULL,6.99,0.00,'3','counter2',1,0,0,NULL),(6509,'28','','',1,2.73,NULL,3.99,0.00,'3','counter2',1,0,0,NULL),(6510,'53','','',1,1.59,NULL,16.99,0.00,'3','counter2',1,0,0,NULL),(6511,'95','','',1,1.60,NULL,4.99,0.00,'3','counter2',1,0,0,NULL),(6512,'28','','',1,1.57,NULL,3.99,0.00,'3','counter2',1,0,0,NULL),(6513,'15','','',1,1.33,NULL,9.75,0.00,'3','counter2',0,0,0,NULL),(6514,'16','','',1,1.12,NULL,10.99,0.00,'3','counter2',0,0,0,NULL),(6515,'28','','',2,4.42,NULL,3.99,0.00,'3','counter2',1,0,0,NULL),(6515,'60','','',1,2.13,NULL,9.99,0.00,'3','counter2',1,0,0,NULL),(6516,'28','','',1,3.40,NULL,3.99,0.00,'3','counter2',1,0,0,NULL),(6517,'28','','',1,1.59,NULL,3.99,0.00,'3','counter2',1,0,0,NULL),(6518,'75','','',1,2.39,NULL,12.45,0.00,'3','counter2',0,0,0,NULL),(6519,'62','','',1,1.21,NULL,6.99,0.00,'3','counter2',1,0,0,NULL),(6520,'28','','',1,3.26,NULL,3.99,0.00,'3','counter2',1,0,0,NULL),(6521,'8','','',1,1.67,NULL,8.99,0.00,'3','counter2',0,0,0,NULL),(6522,'8','','',1,1.67,NULL,8.99,0.00,'3','counter2',0,0,0,NULL),(6523,'135','','',1,1.61,NULL,3.70,0.00,'3','counter2',1,0,0,NULL),(6524,'17','','',1,0.64,NULL,12.49,0.00,'3','counter2',0,0,0,NULL),(6525,'95','','',1,2.08,NULL,4.99,0.00,'3','counter2',1,0,0,NULL),(6526,'28','','',1,2.67,NULL,3.99,0.00,'3','counter2',1,0,0,NULL),(6527,'28','','',1,1.88,NULL,3.99,0.00,'3','counter2',1,0,0,NULL),(6528,'62','','',1,1.26,NULL,6.99,0.00,'3','counter2',1,0,0,NULL),(6529,'28','','',1,2.97,NULL,3.99,0.00,'3','counter2',1,0,0,NULL),(6530,'51','','',1,0.75,NULL,13.29,0.00,'3','counter2',1,0,0,NULL),(6531,'28','','',1,3.31,NULL,3.99,0.00,'3','counter2',1,0,0,NULL),(6532,'28','','',1,1.70,NULL,3.99,0.00,'3','counter2',1,0,0,NULL),(6533,'28','','',1,3.09,NULL,3.99,0.00,'3','counter2',1,0,0,NULL),(6534,'28','','',1,2.14,NULL,3.99,0.00,'3','counter2',1,0,0,NULL),(6535,'28','','',1,1.12,NULL,3.99,0.00,'3','counter2',1,0,0,NULL),(6536,'62','','',1,0.71,NULL,6.99,0.00,'3','counter2',1,0,0,NULL),(6537,'28','','',1,2.59,NULL,3.99,0.00,'3','counter2',1,0,0,NULL),(6538,'95','','',1,1.27,NULL,4.99,0.00,'3','counter2',1,0,0,NULL),(6539,'19','','',1,0.64,NULL,12.45,0.00,'3','counter2',0,0,0,NULL),(6540,'135','','',1,1.25,NULL,3.70,0.00,'3','counter2',1,0,0,NULL),(6541,'28','','',1,1.01,NULL,3.99,0.00,'3','counter2',1,0,0,NULL),(6542,'10','','',1,1.46,NULL,6.99,0.00,'3','counter2',1,0,0,NULL),(6543,'51','','',1,22.80,NULL,13.00,0.00,'3','counter2',1,0,0,NULL);

--
-- Table structure for table `salesman`
--

CREATE TABLE `salesman` (
  `salesmancode` varchar(4) NOT NULL DEFAULT '',
  `salesmanname` char(30) NOT NULL DEFAULT '',
  `smantel` char(20) NOT NULL DEFAULT '',
  `smanfax` char(20) NOT NULL DEFAULT '',
  `commissionrate1` double NOT NULL DEFAULT '0',
  `breakpoint` decimal(10,0) NOT NULL DEFAULT '0',
  `commissionrate2` double NOT NULL DEFAULT '0',
  `current` tinyint(4) NOT NULL COMMENT 'Salesman current (1) or not (0)',
  PRIMARY KEY (`salesmancode`)
) ENGINE=InnoDB DEFAULT CHARSET=utf8;

--
-- Dumping data for table `salesman`
--

INSERT INTO `salesman` VALUES ('001','Niaz','','',0,0,0,1);

--
-- Table structure for table `salesorderdetails`
--

CREATE TABLE `salesorderdetails` (
  `orderlineno` int(11) NOT NULL,
  `orderno` int(11) NOT NULL,
  `stkcode` varchar(20) NOT NULL DEFAULT '',
  `stock_name` varchar(100) DEFAULT NULL,
  `qtyinvoiced` double NOT NULL DEFAULT '0',
  `unitprice` decimal(10,4) NOT NULL,
  `quantity` double NOT NULL DEFAULT '0',
  `uom` varchar(100) DEFAULT NULL,
  `estimate` tinyint(4) NOT NULL DEFAULT '0',
  `discountpercent` double NOT NULL DEFAULT '0',
  `actualdispatchdate` datetime DEFAULT NULL,
  `completed` tinyint(1) NOT NULL DEFAULT '0',
  `narrative` text,
  `itemdue` date DEFAULT NULL COMMENT 'Due date for line item.  Some customers require \r\nacknowledgements with due dates by line item',
  `poline` varchar(10) DEFAULT NULL COMMENT 'Some Customers require acknowledgements with a PO line number for each sales line',
  PRIMARY KEY (`orderlineno`,`orderno`),
  KEY `OrderNo` (`orderno`),
  KEY `StkCode` (`stkcode`),
  KEY `Completed` (`completed`)
) ENGINE=InnoDB DEFAULT CHARSET=utf8;

--
-- Dumping data for table `salesorderdetails`
--

INSERT INTO `salesorderdetails` VALUES (1,8,'CONTRACTBILL',NULL,0,4473.6200,1,'',0,0,'0000-00-00 00:00:00',0,'','2018-03-02',''),(1,24,'CONTRACTBILL',NULL,0,8711.7900,1,'',0,0,'0000-00-00 00:00:00',0,'','2018-03-11',''),(1,101,'CONTRACTBILL',NULL,0,8711.7900,1,NULL,0,0,NULL,0,'','2018-05-02',''),(1,102,'CONTRACTBILL',NULL,0,8711.7900,1,NULL,0,0,NULL,0,'test1','2018-05-02',''),(1,103,'CONTRACTBILL',NULL,0,8711.7900,1,NULL,0,0,NULL,0,'Install fire system. claim: 345','2018-05-02',''),(32,31,'CIT2','Supply and Return of Notes from ATM',0,0.0063,1214434,'note',0,0,NULL,0,'','2018-04-05',''),(33,31,'CIT1','Replenishment of ATM (includes security escort)',0,140.0000,152,'ATM',0,0,NULL,0,'','2018-04-05',''),(34,31,'CIT12','Vault Management',0,700.0000,1,'month',0,0,NULL,0,'','2018-04-05',''),(35,31,'CIT13','ATM Forecasting',0,25.0000,38,'ATM',0,0,NULL,0,'','2018-04-05',''),(36,31,'CIT15',' Reserve Bank Repat (includes security escort)',0,300.0000,5,'pickup/dropoff',0,0,NULL,0,'','2018-04-05',''),(37,31,'CIT3','ATM Fault Servicing',0,130.0000,70,'each',0,0,NULL,0,'','2018-04-05',''),(50,32,'CIT3','ATM Fault Servicing',0,130.0000,20,'each',0,0,NULL,0,'','2018-04-30',''),(50,33,'CIT3','ATM Fault Servicing',0,130.0000,20,'each',0,0,NULL,0,'','2018-03-31',''),(50,34,'CIT3','ATM Fault Servicing',0,130.0000,20,'each',0,0,NULL,0,'','2018-03-31',''),(50,111,'CIT3','ATM Fault Servicing',0,130.0000,18,'each',0,0,NULL,0,'','2018-03-31',''),(51,32,'CIT1','Replenishment of ATM (includes security escort)',0,140.0000,154,'ATM',0,0,NULL,0,'','2018-04-30',''),(51,33,'CIT1','Replenishment of ATM (includes security escort)',0,140.0000,154,'ATM',0,0,NULL,0,'','2018-03-31',''),(51,34,'CIT1','Replenishment of ATM (includes security escort)',0,140.0000,154,'ATM',0,0,NULL,0,'','2018-03-31',''),(51,111,'CIT1','Replenishment of ATM (includes security escort)',0,140.0000,154,'ATM',0,0,NULL,0,'','2018-03-31',''),(52,32,'CIT2','Supply and Return of Notes from ATM',0,0.0063,1271085,'note',0,0,NULL,0,'','2018-04-30',''),(52,33,'CIT2','Supply and Return of Notes from ATM',0,0.0063,1271085,'note',0,0,NULL,0,'','2018-03-31',''),(52,34,'CIT2','Supply and Return of Notes from ATM',0,0.0063,1271085,'note',0,0,NULL,0,'','2018-03-31',''),(52,111,'CIT2','Supply and Return of Notes from ATM',0,0.0063,1271085,'note',0,0,NULL,0,'','2018-03-31',''),(53,32,'CIT15',' Reserve Bank Repat (includes security escort)',0,300.0000,5,'pickup/dropoff',0,0,NULL,0,'','2018-04-30',''),(53,33,'CIT15',' Reserve Bank Repat (includes security escort)',0,300.0000,5,'pickup/dropoff',0,0,NULL,0,'','2018-03-31',''),(53,34,'CIT15',' Reserve Bank Repat (includes security escort)',0,300.0000,5,'pickup/dropoff',0,0,NULL,0,'','2018-03-31',''),(53,111,'CIT15',' Reserve Bank Repat (includes security escort)',0,300.0000,5,'pickup/dropoff',0,0,NULL,0,'','2018-03-31',''),(54,32,'CIT7','Supply of Notes',0,0.0063,90000,'note',0,0,NULL,0,'','2018-04-30',''),(54,33,'CIT7','Supply of Notes',0,0.0063,90000,'note',0,0,NULL,0,'','2018-03-31',''),(54,34,'CIT7','Supply of Notes',0,0.0063,90000,'note',0,0,NULL,0,'','2018-03-31',''),(54,111,'CIT7','Supply of Notes',0,0.0063,90000,'note',0,0,NULL,0,'','2018-03-31',''),(55,32,'CIT5','Branch Order/Repatriation/Deposit Tower Collection',0,140.0000,29,'pickup/dropoff',0,0,NULL,0,'','2018-04-30',''),(55,33,'CIT5','Branch Order/Repatriation/Deposit Tower Collection',0,140.0000,29,'pickup/dropoff',0,0,NULL,0,'','2018-03-31',''),(55,34,'CIT5','Branch Order/Repatriation/Deposit Tower Collection',0,140.0000,29,'pickup/dropoff',0,0,NULL,0,'','2018-03-31',''),(55,111,'CIT5','Branch Order/Repatriation/Deposit Tower Collection',0,140.0000,29,'pickup/dropoff',0,0,NULL,0,'','2018-03-31',''),(56,32,'CIT9','Supply of Coins - Rolled Coins',0,1.6000,4090,'bag',0,0,NULL,0,'','2018-04-30',''),(56,33,'CIT9','Supply of Coins - Rolled Coins',0,1.6000,4090,'bag',0,0,NULL,0,'','2018-03-31',''),(56,34,'CIT9','Supply of Coins - Rolled Coins',0,1.6000,4090,'bag',0,0,NULL,0,'','2018-03-31',''),(56,111,'CIT9','Supply of Coins - Rolled Coins',0,1.6000,4090,'bag',0,0,NULL,0,'','2018-03-31',''),(57,32,'CIT8','Supply of Coins - Loose Coins',0,0.8000,3600,'bag',0,0,NULL,0,'','2018-04-30',''),(57,33,'CIT8','Supply of Coins - Loose Coins',0,0.8000,3600,'bag',0,0,NULL,0,'','2018-03-31',''),(58,32,'CIT13','ATM Forecasting',0,25.0000,38,'ATM',0,0,NULL,0,'','2018-04-30',''),(58,33,'CIT13','ATM Forecasting',0,25.0000,38,'ATM',0,0,NULL,0,'','2018-03-31',''),(58,34,'CIT13','ATM Forecasting',0,25.0000,38,'ATM',0,0,NULL,0,'','2018-03-31',''),(58,111,'CIT13','ATM Forecasting',0,25.0000,38,'ATM',0,0,NULL,0,'','2018-03-31',''),(59,32,'CIT12','Vault Management',0,700.0000,1,'month',0,0,NULL,0,'','2018-04-30',''),(59,33,'CIT12','Vault Management',0,700.0000,1,'month',0,0,NULL,0,'','2018-03-31',''),(59,34,'CIT12','Vault Management',0,700.0000,1,'month',0,0,NULL,0,'','2018-03-31',''),(59,111,'CIT12','Vault Management',0,700.0000,1,'month',0,0,NULL,0,'','2018-03-31',''),(60,104,'CIT3','ATM Fault Servicing',0,130.0000,20,'ATM',0,0,NULL,0,'','2018-05-31',''),(61,104,'CIT5','Branch Order/Repatriation/Deposit Tower Collection',0,140.0000,2,'each',0,0,NULL,0,'','2018-05-31',''),(62,104,'CIT1','Replenishment of ATM (includes security escort)',0,140.0000,140,'ATM',0,0,NULL,0,'','2018-05-31',''),(63,104,'CIT13','ATM Forecasting',0,25.0000,32,'ATM per month',0,0,NULL,0,'','2018-05-31',''),(64,104,'CIT12','Vault Management',0,700.0000,1,'month',0,0,NULL,0,'','2018-05-31',''),(65,104,'CIT9','Supply of Coins - Rolled Coins',0,1.6000,810,'bag',0,0,NULL,0,'','2018-05-31',''),(66,104,'CIT7','Supply of Notes',0,0.0063,65000,'note',0,0,NULL,0,'','2018-05-31',''),(67,104,'CIT2','Supply and Return of Notes from ATM',0,0.0063,950000,'note',0,0,NULL,0,'','2018-05-31',''),(68,105,'CIT3','ATM Fault Servicing',0,130.0000,24,'ATM',0,0,NULL,0,'','2018-04-30',''),(69,105,'CIT1','Replenishment of ATM (includes security escort)',0,140.0000,106,'ATM',0,0,NULL,0,'','2018-04-30',''),(70,105,'CIT2','Supply and Return of Notes from ATM',0,0.0063,918930,'note',0,0,NULL,0,'','2018-04-30',''),(72,105,'CIT9','Supply of Coins - Rolled Coins',0,1.6000,3710,'',0,0,NULL,0,'','2018-04-30',''),(73,105,'CIT7','Supply of Notes',0,0.0063,121500,'note',0,0,NULL,0,'','2018-04-30',''),(74,105,'CIT13','ATM Forecasting',0,25.0000,38,'ATM per month',0,0,NULL,0,'','2018-04-30',''),(75,105,'CIT12','Vault Management',0,700.0000,1,'month',0,0,NULL,0,'','2018-04-30',''),(76,105,'CIT5','Branch Order/Repatriation/Deposit Tower Collection',0,140.0000,24,'each',0,0,NULL,0,'','2018-04-30',''),(77,105,'CIT15',' Reserve Bank Repat (includes security escort)',0,300.0000,4,'month',0,0,NULL,0,'','2018-04-30',''),(78,106,'CIT3','ATM Fault Servicing',0,130.0000,52,'each',0,0,NULL,0,'','2018-02-28',''),(79,106,'CIT1','Replenishment of ATM (includes security escort)',0,140.0000,113,'ATM',0,0,NULL,0,'','2018-02-28',''),(80,106,'CIT13','ATM Forecasting',0,25.0000,36,'month',0,0,NULL,0,'','2018-02-28',''),(81,106,'CIT12','Vault Management',0,700.0000,1,'month',0,0,NULL,0,'','2018-02-28',''),(82,106,'CIT2','Supply and Return of Notes from ATM',0,0.0063,880178,'note',0,0,NULL,0,'','2018-02-28',''),(83,106,'CIT4','Reserve Bank Collection (includes security escort)',0,300.0000,3,'month',0,0,NULL,0,'','2018-02-28',''),(84,107,'CIT13','ATM Forecasting',0,25.0000,38,'ATM per month',0,0,NULL,0,'','2018-03-31',''),(84,108,'CIT13','ATM Forecasting',0,25.0000,38,'ATM per month',0,0,NULL,0,'','2018-03-31',''),(85,107,'CIT12','Vault Management',0,700.0000,1,'month',0,0,NULL,0,'','2018-03-31',''),(85,108,'CIT12','Vault Management',0,700.0000,1,'month',0,0,NULL,0,'','2018-03-31',''),(86,107,'CIT3','ATM Fault Servicing',0,130.0000,20,'ATM',0,0,NULL,0,'','2018-03-31',''),(86,108,'CIT3','ATM Fault Servicing',0,130.0000,20,'ATM',0,0,NULL,0,'','2018-03-31',''),(87,107,'CIT2','Supply and Return of Notes from ATM',0,0.0063,921449,'month',0,0,NULL,0,'','2018-03-31',''),(87,108,'CIT2','Supply and Return of Notes from ATM',0,0.0063,921449,'month',0,0,NULL,0,'','2018-03-31',''),(88,107,'CIT9','Supply of Coins - Rolled Coins',0,1.6000,4090,'bag',0,0,NULL,0,'','2018-03-31',''),(88,108,'CIT9','Supply of Coins - Rolled Coins',0,1.6000,4090,'bag',0,0,NULL,0,'','2018-03-31',''),(89,107,'CIT7','Supply of Notes',0,0.0063,1539700,'note',0,0,NULL,0,'','2018-03-31',''),(89,108,'CIT7','Supply of Notes',0,0.0063,1539700,'note',0,0,NULL,0,'','2018-03-31',''),(90,107,'CIT1','Replenishment of ATM (includes security escort)',0,140.0000,154,'ATM',0,0,NULL,0,'','2018-03-31',''),(90,108,'CIT1','Replenishment of ATM (includes security escort)',0,140.0000,154,'ATM',0,0,NULL,0,'','2018-03-31',''),(91,107,'CIT15',' Reserve Bank Repat (includes security escort)',0,300.0000,5,'month',0,0,NULL,0,'','2018-03-31',''),(91,108,'CIT15',' Reserve Bank Repat (includes security escort)',0,300.0000,5,'month',0,0,NULL,0,'','2018-03-31',''),(92,108,'CIT5','Branch Order/Repatriation/Deposit Tower Collection',0,140.0000,29,'pickup/dropoff',0,0,NULL,0,'','2018-03-31',''),(241,1,'1','To Replace existing Bells with RH3 Sounders',0,52.7500,18,'',0,0,'0000-00-00 00:00:00',0,'testing narations','2018-03-01',''),(241,2,'1','To Replace existing Bells with RH3 Sounders',0,52.7500,18,'',0,0,'0000-00-00 00:00:00',0,'testing narations','2018-03-01',''),(241,3,'1','To Replace existing Bells with RH3 Sounders',0,52.7500,18,'',0,0,'0000-00-00 00:00:00',0,'testing narations','2018-03-01',''),(241,4,'1','To Replace existing Bells with RH3 Sounders',0,52.7500,18,'',0,0,'0000-00-00 00:00:00',0,'testing narations','2018-03-02',''),(241,5,'1','To Replace existing Bells with RH3 Sounders',0,52.7500,18,'',0,0,'0000-00-00 00:00:00',0,'testing narations','2018-03-02',''),(241,6,'1','To Replace existing Bells with RH3 Sounders',0,52.7500,18,'',0,0,'0000-00-00 00:00:00',0,'testing narations','2018-03-02',''),(241,7,'1','To Replace existing Bells with RH3 Sounders',0,52.7500,18,'',0,0,'0000-00-00 00:00:00',0,'testing narations','2018-03-02',''),(241,9,'1','To Replace existing Bells with RH3 Sounders',0,52.7500,18,'',0,0,'0000-00-00 00:00:00',0,'testing narations','2018-03-03',''),(241,11,'1','To Replace existing Bells with RH3 Sounders',0,52.7500,18,'',0,0,'0000-00-00 00:00:00',0,'testing narations','2018-03-03',''),(241,12,'1','To Replace existing Bells with RH3 Sounders',0,52.7500,18,'',0,0,'0000-00-00 00:00:00',0,'testing narations','2018-03-03',''),(241,13,'1','To Replace existing Bells with RH3 Sounders',0,52.7500,18,'',0,0,'0000-00-00 00:00:00',0,'testing narations','2018-03-03',''),(241,14,'1','To Replace existing Bells with RH3 Sounders',0,52.7500,18,'',0,0,'0000-00-00 00:00:00',0,'testing narations','2018-03-03',''),(241,15,'1','To Replace existing Bells with RH3 Sounders',0,52.7500,18,'',0,0,'0000-00-00 00:00:00',0,'testing narations','2018-03-03',''),(241,16,'1','To Replace existing Bells with RH3 Sounders',0,52.7500,18,'',0,0,'0000-00-00 00:00:00',0,'testing narations','2018-03-03',''),(241,17,'1','To Replace existing Bells with RH3 Sounders',0,52.7500,18,'',0,0,'0000-00-00 00:00:00',0,'testing narations','2018-03-03',''),(241,18,'1','To Replace existing Bells with RH3 Sounders',0,52.7500,18,'',0,0,'0000-00-00 00:00:00',0,'testing narations','2018-03-03',''),(241,19,'1','To Replace existing Bells with RH3 Sounders',0,52.7500,18,'',0,0,'0000-00-00 00:00:00',0,'testing narations','2018-03-03',''),(241,21,'1','To Replace existing Bells with RH3 Sounders',0,52.7500,18,'',0,0,'0000-00-00 00:00:00',0,'testing narations','2018-03-03',''),(241,22,'1','To Replace existing Bells with RH3 Sounders',0,52.7500,18,'',0,0,'0000-00-00 00:00:00',0,'testing narations','2018-03-03',''),(241,28,'1','To Replace existing Bells with RH3 Sounders',0,52.7500,18,'',0,0,NULL,0,'testing narations','2018-04-03',''),(241,29,'1','To Replace existing Bells with RH3 Sounders',0,52.7500,18,'',0,0,NULL,0,'testing narations','2018-04-03',''),(241,30,'1','To Replace existing Bells with RH3 Sounders',0,52.7500,18,'',0,0,NULL,0,'testing narations','2018-04-03',''),(241,32,'1','To Replace existing Bells with RH3 Sounders',0,52.7500,18,NULL,0,0,NULL,0,'testing narations','2018-05-02',''),(242,1,'2','To Replace existing Manual Call Points as required',0,95.6167,8,'',0,0,'0000-00-00 00:00:00',0,'','2018-03-01',''),(242,2,'2','To Replace existing Manual Call Points as required',0,95.6167,8,'',0,0,'0000-00-00 00:00:00',0,'','2018-03-01',''),(242,3,'2','To Replace existing Manual Call Points as required',0,95.6167,8,'',0,0,'0000-00-00 00:00:00',0,'','2018-03-01',''),(242,4,'2','To Replace existing Manual Call Points as required',0,95.6167,8,'',0,0,'0000-00-00 00:00:00',0,'','2018-03-02',''),(242,5,'2','To Replace existing Manual Call Points as required',0,95.6167,8,'',0,0,'0000-00-00 00:00:00',0,'','2018-03-02',''),(242,6,'2','To Replace existing Manual Call Points as required',0,95.6167,8,'',0,0,'0000-00-00 00:00:00',0,'','2018-03-02',''),(242,7,'2','To Replace existing Manual Call Points as required',0,95.6167,8,'',0,0,'0000-00-00 00:00:00',0,'','2018-03-02',''),(242,9,'2','To Replace existing Manual Call Points as required',0,95.6167,8,'',0,0,'0000-00-00 00:00:00',0,'','2018-03-03',''),(242,11,'2','To Replace existing Manual Call Points as required',0,95.6167,8,'',0,0,'0000-00-00 00:00:00',0,'','2018-03-03',''),(242,12,'2','To Replace existing Manual Call Points as required',0,95.6167,8,'',0,0,'0000-00-00 00:00:00',0,'','2018-03-03',''),(242,13,'2','To Replace existing Manual Call Points as required',0,95.6167,8,'',0,0,'0000-00-00 00:00:00',0,'','2018-03-03',''),(242,14,'2','To Replace existing Manual Call Points as required',0,95.6167,8,'',0,0,'0000-00-00 00:00:00',0,'','2018-03-03',''),(242,15,'2','To Replace existing Manual Call Points as required',0,95.6167,8,'',0,0,'0000-00-00 00:00:00',0,'','2018-03-03',''),(242,16,'2','To Replace existing Manual Call Points as required',0,95.6167,8,'',0,0,'0000-00-00 00:00:00',0,'','2018-03-03',''),(242,17,'2','To Replace existing Manual Call Points as required',0,95.6167,8,'',0,0,'0000-00-00 00:00:00',0,'','2018-03-03',''),(242,18,'2','To Replace existing Manual Call Points as required',0,95.6167,8,'',0,0,'0000-00-00 00:00:00',0,'','2018-03-03',''),(242,19,'2','To Replace existing Manual Call Points as required',0,95.6167,8,'',0,0,'0000-00-00 00:00:00',0,'','2018-03-03',''),(242,21,'2','To Replace existing Manual Call Points as required',0,95.6167,8,'',0,0,'0000-00-00 00:00:00',0,'','2018-03-03',''),(242,22,'2','To Replace existing Manual Call Points as required',0,95.6167,8,'',0,0,'0000-00-00 00:00:00',0,'','2018-03-03',''),(242,28,'2','To Replace existing Manual Call Points as required',0,95.6167,8,'',0,0,NULL,0,'','2018-04-03',''),(242,29,'2','To Replace existing Manual Call Points as required',0,95.6167,8,'',0,0,NULL,0,'','2018-04-03',''),(242,30,'2','To Replace existing Manual Call Points as required',0,95.6167,8,'',0,0,NULL,0,'','2018-04-03',''),(242,32,'2','To Replace existing Manual Call Points as required',0,95.6167,8,NULL,0,0,NULL,0,'','2018-05-02',''),(243,1,'3','To Replace existing Heat Detectors as required',0,51.6167,11,'',0,0,'0000-00-00 00:00:00',0,'','2018-03-01',''),(243,2,'3','To Replace existing Heat Detectors as required',0,51.6167,11,'',0,0,'0000-00-00 00:00:00',0,'','2018-03-01',''),(243,3,'3','To Replace existing Heat Detectors as required',0,51.6167,11,'',0,0,'0000-00-00 00:00:00',0,'','2018-03-01',''),(243,4,'3','To Replace existing Heat Detectors as required',0,51.6167,11,'',0,0,'0000-00-00 00:00:00',0,'','2018-03-02',''),(243,5,'3','To Replace existing Heat Detectors as required',0,51.6167,11,'',0,0,'0000-00-00 00:00:00',0,'','2018-03-02',''),(243,6,'3','To Replace existing Heat Detectors as required',0,51.6167,11,'',0,0,'0000-00-00 00:00:00',0,'','2018-03-02',''),(243,7,'3','To Replace existing Heat Detectors as required',0,51.6167,11,'',0,0,'0000-00-00 00:00:00',0,'','2018-03-02',''),(243,9,'3','To Replace existing Heat Detectors as required',0,51.6167,11,'',0,0,'0000-00-00 00:00:00',0,'','2018-03-03',''),(243,11,'3','To Replace existing Heat Detectors as required',0,51.6167,11,'',0,0,'0000-00-00 00:00:00',0,'','2018-03-03',''),(243,12,'3','To Replace existing Heat Detectors as required',0,51.6167,11,'',0,0,'0000-00-00 00:00:00',0,'','2018-03-03',''),(243,13,'3','To Replace existing Heat Detectors as required',0,51.6167,11,'',0,0,'0000-00-00 00:00:00',0,'','2018-03-03',''),(243,14,'3','To Replace existing Heat Detectors as required',0,51.6167,11,'',0,0,'0000-00-00 00:00:00',0,'','2018-03-03',''),(243,15,'3','To Replace existing Heat Detectors as required',0,51.6167,11,'',0,0,'0000-00-00 00:00:00',0,'','2018-03-03',''),(243,16,'3','To Replace existing Heat Detectors as required',0,51.6167,11,'',0,0,'0000-00-00 00:00:00',0,'','2018-03-03',''),(243,17,'3','To Replace existing Heat Detectors as required',0,51.6167,11,'',0,0,'0000-00-00 00:00:00',0,'','2018-03-03',''),(243,18,'3','To Replace existing Heat Detectors as required',0,51.6167,11,'',0,0,'0000-00-00 00:00:00',0,'','2018-03-03',''),(243,19,'3','To Replace existing Heat Detectors as required',0,51.6167,11,'',0,0,'0000-00-00 00:00:00',0,'','2018-03-03',''),(243,21,'3','To Replace existing Heat Detectors as required',0,51.6167,11,'',0,0,'0000-00-00 00:00:00',0,'','2018-03-03',''),(243,22,'3','To Replace existing Heat Detectors as required',0,51.6167,11,'',0,0,'0000-00-00 00:00:00',0,'','2018-03-03',''),(243,28,'3','To Replace existing Heat Detectors as required',0,51.6167,11,'',0,0,NULL,0,'','2018-04-03',''),(243,29,'3','To Replace existing Heat Detectors as required',0,51.6167,11,'',0,0,NULL,0,'','2018-04-03',''),(243,30,'3','To Replace existing Heat Detectors as required',0,51.6167,11,'',0,0,NULL,0,'','2018-04-03',''),(243,32,'3','To Replace existing Heat Detectors as required',0,51.6167,11,NULL,0,0,NULL,0,'','2018-05-02',''),(244,1,'4','To Trace Defects on Zone 3 which is disabled',0,200.0000,2,'',0,0,'0000-00-00 00:00:00',0,'','2018-03-01',''),(244,2,'4','To Trace Defects on Zone 3 which is disabled',0,200.0000,2,'',0,0,'0000-00-00 00:00:00',0,'','2018-03-01',''),(244,3,'4','To Trace Defects on Zone 3 which is disabled',0,200.0000,2,'',0,0,'0000-00-00 00:00:00',0,'','2018-03-01',''),(244,4,'4','To Trace Defects on Zone 3 which is disabled',0,200.0000,2,'',0,0,'0000-00-00 00:00:00',0,'','2018-03-02',''),(244,5,'4','To Trace Defects on Zone 3 which is disabled',0,200.0000,2,'',0,0,'0000-00-00 00:00:00',0,'','2018-03-02',''),(244,6,'4','To Trace Defects on Zone 3 which is disabled',0,200.0000,2,'',0,0,'0000-00-00 00:00:00',0,'','2018-03-02',''),(244,7,'4','To Trace Defects on Zone 3 which is disabled',0,200.0000,2,'',0,0,'0000-00-00 00:00:00',0,'','2018-03-02',''),(244,9,'4','To Trace Defects on Zone 3 which is disabled',0,200.0000,2,'',0,0,'0000-00-00 00:00:00',0,'','2018-03-03',''),(244,11,'4','To Trace Defects on Zone 3 which is disabled',0,200.0000,2,'',0,0,'0000-00-00 00:00:00',0,'','2018-03-03',''),(244,12,'4','To Trace Defects on Zone 3 which is disabled',0,200.0000,2,'',0,0,'0000-00-00 00:00:00',0,'','2018-03-03',''),(244,13,'4','To Trace Defects on Zone 3 which is disabled',0,200.0000,2,'',0,0,'0000-00-00 00:00:00',0,'','2018-03-03',''),(244,14,'4','To Trace Defects on Zone 3 which is disabled',0,200.0000,2,'',0,0,'0000-00-00 00:00:00',0,'','2018-03-03',''),(244,15,'4','To Trace Defects on Zone 3 which is disabled',0,200.0000,2,'',0,0,'0000-00-00 00:00:00',0,'','2018-03-03',''),(244,16,'4','To Trace Defects on Zone 3 which is disabled',0,200.0000,2,'',0,0,'0000-00-00 00:00:00',0,'','2018-03-03',''),(244,17,'4','To Trace Defects on Zone 3 which is disabled',0,200.0000,2,'',0,0,'0000-00-00 00:00:00',0,'','2018-03-03',''),(244,18,'4','To Trace Defects on Zone 3 which is disabled',0,200.0000,2,'',0,0,'0000-00-00 00:00:00',0,'','2018-03-03',''),(244,19,'4','To Trace Defects on Zone 3 which is disabled',0,200.0000,2,'',0,0,'0000-00-00 00:00:00',0,'','2018-03-03',''),(244,21,'4','To Trace Defects on Zone 3 which is disabled',0,200.0000,2,'',0,0,'0000-00-00 00:00:00',0,'','2018-03-03',''),(244,22,'4','To Trace Defects on Zone 3 which is disabled',0,200.0000,2,'',0,0,'0000-00-00 00:00:00',0,'','2018-03-03',''),(244,28,'4','To Trace Defects on Zone 3 which is disabled',0,200.0000,2,'',0,0,NULL,0,'','2018-04-03',''),(244,29,'4','To Trace Defects on Zone 3 which is disabled',0,200.0000,2,'',0,0,NULL,0,'','2018-04-03',''),(244,30,'4','To Trace Defects on Zone 3 which is disabled',0,200.0000,2,'',0,0,NULL,0,'','2018-04-03',''),(244,32,'4','To Trace Defects on Zone 3 which is disabled',0,200.0000,2,NULL,0,0,NULL,0,'','2018-05-02',''),(245,1,'5','To Trace Defects on Zone 8 which is disabled',0,330.0000,1,'',0,0,'0000-00-00 00:00:00',0,'','2018-03-01',''),(245,2,'5','To Trace Defects on Zone 8 which is disabled',0,330.0000,1,'',0,0,'0000-00-00 00:00:00',0,'','2018-03-01',''),(245,3,'5','To Trace Defects on Zone 8 which is disabled',0,330.0000,1,'',0,0,'0000-00-00 00:00:00',0,'','2018-03-01',''),(245,4,'5','To Trace Defects on Zone 8 which is disabled',0,330.0000,1,'',0,0,'0000-00-00 00:00:00',0,'','2018-03-02',''),(245,5,'5','To Trace Defects on Zone 8 which is disabled',0,330.0000,1,'',0,0,'0000-00-00 00:00:00',0,'','2018-03-02',''),(245,6,'5','To Trace Defects on Zone 8 which is disabled',0,330.0000,1,'',0,0,'0000-00-00 00:00:00',0,'','2018-03-02',''),(245,7,'5','To Trace Defects on Zone 8 which is disabled',0,330.0000,1,'',0,0,'0000-00-00 00:00:00',0,'','2018-03-02',''),(245,9,'5','To Trace Defects on Zone 8 which is disabled',0,330.0000,1,'',0,0,'0000-00-00 00:00:00',0,'','2018-03-03',''),(245,11,'5','To Trace Defects on Zone 8 which is disabled',0,330.0000,1,'',0,0,'0000-00-00 00:00:00',0,'','2018-03-03',''),(245,12,'5','To Trace Defects on Zone 8 which is disabled',0,330.0000,1,'',0,0,'0000-00-00 00:00:00',0,'','2018-03-03',''),(245,13,'5','To Trace Defects on Zone 8 which is disabled',0,330.0000,1,'',0,0,'0000-00-00 00:00:00',0,'','2018-03-03',''),(245,14,'5','To Trace Defects on Zone 8 which is disabled',0,330.0000,1,'',0,0,'0000-00-00 00:00:00',0,'','2018-03-03',''),(245,15,'5','To Trace Defects on Zone 8 which is disabled',0,330.0000,1,'',0,0,'0000-00-00 00:00:00',0,'','2018-03-03',''),(245,16,'5','To Trace Defects on Zone 8 which is disabled',0,330.0000,1,'',0,0,'0000-00-00 00:00:00',0,'','2018-03-03',''),(245,17,'5','To Trace Defects on Zone 8 which is disabled',0,330.0000,1,'',0,0,'0000-00-00 00:00:00',0,'','2018-03-03',''),(245,18,'5','To Trace Defects on Zone 8 which is disabled',0,330.0000,1,'',0,0,'0000-00-00 00:00:00',0,'','2018-03-03',''),(245,19,'5','To Trace Defects on Zone 8 which is disabled',0,330.0000,1,'',0,0,'0000-00-00 00:00:00',0,'','2018-03-03',''),(245,21,'5','To Trace Defects on Zone 8 which is disabled',0,330.0000,1,'',0,0,'0000-00-00 00:00:00',0,'','2018-03-03',''),(245,22,'5','To Trace Defects on Zone 8 which is disabled',0,330.0000,1,'',0,0,'0000-00-00 00:00:00',0,'','2018-03-03',''),(245,28,'5','To Trace Defects on Zone 8 which is disabled',0,330.0000,1,'',0,0,NULL,0,'','2018-04-03',''),(245,29,'5','To Trace Defects on Zone 8 which is disabled',0,330.0000,1,'',0,0,NULL,0,'','2018-04-03',''),(245,30,'5','To Trace Defects on Zone 8 which is disabled',0,330.0000,1,'',0,0,NULL,0,'','2018-04-03',''),(245,32,'5','To Trace Defects on Zone 8 which is disabled',0,330.0000,1,NULL,0,0,NULL,0,'','2018-05-02',''),(246,1,'6','Engraving of Fire Panel Index',0,250.0000,1,'',0,0,'0000-00-00 00:00:00',0,'','2018-03-01',''),(246,2,'6','Engraving of Fire Panel Index',0,250.0000,1,'',0,0,'0000-00-00 00:00:00',0,'','2018-03-01',''),(246,3,'6','Engraving of Fire Panel Index',0,250.0000,1,'',0,0,'0000-00-00 00:00:00',0,'','2018-03-01',''),(246,4,'6','Engraving of Fire Panel Index',0,250.0000,1,'',0,0,'0000-00-00 00:00:00',0,'','2018-03-02',''),(246,5,'6','Engraving of Fire Panel Index',0,250.0000,1,'',0,0,'0000-00-00 00:00:00',0,'','2018-03-02',''),(246,6,'6','Engraving of Fire Panel Index',0,250.0000,1,'',0,0,'0000-00-00 00:00:00',0,'','2018-03-02',''),(246,7,'6','Engraving of Fire Panel Index',0,250.0000,1,'',0,0,'0000-00-00 00:00:00',0,'','2018-03-02',''),(246,9,'6','Engraving of Fire Panel Index',0,250.0000,1,'',0,0,'0000-00-00 00:00:00',0,'','2018-03-03',''),(246,11,'6','Engraving of Fire Panel Index',0,250.0000,1,'',0,0,'0000-00-00 00:00:00',0,'','2018-03-03',''),(246,12,'6','Engraving of Fire Panel Index',0,250.0000,1,'',0,0,'0000-00-00 00:00:00',0,'','2018-03-03',''),(246,13,'6','Engraving of Fire Panel Index',0,250.0000,1,'',0,0,'0000-00-00 00:00:00',0,'','2018-03-03',''),(246,14,'6','Engraving of Fire Panel Index',0,250.0000,1,'',0,0,'0000-00-00 00:00:00',0,'','2018-03-03',''),(246,15,'6','Engraving of Fire Panel Index',0,250.0000,1,'',0,0,'0000-00-00 00:00:00',0,'','2018-03-03',''),(246,16,'6','Engraving of Fire Panel Index',0,250.0000,1,'',0,0,'0000-00-00 00:00:00',0,'','2018-03-03',''),(246,17,'6','Engraving of Fire Panel Index',0,250.0000,1,'',0,0,'0000-00-00 00:00:00',0,'','2018-03-03',''),(246,18,'6','Engraving of Fire Panel Index',0,250.0000,1,'',0,0,'0000-00-00 00:00:00',0,'','2018-03-03',''),(246,19,'6','Engraving of Fire Panel Index',0,250.0000,1,'',0,0,'0000-00-00 00:00:00',0,'','2018-03-03',''),(246,21,'6','Engraving of Fire Panel Index',0,250.0000,1,'',0,0,'0000-00-00 00:00:00',0,'','2018-03-03',''),(246,22,'6','Engraving of Fire Panel Index',0,250.0000,1,'',0,0,'0000-00-00 00:00:00',0,'','2018-03-03',''),(246,28,'6','Engraving of Fire Panel Index',0,250.0000,1,'',0,0,NULL,0,'','2018-04-03',''),(246,29,'6','Engraving of Fire Panel Index',0,250.0000,1,'',0,0,NULL,0,'','2018-04-03',''),(246,30,'6','Engraving of Fire Panel Index',0,250.0000,1,'',0,0,NULL,0,'','2018-04-03',''),(246,32,'6','Engraving of Fire Panel Index',0,250.0000,1,NULL,0,0,NULL,0,'','2018-05-02',''),(247,1,'7','Repair Fire Panel Door',0,250.0000,1,'',0,0,'0000-00-00 00:00:00',0,'','2018-03-01',''),(247,2,'7','Repair Fire Panel Door',0,250.0000,1,'',0,0,'0000-00-00 00:00:00',0,'','2018-03-01',''),(247,3,'7','Repair Fire Panel Door',0,250.0000,1,'',0,0,'0000-00-00 00:00:00',0,'','2018-03-01',''),(247,4,'7','Repair Fire Panel Door',0,250.0000,1,'',0,0,'0000-00-00 00:00:00',0,'','2018-03-02',''),(247,5,'7','Repair Fire Panel Door',0,250.0000,1,'',0,0,'0000-00-00 00:00:00',0,'','2018-03-02',''),(247,6,'7','Repair Fire Panel Door',0,250.0000,1,'',0,0,'0000-00-00 00:00:00',0,'','2018-03-02',''),(247,7,'7','Repair Fire Panel Door',0,250.0000,1,'',0,0,'0000-00-00 00:00:00',0,'','2018-03-02',''),(247,9,'7','Repair Fire Panel Door',0,250.0000,1,'',0,0,'0000-00-00 00:00:00',0,'','2018-03-03',''),(247,11,'7','Repair Fire Panel Door',0,250.0000,1,'',0,0,'0000-00-00 00:00:00',0,'','2018-03-03',''),(247,12,'7','Repair Fire Panel Door',0,250.0000,1,'',0,0,'0000-00-00 00:00:00',0,'','2018-03-03',''),(247,13,'7','Repair Fire Panel Door',0,250.0000,1,'',0,0,'0000-00-00 00:00:00',0,'','2018-03-03',''),(247,14,'7','Repair Fire Panel Door',0,250.0000,1,'',0,0,'0000-00-00 00:00:00',0,'','2018-03-03',''),(247,15,'7','Repair Fire Panel Door',0,250.0000,1,'',0,0,'0000-00-00 00:00:00',0,'','2018-03-03',''),(247,16,'7','Repair Fire Panel Door',0,250.0000,1,'',0,0,'0000-00-00 00:00:00',0,'','2018-03-03',''),(247,17,'7','Repair Fire Panel Door',0,250.0000,1,'',0,0,'0000-00-00 00:00:00',0,'','2018-03-03',''),(247,18,'7','Repair Fire Panel Door',0,250.0000,1,'',0,0,'0000-00-00 00:00:00',0,'','2018-03-03',''),(247,19,'7','Repair Fire Panel Door',0,250.0000,1,'',0,0,'0000-00-00 00:00:00',0,'','2018-03-03',''),(247,21,'7','Repair Fire Panel Door',0,250.0000,1,'',0,0,'0000-00-00 00:00:00',0,'','2018-03-03',''),(247,22,'7','Repair Fire Panel Door',0,250.0000,1,'',0,0,'0000-00-00 00:00:00',0,'','2018-03-03',''),(247,28,'7','Repair Fire Panel Door',0,250.0000,1,'',0,0,NULL,0,'','2018-04-03',''),(247,29,'7','Repair Fire Panel Door',0,250.0000,1,'',0,0,NULL,0,'','2018-04-03',''),(247,30,'7','Repair Fire Panel Door',0,250.0000,1,'',0,0,NULL,0,'','2018-04-03',''),(247,32,'7','Repair Fire Panel Door',0,250.0000,1,NULL,0,0,NULL,0,'','2018-05-02',''),(248,1,'8','Cleaning of all detectors',0,170.8333,1,'',0,0,'0000-00-00 00:00:00',0,'','2018-03-01',''),(248,2,'8','Cleaning of all detectors',0,170.8333,1,'',0,0,'0000-00-00 00:00:00',0,'','2018-03-01',''),(248,3,'8','Cleaning of all detectors',0,170.8333,1,'',0,0,'0000-00-00 00:00:00',0,'','2018-03-01',''),(248,4,'8','Cleaning of all detectors',0,170.8333,1,'',0,0,'0000-00-00 00:00:00',0,'','2018-03-02',''),(248,5,'8','Cleaning of all detectors',0,170.8333,1,'',0,0,'0000-00-00 00:00:00',0,'','2018-03-02',''),(248,6,'8','Cleaning of all detectors',0,170.8333,1,'',0,0,'0000-00-00 00:00:00',0,'','2018-03-02',''),(248,7,'8','Cleaning of all detectors',0,170.8333,1,'',0,0,'0000-00-00 00:00:00',0,'','2018-03-02',''),(248,9,'8','Cleaning of all detectors',0,170.8333,1,'',0,0,'0000-00-00 00:00:00',0,'','2018-03-03',''),(248,11,'8','Cleaning of all detectors',0,170.8333,1,'',0,0,'0000-00-00 00:00:00',0,'','2018-03-03',''),(248,12,'8','Cleaning of all detectors',0,170.8333,1,'',0,0,'0000-00-00 00:00:00',0,'','2018-03-03',''),(248,13,'8','Cleaning of all detectors',0,170.8333,1,'',0,0,'0000-00-00 00:00:00',0,'','2018-03-03',''),(248,14,'8','Cleaning of all detectors',0,170.8333,1,'',0,0,'0000-00-00 00:00:00',0,'','2018-03-03',''),(248,15,'8','Cleaning of all detectors',0,170.8333,1,'',0,0,'0000-00-00 00:00:00',0,'','2018-03-03',''),(248,16,'8','Cleaning of all detectors',0,170.8333,1,'',0,0,'0000-00-00 00:00:00',0,'','2018-03-03',''),(248,17,'8','Cleaning of all detectors',0,170.8333,1,'',0,0,'0000-00-00 00:00:00',0,'','2018-03-03',''),(248,18,'8','Cleaning of all detectors',0,170.8333,1,'',0,0,'0000-00-00 00:00:00',0,'','2018-03-03',''),(248,19,'8','Cleaning of all detectors',0,170.8333,1,'',0,0,'0000-00-00 00:00:00',0,'','2018-03-03',''),(248,21,'8','Cleaning of all detectors',0,170.8333,1,'',0,0,'0000-00-00 00:00:00',0,'','2018-03-03',''),(248,22,'8','Cleaning of all detectors',0,170.8333,1,'',0,0,'0000-00-00 00:00:00',0,'','2018-03-03',''),(248,28,'8','Cleaning of all detectors',0,170.8333,1,'',0,0,NULL,0,'','2018-04-03',''),(248,29,'8','Cleaning of all detectors',0,170.8333,1,'',0,0,NULL,0,'','2018-04-03',''),(248,30,'8','Cleaning of all detectors',0,170.8333,1,'',0,0,NULL,0,'','2018-04-03',''),(248,32,'8','Cleaning of all detectors',0,170.8333,1,NULL,0,0,NULL,0,'','2018-05-02',''),(249,1,'9','Labour / Transport',0,2916.6667,1,'',0,0,'0000-00-00 00:00:00',0,'','2018-03-01',''),(249,2,'9','Labour / Transport',0,2916.6667,1,'',0,0,'0000-00-00 00:00:00',0,'','2018-03-01',''),(249,3,'9','Labour / Transport',0,2916.6667,1,'',0,0,'0000-00-00 00:00:00',0,'','2018-03-01',''),(249,4,'9','Labour / Transport',0,2916.6667,1,'',0,0,'0000-00-00 00:00:00',0,'','2018-03-02',''),(249,5,'9','Labour / Transport',0,2916.6667,1,'',0,0,'0000-00-00 00:00:00',0,'','2018-03-02',''),(249,6,'9','Labour / Transport',0,2916.6667,1,'',0,0,'0000-00-00 00:00:00',0,'','2018-03-02',''),(249,7,'9','Labour / Transport',0,2916.6667,1,'',0,0,'0000-00-00 00:00:00',0,'','2018-03-02',''),(249,9,'9','Labour / Transport',0,2916.6667,1,'',0,0,'0000-00-00 00:00:00',0,'','2018-03-03',''),(249,11,'9','Labour / Transport',0,2916.6667,1,'',0,0,'0000-00-00 00:00:00',0,'','2018-03-03',''),(249,12,'9','Labour / Transport',0,2916.6667,1,'',0,0,'0000-00-00 00:00:00',0,'','2018-03-03',''),(249,13,'9','Labour / Transport',0,2916.6667,1,'',0,0,'0000-00-00 00:00:00',0,'','2018-03-03',''),(249,14,'9','Labour / Transport',0,2916.6667,1,'',0,0,'0000-00-00 00:00:00',0,'','2018-03-03',''),(249,15,'9','Labour / Transport',0,2916.6667,1,'',0,0,'0000-00-00 00:00:00',0,'','2018-03-03',''),(249,16,'9','Labour / Transport',0,2916.6667,1,'',0,0,'0000-00-00 00:00:00',0,'','2018-03-03',''),(249,17,'9','Labour / Transport',0,2916.6667,1,'',0,0,'0000-00-00 00:00:00',0,'','2018-03-03',''),(249,18,'9','Labour / Transport',0,2916.6667,1,'',0,0,'0000-00-00 00:00:00',0,'','2018-03-03',''),(249,19,'9','Labour / Transport',0,2916.6667,1,'',0,0,'0000-00-00 00:00:00',0,'','2018-03-03',''),(249,21,'9','Labour / Transport',0,2916.6667,1,'',0,0,'0000-00-00 00:00:00',0,'','2018-03-03',''),(249,22,'9','Labour / Transport',0,2916.6667,1,'',0,0,'0000-00-00 00:00:00',0,'','2018-03-03',''),(249,28,'9','Labour / Transport',0,2916.6667,1,'',0,0,NULL,0,'','2018-04-03',''),(249,29,'9','Labour / Transport',0,2916.6667,1,'',0,0,NULL,0,'','2018-04-03',''),(249,30,'9','Labour / Transport',0,2916.6667,1,'',0,0,NULL,0,'','2018-04-03',''),(249,32,'9','Labour / Transport',0,2916.6667,1,NULL,0,0,NULL,0,'','2018-05-02',''),(343,1,'10','testing others1',0,236.6667,5,'',0,0,'0000-00-00 00:00:00',0,'','2018-03-01',''),(343,2,'10','testing others1',0,236.6667,5,'',0,0,'0000-00-00 00:00:00',0,'','2018-03-01',''),(343,3,'10','testing others1',0,236.6667,5,'',0,0,'0000-00-00 00:00:00',0,'','2018-03-01',''),(343,4,'10','testing others1',0,236.6667,5,'',0,0,'0000-00-00 00:00:00',0,'','2018-03-02',''),(343,5,'10','testing others1',0,236.6667,5,'',0,0,'0000-00-00 00:00:00',0,'','2018-03-02',''),(343,6,'10','testing others1',0,236.6667,5,'',0,0,'0000-00-00 00:00:00',0,'','2018-03-02',''),(343,7,'10','testing others1',0,236.6667,5,'',0,0,'0000-00-00 00:00:00',0,'','2018-03-02',''),(343,9,'10','testing others1',0,236.6667,5,'',0,0,'0000-00-00 00:00:00',0,'','2018-03-03',''),(343,11,'10','testing others1',0,236.6667,5,'',0,0,'0000-00-00 00:00:00',0,'','2018-03-03',''),(343,12,'10','testing others1',0,236.6667,5,'',0,0,'0000-00-00 00:00:00',0,'','2018-03-03',''),(343,13,'10','testing others1',0,236.6667,5,'',0,0,'0000-00-00 00:00:00',0,'','2018-03-03',''),(343,14,'10','testing others1',0,236.6667,5,'',0,0,'0000-00-00 00:00:00',0,'','2018-03-03',''),(343,15,'10','testing others1',0,236.6667,5,'',0,0,'0000-00-00 00:00:00',0,'','2018-03-03',''),(343,16,'10','testing others1',0,236.6667,5,'',0,0,'0000-00-00 00:00:00',0,'','2018-03-03',''),(343,17,'10','testing others1',0,236.6667,5,'',0,0,'0000-00-00 00:00:00',0,'','2018-03-03',''),(343,18,'10','testing others1',0,236.6667,5,'',0,0,'0000-00-00 00:00:00',0,'','2018-03-03',''),(343,19,'10','testing others1',0,236.6667,5,'',0,0,'0000-00-00 00:00:00',0,'','2018-03-03',''),(343,21,'10','testing others1',0,236.6667,5,'',0,0,'0000-00-00 00:00:00',0,'','2018-03-03',''),(343,22,'10','testing others1',0,236.6667,5,'',0,0,'0000-00-00 00:00:00',0,'','2018-03-03',''),(343,28,'10','testing others1',0,236.6667,5,'',0,0,NULL,0,'','2018-04-03',''),(343,29,'10','testing others1',0,236.6667,5,'',0,0,NULL,0,'','2018-04-03',''),(343,30,'10','testing others1',0,236.6667,5,'',0,0,NULL,0,'','2018-04-03',''),(343,32,'10','testing others1',0,236.6667,5,NULL,0,0,NULL,0,'','2018-05-02',''),(344,1,'4587','Rottweiler pupp',0,760.0000,2,'',0,0,'0000-00-00 00:00:00',0,'','2018-03-01',''),(344,2,'4587','Rottweiler pupp',0,760.0000,2,'',0,0,'0000-00-00 00:00:00',0,'','2018-03-01',''),(344,3,'4587','Rottweiler pupp',0,760.0000,2,'',0,0,'0000-00-00 00:00:00',0,'','2018-03-01',''),(344,4,'4587','Rottweiler pupp',0,760.0000,2,'',0,0,'0000-00-00 00:00:00',0,'','2018-03-02',''),(344,5,'4587','Rottweiler pupp',0,760.0000,2,'',0,0,'0000-00-00 00:00:00',0,'','2018-03-02',''),(344,6,'4587','Rottweiler pupp',0,760.0000,2,'',0,0,'0000-00-00 00:00:00',0,'','2018-03-02',''),(344,7,'4587','Rottweiler pupp',0,760.0000,2,'',0,0,'0000-00-00 00:00:00',0,'','2018-03-02',''),(344,9,'4587','Rottweiler pupp',0,760.0000,2,'',0,0,'0000-00-00 00:00:00',0,'','2018-03-03',''),(344,11,'4587','Rottweiler pupp',0,760.0000,2,'',0,0,'0000-00-00 00:00:00',0,'','2018-03-03',''),(344,12,'4587','Rottweiler pupp',0,760.0000,2,'',0,0,'0000-00-00 00:00:00',0,'','2018-03-03',''),(344,13,'4587','Rottweiler pupp',0,760.0000,2,'',0,0,'0000-00-00 00:00:00',0,'','2018-03-03',''),(344,14,'4587','Rottweiler pupp',0,760.0000,2,'',0,0,'0000-00-00 00:00:00',0,'','2018-03-03',''),(344,15,'4587','Rottweiler pupp',0,760.0000,2,'',0,0,'0000-00-00 00:00:00',0,'','2018-03-03',''),(344,16,'4587','Rottweiler pupp',0,760.0000,2,'',0,0,'0000-00-00 00:00:00',0,'','2018-03-03',''),(344,17,'4587','Rottweiler pupp',0,760.0000,2,'',0,0,'0000-00-00 00:00:00',0,'','2018-03-03',''),(344,18,'4587','Rottweiler pupp',0,760.0000,2,'',0,0,'0000-00-00 00:00:00',0,'','2018-03-03',''),(344,19,'4587','Rottweiler pupp',0,760.0000,2,'',0,0,'0000-00-00 00:00:00',0,'','2018-03-03',''),(344,21,'4587','Rottweiler pupp',0,760.0000,2,'',0,0,'0000-00-00 00:00:00',0,'','2018-03-03',''),(344,22,'4587','Rottweiler pupp',0,760.0000,2,'',0,0,'0000-00-00 00:00:00',0,'','2018-03-03',''),(344,28,'4587','Rottweiler pupp',0,760.0000,2,'',0,0,NULL,0,'','2018-04-03',''),(344,29,'4587','Rottweiler pupp',0,760.0000,2,'',0,0,NULL,0,'','2018-04-03',''),(344,30,'4587','Rottweiler pupp',0,760.0000,2,'',0,0,NULL,0,'','2018-04-03',''),(344,32,'4587','Rottweiler pupp',0,760.0000,2,NULL,0,0,NULL,0,'','2018-05-02',''),(345,1,'788','testing55',0,700.0000,2,'',0,0,'0000-00-00 00:00:00',0,'','2018-03-01',''),(345,2,'788','testing55',0,700.0000,2,'',0,0,'0000-00-00 00:00:00',0,'','2018-03-01',''),(345,3,'788','testing55',0,700.0000,2,'',0,0,'0000-00-00 00:00:00',0,'','2018-03-01',''),(345,4,'788','testing55',0,700.0000,2,'',0,0,'0000-00-00 00:00:00',0,'','2018-03-02',''),(345,5,'788','testing55',0,700.0000,2,'',0,0,'0000-00-00 00:00:00',0,'','2018-03-02',''),(345,6,'788','testing55',0,700.0000,2,'',0,0,'0000-00-00 00:00:00',0,'','2018-03-02',''),(345,7,'788','testing55',0,700.0000,2,'',0,0,'0000-00-00 00:00:00',0,'','2018-03-02',''),(345,9,'788','testing55',0,700.0000,2,'',0,0,'0000-00-00 00:00:00',0,'','2018-03-03',''),(345,11,'788','testing55',0,700.0000,2,'',0,0,'0000-00-00 00:00:00',0,'','2018-03-03',''),(345,12,'788','testing55',0,700.0000,2,'',0,0,'0000-00-00 00:00:00',0,'','2018-03-03',''),(345,13,'788','testing55',0,700.0000,2,'',0,0,'0000-00-00 00:00:00',0,'','2018-03-03',''),(345,14,'788','testing55',0,700.0000,2,'',0,0,'0000-00-00 00:00:00',0,'','2018-03-03',''),(345,15,'788','testing55',0,700.0000,2,'',0,0,'0000-00-00 00:00:00',0,'','2018-03-03',''),(345,16,'788','testing55',0,700.0000,2,'',0,0,'0000-00-00 00:00:00',0,'','2018-03-03',''),(345,17,'788','testing55',0,700.0000,2,'',0,0,'0000-00-00 00:00:00',0,'','2018-03-03',''),(345,18,'788','testing55',0,700.0000,2,'',0,0,'0000-00-00 00:00:00',0,'','2018-03-03',''),(345,19,'788','testing55',0,700.0000,2,'',0,0,'0000-00-00 00:00:00',0,'','2018-03-03',''),(345,21,'788','testing55',0,700.0000,2,'',0,0,'0000-00-00 00:00:00',0,'','2018-03-03',''),(345,22,'788','testing55',0,700.0000,2,'',0,0,'0000-00-00 00:00:00',0,'','2018-03-03',''),(345,28,'788','testing55',0,700.0000,2,'',0,0,NULL,0,'','2018-04-03',''),(345,29,'788','testing55',0,700.0000,2,'',0,0,NULL,0,'','2018-04-03',''),(345,30,'788','testing55',0,700.0000,2,'',0,0,NULL,0,'','2018-04-03',''),(345,32,'788','testing55',0,700.0000,2,NULL,0,0,NULL,0,'','2018-05-02',''),(346,1,'698','testing58',0,80.0000,5,'',0,0,'0000-00-00 00:00:00',0,'','2018-03-01',''),(346,2,'698','testing58',0,80.0000,5,'',0,0,'0000-00-00 00:00:00',0,'','2018-03-01',''),(346,3,'698','testing58',0,80.0000,5,'',0,0,'0000-00-00 00:00:00',0,'','2018-03-01',''),(346,4,'698','testing58',0,80.0000,5,'',0,0,'0000-00-00 00:00:00',0,'','2018-03-02',''),(346,5,'698','testing58',0,80.0000,5,'',0,0,'0000-00-00 00:00:00',0,'','2018-03-02',''),(346,6,'698','testing58',0,80.0000,5,'',0,0,'0000-00-00 00:00:00',0,'','2018-03-02',''),(346,7,'698','testing58',0,80.0000,5,'',0,0,'0000-00-00 00:00:00',0,'','2018-03-02',''),(346,9,'698','testing58',0,80.0000,5,'',0,0,'0000-00-00 00:00:00',0,'','2018-03-03',''),(346,11,'698','testing58',0,80.0000,5,'',0,0,'0000-00-00 00:00:00',0,'','2018-03-03',''),(346,12,'698','testing58',0,80.0000,5,'',0,0,'0000-00-00 00:00:00',0,'','2018-03-03',''),(346,13,'698','testing58',0,80.0000,5,'',0,0,'0000-00-00 00:00:00',0,'','2018-03-03',''),(346,14,'698','testing58',0,80.0000,5,'',0,0,'0000-00-00 00:00:00',0,'','2018-03-03',''),(346,15,'698','testing58',0,80.0000,5,'',0,0,'0000-00-00 00:00:00',0,'','2018-03-03',''),(346,16,'698','testing58',0,80.0000,5,'',0,0,'0000-00-00 00:00:00',0,'','2018-03-03',''),(346,17,'698','testing58',0,80.0000,5,'',0,0,'0000-00-00 00:00:00',0,'','2018-03-03',''),(346,18,'698','testing58',0,80.0000,5,'',0,0,'0000-00-00 00:00:00',0,'','2018-03-03',''),(346,19,'698','testing58',0,80.0000,5,'',0,0,'0000-00-00 00:00:00',0,'','2018-03-03',''),(346,21,'698','testing58',0,80.0000,5,'',0,0,'0000-00-00 00:00:00',0,'','2018-03-03',''),(346,22,'698','testing58',0,80.0000,5,'',0,0,'0000-00-00 00:00:00',0,'','2018-03-03',''),(346,28,'698','testing58',0,80.0000,5,'',0,0,NULL,0,'','2018-04-03',''),(346,29,'698','testing58',0,80.0000,5,'',0,0,NULL,0,'','2018-04-03',''),(346,30,'698','testing58',0,80.0000,5,'',0,0,NULL,0,'','2018-04-03',''),(346,32,'698','testing58',0,80.0000,5,NULL,0,0,NULL,0,'','2018-05-02',''),(347,1,'81','testing55',0,6.6667,47,'',0,0,'0000-00-00 00:00:00',0,'','2018-03-01',''),(347,2,'81','testing55',0,6.6667,47,'',0,0,'0000-00-00 00:00:00',0,'','2018-03-01',''),(347,3,'81','testing55',0,6.6667,47,'',0,0,'0000-00-00 00:00:00',0,'','2018-03-01',''),(347,4,'81','testing55',0,6.6667,47,'',0,0,'0000-00-00 00:00:00',0,'','2018-03-02',''),(347,5,'81','testing55',0,6.6667,47,'',0,0,'0000-00-00 00:00:00',0,'','2018-03-02',''),(347,6,'81','testing55',0,6.6667,47,'',0,0,'0000-00-00 00:00:00',0,'','2018-03-02',''),(347,7,'81','testing55',0,6.6667,47,'',0,0,'0000-00-00 00:00:00',0,'','2018-03-02',''),(347,9,'81','testing55',0,6.6667,47,'',0,0,'0000-00-00 00:00:00',0,'','2018-03-03',''),(347,11,'81','testing55',0,6.6667,47,'',0,0,'0000-00-00 00:00:00',0,'','2018-03-03',''),(347,12,'81','testing55',0,6.6667,47,'',0,0,'0000-00-00 00:00:00',0,'','2018-03-03',''),(347,13,'81','testing55',0,6.6667,47,'',0,0,'0000-00-00 00:00:00',0,'','2018-03-03',''),(347,14,'81','testing55',0,6.6667,47,'',0,0,'0000-00-00 00:00:00',0,'','2018-03-03',''),(347,15,'81','testing55',0,6.6667,47,'',0,0,'0000-00-00 00:00:00',0,'','2018-03-03',''),(347,16,'81','testing55',0,6.6667,47,'',0,0,'0000-00-00 00:00:00',0,'','2018-03-03',''),(347,17,'81','testing55',0,6.6667,47,'',0,0,'0000-00-00 00:00:00',0,'','2018-03-03',''),(347,18,'81','testing55',0,6.6667,47,'',0,0,'0000-00-00 00:00:00',0,'','2018-03-03',''),(347,19,'81','testing55',0,6.6667,47,'',0,0,'0000-00-00 00:00:00',0,'','2018-03-03',''),(347,21,'81','testing55',0,6.6667,47,'',0,0,'0000-00-00 00:00:00',0,'','2018-03-03',''),(347,22,'81','testing55',0,6.6667,47,'',0,0,'0000-00-00 00:00:00',0,'','2018-03-03',''),(347,28,'81','testing55',0,6.6667,47,'',0,0,NULL,0,'','2018-04-03',''),(347,29,'81','testing55',0,6.6667,47,'',0,0,NULL,0,'','2018-04-03',''),(347,30,'81','testing55',0,6.6667,47,'',0,0,NULL,0,'','2018-04-03',''),(347,32,'81','testing55',0,6.6667,47,NULL,0,0,NULL,0,'','2018-05-02',''),(348,1,'82','testing56',0,75.0000,2,'',0,0,'0000-00-00 00:00:00',0,'','2018-03-01',''),(348,2,'82','testing56',0,75.0000,2,'',0,0,'0000-00-00 00:00:00',0,'','2018-03-01',''),(348,3,'82','testing56',0,75.0000,2,'',0,0,'0000-00-00 00:00:00',0,'','2018-03-01',''),(348,4,'82','testing56',0,75.0000,2,'',0,0,'0000-00-00 00:00:00',0,'','2018-03-02',''),(348,5,'82','testing56',0,75.0000,2,'',0,0,'0000-00-00 00:00:00',0,'','2018-03-02',''),(348,6,'82','testing56',0,75.0000,2,'',0,0,'0000-00-00 00:00:00',0,'','2018-03-02',''),(348,7,'82','testing56',0,75.0000,2,'',0,0,'0000-00-00 00:00:00',0,'','2018-03-02',''),(348,9,'82','testing56',0,75.0000,2,'',0,0,'0000-00-00 00:00:00',0,'','2018-03-03',''),(348,11,'82','testing56',0,75.0000,2,'',0,0,'0000-00-00 00:00:00',0,'','2018-03-03',''),(348,12,'82','testing56',0,75.0000,2,'',0,0,'0000-00-00 00:00:00',0,'','2018-03-03',''),(348,13,'82','testing56',0,75.0000,2,'',0,0,'0000-00-00 00:00:00',0,'','2018-03-03',''),(348,14,'82','testing56',0,75.0000,2,'',0,0,'0000-00-00 00:00:00',0,'','2018-03-03',''),(348,15,'82','testing56',0,75.0000,2,'',0,0,'0000-00-00 00:00:00',0,'','2018-03-03',''),(348,16,'82','testing56',0,75.0000,2,'',0,0,'0000-00-00 00:00:00',0,'','2018-03-03',''),(348,17,'82','testing56',0,75.0000,2,'',0,0,'0000-00-00 00:00:00',0,'','2018-03-03',''),(348,18,'82','testing56',0,75.0000,2,'',0,0,'0000-00-00 00:00:00',0,'','2018-03-03',''),(348,19,'82','testing56',0,75.0000,2,'',0,0,'0000-00-00 00:00:00',0,'','2018-03-03',''),(348,21,'82','testing56',0,75.0000,2,'',0,0,'0000-00-00 00:00:00',0,'','2018-03-03',''),(348,22,'82','testing56',0,75.0000,2,'',0,0,'0000-00-00 00:00:00',0,'','2018-03-03',''),(348,28,'82','testing56',0,75.0000,2,'',0,0,NULL,0,'','2018-04-03',''),(348,29,'82','testing56',0,75.0000,2,'',0,0,NULL,0,'','2018-04-03',''),(348,30,'82','testing56',0,75.0000,2,'',0,0,NULL,0,'','2018-04-03',''),(348,32,'82','testing56',0,75.0000,2,NULL,0,0,NULL,0,'','2018-05-02',''),(349,1,'85','testing555',0,2.1667,5,'',0,0,'0000-00-00 00:00:00',0,'','2018-03-01',''),(349,2,'85','testing555',0,2.1667,5,'',0,0,'0000-00-00 00:00:00',0,'','2018-03-01',''),(349,3,'85','testing555',0,2.1667,5,'',0,0,'0000-00-00 00:00:00',0,'','2018-03-01',''),(349,4,'85','testing555',0,2.1667,5,'',0,0,'0000-00-00 00:00:00',0,'','2018-03-02',''),(349,5,'85','testing555',0,2.1667,5,'',0,0,'0000-00-00 00:00:00',0,'','2018-03-02',''),(349,6,'85','testing555',0,2.1667,5,'',0,0,'0000-00-00 00:00:00',0,'','2018-03-02',''),(349,7,'85','testing555',0,2.1667,5,'',0,0,'0000-00-00 00:00:00',0,'','2018-03-02',''),(349,9,'85','testing555',0,2.1667,5,'',0,0,'0000-00-00 00:00:00',0,'','2018-03-03',''),(349,11,'85','testing555',0,2.1667,5,'',0,0,'0000-00-00 00:00:00',0,'','2018-03-03',''),(349,12,'85','testing555',0,2.1667,5,'',0,0,'0000-00-00 00:00:00',0,'','2018-03-03',''),(349,13,'85','testing555',0,2.1667,5,'',0,0,'0000-00-00 00:00:00',0,'','2018-03-03',''),(349,14,'85','testing555',0,2.1667,5,'',0,0,'0000-00-00 00:00:00',0,'','2018-03-03',''),(349,15,'85','testing555',0,2.1667,5,'',0,0,'0000-00-00 00:00:00',0,'','2018-03-03',''),(349,16,'85','testing555',0,2.1667,5,'',0,0,'0000-00-00 00:00:00',0,'','2018-03-03',''),(349,17,'85','testing555',0,2.1667,5,'',0,0,'0000-00-00 00:00:00',0,'','2018-03-03',''),(349,18,'85','testing555',0,2.1667,5,'',0,0,'0000-00-00 00:00:00',0,'','2018-03-03',''),(349,19,'85','testing555',0,2.1667,5,'',0,0,'0000-00-00 00:00:00',0,'','2018-03-03',''),(349,21,'85','testing555',0,2.1667,5,'',0,0,'0000-00-00 00:00:00',0,'','2018-03-03',''),(349,22,'85','testing555',0,2.1667,5,'',0,0,'0000-00-00 00:00:00',0,'','2018-03-03',''),(349,28,'85','testing555',0,2.1667,5,'',0,0,NULL,0,'','2018-04-03',''),(349,29,'85','testing555',0,2.1667,5,'',0,0,NULL,0,'','2018-04-03',''),(349,30,'85','testing555',0,2.1667,5,'',0,0,NULL,0,'','2018-04-03',''),(349,32,'85','testing555',0,2.1667,5,NULL,0,0,NULL,0,'','2018-05-02',''),(350,1,'86','testing558',0,78.3333,5,'',0,0,'0000-00-00 00:00:00',0,'','2018-03-01',''),(350,2,'86','testing558',0,78.3333,5,'',0,0,'0000-00-00 00:00:00',0,'','2018-03-01',''),(350,3,'86','testing558',0,78.3333,5,'',0,0,'0000-00-00 00:00:00',0,'','2018-03-01',''),(350,4,'86','testing558',0,78.3333,5,'',0,0,'0000-00-00 00:00:00',0,'','2018-03-02',''),(350,5,'86','testing558',0,78.3333,5,'',0,0,'0000-00-00 00:00:00',0,'','2018-03-02',''),(350,6,'86','testing558',0,78.3333,5,'',0,0,'0000-00-00 00:00:00',0,'','2018-03-02',''),(350,7,'86','testing558',0,78.3333,5,'',0,0,'0000-00-00 00:00:00',0,'','2018-03-02',''),(350,9,'86','testing558',0,78.3333,5,'',0,0,'0000-00-00 00:00:00',0,'','2018-03-03',''),(350,11,'86','testing558',0,78.3333,5,'',0,0,'0000-00-00 00:00:00',0,'','2018-03-03',''),(350,12,'86','testing558',0,78.3333,5,'',0,0,'0000-00-00 00:00:00',0,'','2018-03-03',''),(350,13,'86','testing558',0,78.3333,5,'',0,0,'0000-00-00 00:00:00',0,'','2018-03-03',''),(350,14,'86','testing558',0,78.3333,5,'',0,0,'0000-00-00 00:00:00',0,'','2018-03-03',''),(350,15,'86','testing558',0,78.3333,5,'',0,0,'0000-00-00 00:00:00',0,'','2018-03-03',''),(350,16,'86','testing558',0,78.3333,5,'',0,0,'0000-00-00 00:00:00',0,'','2018-03-03',''),(350,17,'86','testing558',0,78.3333,5,'',0,0,'0000-00-00 00:00:00',0,'','2018-03-03',''),(350,18,'86','testing558',0,78.3333,5,'',0,0,'0000-00-00 00:00:00',0,'','2018-03-03',''),(350,19,'86','testing558',0,78.3333,5,'',0,0,'0000-00-00 00:00:00',0,'','2018-03-03',''),(350,21,'86','testing558',0,78.3333,5,'',0,0,'0000-00-00 00:00:00',0,'','2018-03-03',''),(350,22,'86','testing558',0,78.3333,5,'',0,0,'0000-00-00 00:00:00',0,'','2018-03-03',''),(350,28,'86','testing558',0,78.3333,5,'',0,0,NULL,0,'','2018-04-03',''),(350,29,'86','testing558',0,78.3333,5,'',0,0,NULL,0,'','2018-04-03',''),(350,30,'86','testing558',0,78.3333,5,'',0,0,NULL,0,'','2018-04-03',''),(350,32,'86','testing558',0,78.3333,5,NULL,0,0,NULL,0,'','2018-05-02',''),(351,1,'89','testing554',0,8.8333,5,'',0,0,'0000-00-00 00:00:00',0,'','2018-03-01',''),(351,2,'89','testing554',0,8.8333,5,'',0,0,'0000-00-00 00:00:00',0,'','2018-03-01',''),(351,3,'89','testing554',0,8.8333,5,'',0,0,'0000-00-00 00:00:00',0,'','2018-03-01',''),(351,4,'89','testing554',0,8.8333,5,'',0,0,'0000-00-00 00:00:00',0,'','2018-03-02',''),(351,5,'89','testing554',0,8.8333,5,'',0,0,'0000-00-00 00:00:00',0,'','2018-03-02',''),(351,6,'89','testing554',0,8.8333,5,'',0,0,'0000-00-00 00:00:00',0,'','2018-03-02',''),(351,7,'89','testing554',0,8.8333,5,'',0,0,'0000-00-00 00:00:00',0,'','2018-03-02',''),(351,9,'89','testing554',0,8.8333,5,'',0,0,'0000-00-00 00:00:00',0,'','2018-03-03',''),(351,11,'89','testing554',0,8.8333,5,'',0,0,'0000-00-00 00:00:00',0,'','2018-03-03',''),(351,12,'89','testing554',0,8.8333,5,'',0,0,'0000-00-00 00:00:00',0,'','2018-03-03',''),(351,13,'89','testing554',0,8.8333,5,'',0,0,'0000-00-00 00:00:00',0,'','2018-03-03',''),(351,14,'89','testing554',0,8.8333,5,'',0,0,'0000-00-00 00:00:00',0,'','2018-03-03',''),(351,15,'89','testing554',0,8.8333,5,'',0,0,'0000-00-00 00:00:00',0,'','2018-03-03',''),(351,16,'89','testing554',0,8.8333,5,'',0,0,'0000-00-00 00:00:00',0,'','2018-03-03',''),(351,17,'89','testing554',0,8.8333,5,'',0,0,'0000-00-00 00:00:00',0,'','2018-03-03',''),(351,18,'89','testing554',0,8.8333,5,'',0,0,'0000-00-00 00:00:00',0,'','2018-03-03',''),(351,19,'89','testing554',0,8.8333,5,'',0,0,'0000-00-00 00:00:00',0,'','2018-03-03',''),(351,21,'89','testing554',0,8.8333,5,'',0,0,'0000-00-00 00:00:00',0,'','2018-03-03',''),(351,22,'89','testing554',0,8.8333,5,'',0,0,'0000-00-00 00:00:00',0,'','2018-03-03',''),(351,28,'89','testing554',0,8.8333,5,'',0,0,NULL,0,'','2018-04-03',''),(351,29,'89','testing554',0,8.8333,5,'',0,0,NULL,0,'','2018-04-03',''),(351,30,'89','testing554',0,8.8333,5,'',0,0,NULL,0,'','2018-04-03',''),(351,32,'89','testing554',0,8.8333,5,NULL,0,0,NULL,0,'','2018-05-02',''),(352,1,'95','testing5536',0,8.0000,10,'',0,0,'0000-00-00 00:00:00',0,'','2018-03-01',''),(352,2,'95','testing5536',0,8.0000,10,'',0,0,'0000-00-00 00:00:00',0,'','2018-03-01',''),(352,3,'95','testing5536',0,8.0000,10,'',0,0,'0000-00-00 00:00:00',0,'','2018-03-01',''),(352,4,'95','testing5536',0,8.0000,10,'',0,0,'0000-00-00 00:00:00',0,'','2018-03-02',''),(352,5,'95','testing5536',0,8.0000,10,'',0,0,'0000-00-00 00:00:00',0,'','2018-03-02',''),(352,6,'95','testing5536',0,8.0000,10,'',0,0,'0000-00-00 00:00:00',0,'','2018-03-02',''),(352,7,'95','testing5536',0,8.0000,10,'',0,0,'0000-00-00 00:00:00',0,'','2018-03-02',''),(352,9,'95','testing5536',0,8.0000,10,'',0,0,'0000-00-00 00:00:00',0,'','2018-03-03',''),(352,11,'95','testing5536',0,8.0000,10,'',0,0,'0000-00-00 00:00:00',0,'','2018-03-03',''),(352,12,'95','testing5536',0,8.0000,10,'',0,0,'0000-00-00 00:00:00',0,'','2018-03-03',''),(352,13,'95','testing5536',0,8.0000,10,'',0,0,'0000-00-00 00:00:00',0,'','2018-03-03',''),(352,14,'95','testing5536',0,8.0000,10,'',0,0,'0000-00-00 00:00:00',0,'','2018-03-03',''),(352,15,'95','testing5536',0,8.0000,10,'',0,0,'0000-00-00 00:00:00',0,'','2018-03-03',''),(352,16,'95','testing5536',0,8.0000,10,'',0,0,'0000-00-00 00:00:00',0,'','2018-03-03',''),(352,17,'95','testing5536',0,8.0000,10,'',0,0,'0000-00-00 00:00:00',0,'','2018-03-03',''),(352,18,'95','testing5536',0,8.0000,10,'',0,0,'0000-00-00 00:00:00',0,'','2018-03-03',''),(352,19,'95','testing5536',0,8.0000,10,'',0,0,'0000-00-00 00:00:00',0,'','2018-03-03',''),(352,21,'95','testing5536',0,8.0000,10,'',0,0,'0000-00-00 00:00:00',0,'','2018-03-03',''),(352,22,'95','testing5536',0,8.0000,10,'',0,0,'0000-00-00 00:00:00',0,'','2018-03-03',''),(352,28,'95','testing5536',0,8.0000,10,'',0,0,NULL,0,'','2018-04-03',''),(352,29,'95','testing5536',0,8.0000,10,'',0,0,NULL,0,'','2018-04-03',''),(352,30,'95','testing5536',0,8.0000,10,'',0,0,NULL,0,'','2018-04-03',''),(352,32,'95','testing5536',0,8.0000,10,NULL,0,0,NULL,0,'','2018-05-02',''),(353,1,'101','trg',0,75.0000,2,'',0,0,'0000-00-00 00:00:00',0,'','2018-03-01',''),(353,2,'101','trg',0,75.0000,2,'',0,0,'0000-00-00 00:00:00',0,'','2018-03-01',''),(353,3,'101','trg',0,75.0000,2,'',0,0,'0000-00-00 00:00:00',0,'','2018-03-01',''),(353,4,'101','trg',0,75.0000,2,'',0,0,'0000-00-00 00:00:00',0,'','2018-03-02',''),(353,5,'101','trg',0,75.0000,2,'',0,0,'0000-00-00 00:00:00',0,'','2018-03-02',''),(353,6,'101','trg',0,75.0000,2,'',0,0,'0000-00-00 00:00:00',0,'','2018-03-02',''),(353,7,'101','trg',0,75.0000,2,'',0,0,'0000-00-00 00:00:00',0,'','2018-03-02',''),(353,9,'101','trg',0,75.0000,2,'',0,0,'0000-00-00 00:00:00',0,'','2018-03-03',''),(353,11,'101','trg',0,75.0000,2,'',0,0,'0000-00-00 00:00:00',0,'','2018-03-03',''),(353,12,'101','trg',0,75.0000,2,'',0,0,'0000-00-00 00:00:00',0,'','2018-03-03',''),(353,13,'101','trg',0,75.0000,2,'',0,0,'0000-00-00 00:00:00',0,'','2018-03-03',''),(353,14,'101','trg',0,75.0000,2,'',0,0,'0000-00-00 00:00:00',0,'','2018-03-03',''),(353,15,'101','trg',0,75.0000,2,'',0,0,'0000-00-00 00:00:00',0,'','2018-03-03',''),(353,16,'101','trg',0,75.0000,2,'',0,0,'0000-00-00 00:00:00',0,'','2018-03-03',''),(353,17,'101','trg',0,75.0000,2,'',0,0,'0000-00-00 00:00:00',0,'','2018-03-03',''),(353,18,'101','trg',0,75.0000,2,'',0,0,'0000-00-00 00:00:00',0,'','2018-03-03',''),(353,19,'101','trg',0,75.0000,2,'',0,0,'0000-00-00 00:00:00',0,'','2018-03-03',''),(353,21,'101','trg',0,75.0000,2,'',0,0,'0000-00-00 00:00:00',0,'','2018-03-03',''),(353,22,'101','trg',0,75.0000,2,'',0,0,'0000-00-00 00:00:00',0,'','2018-03-03',''),(353,28,'101','trg',0,75.0000,2,'',0,0,NULL,0,'','2018-04-03',''),(353,29,'101','trg',0,75.0000,2,'',0,0,NULL,0,'','2018-04-03',''),(353,30,'101','trg',0,75.0000,2,'',0,0,NULL,0,'','2018-04-03',''),(353,32,'101','trg',0,75.0000,2,NULL,0,0,NULL,0,'','2018-05-02',''),(354,1,'102','gsfs',0,6.6667,4,'',0,0,'0000-00-00 00:00:00',0,'','2018-03-01',''),(354,2,'102','gsfs',0,6.6667,4,'',0,0,'0000-00-00 00:00:00',0,'','2018-03-01',''),(354,3,'102','gsfs',0,6.6667,4,'',0,0,'0000-00-00 00:00:00',0,'','2018-03-01',''),(354,4,'102','gsfs',0,6.6667,4,'',0,0,'0000-00-00 00:00:00',0,'','2018-03-02',''),(354,5,'102','gsfs',0,6.6667,4,'',0,0,'0000-00-00 00:00:00',0,'','2018-03-02',''),(354,6,'102','gsfs',0,6.6667,4,'',0,0,'0000-00-00 00:00:00',0,'','2018-03-02',''),(354,7,'102','gsfs',0,6.6667,4,'',0,0,'0000-00-00 00:00:00',0,'','2018-03-02',''),(354,9,'102','gsfs',0,6.6667,4,'',0,0,'0000-00-00 00:00:00',0,'','2018-03-03',''),(354,11,'102','gsfs',0,6.6667,4,'',0,0,'0000-00-00 00:00:00',0,'','2018-03-03',''),(354,12,'102','gsfs',0,6.6667,4,'',0,0,'0000-00-00 00:00:00',0,'','2018-03-03',''),(354,13,'102','gsfs',0,6.6667,4,'',0,0,'0000-00-00 00:00:00',0,'','2018-03-03',''),(354,14,'102','gsfs',0,6.6667,4,'',0,0,'0000-00-00 00:00:00',0,'','2018-03-03',''),(354,15,'102','gsfs',0,6.6667,4,'',0,0,'0000-00-00 00:00:00',0,'','2018-03-03',''),(354,16,'102','gsfs',0,6.6667,4,'',0,0,'0000-00-00 00:00:00',0,'','2018-03-03',''),(354,17,'102','gsfs',0,6.6667,4,'',0,0,'0000-00-00 00:00:00',0,'','2018-03-03',''),(354,18,'102','gsfs',0,6.6667,4,'',0,0,'0000-00-00 00:00:00',0,'','2018-03-03',''),(354,19,'102','gsfs',0,6.6667,4,'',0,0,'0000-00-00 00:00:00',0,'','2018-03-03',''),(354,21,'102','gsfs',0,6.6667,4,'',0,0,'0000-00-00 00:00:00',0,'','2018-03-03',''),(354,22,'102','gsfs',0,6.6667,4,'',0,0,'0000-00-00 00:00:00',0,'','2018-03-03',''),(354,28,'102','gsfs',0,6.6667,4,'',0,0,NULL,0,'','2018-04-03',''),(354,29,'102','gsfs',0,6.6667,4,'',0,0,NULL,0,'','2018-04-03',''),(354,30,'102','gsfs',0,6.6667,4,'',0,0,NULL,0,'','2018-04-03',''),(354,32,'102','gsfs',0,6.6667,4,NULL,0,0,NULL,0,'','2018-05-02',''),(355,1,'45','dadagd',0,1490.0000,4,'',0,0,'0000-00-00 00:00:00',0,'','2018-03-01',''),(355,2,'45','dadagd',0,1490.0000,4,'',0,0,'0000-00-00 00:00:00',0,'','2018-03-01',''),(355,3,'45','dadagd',0,1490.0000,4,'',0,0,'0000-00-00 00:00:00',0,'','2018-03-01',''),(355,4,'45','dadagd',0,1490.0000,4,'',0,0,'0000-00-00 00:00:00',0,'','2018-03-02',''),(355,5,'45','dadagd',0,1490.0000,4,'',0,0,'0000-00-00 00:00:00',0,'','2018-03-02',''),(355,6,'45','dadagd',0,1490.0000,4,'',0,0,'0000-00-00 00:00:00',0,'','2018-03-02',''),(355,7,'45','dadagd',0,1490.0000,4,'',0,0,'0000-00-00 00:00:00',0,'','2018-03-02',''),(355,9,'45','dadagd',0,1490.0000,4,'',0,0,'0000-00-00 00:00:00',0,'','2018-03-03',''),(355,11,'45','dadagd',0,1490.0000,4,'',0,0,'0000-00-00 00:00:00',0,'','2018-03-03',''),(355,12,'45','dadagd',0,1490.0000,4,'',0,0,'0000-00-00 00:00:00',0,'','2018-03-03',''),(355,13,'45','dadagd',0,1490.0000,4,'',0,0,'0000-00-00 00:00:00',0,'','2018-03-03',''),(355,14,'45','dadagd',0,1490.0000,4,'',0,0,'0000-00-00 00:00:00',0,'','2018-03-03',''),(355,15,'45','dadagd',0,1490.0000,4,'',0,0,'0000-00-00 00:00:00',0,'','2018-03-03',''),(355,16,'45','dadagd',0,1490.0000,4,'',0,0,'0000-00-00 00:00:00',0,'','2018-03-03',''),(355,17,'45','dadagd',0,1490.0000,4,'',0,0,'0000-00-00 00:00:00',0,'','2018-03-03',''),(355,18,'45','dadagd',0,1490.0000,4,'',0,0,'0000-00-00 00:00:00',0,'','2018-03-03',''),(355,19,'45','dadagd',0,1490.0000,4,'',0,0,'0000-00-00 00:00:00',0,'','2018-03-03',''),(355,21,'45','dadagd',0,1490.0000,4,'',0,0,'0000-00-00 00:00:00',0,'','2018-03-03',''),(355,22,'45','dadagd',0,1490.0000,4,'',0,0,'0000-00-00 00:00:00',0,'','2018-03-03',''),(355,28,'45','dadagd',0,1490.0000,4,'',0,0,NULL,0,'','2018-04-03',''),(355,29,'45','dadagd',0,1490.0000,4,'',0,0,NULL,0,'','2018-04-03',''),(355,30,'45','dadagd',0,1490.0000,4,'',0,0,NULL,0,'','2018-04-03',''),(355,32,'45','dadagd',0,1490.0000,4,NULL,0,0,NULL,0,'','2018-05-02',''),(356,1,'47','davadvav',0,761.6667,7,'',0,0,'0000-00-00 00:00:00',0,'','2018-03-01',''),(356,2,'47','davadvav',0,761.6667,7,'',0,0,'0000-00-00 00:00:00',0,'','2018-03-01',''),(356,3,'47','davadvav',0,761.6667,7,'',0,0,'0000-00-00 00:00:00',0,'','2018-03-01',''),(356,4,'47','davadvav',0,761.6667,7,'',0,0,'0000-00-00 00:00:00',0,'','2018-03-02',''),(356,5,'47','davadvav',0,761.6667,7,'',0,0,'0000-00-00 00:00:00',0,'','2018-03-02',''),(356,6,'47','davadvav',0,761.6667,7,'',0,0,'0000-00-00 00:00:00',0,'','2018-03-02',''),(356,7,'47','davadvav',0,761.6667,7,'',0,0,'0000-00-00 00:00:00',0,'','2018-03-02',''),(356,9,'47','davadvav',0,761.6667,7,'',0,0,'0000-00-00 00:00:00',0,'','2018-03-03',''),(356,11,'47','davadvav',0,761.6667,7,'',0,0,'0000-00-00 00:00:00',0,'','2018-03-03',''),(356,12,'47','davadvav',0,761.6667,7,'',0,0,'0000-00-00 00:00:00',0,'','2018-03-03',''),(356,13,'47','davadvav',0,761.6667,7,'',0,0,'0000-00-00 00:00:00',0,'','2018-03-03',''),(356,14,'47','davadvav',0,761.6667,7,'',0,0,'0000-00-00 00:00:00',0,'','2018-03-03',''),(356,15,'47','davadvav',0,761.6667,7,'',0,0,'0000-00-00 00:00:00',0,'','2018-03-03',''),(356,16,'47','davadvav',0,761.6667,7,'',0,0,'0000-00-00 00:00:00',0,'','2018-03-03',''),(356,17,'47','davadvav',0,761.6667,7,'',0,0,'0000-00-00 00:00:00',0,'','2018-03-03',''),(356,18,'47','davadvav',0,761.6667,7,'',0,0,'0000-00-00 00:00:00',0,'','2018-03-03',''),(356,19,'47','davadvav',0,761.6667,7,'',0,0,'0000-00-00 00:00:00',0,'','2018-03-03',''),(356,21,'47','davadvav',0,761.6667,7,'',0,0,'0000-00-00 00:00:00',0,'','2018-03-03',''),(356,22,'47','davadvav',0,761.6667,7,'',0,0,'0000-00-00 00:00:00',0,'','2018-03-03',''),(356,28,'47','davadvav',0,761.6667,7,'',0,0,NULL,0,'','2018-04-03',''),(356,29,'47','davadvav',0,761.6667,7,'',0,0,NULL,0,'','2018-04-03',''),(356,30,'47','davadvav',0,761.6667,7,'',0,0,NULL,0,'','2018-04-03',''),(356,32,'47','davadvav',0,761.6667,7,NULL,0,0,NULL,0,'','2018-05-02',''),(357,23,'1','test',0,333.3333,2,'',0,0,'0000-00-00 00:00:00',0,'','2018-03-04',''),(357,26,'1','test',0,333.3333,2,'',0,0,NULL,0,'','2018-04-01',''),(357,27,'1','test',0,333.3333,2,'',0,0,NULL,0,'','2018-04-01',''),(362,109,'465','A grade brand fire system',0,750.0000,2,NULL,0,0,NULL,0,'','2018-05-08',''),(362,110,'465','A grade brand fire system',0,750.0000,2,NULL,0,0,NULL,0,'','2018-05-08',''),(362,112,'465','A grade brand fire system',0,750.0000,2,NULL,0,0,NULL,0,'','2018-05-09',''),(362,116,'465','A grade brand fire system',0,750.0000,2,NULL,0,0,NULL,0,'','2018-05-09',''),(363,109,'6565','hose pipes',0,180.0000,2,NULL,0,0,NULL,0,'','2018-05-08',''),(363,110,'6565','hose pipes',0,180.0000,2,NULL,0,0,NULL,0,'','2018-05-08',''),(363,112,'6565','hose pipes',0,180.0000,2,NULL,0,0,NULL,0,'','2018-05-09',''),(363,116,'6565','hose pipes',0,180.0000,2,NULL,0,0,NULL,0,'','2018-05-09',''),(364,109,'','service',0,41.6667,8,NULL,0,0,NULL,0,'','2018-05-08',''),(364,110,'','service',0,41.6667,8,NULL,0,0,NULL,0,'','2018-05-08',''),(364,112,'','service',0,41.6667,8,NULL,0,0,NULL,0,'','2018-05-09',''),(364,116,'','service',0,41.6667,8,NULL,0,0,NULL,0,'','2018-05-09',''),(365,109,'','test',0,13.3333,5,NULL,0,0,NULL,0,'','2018-05-08',''),(365,110,'','test',0,13.3333,5,NULL,0,0,NULL,0,'','2018-05-08',''),(365,112,'','test',0,13.3333,5,NULL,0,0,NULL,0,'','2018-05-09',''),(365,116,'','test',0,13.3333,5,NULL,0,0,NULL,0,'','2018-05-09','');

--
-- Table structure for table `salesorders`
--

CREATE TABLE `salesorders` (
  `orderno` int(11) NOT NULL,
  `debtorno` varchar(10) NOT NULL DEFAULT '',
  `branchcode` varchar(10) NOT NULL DEFAULT '',
  `account_number` varchar(11) DEFAULT NULL,
  `job_no` tinyint(4) DEFAULT NULL,
  `billing_id` int(11) DEFAULT NULL,
  `customerref` varchar(50) DEFAULT NULL,
  `buyername` varchar(50) DEFAULT NULL,
  `comments` longblob,
  `orddate` date NOT NULL,
  `ordertype` char(2) NOT NULL DEFAULT '',
  `shipvia` int(11) NOT NULL DEFAULT '0',
  `deladd1` varchar(40) NOT NULL DEFAULT '',
  `deladd2` varchar(40) NOT NULL DEFAULT '',
  `deladd3` varchar(40) NOT NULL DEFAULT '',
  `deladd4` varchar(40) DEFAULT NULL,
  `deladd5` varchar(20) NOT NULL DEFAULT '',
  `deladd6` varchar(15) NOT NULL DEFAULT '',
  `contactphone` varchar(25) DEFAULT NULL,
  `contactemail` varchar(40) DEFAULT NULL,
  `deliverto` varchar(100) DEFAULT NULL,
  `deliverblind` tinyint(1) DEFAULT '1',
  `freightcost` double NOT NULL DEFAULT '0',
  `fromstkloc` varchar(5) NOT NULL DEFAULT '',
  `deliverydate` date DEFAULT NULL,
  `confirmeddate` date DEFAULT NULL,
  `printedpackingslip` tinyint(4) NOT NULL DEFAULT '0',
  `datepackingslipprinted` date DEFAULT NULL,
  `quotation` tinyint(4) NOT NULL DEFAULT '0',
  `amount` decimal(10,2) DEFAULT NULL,
  `status` varchar(100) DEFAULT NULL,
  `quotedate` date NOT NULL,
  `poplaced` tinyint(4) NOT NULL DEFAULT '0',
  `department` varchar(100) DEFAULT NULL,
  `preparedby` varchar(20) NOT NULL,
  PRIMARY KEY (`orderno`)
) ENGINE=InnoDB DEFAULT CHARSET=utf8;

--
-- Dumping data for table `salesorders`
--

INSERT INTO `salesorders` VALUES (1,'445','445','9051',41,NULL,NULL,NULL,'','2018-03-01','DF',1,'Fiji','','','','','','','','HOUSING AUTHORITY',1,0,'SUVA','2018-03-20','2018-03-01',0,'0000-00-00',1,23561.38,'Not Invoiced','2018-03-01',0,NULL,''),(2,'445','445','9051',41,NULL,NULL,NULL,'','2018-03-01','DF',1,'Fiji','','','','','','','','HOUSING AUTHORITY',1,0,'SUVA','2018-03-20','2018-03-01',0,'0000-00-00',1,23561.38,'Not Invoiced','2018-03-01',0,NULL,''),(3,'445','445','',41,NULL,NULL,NULL,'','2018-03-01','DF',1,'Fiji','','','','','','','','HOUSING AUTHORITY',1,0,'SUVA','2018-03-20','2018-03-01',0,'0000-00-00',1,23561.38,'Not Invoiced','2018-03-01',0,NULL,''),(4,'445','445','',41,NULL,NULL,NULL,'','2018-03-02','DF',1,'Fiji','','','','','','','','HOUSING AUTHORITY',1,0,'SUVA','2018-03-20','2018-03-02',0,'0000-00-00',0,23561.38,'Invoiced','2018-03-02',0,NULL,''),(5,'445','445','10124',41,NULL,NULL,NULL,'','2018-03-02','DF',1,'Fiji','','','','','','','','HOUSING AUTHORITY',1,0,'SUVA','2018-03-20','2018-03-02',0,'0000-00-00',1,23561.38,'Not Invoiced','2018-03-02',0,NULL,''),(6,'445','445','10124',41,NULL,NULL,NULL,'','2018-03-02','DF',1,'Fiji','','','','','','','','HOUSING AUTHORITY',1,0,'SUVA','2018-03-20','2018-03-02',0,'0000-00-00',1,23561.38,'Not Invoiced','2018-03-02',0,NULL,''),(7,'445','445','10124',41,NULL,NULL,NULL,'','2018-03-02','DF',1,'Fiji','','','','','','','','HOUSING AUTHORITY',1,0,'SUVA','2018-03-20','2018-03-02',0,'0000-00-00',1,23561.38,'Not Invoiced','2018-03-02',0,NULL,'Sachin Singh'),(8,'445','445','10124',41,NULL,NULL,NULL,'','2018-03-02','DF',1,'Fiji','','','','','','','','HOUSING AUTHORITY',1,0,'SUVA','2018-03-20','2018-03-02',0,'0000-00-00',0,NULL,'Invoiced','2018-03-02',0,NULL,'sachin'),(9,'445','445','10124',41,NULL,NULL,NULL,'','2018-03-03','DF',1,'Fiji','','','','','','','','HOUSING AUTHORITY',1,0,'SUVA','2018-03-20','2018-03-03',0,'0000-00-00',1,23561.38,'Not Invoiced','2018-03-03',0,NULL,'Sachin Singh'),(10,'201','','0102FC',37,NULL,NULL,NULL,'','2018-03-04','DF',1,'','','','','','','','','FMF FOODS LTD',1,0,'SUVA','0000-00-00','0000-00-00',0,'0000-00-00',1,NULL,'Not Invoiced','2018-03-04',0,NULL,'Sachin Singh'),(11,'445','445','10124',41,NULL,NULL,NULL,'','2018-03-03','DF',1,'Fiji','','','','','','','','HOUSING AUTHORITY',1,0,'SUVA','2018-03-20','2018-03-03',0,'0000-00-00',1,23561.38,'Not Invoiced','2018-03-03',0,NULL,'Sachin Singh'),(12,'445','445','10124',41,NULL,NULL,NULL,'','2018-03-03','DF',1,'Fiji','','','','','','','','HOUSING AUTHORITY',1,0,'SUVA','2018-03-20','2018-03-03',0,'0000-00-00',0,23561.38,'Invoiced','2018-03-03',0,NULL,'Sachin Singh'),(13,'445','445','10124',41,NULL,NULL,NULL,'','2018-03-03','DF',1,'Fiji','','','','','','','','HOUSING AUTHORITY',1,0,'SUVA','2018-03-20','2018-03-03',0,'0000-00-00',1,23561.38,'Not Invoiced','2018-03-03',0,NULL,'Sachin Singh'),(14,'445','445','10124',41,NULL,NULL,NULL,'','2018-03-03','DF',1,'Fiji','','','','','','','','HOUSING AUTHORITY',1,0,'SUVA','2018-03-20','2018-03-03',0,'0000-00-00',1,23561.38,'Not Invoiced','2018-03-03',0,NULL,'Sachin Singh'),(15,'445','445','10124',41,NULL,NULL,NULL,'','2018-03-03','DF',1,'Fiji','','','','','','','','HOUSING AUTHORITY',1,0,'SUVA','2018-03-20','2018-03-03',0,'0000-00-00',1,23561.38,'Not Invoiced','2018-03-03',0,NULL,'Sachin Singh'),(16,'445','445','10124',41,NULL,NULL,NULL,'','2018-03-03','DF',1,'Fiji','','','','','','','','HOUSING AUTHORITY',1,0,'SUVA','2018-03-20','2018-03-03',0,'0000-00-00',1,23561.38,'Not Invoiced','2018-03-03',0,NULL,'Sachin Singh'),(17,'445','445','10124',41,NULL,NULL,NULL,'','2018-03-03','DF',1,'Fiji','','','','','','','','HOUSING AUTHORITY',1,0,'SUVA','2018-03-20','2018-03-03',0,'0000-00-00',1,23561.38,'Not Invoiced','2018-03-03',0,NULL,'Sachin Singh'),(18,'445','445','10124',41,NULL,NULL,NULL,'','2018-03-03','DF',1,'Fiji','','','','','','','','HOUSING AUTHORITY',1,0,'SUVA','2018-03-20','2018-03-03',0,'0000-00-00',1,23561.38,'Not Invoiced','2018-03-03',0,NULL,'Sachin Singh'),(19,'445','445','10124',41,NULL,NULL,NULL,'','2018-03-03','DF',1,'Fiji','','','','','','','','HOUSING AUTHORITY',1,0,'SUVA','2018-03-20','2018-03-03',0,'0000-00-00',1,23561.38,'Not Invoiced','2018-03-03',0,NULL,'Sachin Singh'),(21,'445','445','10124',41,NULL,NULL,NULL,'','2018-03-03','DF',1,'Fiji','','','','','','','','HOUSING AUTHORITY',1,0,'SUVA','2018-03-20','2018-03-03',0,'0000-00-00',1,23561.38,'Not Invoiced','2018-03-03',0,NULL,'Sachin Singh'),(22,'445','445','10124',41,NULL,NULL,NULL,'','2018-03-03','DF',1,'Fiji','','','','','','','','HOUSING AUTHORITY',1,0,'SUVA','2018-03-20','2018-03-03',0,'0000-00-00',1,23561.38,'Not Invoiced','2018-03-03',0,NULL,'Sachin Singh'),(23,'251','251','0002EG',54,NULL,NULL,NULL,'','2018-03-04','DF',1,'Level 2 Vivrass Plaza, LBE,, Suva, Fiji','','','','','','','','VISION INVESTMENTS LIMITED',1,0,'SUVA','2018-01-15','2018-03-04',0,'0000-00-00',0,666.67,'Invoiced','2018-03-04',0,NULL,'Sachin Singh'),(27,'251','251','0002EG',54,NULL,NULL,NULL,'','2018-04-01','DF',1,'Level 2 Vivrass Plaza, LBE,, Suva, Fiji','','','','','','','','VISION INVESTMENTS LIMITED',1,0,'SUVA','2018-01-15','2018-04-01',0,NULL,1,666.67,'Not Invoiced','2018-04-01',0,NULL,'E-Business'),(28,'445','445','10124',41,NULL,NULL,NULL,'','2018-04-03','DF',1,'Fiji','','','','','','','','HOUSING AUTHORITY',1,0,'SUVA','2018-03-20','2018-04-03',0,NULL,1,23561.38,'Not Invoiced','2018-04-03',0,NULL,'E-Business'),(29,'445','445','10124',41,NULL,NULL,NULL,'','2018-04-03','DF',1,'Fiji','','','','','','','','HOUSING AUTHORITY',1,0,'SUVA','2018-03-20','2018-04-03',0,NULL,1,23561.38,'Not Invoiced','2018-04-03',0,NULL,'E-Business'),(30,'445','445','10124',41,NULL,NULL,NULL,'','2018-04-03','DF',1,'Fiji','','','','','','','','HOUSING AUTHORITY',1,0,'SUVA','2018-03-20','2018-04-03',0,NULL,0,23561.38,'Invoiced','2018-04-03',0,NULL,'E-Business'),(31,'383','039001','',NULL,6,NULL,NULL,'','2018-04-05','DF',1,'Fiji','','','','','','','','WESTPAC BANKING CORPORATION',1,0,'SUVA','2018-04-05','2018-04-05',0,NULL,0,NULL,'Invoiced','2018-04-05',0,NULL,'Sharukh Khan'),(32,'383','039001','10100',NULL,9,NULL,NULL,'','2018-04-30','DF',1,'Fiji','','','','','','','','WESTPAC BANKING CORPORATION',1,0,'SUVA','2018-04-30','2018-04-30',0,NULL,0,NULL,'Invoiced','2018-04-30',0,NULL,'E-Business'),(33,'383','039001','10100',NULL,9,NULL,NULL,'','2018-03-31','DF',1,'Fiji','','','','','','','','WESTPAC BANKING CORPORATION',1,0,'SUVA','2018-03-31','2018-03-31',0,NULL,0,NULL,'Invoiced','2018-03-31',0,NULL,'E-Business'),(34,'383','039001','10100',NULL,9,NULL,NULL,'','2018-03-31','DF',1,'Fiji','','','','','','','','WESTPAC BANKING CORPORATION',1,0,'SUVA','2018-03-31','2018-03-31',0,NULL,0,NULL,'Invoiced','2018-03-31',0,NULL,'Sharukh Khan'),(101,'445','445','10124',41,NULL,NULL,NULL,'','2018-05-02','DF',1,'Fiji','','','','','','','','HOUSING AUTHORITY',1,0,'SUVA','2018-03-20','2018-05-02',0,NULL,0,NULL,'Invoiced','2018-05-02',0,NULL,'sachin'),(102,'445','445','10124',41,NULL,NULL,NULL,'','2018-05-02','DF',1,'Fiji','','','','','','','','HOUSING AUTHORITY',1,0,'SUVA','2018-03-20','2018-05-02',0,NULL,0,NULL,'Invoiced','2018-05-02',0,NULL,'sachin'),(103,'445','445','10124',41,NULL,NULL,NULL,'','2018-05-02','DF',1,'Fiji','','','','','','','','HOUSING AUTHORITY',1,0,'SUVA','2018-03-20','2018-05-02',0,NULL,0,NULL,'Invoiced','2018-05-02',0,NULL,'sachin'),(104,'383','039001','',NULL,10,NULL,NULL,'','2018-05-31','DF',1,'Fiji','','','','','','','','WESTPAC BANKING CORPORATION',1,0,'SUVA','2018-05-31','2018-05-31',0,NULL,0,NULL,'Invoiced','2018-05-31',0,NULL,'Sharukh Khan'),(105,'383','039001','',NULL,11,NULL,NULL,'','2018-04-30','DF',1,'Fiji','','','','','','','','WESTPAC BANKING CORPORATION',1,0,'SUVA','2018-04-30','2018-04-30',0,NULL,0,NULL,'Invoiced','2018-04-30',0,NULL,'Sharukh Khan'),(106,'383','039001','',NULL,12,NULL,NULL,'','2018-02-28','DF',1,'Fiji','','','','','','','','WESTPAC BANKING CORPORATION',1,0,'SUVA','2018-02-28','2018-02-28',0,NULL,0,NULL,'Invoiced','2018-02-28',0,NULL,'Sharukh Khan'),(107,'383','039001','',NULL,13,NULL,NULL,'','2018-03-31','DF',1,'Fiji','','','','','','','','WESTPAC BANKING CORPORATION',1,0,'SUVA','2018-03-31','2018-03-31',0,NULL,0,NULL,'Invoiced','2018-03-31',0,NULL,'Sharukh Khan'),(108,'383','039001','',NULL,13,NULL,NULL,'','2018-03-31','DF',1,'Fiji','','','','','','','','WESTPAC BANKING CORPORATION',1,0,'SUVA','2018-03-31','2018-03-31',0,NULL,0,NULL,'Invoiced','2018-03-31',0,NULL,'Sharukh Khan'),(109,'589','','0178FC',46,NULL,NULL,NULL,'','2018-05-08','DF',1,'','','','','','','','','MOBIL OIL AUST PTY LTD-FIJI',1,0,'SUVA','2017-11-10','2018-05-08',0,NULL,0,2260.00,'Invoiced','2018-05-08',0,NULL,'E-Business'),(110,'589','','0178FC',46,NULL,NULL,NULL,'','2018-05-08','DF',1,'','','','','','','','','MOBIL OIL AUST PTY LTD-FIJI',1,0,'SUVA','2017-11-10','2018-05-08',0,NULL,1,2260.00,'Not Invoiced','2018-05-08',0,NULL,'E-Business'),(111,'383','039001','',NULL,9,NULL,NULL,'','2018-03-31','DF',1,'Fiji','','','','','','','','WESTPAC BANKING CORPORATION',1,0,'SUVA','2018-03-31','2018-03-31',0,NULL,0,NULL,'Invoiced','2018-03-31',0,NULL,'Sharukh Khan'),(112,'589','589','0178FC',46,NULL,NULL,NULL,'','2018-05-09','DF',1,'Fiji','','','','','','','sachin@wormaldfj.com','MOBIL OIL AUST PTY LTD-FIJI',1,0,'SUVA','2017-11-10','2018-05-09',0,NULL,0,2260.00,'Invoiced','2018-05-09',0,'Fire-Suva','E-Business'),(113,'11','','10116',10,NULL,NULL,NULL,'','2018-05-10','DF',1,'','','','','','','','','University of the South Pacific (USP)',1,0,'SUVA','2017-03-31','2017-02-28',0,NULL,1,NULL,'Not Invoiced','2018-05-10',0,NULL,'Suresh Chand Bhagwan'),(114,'459','','1475FC',35,NULL,NULL,NULL,'','2018-05-08','DF',1,'','','','','','','','','LAWHILL LTD',1,0,'SUVA','2017-11-10','2017-11-09',0,NULL,1,NULL,'Not Invoiced','2018-05-08',0,NULL,'Suresh Chand Bhagwan'),(115,'','','',39,NULL,NULL,NULL,'','2018-05-09','DF',1,'','','','','','','','','',1,0,'SUVA','0000-00-00','0000-00-00',0,NULL,1,NULL,'Not Invoiced','2018-05-09',0,NULL,'Suresh Chand Bhagwan'),(116,'589','589','0178FC',46,NULL,NULL,NULL,'','2018-05-09','DF',1,'Fiji','','','','','','','sachin@wormaldfj.com','MOBIL OIL AUST PTY LTD-FIJI',1,0,'SUVA','2017-11-10','2018-05-09',0,NULL,0,2260.00,'Invoiced','2018-05-09',0,'Fire-Suva','E-Business');

--
-- Table structure for table `salestypes`
--

CREATE TABLE `salestypes` (
  `typeabbrev` char(2) NOT NULL DEFAULT '',
  `sales_type` varchar(40) NOT NULL DEFAULT '',
  PRIMARY KEY (`typeabbrev`),
  KEY `Sales_Type` (`sales_type`)
) ENGINE=InnoDB DEFAULT CHARSET=utf8;

--
-- Dumping data for table `salestypes`
--

INSERT INTO `salestypes` VALUES ('DF','Default');

--
-- Table structure for table `salestypesgl`
--

CREATE TABLE `salestypesgl` (
  `typeabbrev` char(2) NOT NULL DEFAULT '',
  `sales_type` varchar(40) NOT NULL DEFAULT '',
  PRIMARY KEY (`typeabbrev`),
  KEY `Sales_Type` (`sales_type`)
) ENGINE=InnoDB DEFAULT CHARSET=utf8;

--
-- Dumping data for table `salestypesgl`
--

INSERT INTO `salestypesgl` VALUES ('2','Access System Small Jobs Sales'),('1','Access Systems Contract Sales'),('3','Brigade Sales'),('4','CCTV Sales');

--
-- Table structure for table `scripts`
--

CREATE TABLE `scripts` (
  `script` varchar(78) NOT NULL DEFAULT '',
  `pagesecurity` int(11) NOT NULL DEFAULT '1',
  `description` text NOT NULL,
  PRIMARY KEY (`script`)
) ENGINE=InnoDB DEFAULT CHARSET=utf8;

--
-- Dumping data for table `scripts`
--

INSERT INTO `scripts` VALUES ('',0,''),('AccountGroups.php',10,'Defines the groupings of general ledger accounts'),('AccountSections.php',10,'Defines the sections in the general ledger reports'),('AddCustomerContacts.php',3,'Adds customer contacts'),('AddCustomerNotes.php',3,'Adds notes about customers'),('AddCustomerTypeNotes.php',3,''),('aflbusiness.php',24,''),('aflflightsrates.php',24,''),('aflmaster.php',24,''),('aflrostering.php',24,''),('AgedControlledInventory.php',11,'Report of Controlled Items and their age'),('AgedDebtors.php',2,'Lists customer account balances in detail or summary in selected currency'),('AgedSuppliers.php',2,'Lists supplier account balances in detail or summary in selected currency'),('Airport-Nadi-Timesheet.php',24,''),('AirportNadiRosterConvert.php',24,''),('airportrostering-nausori.php',23,''),('AnalysisHorizontalIncome.php',8,'Shows the horizontal analysis of the statement of comprehensive income'),('AnalysisHorizontalPosition.php',8,'Shows the horizontal analysis of the statement of financial position'),('Areas.php',3,'Defines the sales areas - all customers must belong to a sales area for the purposes of sales analysis'),('ATMTrans.php',15,''),('AuditTrail.php',15,'Shows the activity with SQL statements and who performed the changes'),('AutomaticTranslationDescriptions.php',15,'Translates via Google Translator all empty translated descriptions'),('BankAccounts.php',10,'Defines the general ledger code for bank accounts and specifies that bank transactions be created for these accounts for the purposes of reconciliation'),('BankAccountUsers.php',15,'Maintains table bankaccountusers (Authorized users to work with a bank account in webERP)'),('BankMatching.php',7,'Allows payments and receipts to be matched off against bank statements'),('BankReconciliation.php',7,'Displays the bank reconciliation for a selected bank account'),('bloodgroup.php',15,''),('BOMExtendedQty.php',2,'Shows the component requirements to make an item'),('BOMIndented.php',2,'Shows the bill of material indented for each level'),('BOMIndentedReverse.php',2,''),('BOMInquiry.php',2,'Displays the bill of material with cost information'),('BOMListing.php',2,'Lists the bills of material for a selected range of items'),('BOMs.php',9,'Administers the bills of material for a selected item'),('cemaviationwest.php',15,''),('cemrecon.php',15,''),('certificates.php',15,''),('CITBilling.php',15,''),('CITPrintInvoice.php',15,''),('COGSGLPostings.php',10,'Defines the general ledger account to be used for cost of sales entries'),('CollectiveWorkOrderCost.php',2,'Multiple work orders cost review'),('CompanyPreferences.php',17,'Defines the settings applicable for the company, including name, address, tax authority reference, whether GL integration used etc.'),('ConfirmDispatchControlled_Invoice.php',2,'Specifies the batch references/serial numbers of items dispatched that are being invoiced'),('ConfirmDispatch_Invoice.php',2,'Creates sales invoices from entered sales orders based on the quantities dispatched that can be modified'),('ContractBOM.php',6,'Creates the item requirements from stock for a contract as part of the contract cost build up'),('ContractCosting.php',6,'Shows a contract cost - the components and other non-stock costs issued to the contract'),('Contractlabor.php',15,''),('ContractOtherReqts.php',4,'Creates the other requirements for a contract cost build up'),('Contracts.php',6,'Creates or modifies a customer contract costing'),('CopyBOM.php',9,'Allows a bill of material to be copied between items'),('CostUpdate',10,'NB Not a script but allows users to maintain item costs from withing StockCostUpdate.php'),('CounterReturns.php',5,'Allows credits and refunds from the default Counter Sale account for an inventory location'),('CounterSales.php',1,'Allows sales to be entered against a cash sale customer account defined in the users location record'),('course.php',15,''),('CreateBillingCIT.php',15,''),('CreateInvoice.php',19,''),('CreateInvoiceCIT.php',15,''),('CreatePoolGuards.php',15,''),('CreateRoster-NadiAirport.php',15,''),('CreditItemsControlled.php',3,'Specifies the batch references/serial numbers of items being credited back into stock'),('CreditStatus.php',3,'Defines the credit status records. Each customer account is given a credit status from this table. Some credit status records can prohibit invoicing and new orders being entered.'),('Credit_Invoice.php',3,'Creates a credit note based on the details of an existing invoice'),('crm.php',15,'crm'),('CrmInsights.php',15,''),('Currencies.php',9,'Defines the currencies available. Each customer and supplier must be defined as transacting in one of the currencies defined here.'),('CustEDISetup.php',11,'Allows the set up the customer specified EDI parameters for server, email or ftp.'),('CustItem.php',11,'Customer Items'),('CustLoginSetup.php',15,''),('CustomerAccount.php',1,'Shows customer account/statement on screen rather than PDF'),('CustomerAllocations.php',3,'Allows customer receipts and credit notes to be allocated to sales invoices'),('CustomerAnalysis.php',15,''),('CustomerBalancesMovement.php',3,'Allow customers to be listed in local currency with balances and activity over a date range'),('CustomerBranches.php',3,'Defines the details of customer branches such as delivery address and contact details - also sales area, representative etc'),('CustomerInquiry.php',1,'Shows the customers account transactions with balances outstanding, links available to drill down to invoice/credit note or email invoices/credit notes'),('CustomerPurchases.php',5,'Shows the purchases a customer has made.'),('CustomerReceipt.php',3,'Entry of both customer receipts against accounts receivable and also general ledger or nominal receipts'),('Customers.php',19,'Defines the setup of a customer account, including payment terms, billing address, credit status, currency etc'),('CustomerTransactions.php',15,''),('CustomerTransInquiry.php',19,'Lists in html the sequence of customer transactions, invoices, credit notes or receipts by a user entered date range'),('CustomerTypes.php',15,''),('CustWhereAlloc.php',2,'Shows to which invoices a receipt was allocated to'),('DailyBankTransactions.php',8,'Allows you to view all bank transactions for a selected date range, and the inquiry can be filtered by matched or unmatched transactions, or all transactions can be chosen'),('DailySalesInquiry.php',2,'Shows the daily sales with GP in a calendar format'),('Dashboard.php',1,'Display outstanding debtors, creditors etc'),('debtoraccount.php',19,''),('debtorprovisions.php',15,''),('DebtorsAtPeriodEnd.php',2,'Shows the debtors control account as at a previous period end - based on system calendar monthly periods'),('DeliveryDetails.php',1,'Used during order entry to allow the entry of delivery addresses other than the defaulted branch delivery address and information about carrier/shipping method etc'),('department.php',15,''),('DepartmentAnalysis.php',15,''),('Departments.php',1,'Create business departments'),('DiscountCategories.php',11,'Defines the items belonging to a discount category. Discount Categories are used to allow discounts based on quantities across a range of producs'),('DiscountMatrix.php',11,'Defines the rates of discount applicable to discount categories and the customer groupings to which the rates are to apply'),('division.php',15,''),('DivisionAnalysis.php',15,''),('EDIMessageFormat.php',10,'Specifies the EDI message format used by a customer - administrator use only.'),('EDIProcessOrders.php',11,'Processes incoming EDI orders into sales orders'),('EDISendInvoices.php',15,'Processes invoiced EDI customer invoices into EDI messages and sends using the customers preferred method either ftp or email attachments.'),('EmailConfirmation.php',2,''),('EmailCustStatements.php',3,'Email customer statement to customer'),('EmailCustTrans.php',2,'Emails selected invoice or credit to the customer'),('employee.php',20,''),('EmployeeAdd.php',25,''),('EmployeeMaxhours.php',17,''),('ExchangeRateTrend.php',2,'Shows the trend in exchange rates as retrieved from ECB'),('Factors.php',5,'Defines supplier factor companies'),('FixedAssetCategories.php',11,'Defines the various categories of fixed assets'),('FixedAssetDepreciation.php',10,'Calculates and creates GL transactions to post depreciation for a period'),('FixedAssetItems.php',11,'Allows fixed assets to be defined'),('FixedAssetLocations.php',11,'Allows the locations of fixed assets to be defined'),('FixedAssetRegister.php',11,'Produces a csv, html or pdf report of the fixed assets over a period showing period depreciation, additions and disposals'),('FixedAssetTransfer.php',11,'Allows the fixed asset locations to be changed in bulk'),('FormDesigner.php',14,''),('FormMaker.php',1,'Allows running user defined Forms'),('FreightCosts.php',11,'Defines the setup of the freight cost using different shipping methods to different destinations. The system can use this information to calculate applicable freight if the items are defined with the correct kgs and cubic volume'),('FTP_RadioBeacon.php',2,'FTPs sales orders for dispatch to a radio beacon software enabled warehouse dispatching facility'),('geocode.php',3,''),('GeocodeSetup.php',3,''),('geocode_genxml_customers.php',3,''),('geocode_genxml_suppliers.php',3,''),('geo_displaymap_customers.php',3,''),('geo_displaymap_suppliers.php',3,''),('GetStockImage.php',1,''),('GFNRosterConvert.php',15,''),('GFS-guardforceclient-limited.php',15,''),('GFSRosterConvert.php',25,''),('GFSRosterTemplate.php',21,''),('gfstimesheet.php',15,''),('GFW-guardforceclient-limited',15,''),('GLAccountCSV.php',8,'Produces a CSV of the GL transactions for a particular range of periods and GL account'),('GLAccountInquiry.php',8,'Shows the general ledger transactions for a specified account over a specified range of periods'),('GLAccountInquiryCIT.php',15,''),('GLAccountReport.php',8,'Produces a report of the GL transactions for a particular account'),('GLAccounts.php',10,'Defines the general ledger accounts'),('GLAccountUsers.php',15,'Maintenance of users allowed to a GL Account'),('GLBalanceCIT.php',15,''),('GLBalanceSheet.php',8,'Shows the balance sheet for the company as at a specified date'),('GLBudgets.php',10,'Defines GL Budgets'),('GLCashFlowsIndirect.php',8,'Shows a statement of cash flows for the period using the indirect method'),('GLCashFlowsSetup.php',8,'Setups the statement of cash flows sections'),('GLchartdetails.php',15,''),('GLCodesInquiry.php',8,'Shows the list of general ledger codes defined with account names and groupings'),('GLJournal.php',10,'Entry of general ledger journals, periods are calculated based on the date entered here'),('GLJournalInquiry.php',15,'General Ledger Journal Inquiry'),('GLJournalInquirynotposted.php',15,''),('GLPostings.php',15,''),('GLProfit_Loss.php',8,'Shows the profit and loss of the company for the range of periods entered'),('GLTagProfit_Loss.php',8,''),('GLTags.php',10,'Allows GL tags to be defined'),('GLTransInquiry.php',8,'Shows the general ledger journal created for the sub ledger transaction specified'),('GLTranstable.php',15,''),('GLTrialBalance.php',8,'Shows the trial balance for the month and the for the period selected together with the budgeted trial balances'),('GLTrialBalance_csv.php',8,'Produces a CSV of the Trial Balance for a particular period'),('GoodsReceived.php',11,'Entry of items received against purchase orders'),('GoodsReceivedControlled.php',11,'Entry of the serial numbers or batch references for controlled items received against purchase orders'),('GoodsReceivedNotInvoiced.php',2,'Shows the list of goods received but not yet invoiced, both in supplier currency and home currency. Total in home curency should match the GL Account for Goods received not invoiced. Any discrepancy is due to multicurrency errors.'),('GroupAnalysis.php',15,''),('guardforceclient.php',22,''),('HistoricalTestResults.php',16,'Historical Test Results'),('hrms.php',15,'displays dashboard for HRMS management.'),('hrms1.php',17,'test'),('HR_Training.php',15,''),('ImportBankTrans.php',11,'Imports bank transactions'),('ImportBankTransAnalysis.php',11,'Allows analysis of bank transactions being imported'),('index.php',1,'The main menu from where all functions available to the user are accessed by clicking on the links'),('internallocation.php',15,''),('internalrostering.php',15,''),('InternalStockCategoriesByRole.php',15,'Maintains the stock categories to be used as internal for any user security role'),('InternalStockRequest.php',1,'Create an internal stock request'),('InternalStockRequestAuthorisation.php',1,'Authorise internal stock requests'),('InternalStockRequestFulfill.php',1,'Fulfill an internal stock request'),('InternalStockRequestInquiry.php',1,'Internal Stock Request inquiry'),('InventoryPlanning.php',2,'Creates a pdf report showing the last 4 months use of items including as a component of assemblies together with stock quantity on hand, current demand for the item and current quantity on sales order.'),('InventoryPlanningPrefSupplier.php',2,'Produces a report showing the inventory to be ordered by supplier'),('InventoryPlanningPrefSupplier_CSV.php',2,'Inventory planning spreadsheet'),('InventoryQuantities.php',2,''),('InventoryValuation.php',2,'Creates a pdf report showing the value of stock at standard cost for a range of product categories selected'),('Invoices.php',15,''),('JCAutoCreateCITInvoice.php',15,''),('JCAutoCreateInvoice.php',15,''),('JCAutoCreateQuote.php',15,''),('JCAutoCreateQuote1.php',15,''),('JCCostingDetails.php',19,''),('JCCostingSheet.php',19,''),('JCCostingSheetCat.php',19,''),('JCCreateQuote.php',19,''),('JCEmailInvoice.php',15,''),('JCEmailQuote.php',15,''),('JCItemCat.php',19,''),('JCLabortype.php',19,''),('JCPrintInvoice.php',15,''),('JCPrintQuote.php',15,''),('JCProjectCosting.php',19,''),('jobquote.php',19,''),('JSCostingSheet.php',19,''),('Labels.php',15,'Produces item pricing labels in a pdf from a range of selected criteria'),('Locations.php',11,'Defines the inventory stocking locations or warehouses'),('LocationUsers.php',15,'Allows users that have permission to access a location to be defined'),('Logout.php',1,'Shows when the user logs out of webERP'),('MailingGroupMaintenance.php',15,'Mainting mailing lists for items to mail'),('MailInventoryValuation.php',1,'Meant to be run as a scheduled process to email the stock valuation off to a specified person. Creates the same stock valuation report as InventoryValuation.php'),('MailSalesReport_csv.php',15,'Mailing the sales report'),('MaintenanceReminders.php',1,'Sends email reminders for scheduled asset maintenance tasks'),('MaintenanceTasks.php',1,'Allows set up and edit of scheduled maintenance tasks'),('MaintenanceUserSchedule.php',1,'List users or managers scheduled maintenance tasks and allow to be flagged as completed'),('Manufacturers.php',15,'Maintain brands of sales products'),('MaterialsNotUsed.php',4,'Lists the items from Raw Material Categories not used in any BOM (thus, not used at all)'),('MRP.php',9,''),('MRPCalendar.php',9,''),('MRPCreateDemands.php',9,''),('MRPDemands.php',9,''),('MRPDemandTypes.php',9,''),('MRPPlannedPurchaseOrders.php',2,''),('MRPPlannedWorkOrders.php',2,''),('MRPReport.php',2,''),('MRPReschedules.php',2,''),('MRPShortages.php',2,''),('NadiGFWRosterConvert.php',15,''),('NoSalesItems.php',2,'Shows the No Selling (worst) items'),('OffersReceived.php',4,''),('OrderDetails.php',1,'Shows the detail of a sales order'),('OrderEntryDiscountPricing',13,'Not a script but an authority level marker - required if the user is allowed to enter discounts and special pricing against a customer order'),('OutstandingGRNs.php',2,'Creates a pdf showing all GRNs for which there has been no purchase invoice matched off against.'),('PageSecurity.php',15,''),('paycycle.php',15,''),('PaymentAllocations.php',5,''),('PaymentMethods.php',15,''),('Payments.php',5,'Entry of bank account payments either against an AP account or a general ledger payment - if the AP-GL link in company preferences is set'),('PaymentTerms.php',10,'Defines the payment terms records, these can be expressed as either a number of days credit or a day in the following month. All customers and suppliers must have a corresponding payment term recorded against their account'),('PayrolAdjustments.php',15,''),('PayrolType.php',15,''),('PayrolTypeDetails.php',15,''),('PayRuns.php',15,''),('PcAnalysis.php',15,'Creates an Excel with details of PC expnese for 24 months'),('PcAssignCashTabToTab.php',12,'Assign cash from one tab to another'),('PcAssignCashToTab.php',6,''),('PcAuthorizeExpenses.php',6,''),('PcClaimExpensesFromTab.php',6,''),('PcExpenses.php',15,''),('PcExpensesTypeTab.php',15,''),('PcReportTab.php',6,''),('PcTabExpensesList.php',15,'Creates excel with all movements of tab between dates'),('PcTabs.php',15,''),('PcTypeTabs.php',15,''),('PDFBankingSummary.php',3,'Creates a pdf showing the amounts entered as receipts on a specified date together with references for the purposes of banking'),('PDFChequeListing.php',3,'Creates a pdf showing all payments that have been made from a specified bank account over a specified period. This can be emailed to an email account defined in config.php - ie a financial controller'),('PDFCOA.php',0,'PDF of COA'),('PDFCustomerList.php',2,'Creates a report of the customer and branch information held. This report has options to print only customer branches in a specified sales area and sales person. Additional option allows to list only those customers with activity either under or over a specified amount, since a specified date.'),('PDFCustTransListing.php',3,''),('PDFDeliveryDifferences.php',3,'Creates a pdf report listing the delivery differences from what the customer requested as recorded in the order entry. The report calculates a percentage of order fill based on the number of orders filled in full on time'),('PDFDIFOT.php',3,'Produces a pdf showing the delivery in full on time performance'),('PDFFGLabel.php',11,'Produces FG Labels'),('PDFGLJournal.php',15,'General Ledger Journal Print'),('PDFGLJournalCN.php',1,'Print GL Journal Chinese version'),('PDFGLJournalnonposted.php',15,''),('PDFGrn.php',2,'Produces a GRN report on the receipt of stock'),('PDFLowGP.php',2,'Creates a pdf report showing the low gross profit sales made in the selected date range. The percentage of gp deemed acceptable can also be entered'),('PDFOrdersInvoiced.php',3,'Produces a pdf of orders invoiced based on selected criteria'),('PDFOrderStatus.php',3,'Reports on sales order status by date range, by stock location and stock category - producing a pdf showing each line items and any quantites delivered'),('PDFPeriodStockTransListing.php',3,'Allows stock transactions of a specific transaction type to be listed over a single day or period range'),('PDFPickingList.php',2,''),('PDFPriceList.php',2,'Creates a pdf of the price list applicable to a given sales type and customer. Also allows the listing of prices specific to a customer'),('PDFPrintLabel.php',10,''),('PDFProdSpec.php',0,'PDF OF Product Specification'),('PDFQALabel.php',2,'Produces a QA label on receipt of stock'),('PDFQuotation.php',2,''),('PDFQuotationPortrait.php',2,'Portrait quotation'),('PDFReceipt.php',2,''),('PDFRemittanceAdvice.php',2,''),('PDFSellThroughSupportClaim.php',9,'Reports the sell through support claims to be made against all suppliers for a given date range.'),('PDFStockCheckComparison.php',2,'Creates a pdf comparing the quantites entered as counted at a given range of locations against the quantity stored as on hand as at the time a stock check was initiated.'),('PDFStockLocTransfer.php',1,'Creates a stock location transfer docket for the selected location transfer reference number'),('PDFStockNegatives.php',1,'Produces a pdf of the negative stocks by location'),('PDFStockTransfer.php',2,'Produces a report for stock transfers'),('PDFSuppTransListing.php',3,''),('PDFTestPlan.php',16,'PDF of Test Plan'),('PDFTopItems.php',2,'Produces a pdf report of the top items sold'),('PDFWOPrint.php',11,'Produces W/O Paperwork'),('PeriodsInquiry.php',2,'Shows a list of all the system defined periods'),('PoolGuards.php',15,''),('POReport.php',2,''),('postjournals.php',15,''),('PosUsers.php',15,''),('PO_AuthorisationLevels.php',15,''),('PO_AuthoriseMyOrders.php',4,''),('PO_Header.php',4,'Entry of a purchase order header record - date, references buyer etc'),('PO_Items.php',4,'Entry of a purchase order items - allows entry of items with lookup of currency cost from Purchasing Data previously entered also allows entry of nominal items against a general ledger code if the AP is integrated to the GL'),('PO_OrderDetails.php',2,'Purchase order inquiry shows the quantity received and invoiced of purchase order items as well as the header information'),('PO_PDFPurchOrder.php',2,'Creates a pdf of the selected purchase order for printing or email to one of the supplier contacts entered'),('PO_SelectOSPurchOrder.php',2,'Shows the outstanding purchase orders for selecting with links to receive or modify the purchase order header and items'),('PO_SelectPurchOrder.php',2,'Allows selection of any purchase order with links to the inquiry'),('PriceMatrix.php',11,'Mantain stock prices according to quantity break and sales types'),('Prices.php',9,'Entry of prices for a selected item also allows selection of sales type and currency for the price'),('PricesBasedOnMarkUp.php',11,''),('PricesByCost.php',11,'Allows prices to be updated based on cost'),('Prices_Customer.php',11,'Entry of prices for a selected item and selected customer/branch. The currency and sales type is defaulted from the customer\'s record'),('PrintCheque.php',5,''),('PrintCustOrder.php',2,'Creates a pdf of the dispatch note - by default this is expected to be on two part pre-printed stationery to allow pickers to note discrepancies for the confirmer to update the dispatch at the time of invoicing'),('PrintCustOrder_generic.php',2,'Creates two copies of a laser printed dispatch note - both copies need to be written on by the pickers with any discrepancies to advise customer of any shortfall and on the office copy to ensure the correct quantites are invoiced'),('PrintCustStatements.php',2,'Creates a pdf for the customer statements in the selected range'),('PrintCustTrans.php',1,'Creates either a html invoice or credit note or a pdf. A range of invoices or credit notes can be selected also.'),('PrintCustTransPortrait.php',1,''),('PrintRetailReceipt.php',15,''),('PrintRoster-GFS.php',25,''),('PrintRoster-GFW.php',25,''),('PrintRoster.php',25,''),('PrintSalesOrder_generic.php',2,''),('PrintTimesheet-GFS.php',15,''),('PrintWOItemSlip.php',4,'PDF WO Item production Slip '),('ProductSpecs.php',16,'Product Specification Maintenance'),('ProgressiveInvoicing.php',15,''),('project-firenorth.php',15,''),('project-firesuva.php',15,''),('project-firewest.php',15,''),('project-installssuva.php',15,''),('project-installswest.php',15,''),('project.php',19,''),('ProjectDepartmentSelection.php',15,''),('ProjectReport.php',15,''),('ProjectReportAll.php',15,''),('prospecting.php',15,''),('ProvisionalTax.php',15,''),('ProvisionalTaxManual.php',15,''),('ProvisionalTaxSuppliers.php',15,''),('publicholiday.php',15,''),('PurchaseByPrefSupplier.php',2,'Purchase ordering by preferred supplier'),('PurchData.php',4,'Entry of supplier purchasing data, the suppliers part reference and the suppliers currency cost of the item'),('QATests.php',16,'Quality Test Maintenance'),('Quotations.php',15,''),('RecurringSalesOrders.php',1,''),('RecurringSalesOrdersProcess.php',1,'Process Recurring Sales Orders'),('RelatedItemsUpdate.php',2,'Maintains Related Items'),('ReorderLevel.php',2,'Allows reorder levels of inventory to be updated'),('ReorderLevelLocation.php',2,''),('ReportCreator.php',13,'Report Writer and Form Creator script that creates templates for user defined reports and forms'),('ReportMaker.php',1,'Produces reports from the report writer templates created'),('ReportRostering-GFS.php',15,''),('ReportRosterings-GFS.php',15,''),('ReportTimesheet-GFS.php',15,''),('reportwriter/admin/ReportCreator.php',15,'Report Writer'),('ReprintGRN.php',11,'Allows selection of a goods received batch for reprinting the goods received note given a purchase order number'),('RetailReport-old.php',15,''),('RetailReport.php',15,''),('RetailReport1',15,''),('RetailReport1.php',15,''),('RetailReportAll.php',15,''),('RetailReportAllCounter2.php',15,''),('RetailReportDetailed.php',15,''),('RetailReportFinancial.php',15,''),('RetentionManual.php',15,''),('ReverseGRN.php',11,'Reverses the entry of goods received - creating stock movements back out and necessary general ledger journals to effect the reversal'),('RevisionTranslations.php',15,'Human revision for automatic descriptions translations'),('roster.php',15,''),('rosteradmin.php',15,''),('rostering.php',22,''),('rosteringnorth.php',15,''),('rosteringperiod.php',15,''),('rosteringwest.php',15,''),('SalesAnalReptCols.php',2,'Entry of the definition of a sales analysis report\'s columns.'),('SalesAnalRepts.php',2,'Entry of the definition of a sales analysis report headers'),('SalesAnalysis_UserDefined.php',2,'Creates a pdf of a selected user defined sales analysis report'),('SalesByTypePeriodInquiry.php',2,'Shows sales for a selected date range by sales type/price list'),('SalesCategories.php',11,''),('SalesCategoryDescriptions.php',15,'Maintain translations for sales categories'),('SalesCategoryPeriodInquiry.php',2,'Shows sales for a selected date range by stock category'),('SalesGLPostings.php',10,'Defines the general ledger accounts used to post sales to based on product categories and sales areas'),('SalesGraph.php',6,''),('SalesInquiry.php',2,''),('SalesPeople.php',3,'Defines the sales people of the business'),('SalesTopCustomersInquiry.php',1,'Shows the top customers'),('SalesTopItemsInquiry.php',2,'Shows the top item sales for a selected date range'),('SalesTypes.php',15,'Defines the sales types - prices are held against sales types they can be considered price lists. Sales analysis records are held by sales type too.'),('SalesTypesGLMapping.php',15,''),('Sectors.php',15,''),('SecurityTokens.php',15,'Administration of security tokens'),('SelectAsset.php',2,'Allows a fixed asset to be selected for modification or viewing'),('SelectCompletedOrder.php',1,'Allows the selection of completed sales orders for inquiries - choices to select by item code or customer'),('SelectContract.php',6,'Allows a contract costing to be selected for modification or viewing'),('SelectCreditItems.php',3,'Entry of credit notes from scratch, selecting the items in either quick entry mode or searching for them manually'),('SelectCustomer.php',2,'Selection of customer - from where all customer related maintenance, transactions and inquiries start'),('SelectGLAccount.php',8,'Selection of general ledger account from where all general ledger account maintenance, or inquiries are initiated'),('SelectOrderItems.php',1,'Entry of sales order items with both quick entry and part search functions'),('SelectProduct.php',2,'Selection of items. All item maintenance, transactions and inquiries start with this script'),('SelectQASamples.php',16,'Select  QA Samples'),('SelectRecurringSalesOrder.php',2,''),('SelectSalesOrder.php',2,'Selects a sales order irrespective of completed or not for inquiries'),('SelectSupplier.php',2,'Selects a supplier. A supplier is required to be selected before any AP transactions and before any maintenance or inquiry of the supplier'),('SelectWorkOrder.php',2,''),('SellThroughSupport.php',9,'Defines the items, period and quantum of support for which supplier has agreed to provide.'),('shifts.php',25,''),('ShipmentCosting.php',11,'Shows the costing of a shipment with all the items invoice values and any shipment costs apportioned. Updating the shipment has an option to update standard costs of all items on the shipment and create any general ledger variance journals'),('Shipments.php',11,'Entry of shipments from outstanding purchase orders for a selected supplier - changes in the delivery date will cascade into the different purchase orders on the shipment'),('Shippers.php',15,'Defines the shipping methods available. Each customer branch has a default shipping method associated with it which must match a record from this table'),('ShiptsList.php',2,'Shows a list of all the open shipments for a selected supplier. Linked from POItems.php'),('Shipt_Select.php',11,'Selection of a shipment for displaying and modification or updating'),('ShopParameters.php',17,'Maintain web-store configuration and set up'),('SMTPServer.php',15,''),('SpecialOrder.php',4,'Allows for a sales order to be created and an indent order to be created on a supplier for a one off item that may never be purchased again. A dummy part is created based on the description and cost details given.'),('staffgroups.php',15,''),('StockAdjustments.php',11,'Entry of quantity corrections to stocks in a selected location.'),('StockAdjustmentsControlled.php',11,'Entry of batch references or serial numbers on controlled stock items being adjusted'),('StockCategories.php',11,'Defines the stock categories. All items must refer to one of these categories. The category record also allows the specification of the general ledger codes where stock items are to be posted - the balance sheet account and the profit and loss effect of any adjustments and the profit and loss effect of any price variances'),('StockCategorySalesInquiry.php',2,'Sales inquiry by stock category showing top items'),('StockCheck.php',2,'Allows creation of a stock check file - copying the current quantites in stock for later comparison to the entered counts. Also produces a pdf for the count sheets.'),('StockClone.php',11,'Script to copy a stock item and associated properties, image, price, purchase and cost data'),('StockCostUpdate.php',9,'Allows update of the standard cost of items producing general ledger journals if the company preferences stock GL interface is active'),('StockCounts.php',2,'Allows entry of stock counts'),('StockDispatch.php',2,''),('StockLocMovements.php',2,'Inquiry shows the Movements of all stock items for a specified location'),('StockLocStatus.php',2,'Shows the stock on hand together with outstanding sales orders and outstanding purchase orders by stock location for all items in the selected stock category'),('StockLocTransfer.php',11,'Entry of a bulk stock location transfer for many parts from one location to another.'),('StockLocTransferReceive.php',11,'Effects the transfer and creates the stock movements for a bulk stock location transfer initiated from StockLocTransfer.php'),('StockMovements.php',2,'Shows a list of all the stock movements for a selected item and stock location including the price at which they were sold in local currency and the price at which they were purchased for in local currency'),('StockQties_csv.php',5,'Makes a comma separated values (CSV)file of the stock item codes and quantities'),('StockQuantityByDate.php',2,'Shows the stock on hand for each item at a selected location and stock category as at a specified date'),('StockQuantityByDate2.php',15,''),('StockReorderLevel.php',4,'Entry and review of the re-order level of items by stocking location'),('StockRequest.php',15,''),('StockRequestPrint.php',15,''),('Stocks.php',11,'Defines an item - maintenance and addition of new parts'),('StockSalesReport.php',15,''),('StockSerialItemResearch.php',3,''),('StockSerialItems.php',2,'Shows a list of the serial numbers or the batch references and quantities of controlled items. This inquiry is linked from the stock status inquiry'),('StockStatus.php',2,'Shows the stock on hand together with outstanding sales orders and outstanding purchase orders by stock location for a selected part. Has a link to show the serial numbers in stock at the location selected if the item is controlled'),('StockTransferControlled.php',11,'Entry of serial numbers/batch references for controlled items being received on a stock transfer. The script is used by both bulk transfers and point to point transfers'),('StockTransferProjects.php',15,''),('StockTransfers.php',11,'Entry of point to point stock location transfers of a single part'),('Stocktype.php',15,''),('StockUsage.php',2,'Inquiry showing the quantity of stock used by period calculated from the sum of the stock movements over that period - by item and stock location. Also available over all locations'),('StockUsageGraph.php',2,''),('superadmin.php',15,''),('supervisorrostering.php',15,''),('supervisortimesheet.php',15,''),('SuppContractChgs.php',5,''),('SuppCreditGRNs.php',5,'Entry of a supplier credit notes (debit notes) against existing GRN which have already been matched in full or in part'),('SuppFixedAssetChgs.php',5,''),('SuppInvGRNs.php',5,'Entry of supplier invoices against goods received'),('SuppInvPO.php',15,''),('SupplierAllocations.php',5,'Entry of allocations of supplier payments and credit notes to invoices'),('SupplierBalsAtPeriodEnd.php',2,''),('SupplierContacts.php',5,'Entry of supplier contacts and contact details including email addresses'),('SupplierCredit.php',5,'Entry of supplier credit notes (debit notes)'),('SupplierGRNAndInvoiceInquiry.php',5,'Supplier\'s delivery note and grn relationship inquiry'),('SupplierInquiry.php',2,'Inquiry showing invoices, credit notes and payments made to suppliers together with the amounts outstanding'),('SupplierInvoice.php',5,'Entry of supplier invoices'),('SupplierPriceList.php',4,'Maintain Supplier Price Lists'),('Suppliers.php',5,'Entry of new suppliers and maintenance of existing suppliers'),('SuppliersTransactions.php',15,''),('SupplierTenderCreate.php',4,'Create or Edit tenders'),('SupplierTenders.php',9,''),('SupplierTransInquiry.php',2,''),('SupplierTypes.php',4,''),('SuppLoginSetup.php',15,''),('SuppPaymentRun.php',5,'Automatic creation of payment records based on calculated amounts due from AP invoices entered'),('SuppPriceList.php',2,''),('SuppShiptChgs.php',5,'Entry of supplier invoices against shipments as charges against a shipment'),('SuppTransGLAnalysis.php',5,'Entry of supplier invoices against general ledger codes'),('SuppUploads.php',15,''),('SuppWhereAlloc.php',3,'Suppliers where allocated'),('SystemParameters.php',17,''),('Tax.php',2,'Creates a report of the ad-valoerm tax - GST/VAT - for the period selected from accounts payable and accounts receivable data'),('TaxAuthorities.php',15,'Entry of tax authorities - the state intitutions that charge tax'),('TaxAuthorityRates.php',11,'Entry of the rates of tax applicable to the tax authority depending on the item tax level'),('TaxCategories.php',15,'Allows for categories of items to be defined that might have different tax rates applied to them'),('TaxGroups.php',15,'Allows for taxes to be grouped together where multiple taxes might apply on sale or purchase of items'),('TaxProvinces.php',15,'Allows for inventory locations to be defined so that tax applicable from sales in different provinces can be dealt with'),('TaxRates.php',15,''),('techniciantimesheet.php',15,''),('TestCodes.php',15,''),('testexcel.php',15,''),('TestPlanResults.php',16,'Test Plan Results Entry'),('timesheet.php',15,''),('timesheetGFS.php',22,''),('timesheetnorth.php',15,''),('TimesheetWestGFW.php',15,''),('TopItems.php',2,'Shows the top selling items'),('UnitsOfMeasure.php',15,'Allows for units of measure to be defined'),('UpgradeDatabase.php',15,'Allows for the database to be automatically upgraded based on currently recorded DBUpgradeNumber config option'),('UserBankAccounts.php',15,'Maintains table bankaccountusers (Authorized users to work with a bank account in webERP)'),('UserGLAccounts.php',15,'Maintenance of GL Accounts allowed for a user'),('UserLocations.php',15,'Location User Maintenance'),('UserMargin.php',15,''),('UserSettings.php',1,'Allows the user to change system wide defaults for the theme - appearance, the number of records to show in searches and the language to display messages in'),('VMSTrans.php',15,''),('WhereUsedInquiry.php',2,'Inquiry showing where an item is used ie all the parents where the item is a component of'),('WOCanBeProducedNow.php',4,'List of WO items that can be produced with available stock in location'),('WorkCentres.php',9,'Defines the various centres of work within a manufacturing company. Also the overhead and labour rates applicable to the work centre and its standard capacity'),('WorkOrderCosting.php',11,''),('WorkOrderEntry.php',10,'Entry of new work orders'),('WorkOrderIssue.php',11,'Issue of materials to a work order'),('WorkOrderReceive.php',11,'Allows for receiving of works orders'),('WorkOrderStatus.php',11,'Shows the status of works orders'),('WOSerialNos.php',10,''),('WWW_Access.php',15,''),('WWW_Users.php',15,'Entry of users and security settings of users'),('ytd_balancesheet.php',15,''),('ytd_GL.php',15,''),('ytd_pl.php',15,''),('ytd_wip.php',15,''),('Z_AdjustmentsStock.php',15,''),('Z_Atm.php',15,''),('Z_AtmLoads.php',15,''),('Z_AtmRepat.php',15,''),('Z_AutomateditemChangesDump.php',15,''),('Z_AutomatedPriceChangesDump',15,''),('Z_AutomatedPriceChangesDump.php',15,''),('Z_AutomatedPriceMatrixChangesDump',15,''),('Z_AutomatedRetail.php',15,''),('Z_AutomatedRetail_counter2.php',15,''),('Z_AutomatedStockQtyCounter2-13th.php',15,''),('Z_BottomUpCosts.php',15,''),('Z_CemBiometric.php',15,''),('Z_ChangeBranchCode.php',15,'Utility to change the branch code of a customer that cascades the change through all the necessary tables'),('Z_ChangeCustomerCode.php',15,'Utility to change a customer code that cascades the change through all the necessary tables'),('Z_ChangeGLAccountCode.php',15,'Script to change a GL account code accross all tables necessary'),('Z_ChangeLocationCode.php',15,'Change a locations code and in all tables where the old code was used to the new code'),('Z_ChangeStockCategory.php',15,''),('Z_ChangeStockCode.php',15,'Utility to change an item code that cascades the change through all the necessary tables'),('Z_ChangeSupplierCode.php',15,'Script to change a supplier code accross all tables necessary'),('Z_CheckAllocationsFrom.php',15,''),('Z_CheckAllocs.php',2,''),('Z_CheckDebtorsControl.php',15,'Inquiry that shows the total local currency (functional currency) balance of all customer accounts to reconcile with the general ledger debtors account'),('Z_CheckGLTransBalance.php',15,'Checks all GL transactions balance and reports problem ones'),('Z_CostingForContracts.php',15,''),('Z_CostingItems.php',15,''),('Z_CreateChartDetails.php',9,'Utility page to create chart detail records for all general ledger accounts and periods created - needs expert assistance in use'),('Z_CreateCompany.php',15,'Utility to insert company number 1 if not already there - actually only company 1 is used - the system is not multi-company'),('Z_CreateCompanyTemplateFile.php',15,''),('Z_CurrencyDebtorsBalances.php',15,'Inquiry that shows the total foreign currency together with the total local currency (functional currency) balances of all customer accounts to reconcile with the general ledger debtors account'),('Z_CurrencySuppliersBalances.php',15,'Inquiry that shows the total foreign currency amounts and also the local currency (functional currency) balances of all supplier accounts to reconcile with the general ledger creditors account'),('Z_DataExport.php',15,''),('Z_DebtorTrans.php',15,''),('Z_DeleteCreditNote.php',15,'Utility to reverse a customer credit note - a desperate measure that should not be used except in extreme circumstances'),('Z_DeleteInvoice.php',15,'Utility to reverse a customer invoice - a desperate measure that should not be used except in extreme circumstances'),('Z_DeleteOldPrices.php',15,'Deletes all old prices'),('Z_DeleteSalesTransActions.php',15,'Utility to delete all sales transactions, sales analysis the lot! Extreme care required!!!'),('Z_DescribeTable.php',11,''),('Z_Ecal.php',15,''),('Z_GLAccountUsersCopyAuthority.php',15,'Utility to copy authority of GL accounts from one user to another'),('Z_GLbalance.php',15,''),('Z_ImportChartOfAccounts.php',11,''),('Z_ImportCustbranch.php',15,''),('Z_ImportDebtors.php',15,'Import debtors by csv file'),('Z_ImportFixedAssets.php',15,'Allow fixed assets to be imported from a csv'),('Z_ImportGLAccountGroups.php',11,''),('Z_ImportGLAccountSections.php',11,''),('Z_ImportGLTransactions.php',15,'Import General Ledger Transactions'),('Z_ImportPartCodes.php',11,'Allows inventory items to be imported from a csv'),('Z_ImportPriceList.php',15,'Loads a new price list from a csv file'),('Z_ImportStocks.php',15,''),('Z_ImportSuppliers.php',15,''),('Z_index.php',15,'Utility menu page'),('Z_ItemsWithoutPicture.php',15,'Shows the list of curent items without picture in webERP'),('Z_MakeLocUsers.php',15,'Create User Location records'),('Z_MakeNewCompany.php',15,''),('Z_MakeStockLocns.php',15,'Utility to make LocStock records for all items and locations if not already set up.'),('Z_poAddLanguage.php',15,'Allows a new language po file to be created'),('Z_poAdmin.php',15,'Allows for a gettext language po file to be administered'),('Z_poEditLangHeader.php',15,''),('Z_poEditLangModule.php',15,''),('Z_poEditLangRemaining.php',15,''),('Z_poRebuildDefault.php',15,''),('Z_PriceChanges.php',15,'Utility to make bulk pricing alterations to selected sales type price lists or selected customer prices only'),('Z_ReApplyCostToSA.php',15,'Utility to allow the sales analysis table to be updated with the latest cost information - the sales analysis takes the cost at the time the sale was made to reconcile with the enteries made in the gl.'),('Z_RePostGLFromPeriod.php',15,'Utility to repost all general ledger transaction commencing from a specified period. This can take some time in busy environments. Normally GL transactions are posted automatically each time a trial balance or profit and loss account is run'),('Z_ReverseSuppPaymentRun.php',15,'Utility to reverse an entire Supplier payment run'),('Z_SalesIntegrityCheck.php',15,''),('Z_UpdateChartDetailsBFwd.php',15,'Utility to recalculate the ChartDetails table B/Fwd balances - extreme care!!'),('Z_UpdateItemCosts.php',15,'Use CSV of item codes and costs to update webERP item costs'),('Z_UpdateSalesAnalysisWithLatestCustomerData.php',15,'Updates the salesanalysis table with the latest data from the customer debtorsmaster salestype and custbranch sales area and sales person irrespective of the sales type, area, salesperson at the time when the sale was made'),('Z_Updatestock.php',15,''),('Z_Upgrade3.10.php',15,''),('Z_Upgrade_3.01-3.02.php',15,''),('Z_Upgrade_3.04-3.05.php',15,''),('Z_Upgrade_3.05-3.06.php',15,''),('Z_Upgrade_3.07-3.08.php',15,''),('Z_Upgrade_3.08-3.09.php',15,''),('Z_Upgrade_3.09-3.10.php',15,''),('Z_Upgrade_3.10-3.11.php',15,''),('Z_Upgrade_3.11-4.00.php',15,''),('Z_UploadForm.php',15,'Utility to upload a file to a remote server'),('Z_UploadResult.php',15,'Utility to upload a file to a remote server');

--
-- Table structure for table `scripts1`
--

CREATE TABLE `scripts1` (
  `script` varchar(78) NOT NULL DEFAULT '',
  `pagesecurity` int(11) NOT NULL DEFAULT '1',
  `description` text NOT NULL,
  PRIMARY KEY (`script`)
) ENGINE=InnoDB DEFAULT CHARSET=utf8;

--
-- Dumping data for table `scripts1`
--

INSERT INTO `scripts1` VALUES ('AccountGroups.php',10,'Defines the groupings of general ledger accounts'),('AccountSections.php',10,'Defines the sections in the general ledger reports'),('AddCustomerContacts.php',3,'Adds customer contacts'),('AddCustomerNotes.php',3,'Adds notes about customers'),('AddCustomerTypeNotes.php',3,''),('aflbusiness.php',24,''),('aflflightsrates.php',24,''),('aflmaster.php',24,''),('aflrostering.php',24,''),('AgedControlledInventory.php',11,'Report of Controlled Items and their age'),('AgedDebtors.php',2,'Lists customer account balances in detail or summary in selected currency'),('AgedSuppliers.php',2,'Lists supplier account balances in detail or summary in selected currency'),('Airport-Nadi-Timesheet.php',24,''),('AirportNadiRosterConvert.php',24,''),('airportrostering-nausori.php',23,''),('AnalysisHorizontalIncome.php',8,'Shows the horizontal analysis of the statement of comprehensive income'),('AnalysisHorizontalPosition.php',8,'Shows the horizontal analysis of the statement of financial position'),('Areas.php',3,'Defines the sales areas - all customers must belong to a sales area for the purposes of sales analysis'),('ATMTrans.php',15,''),('AuditTrail.php',15,'Shows the activity with SQL statements and who performed the changes'),('AutomaticTranslationDescriptions.php',15,'Translates via Google Translator all empty translated descriptions'),('BankAccounts.php',10,'Defines the general ledger code for bank accounts and specifies that bank transactions be created for these accounts for the purposes of reconciliation'),('BankAccountUsers.php',15,'Maintains table bankaccountusers (Authorized users to work with a bank account in webERP)'),('BankMatching.php',7,'Allows payments and receipts to be matched off against bank statements'),('BankReconciliation.php',7,'Displays the bank reconciliation for a selected bank account'),('bloodgroup.php',15,''),('BOMExtendedQty.php',2,'Shows the component requirements to make an item'),('BOMIndented.php',2,'Shows the bill of material indented for each level'),('BOMIndentedReverse.php',2,''),('BOMInquiry.php',2,'Displays the bill of material with cost information'),('BOMListing.php',2,'Lists the bills of material for a selected range of items'),('BOMs.php',9,'Administers the bills of material for a selected item'),('cemaviationwest.php',15,''),('cemrecon.php',15,''),('certificates.php',15,''),('CITBilling.php',15,''),('COGSGLPostings.php',10,'Defines the general ledger account to be used for cost of sales entries'),('CollectiveWorkOrderCost.php',2,'Multiple work orders cost review'),('CompanyPreferences.php',17,'Defines the settings applicable for the company, including name, address, tax authority reference, whether GL integration used etc.'),('ConfirmDispatchControlled_Invoice.php',2,'Specifies the batch references/serial numbers of items dispatched that are being invoiced'),('ConfirmDispatch_Invoice.php',2,'Creates sales invoices from entered sales orders based on the quantities dispatched that can be modified'),('ContractBOM.php',6,'Creates the item requirements from stock for a contract as part of the contract cost build up'),('ContractCosting.php',6,'Shows a contract cost - the components and other non-stock costs issued to the contract'),('Contractlabor.php',15,''),('ContractOtherReqts.php',4,'Creates the other requirements for a contract cost build up'),('Contracts.php',6,'Creates or modifies a customer contract costing'),('CopyBOM.php',9,'Allows a bill of material to be copied between items'),('CostUpdate',10,'NB Not a script but allows users to maintain item costs from withing StockCostUpdate.php'),('CounterReturns.php',5,'Allows credits and refunds from the default Counter Sale account for an inventory location'),('CounterSales.php',1,'Allows sales to be entered against a cash sale customer account defined in the users location record'),('course.php',15,''),('CreateBillingCIT.php',15,''),('CreateInvoice.php',19,''),('CreateInvoiceCIT.php',15,''),('CreatePoolGuards.php',15,''),('CreateRoster-NadiAirport.php',15,''),('CreditItemsControlled.php',3,'Specifies the batch references/serial numbers of items being credited back into stock'),('CreditStatus.php',3,'Defines the credit status records. Each customer account is given a credit status from this table. Some credit status records can prohibit invoicing and new orders being entered.'),('Credit_Invoice.php',3,'Creates a credit note based on the details of an existing invoice'),('crm.php',15,'crm'),('CrmInsights.php',15,''),('Currencies.php',9,'Defines the currencies available. Each customer and supplier must be defined as transacting in one of the currencies defined here.'),('CustEDISetup.php',11,'Allows the set up the customer specified EDI parameters for server, email or ftp.'),('CustItem.php',11,'Customer Items'),('CustLoginSetup.php',15,''),('CustomerAccount.php',1,'Shows customer account/statement on screen rather than PDF'),('CustomerAllocations.php',3,'Allows customer receipts and credit notes to be allocated to sales invoices'),('CustomerAnalysis.php',15,''),('CustomerBalancesMovement.php',3,'Allow customers to be listed in local currency with balances and activity over a date range'),('CustomerBranches.php',3,'Defines the details of customer branches such as delivery address and contact details - also sales area, representative etc'),('CustomerInquiry.php',1,'Shows the customers account transactions with balances outstanding, links available to drill down to invoice/credit note or email invoices/credit notes'),('CustomerPurchases.php',5,'Shows the purchases a customer has made.'),('CustomerReceipt.php',3,'Entry of both customer receipts against accounts receivable and also general ledger or nominal receipts'),('Customers.php',19,'Defines the setup of a customer account, including payment terms, billing address, credit status, currency etc'),('CustomerTransactions.php',15,''),('CustomerTransInquiry.php',19,'Lists in html the sequence of customer transactions, invoices, credit notes or receipts by a user entered date range'),('CustomerTypes.php',15,''),('CustWhereAlloc.php',2,'Shows to which invoices a receipt was allocated to'),('DailyBankTransactions.php',8,'Allows you to view all bank transactions for a selected date range, and the inquiry can be filtered by matched or unmatched transactions, or all transactions can be chosen'),('DailySalesInquiry.php',2,'Shows the daily sales with GP in a calendar format'),('Dashboard.php',1,'Display outstanding debtors, creditors etc'),('debtoraccount.php',19,''),('debtorprovisions.php',15,''),('DebtorsAtPeriodEnd.php',2,'Shows the debtors control account as at a previous period end - based on system calendar monthly periods'),('DeliveryDetails.php',1,'Used during order entry to allow the entry of delivery addresses other than the defaulted branch delivery address and information about carrier/shipping method etc'),('department.php',15,''),('DepartmentAnalysis.php',15,''),('Departments.php',1,'Create business departments'),('DiscountCategories.php',11,'Defines the items belonging to a discount category. Discount Categories are used to allow discounts based on quantities across a range of producs'),('DiscountMatrix.php',11,'Defines the rates of discount applicable to discount categories and the customer groupings to which the rates are to apply'),('division.php',15,''),('DivisionAnalysis.php',15,''),('EDIMessageFormat.php',10,'Specifies the EDI message format used by a customer - administrator use only.'),('EDIProcessOrders.php',11,'Processes incoming EDI orders into sales orders'),('EDISendInvoices.php',15,'Processes invoiced EDI customer invoices into EDI messages and sends using the customers preferred method either ftp or email attachments.'),('EmailConfirmation.php',2,''),('EmailCustStatements.php',3,'Email customer statement to customer'),('EmailCustTrans.php',2,'Emails selected invoice or credit to the customer'),('employee.php',20,''),('EmployeeAdd.php',25,''),('EmployeeMaxhours.php',17,''),('ExchangeRateTrend.php',2,'Shows the trend in exchange rates as retrieved from ECB'),('Factors.php',5,'Defines supplier factor companies'),('FixedAssetCategories.php',11,'Defines the various categories of fixed assets'),('FixedAssetDepreciation.php',10,'Calculates and creates GL transactions to post depreciation for a period'),('FixedAssetItems.php',11,'Allows fixed assets to be defined'),('FixedAssetLocations.php',11,'Allows the locations of fixed assets to be defined'),('FixedAssetRegister.php',11,'Produces a csv, html or pdf report of the fixed assets over a period showing period depreciation, additions and disposals'),('FixedAssetTransfer.php',11,'Allows the fixed asset locations to be changed in bulk'),('FormDesigner.php',14,''),('FormMaker.php',1,'Allows running user defined Forms'),('FreightCosts.php',11,'Defines the setup of the freight cost using different shipping methods to different destinations. The system can use this information to calculate applicable freight if the items are defined with the correct kgs and cubic volume'),('FTP_RadioBeacon.php',2,'FTPs sales orders for dispatch to a radio beacon software enabled warehouse dispatching facility'),('geocode.php',3,''),('GeocodeSetup.php',3,''),('geocode_genxml_customers.php',3,''),('geocode_genxml_suppliers.php',3,''),('geo_displaymap_customers.php',3,''),('geo_displaymap_suppliers.php',3,''),('GetStockImage.php',1,''),('GFNRosterConvert.php',15,''),('GFS-guardforceclient-limited.php',15,''),('GFSRosterConvert.php',25,''),('GFSRosterTemplate.php',21,''),('gfstimesheet.php',15,''),('GFW-guardforceclient-limited',15,''),('GLAccountCSV.php',8,'Produces a CSV of the GL transactions for a particular range of periods and GL account'),('GLAccountInquiry.php',8,'Shows the general ledger transactions for a specified account over a specified range of periods'),('GLAccountInquiryCIT.php',15,''),('GLAccountReport.php',8,'Produces a report of the GL transactions for a particular account'),('GLAccounts.php',10,'Defines the general ledger accounts'),('GLAccountUsers.php',15,'Maintenance of users allowed to a GL Account'),('GLBalanceCIT.php',15,''),('GLBalanceSheet.php',8,'Shows the balance sheet for the company as at a specified date'),('GLBudgets.php',10,'Defines GL Budgets'),('GLCashFlowsIndirect.php',8,'Shows a statement of cash flows for the period using the indirect method'),('GLCashFlowsSetup.php',8,'Setups the statement of cash flows sections'),('GLchartdetails.php',15,''),('GLCodesInquiry.php',8,'Shows the list of general ledger codes defined with account names and groupings'),('GLJournal.php',10,'Entry of general ledger journals, periods are calculated based on the date entered here'),('GLJournalInquiry.php',15,'General Ledger Journal Inquiry'),('GLJournalInquirynotposted.php',15,''),('GLPostings.php',15,''),('GLProfit_Loss.php',8,'Shows the profit and loss of the company for the range of periods entered'),('GLTagProfit_Loss.php',8,''),('GLTags.php',10,'Allows GL tags to be defined'),('GLTransInquiry.php',8,'Shows the general ledger journal created for the sub ledger transaction specified'),('GLTranstable.php',15,''),('GLTrialBalance.php',8,'Shows the trial balance for the month and the for the period selected together with the budgeted trial balances'),('GLTrialBalance_csv.php',8,'Produces a CSV of the Trial Balance for a particular period'),('GoodsReceived.php',11,'Entry of items received against purchase orders'),('GoodsReceivedControlled.php',11,'Entry of the serial numbers or batch references for controlled items received against purchase orders'),('GoodsReceivedNotInvoiced.php',2,'Shows the list of goods received but not yet invoiced, both in supplier currency and home currency. Total in home curency should match the GL Account for Goods received not invoiced. Any discrepancy is due to multicurrency errors.'),('GroupAnalysis.php',15,''),('guardforceclient.php',22,''),('HistoricalTestResults.php',16,'Historical Test Results'),('hrms.php',15,'displays dashboard for HRMS management.'),('hrms1.php',17,'test'),('HR_Training.php',15,''),('ImportBankTrans.php',11,'Imports bank transactions'),('ImportBankTransAnalysis.php',11,'Allows analysis of bank transactions being imported'),('index.php',1,'The main menu from where all functions available to the user are accessed by clicking on the links'),('internallocation.php',15,''),('internalrostering.php',15,''),('InternalStockCategoriesByRole.php',15,'Maintains the stock categories to be used as internal for any user security role'),('InternalStockRequest.php',1,'Create an internal stock request'),('InternalStockRequestAuthorisation.php',1,'Authorise internal stock requests'),('InternalStockRequestFulfill.php',1,'Fulfill an internal stock request'),('InternalStockRequestInquiry.php',1,'Internal Stock Request inquiry'),('InventoryPlanning.php',2,'Creates a pdf report showing the last 4 months use of items including as a component of assemblies together with stock quantity on hand, current demand for the item and current quantity on sales order.'),('InventoryPlanningPrefSupplier.php',2,'Produces a report showing the inventory to be ordered by supplier'),('InventoryPlanningPrefSupplier_CSV.php',2,'Inventory planning spreadsheet'),('InventoryQuantities.php',2,''),('InventoryValuation.php',2,'Creates a pdf report showing the value of stock at standard cost for a range of product categories selected'),('JCAutoCreateInvoice.php',15,''),('JCAutoCreateQuote.php',15,''),('JCAutoCreateQuote1.php',15,''),('JCCostingDetails.php',19,''),('JCCostingSheet.php',19,''),('JCCostingSheetCat.php',19,''),('JCCreateQuote.php',19,''),('JCItemCat.php',19,''),('JCLabortype.php',19,''),('JCPrintInvoice.php',15,''),('JCPrintQuote.php',15,''),('JCProjectCosting.php',19,''),('jobquote.php',19,''),('JSCostingSheet.php',19,''),('Labels.php',15,'Produces item pricing labels in a pdf from a range of selected criteria'),('Locations.php',11,'Defines the inventory stocking locations or warehouses'),('LocationUsers.php',15,'Allows users that have permission to access a location to be defined'),('Logout.php',1,'Shows when the user logs out of webERP'),('MailingGroupMaintenance.php',15,'Mainting mailing lists for items to mail'),('MailInventoryValuation.php',1,'Meant to be run as a scheduled process to email the stock valuation off to a specified person. Creates the same stock valuation report as InventoryValuation.php'),('MailSalesReport_csv.php',15,'Mailing the sales report'),('MaintenanceReminders.php',1,'Sends email reminders for scheduled asset maintenance tasks'),('MaintenanceTasks.php',1,'Allows set up and edit of scheduled maintenance tasks'),('MaintenanceUserSchedule.php',1,'List users or managers scheduled maintenance tasks and allow to be flagged as completed'),('Manufacturers.php',15,'Maintain brands of sales products'),('MaterialsNotUsed.php',4,'Lists the items from Raw Material Categories not used in any BOM (thus, not used at all)'),('MRP.php',9,''),('MRPCalendar.php',9,''),('MRPCreateDemands.php',9,''),('MRPDemands.php',9,''),('MRPDemandTypes.php',9,''),('MRPPlannedPurchaseOrders.php',2,''),('MRPPlannedWorkOrders.php',2,''),('MRPReport.php',2,''),('MRPReschedules.php',2,''),('MRPShortages.php',2,''),('NadiGFWRosterConvert.php',15,''),('NoSalesItems.php',2,'Shows the No Selling (worst) items'),('OffersReceived.php',4,''),('OrderDetails.php',1,'Shows the detail of a sales order'),('OrderEntryDiscountPricing',13,'Not a script but an authority level marker - required if the user is allowed to enter discounts and special pricing against a customer order'),('OutstandingGRNs.php',2,'Creates a pdf showing all GRNs for which there has been no purchase invoice matched off against.'),('PageSecurity.php',15,''),('paycycle.php',15,''),('PaymentAllocations.php',5,''),('PaymentMethods.php',15,''),('Payments.php',5,'Entry of bank account payments either against an AP account or a general ledger payment - if the AP-GL link in company preferences is set'),('PaymentTerms.php',10,'Defines the payment terms records, these can be expressed as either a number of days credit or a day in the following month. All customers and suppliers must have a corresponding payment term recorded against their account'),('PcAnalysis.php',15,'Creates an Excel with details of PC expnese for 24 months'),('PcAssignCashTabToTab.php',12,'Assign cash from one tab to another'),('PcAssignCashToTab.php',6,''),('PcAuthorizeExpenses.php',6,''),('PcClaimExpensesFromTab.php',6,''),('PcExpenses.php',15,''),('PcExpensesTypeTab.php',15,''),('PcReportTab.php',6,''),('PcTabExpensesList.php',15,'Creates excel with all movements of tab between dates'),('PcTabs.php',15,''),('PcTypeTabs.php',15,''),('PDFBankingSummary.php',3,'Creates a pdf showing the amounts entered as receipts on a specified date together with references for the purposes of banking'),('PDFChequeListing.php',3,'Creates a pdf showing all payments that have been made from a specified bank account over a specified period. This can be emailed to an email account defined in config.php - ie a financial controller'),('PDFCOA.php',0,'PDF of COA'),('PDFCustomerList.php',2,'Creates a report of the customer and branch information held. This report has options to print only customer branches in a specified sales area and sales person. Additional option allows to list only those customers with activity either under or over a specified amount, since a specified date.'),('PDFCustTransListing.php',3,''),('PDFDeliveryDifferences.php',3,'Creates a pdf report listing the delivery differences from what the customer requested as recorded in the order entry. The report calculates a percentage of order fill based on the number of orders filled in full on time'),('PDFDIFOT.php',3,'Produces a pdf showing the delivery in full on time performance'),('PDFFGLabel.php',11,'Produces FG Labels'),('PDFGLJournal.php',15,'General Ledger Journal Print'),('PDFGLJournalCN.php',1,'Print GL Journal Chinese version'),('PDFGLJournalnonposted.php',15,''),('PDFGrn.php',2,'Produces a GRN report on the receipt of stock'),('PDFLowGP.php',2,'Creates a pdf report showing the low gross profit sales made in the selected date range. The percentage of gp deemed acceptable can also be entered'),('PDFOrdersInvoiced.php',3,'Produces a pdf of orders invoiced based on selected criteria'),('PDFOrderStatus.php',3,'Reports on sales order status by date range, by stock location and stock category - producing a pdf showing each line items and any quantites delivered'),('PDFPeriodStockTransListing.php',3,'Allows stock transactions of a specific transaction type to be listed over a single day or period range'),('PDFPickingList.php',2,''),('PDFPriceList.php',2,'Creates a pdf of the price list applicable to a given sales type and customer. Also allows the listing of prices specific to a customer'),('PDFPrintLabel.php',10,''),('PDFProdSpec.php',0,'PDF OF Product Specification'),('PDFQALabel.php',2,'Produces a QA label on receipt of stock'),('PDFQuotation.php',2,''),('PDFQuotationPortrait.php',2,'Portrait quotation'),('PDFReceipt.php',2,''),('PDFRemittanceAdvice.php',2,''),('PDFSellThroughSupportClaim.php',9,'Reports the sell through support claims to be made against all suppliers for a given date range.'),('PDFStockCheckComparison.php',2,'Creates a pdf comparing the quantites entered as counted at a given range of locations against the quantity stored as on hand as at the time a stock check was initiated.'),('PDFStockLocTransfer.php',1,'Creates a stock location transfer docket for the selected location transfer reference number'),('PDFStockNegatives.php',1,'Produces a pdf of the negative stocks by location'),('PDFStockTransfer.php',2,'Produces a report for stock transfers'),('PDFSuppTransListing.php',3,''),('PDFTestPlan.php',16,'PDF of Test Plan'),('PDFTopItems.php',2,'Produces a pdf report of the top items sold'),('PDFWOPrint.php',11,'Produces W/O Paperwork'),('PeriodsInquiry.php',2,'Shows a list of all the system defined periods'),('PoolGuards.php',15,''),('POReport.php',2,''),('postjournals.php',15,''),('PO_AuthorisationLevels.php',15,''),('PO_AuthoriseMyOrders.php',4,''),('PO_Header.php',4,'Entry of a purchase order header record - date, references buyer etc'),('PO_Items.php',4,'Entry of a purchase order items - allows entry of items with lookup of currency cost from Purchasing Data previously entered also allows entry of nominal items against a general ledger code if the AP is integrated to the GL'),('PO_OrderDetails.php',2,'Purchase order inquiry shows the quantity received and invoiced of purchase order items as well as the header information'),('PO_PDFPurchOrder.php',2,'Creates a pdf of the selected purchase order for printing or email to one of the supplier contacts entered'),('PO_SelectOSPurchOrder.php',2,'Shows the outstanding purchase orders for selecting with links to receive or modify the purchase order header and items'),('PO_SelectPurchOrder.php',2,'Allows selection of any purchase order with links to the inquiry'),('PriceMatrix.php',11,'Mantain stock prices according to quantity break and sales types'),('Prices.php',9,'Entry of prices for a selected item also allows selection of sales type and currency for the price'),('PricesBasedOnMarkUp.php',11,''),('PricesByCost.php',11,'Allows prices to be updated based on cost'),('Prices_Customer.php',11,'Entry of prices for a selected item and selected customer/branch. The currency and sales type is defaulted from the customer\'s record'),('PrintCheque.php',5,''),('PrintCustOrder.php',2,'Creates a pdf of the dispatch note - by default this is expected to be on two part pre-printed stationery to allow pickers to note discrepancies for the confirmer to update the dispatch at the time of invoicing'),('PrintCustOrder_generic.php',2,'Creates two copies of a laser printed dispatch note - both copies need to be written on by the pickers with any discrepancies to advise customer of any shortfall and on the office copy to ensure the correct quantites are invoiced'),('PrintCustStatements.php',2,'Creates a pdf for the customer statements in the selected range'),('PrintCustTrans.php',1,'Creates either a html invoice or credit note or a pdf. A range of invoices or credit notes can be selected also.'),('PrintCustTransPortrait.php',1,''),('PrintRoster-GFS.php',25,''),('PrintRoster-GFW.php',25,''),('PrintRoster.php',25,''),('PrintSalesOrder_generic.php',2,''),('PrintTimesheet-GFS.php',15,''),('PrintWOItemSlip.php',4,'PDF WO Item production Slip '),('ProductSpecs.php',16,'Product Specification Maintenance'),('ProgressiveInvoicing.php',15,''),('project-firenorth.php',15,''),('project-firesuva.php',15,''),('project-firewest.php',15,''),('project-installssuva.php',15,''),('project-installswest.php',15,''),('project.php',19,''),('ProjectDepartmentSelection.php',15,''),('ProjectReport.php',15,''),('ProjectReportAll.php',15,''),('prospecting.php',15,''),('ProvisionalTax.php',15,''),('ProvisionalTaxManual.php',15,''),('ProvisionalTaxSuppliers.php',15,''),('publicholiday.php',15,''),('PurchaseByPrefSupplier.php',2,'Purchase ordering by preferred supplier'),('PurchData.php',4,'Entry of supplier purchasing data, the suppliers part reference and the suppliers currency cost of the item'),('QATests.php',16,'Quality Test Maintenance'),('RecurringSalesOrders.php',1,''),('RecurringSalesOrdersProcess.php',1,'Process Recurring Sales Orders'),('RelatedItemsUpdate.php',2,'Maintains Related Items'),('ReorderLevel.php',2,'Allows reorder levels of inventory to be updated'),('ReorderLevelLocation.php',2,''),('ReportCreator.php',13,'Report Writer and Form Creator script that creates templates for user defined reports and forms'),('ReportMaker.php',1,'Produces reports from the report writer templates created'),('ReportRostering-GFS.php',15,''),('ReportRosterings-GFS.php',15,''),('reportwriter/admin/ReportCreator.php',15,'Report Writer'),('ReprintGRN.php',11,'Allows selection of a goods received batch for reprinting the goods received note given a purchase order number'),('RetentionManual.php',15,''),('ReverseGRN.php',11,'Reverses the entry of goods received - creating stock movements back out and necessary general ledger journals to effect the reversal'),('RevisionTranslations.php',15,'Human revision for automatic descriptions translations'),('roster.php',15,''),('rosteradmin.php',15,''),('rostering.php',22,''),('rosteringnorth.php',15,''),('rosteringperiod.php',15,''),('rosteringwest.php',15,''),('SalesAnalReptCols.php',2,'Entry of the definition of a sales analysis report\'s columns.'),('SalesAnalRepts.php',2,'Entry of the definition of a sales analysis report headers'),('SalesAnalysis_UserDefined.php',2,'Creates a pdf of a selected user defined sales analysis report'),('SalesByTypePeriodInquiry.php',2,'Shows sales for a selected date range by sales type/price list'),('SalesCategories.php',11,''),('SalesCategoryDescriptions.php',15,'Maintain translations for sales categories'),('SalesCategoryPeriodInquiry.php',2,'Shows sales for a selected date range by stock category'),('SalesGLPostings.php',10,'Defines the general ledger accounts used to post sales to based on product categories and sales areas'),('SalesGraph.php',6,''),('SalesInquiry.php',2,''),('SalesPeople.php',3,'Defines the sales people of the business'),('SalesTopCustomersInquiry.php',1,'Shows the top customers'),('SalesTopItemsInquiry.php',2,'Shows the top item sales for a selected date range'),('SalesTypes.php',15,'Defines the sales types - prices are held against sales types they can be considered price lists. Sales analysis records are held by sales type too.'),('SalesTypesGLMapping.php',15,''),('Sectors.php',15,''),('SecurityTokens.php',15,'Administration of security tokens'),('SelectAsset.php',2,'Allows a fixed asset to be selected for modification or viewing'),('SelectCompletedOrder.php',1,'Allows the selection of completed sales orders for inquiries - choices to select by item code or customer'),('SelectContract.php',6,'Allows a contract costing to be selected for modification or viewing'),('SelectCreditItems.php',3,'Entry of credit notes from scratch, selecting the items in either quick entry mode or searching for them manually'),('SelectCustomer.php',2,'Selection of customer - from where all customer related maintenance, transactions and inquiries start'),('SelectGLAccount.php',8,'Selection of general ledger account from where all general ledger account maintenance, or inquiries are initiated'),('SelectOrderItems.php',1,'Entry of sales order items with both quick entry and part search functions'),('SelectProduct.php',2,'Selection of items. All item maintenance, transactions and inquiries start with this script'),('SelectQASamples.php',16,'Select  QA Samples'),('SelectRecurringSalesOrder.php',2,''),('SelectSalesOrder.php',2,'Selects a sales order irrespective of completed or not for inquiries'),('SelectSupplier.php',2,'Selects a supplier. A supplier is required to be selected before any AP transactions and before any maintenance or inquiry of the supplier'),('SelectWorkOrder.php',2,''),('SellThroughSupport.php',9,'Defines the items, period and quantum of support for which supplier has agreed to provide.'),('shifts.php',25,''),('ShipmentCosting.php',11,'Shows the costing of a shipment with all the items invoice values and any shipment costs apportioned. Updating the shipment has an option to update standard costs of all items on the shipment and create any general ledger variance journals'),('Shipments.php',11,'Entry of shipments from outstanding purchase orders for a selected supplier - changes in the delivery date will cascade into the different purchase orders on the shipment'),('Shippers.php',15,'Defines the shipping methods available. Each customer branch has a default shipping method associated with it which must match a record from this table'),('ShiptsList.php',2,'Shows a list of all the open shipments for a selected supplier. Linked from POItems.php'),('Shipt_Select.php',11,'Selection of a shipment for displaying and modification or updating'),('ShopParameters.php',17,'Maintain web-store configuration and set up'),('SMTPServer.php',15,''),('SpecialOrder.php',4,'Allows for a sales order to be created and an indent order to be created on a supplier for a one off item that may never be purchased again. A dummy part is created based on the description and cost details given.'),('staffgroups.php',15,''),('StockAdjustments.php',11,'Entry of quantity corrections to stocks in a selected location.'),('StockAdjustmentsControlled.php',11,'Entry of batch references or serial numbers on controlled stock items being adjusted'),('StockCategories.php',11,'Defines the stock categories. All items must refer to one of these categories. The category record also allows the specification of the general ledger codes where stock items are to be posted - the balance sheet account and the profit and loss effect of any adjustments and the profit and loss effect of any price variances'),('StockCategorySalesInquiry.php',2,'Sales inquiry by stock category showing top items'),('StockCheck.php',2,'Allows creation of a stock check file - copying the current quantites in stock for later comparison to the entered counts. Also produces a pdf for the count sheets.'),('StockClone.php',11,'Script to copy a stock item and associated properties, image, price, purchase and cost data'),('StockCostUpdate.php',9,'Allows update of the standard cost of items producing general ledger journals if the company preferences stock GL interface is active'),('StockCounts.php',2,'Allows entry of stock counts'),('StockDispatch.php',2,''),('StockLocMovements.php',2,'Inquiry shows the Movements of all stock items for a specified location'),('StockLocStatus.php',2,'Shows the stock on hand together with outstanding sales orders and outstanding purchase orders by stock location for all items in the selected stock category'),('StockLocTransfer.php',11,'Entry of a bulk stock location transfer for many parts from one location to another.'),('StockLocTransferReceive.php',11,'Effects the transfer and creates the stock movements for a bulk stock location transfer initiated from StockLocTransfer.php'),('StockMovements.php',2,'Shows a list of all the stock movements for a selected item and stock location including the price at which they were sold in local currency and the price at which they were purchased for in local currency'),('StockQties_csv.php',5,'Makes a comma separated values (CSV)file of the stock item codes and quantities'),('StockQuantityByDate.php',2,'Shows the stock on hand for each item at a selected location and stock category as at a specified date'),('StockReorderLevel.php',4,'Entry and review of the re-order level of items by stocking location'),('StockRequest.php',15,''),('StockRequestPrint.php',15,''),('Stocks.php',11,'Defines an item - maintenance and addition of new parts'),('StockSerialItemResearch.php',3,''),('StockSerialItems.php',2,'Shows a list of the serial numbers or the batch references and quantities of controlled items. This inquiry is linked from the stock status inquiry'),('StockStatus.php',2,'Shows the stock on hand together with outstanding sales orders and outstanding purchase orders by stock location for a selected part. Has a link to show the serial numbers in stock at the location selected if the item is controlled'),('StockTransferControlled.php',11,'Entry of serial numbers/batch references for controlled items being received on a stock transfer. The script is used by both bulk transfers and point to point transfers'),('StockTransferProjects.php',15,''),('StockTransfers.php',11,'Entry of point to point stock location transfers of a single part'),('Stocktype.php',15,''),('StockUsage.php',2,'Inquiry showing the quantity of stock used by period calculated from the sum of the stock movements over that period - by item and stock location. Also available over all locations'),('StockUsageGraph.php',2,''),('superadmin.php',15,''),('supervisorrostering.php',15,''),('supervisortimesheet.php',15,''),('SuppContractChgs.php',5,''),('SuppCreditGRNs.php',5,'Entry of a supplier credit notes (debit notes) against existing GRN which have already been matched in full or in part'),('SuppFixedAssetChgs.php',5,''),('SuppInvGRNs.php',5,'Entry of supplier invoices against goods received'),('SuppInvPO.php',15,''),('SupplierAllocations.php',5,'Entry of allocations of supplier payments and credit notes to invoices'),('SupplierBalsAtPeriodEnd.php',2,''),('SupplierContacts.php',5,'Entry of supplier contacts and contact details including email addresses'),('SupplierCredit.php',5,'Entry of supplier credit notes (debit notes)'),('SupplierGRNAndInvoiceInquiry.php',5,'Supplier\'s delivery note and grn relationship inquiry'),('SupplierInquiry.php',2,'Inquiry showing invoices, credit notes and payments made to suppliers together with the amounts outstanding'),('SupplierInvoice.php',5,'Entry of supplier invoices'),('SupplierPriceList.php',4,'Maintain Supplier Price Lists'),('Suppliers.php',5,'Entry of new suppliers and maintenance of existing suppliers'),('SuppliersTransactions.php',15,''),('SupplierTenderCreate.php',4,'Create or Edit tenders'),('SupplierTenders.php',9,''),('SupplierTransInquiry.php',2,''),('SupplierTypes.php',4,''),('SuppLoginSetup.php',15,''),('SuppPaymentRun.php',5,'Automatic creation of payment records based on calculated amounts due from AP invoices entered'),('SuppPriceList.php',2,''),('SuppShiptChgs.php',5,'Entry of supplier invoices against shipments as charges against a shipment'),('SuppTransGLAnalysis.php',5,'Entry of supplier invoices against general ledger codes'),('SuppUploads.php',15,''),('SuppWhereAlloc.php',3,'Suppliers where allocated'),('SystemParameters.php',17,''),('Tax.php',2,'Creates a report of the ad-valoerm tax - GST/VAT - for the period selected from accounts payable and accounts receivable data'),('TaxAuthorities.php',15,'Entry of tax authorities - the state intitutions that charge tax'),('TaxAuthorityRates.php',11,'Entry of the rates of tax applicable to the tax authority depending on the item tax level'),('TaxCategories.php',15,'Allows for categories of items to be defined that might have different tax rates applied to them'),('TaxGroups.php',15,'Allows for taxes to be grouped together where multiple taxes might apply on sale or purchase of items'),('TaxProvinces.php',15,'Allows for inventory locations to be defined so that tax applicable from sales in different provinces can be dealt with'),('TaxRates.php',15,''),('techniciantimesheet.php',15,''),('TestCodes.php',15,''),('testexcel.php',15,''),('TestPlanResults.php',16,'Test Plan Results Entry'),('timesheet.php',15,''),('timesheetGFS.php',22,''),('timesheetnorth.php',15,''),('TimesheetWestGFW.php',15,''),('TopItems.php',2,'Shows the top selling items'),('UnitsOfMeasure.php',15,'Allows for units of measure to be defined'),('UpgradeDatabase.php',15,'Allows for the database to be automatically upgraded based on currently recorded DBUpgradeNumber config option'),('UserBankAccounts.php',15,'Maintains table bankaccountusers (Authorized users to work with a bank account in webERP)'),('UserGLAccounts.php',15,'Maintenance of GL Accounts allowed for a user'),('UserLocations.php',15,'Location User Maintenance'),('UserMargin.php',15,''),('UserSettings.php',1,'Allows the user to change system wide defaults for the theme - appearance, the number of records to show in searches and the language to display messages in'),('VMSTrans.php',15,''),('WhereUsedInquiry.php',2,'Inquiry showing where an item is used ie all the parents where the item is a component of'),('WOCanBeProducedNow.php',4,'List of WO items that can be produced with available stock in location'),('WorkCentres.php',9,'Defines the various centres of work within a manufacturing company. Also the overhead and labour rates applicable to the work centre and its standard capacity'),('WorkOrderCosting.php',11,''),('WorkOrderEntry.php',10,'Entry of new work orders'),('WorkOrderIssue.php',11,'Issue of materials to a work order'),('WorkOrderReceive.php',11,'Allows for receiving of works orders'),('WorkOrderStatus.php',11,'Shows the status of works orders'),('WOSerialNos.php',10,''),('WWW_Access.php',15,''),('WWW_Users.php',15,'Entry of users and security settings of users'),('ytd_balancesheet.php',15,''),('ytd_GL.php',15,''),('ytd_pl.php',15,''),('ytd_wip.php',15,''),('Z_Atm.php',15,''),('Z_AtmLoads.php',15,''),('Z_AtmRepat.php',15,''),('Z_BottomUpCosts.php',15,''),('Z_CemBiometric.php',15,''),('Z_ChangeBranchCode.php',15,'Utility to change the branch code of a customer that cascades the change through all the necessary tables'),('Z_ChangeCustomerCode.php',15,'Utility to change a customer code that cascades the change through all the necessary tables'),('Z_ChangeGLAccountCode.php',15,'Script to change a GL account code accross all tables necessary'),('Z_ChangeLocationCode.php',15,'Change a locations code and in all tables where the old code was used to the new code'),('Z_ChangeStockCategory.php',15,''),('Z_ChangeStockCode.php',15,'Utility to change an item code that cascades the change through all the necessary tables'),('Z_ChangeSupplierCode.php',15,'Script to change a supplier code accross all tables necessary'),('Z_CheckAllocationsFrom.php',15,''),('Z_CheckAllocs.php',2,''),('Z_CheckDebtorsControl.php',15,'Inquiry that shows the total local currency (functional currency) balance of all customer accounts to reconcile with the general ledger debtors account'),('Z_CheckGLTransBalance.php',15,'Checks all GL transactions balance and reports problem ones'),('Z_CostingForContracts.php',15,''),('Z_CostingItems.php',15,''),('Z_CreateChartDetails.php',9,'Utility page to create chart detail records for all general ledger accounts and periods created - needs expert assistance in use'),('Z_CreateCompany.php',15,'Utility to insert company number 1 if not already there - actually only company 1 is used - the system is not multi-company'),('Z_CreateCompanyTemplateFile.php',15,''),('Z_CurrencyDebtorsBalances.php',15,'Inquiry that shows the total foreign currency together with the total local currency (functional currency) balances of all customer accounts to reconcile with the general ledger debtors account'),('Z_CurrencySuppliersBalances.php',15,'Inquiry that shows the total foreign currency amounts and also the local currency (functional currency) balances of all supplier accounts to reconcile with the general ledger creditors account'),('Z_DataExport.php',15,''),('Z_DebtorTrans.php',15,''),('Z_DeleteCreditNote.php',15,'Utility to reverse a customer credit note - a desperate measure that should not be used except in extreme circumstances'),('Z_DeleteInvoice.php',15,'Utility to reverse a customer invoice - a desperate measure that should not be used except in extreme circumstances'),('Z_DeleteOldPrices.php',15,'Deletes all old prices'),('Z_DeleteSalesTransActions.php',15,'Utility to delete all sales transactions, sales analysis the lot! Extreme care required!!!'),('Z_DescribeTable.php',11,''),('Z_GLAccountUsersCopyAuthority.php',15,'Utility to copy authority of GL accounts from one user to another'),('Z_GLbalance.php',15,''),('Z_ImportChartOfAccounts.php',11,''),('Z_ImportCustbranch.php',15,''),('Z_ImportDebtors.php',15,'Import debtors by csv file'),('Z_ImportFixedAssets.php',15,'Allow fixed assets to be imported from a csv'),('Z_ImportGLAccountGroups.php',11,''),('Z_ImportGLAccountSections.php',11,''),('Z_ImportGLTransactions.php',15,'Import General Ledger Transactions'),('Z_ImportPartCodes.php',11,'Allows inventory items to be imported from a csv'),('Z_ImportPriceList.php',15,'Loads a new price list from a csv file'),('Z_ImportStocks.php',15,''),('Z_ImportSuppliers.php',15,''),('Z_index.php',15,'Utility menu page'),('Z_ItemsWithoutPicture.php',15,'Shows the list of curent items without picture in webERP'),('Z_MakeLocUsers.php',15,'Create User Location records'),('Z_MakeNewCompany.php',15,''),('Z_MakeStockLocns.php',15,'Utility to make LocStock records for all items and locations if not already set up.'),('Z_poAddLanguage.php',15,'Allows a new language po file to be created'),('Z_poAdmin.php',15,'Allows for a gettext language po file to be administered'),('Z_poEditLangHeader.php',15,''),('Z_poEditLangModule.php',15,''),('Z_poEditLangRemaining.php',15,''),('Z_poRebuildDefault.php',15,''),('Z_PriceChanges.php',15,'Utility to make bulk pricing alterations to selected sales type price lists or selected customer prices only'),('Z_ReApplyCostToSA.php',15,'Utility to allow the sales analysis table to be updated with the latest cost information - the sales analysis takes the cost at the time the sale was made to reconcile with the enteries made in the gl.'),('Z_RePostGLFromPeriod.php',15,'Utility to repost all general ledger transaction commencing from a specified period. This can take some time in busy environments. Normally GL transactions are posted automatically each time a trial balance or profit and loss account is run'),('Z_ReverseSuppPaymentRun.php',15,'Utility to reverse an entire Supplier payment run'),('Z_SalesIntegrityCheck.php',15,''),('Z_UpdateChartDetailsBFwd.php',15,'Utility to recalculate the ChartDetails table B/Fwd balances - extreme care!!'),('Z_UpdateItemCosts.php',15,'Use CSV of item codes and costs to update webERP item costs'),('Z_UpdateSalesAnalysisWithLatestCustomerData.php',15,'Updates the salesanalysis table with the latest data from the customer debtorsmaster salestype and custbranch sales area and sales person irrespective of the sales type, area, salesperson at the time when the sale was made'),('Z_Upgrade3.10.php',15,''),('Z_Upgrade_3.01-3.02.php',15,''),('Z_Upgrade_3.04-3.05.php',15,''),('Z_Upgrade_3.05-3.06.php',15,''),('Z_Upgrade_3.07-3.08.php',15,''),('Z_Upgrade_3.08-3.09.php',15,''),('Z_Upgrade_3.09-3.10.php',15,''),('Z_Upgrade_3.10-3.11.php',15,''),('Z_Upgrade_3.11-4.00.php',15,''),('Z_UploadForm.php',15,'Utility to upload a file to a remote server'),('Z_UploadResult.php',15,'Utility to upload a file to a remote server');

--
-- Table structure for table `sectors`
--

CREATE TABLE `sectors` (
  `id` tinyint(4) NOT NULL AUTO_INCREMENT,
  `name` varchar(100) NOT NULL,
  `team_leader` int(11) NOT NULL,
  PRIMARY KEY (`id`)
) ENGINE=InnoDB AUTO_INCREMENT=9 DEFAULT CHARSET=utf8;

--
-- Dumping data for table `sectors`
--

INSERT INTO `sectors` VALUES (1,'ALPHA',1063),(2,'Delta',11988),(3,'CHARLIE',11701),(4,'EU',10278),(5,'AHC',10278),(6,'BRAVO',11181),(7,'PORTS',0),(8,'US Embassy',0);

--
-- Table structure for table `securitygroups`
--

CREATE TABLE `securitygroups` (
  `secroleid` int(11) NOT NULL DEFAULT '0',
  `tokenid` int(11) NOT NULL DEFAULT '0',
  PRIMARY KEY (`secroleid`,`tokenid`),
  KEY `secroleid` (`secroleid`),
  KEY `tokenid` (`tokenid`)
) ENGINE=InnoDB DEFAULT CHARSET=utf8;

--
-- Dumping data for table `securitygroups`
--

INSERT INTO `securitygroups` VALUES (1,0),(1,1),(1,2),(1,5),(2,0),(2,1),(2,2),(2,11),(3,0),(3,1),(3,2),(3,3),(3,4),(3,5),(3,11),(4,0),(4,1),(4,2),(4,5),(5,0),(5,1),(5,2),(5,3),(5,11),(6,0),(6,1),(6,2),(6,3),(6,4),(6,5),(6,6),(6,7),(6,8),(6,9),(6,10),(6,11),(6,17),(7,0),(7,1),(8,0),(8,1),(8,2),(8,3),(8,4),(8,5),(8,6),(8,7),(8,8),(8,9),(8,10),(8,11),(8,12),(8,13),(8,14),(8,15),(8,16),(8,18),(9,0),(9,9),(10,0),(10,1),(10,2),(10,3),(10,4),(10,5),(10,6),(10,7),(10,8),(10,9),(10,10),(10,11),(10,12),(10,13),(10,14),(10,15),(10,16),(10,17),(10,19),(22,0),(22,1),(22,2),(22,15),(22,17),(22,18),(22,20),(22,21),(22,22),(22,23),(22,24),(22,25),(24,0),(24,1),(24,2),(24,3),(24,4),(24,5),(24,6),(24,7),(24,8),(24,9),(24,10),(24,11),(30,0),(30,2),(30,15),(30,17),(30,20),(30,22),(30,25),(56,0),(56,1),(56,2),(56,4),(56,9),(56,11),(56,19),(57,0),(57,1),(57,2),(57,4),(57,9),(57,11),(57,19),(59,0),(59,1),(59,19),(62,0),(62,15),(62,18),(62,22),(62,23),(65,0),(65,1),(65,2),(65,3),(65,4),(65,5),(65,6),(65,7),(65,8),(65,9),(65,10),(65,11),(65,12),(65,13),(65,14),(65,15),(65,16),(65,17),(65,18),(65,19),(65,20),(65,21),(65,22),(65,23),(65,24),(65,25),(66,0),(66,15),(66,17),(66,21),(66,22),(66,25),(67,0),(67,15),(67,22),(67,25),(68,0),(68,1),(68,15),(68,21),(68,24),(68,25);

--
-- Table structure for table `securityroles`
--

CREATE TABLE `securityroles` (
  `secroleid` int(11) NOT NULL AUTO_INCREMENT,
  `secrolename` text NOT NULL,
  PRIMARY KEY (`secroleid`)
) ENGINE=InnoDB AUTO_INCREMENT=69 DEFAULT CHARSET=utf8;

--
-- Dumping data for table `securityroles`
--

INSERT INTO `securityroles` VALUES (1,'Sales/Quatation/Inquiries/Order Entry'),(2,'Manufac/Stock Admin'),(3,'Purchasing Officer'),(4,'AP Clerk'),(5,'AR Clerk'),(6,'Accountant'),(7,'Customer Log On Only'),(8,'System Administrator'),(9,'Supplier Log On Only'),(10,'developer'),(11,'Data Entry Clerks'),(12,'Payroll Clerk'),(13,'HR Management'),(14,'HR Clerk'),(15,'Financial Controller'),(16,'General Manager'),(17,'Job Costing Clerk'),(18,'Job Costing Manager'),(19,'Manager Fire -Suva/North'),(20,'Manager Installs-Suva'),(21,'Manager-Guardforce'),(22,'HR Manager'),(23,'Business Development Manager'),(24,'Business Analyst'),(25,'Team Leader-Finance Operations'),(26,'Receipting Officer'),(27,'Accounts Payable'),(28,'Accounts Receivable'),(29,'Credit Controller'),(30,'Senior Payroll Administrator'),(31,'Payroll Officer'),(32,'Office Administrator'),(33,'Invoicing Clerk'),(34,'Monitoring Supervisor'),(35,'Admin-DELTA/ALFA'),(36,'Admin-CHARLE/BRAVO'),(37,'EU Sector Leader'),(38,'US Sector Leader'),(39,'US Sector Supervisor'),(40,'AUST Sector-Residential'),(41,'AUST Sector-AHC'),(42,'Team Leader-Fiji Ports'),(43,'Manager Security-west'),(44,'Manager Fire -West'),(45,'Operations Manager-GFW'),(46,'Supervisor-GFW'),(47,'administrator-DSL'),(48,'Fire/Service Co-ordinator-west'),(49,'Sales/Service Support-west'),(50,'Assistant Co-ordinator-west'),(51,'Senior Supervisor-west'),(52,'Team Leader-Finance-west'),(53,'Office Assistant-West'),(54,'Finance Analyst-West'),(55,'Jnr Finance Analyst-west'),(56,'Fire System Cor-ordinator'),(57,'Fire System Administrator'),(58,'Fire & Security Administrator'),(59,'Install Administrator Assistant'),(60,'AFL Project Manager'),(61,'Manager-Aviation'),(62,'Operations Supervisor-Aviation'),(63,'Administrator-aviation'),(64,'Aviation Administration-Nausori'),(65,'uppermanagement'),(66,'Ashil'),(67,'Rostering/Timesheet Data Entry'),(68,'Aviation West-rostering/timesheet');

--
-- Table structure for table `securitytokens`
--

CREATE TABLE `securitytokens` (
  `tokenid` int(11) NOT NULL DEFAULT '0',
  `tokenname` text NOT NULL,
  PRIMARY KEY (`tokenid`)
) ENGINE=InnoDB DEFAULT CHARSET=utf8;

--
-- Dumping data for table `securitytokens`
--

INSERT INTO `securitytokens` VALUES (0,'Main Welcome  Page'),(1,'Order Entry/Inquiries customer access only'),(2,'Basic Reports and Inquiries with selection options'),(3,'Credit notes'),(4,'Purchasing data/PO Entry/Reorder Levels'),(5,'Accounts Payable'),(6,'Petty Cash'),(7,'Bank Reconciliations'),(8,'General ledger reports/inquiries'),(9,'Supplier centre - Supplier access only'),(10,'General Ledger Maintenance, stock valuation & Configuration'),(11,'Inventory Management and Pricing'),(12,'Prices Security'),(13,'Customer services Price modifications'),(14,'AR Management'),(15,'User Management and System Administration'),(16,'QA'),(17,'developer'),(18,'Guardforce Rostering'),(19,'Job Costing'),(20,'uppermanagement'),(21,'ashil'),(22,'GFS-Rostering & Timesheet- Add Employees Only'),(23,'Airport Nausori'),(24,'Aviation West-rostering/timesheet'),(25,'Shared Rostering/timesheet/Employee Scripts');

--
-- Table structure for table `sellthroughsupport`
--

CREATE TABLE `sellthroughsupport` (
  `id` int(11) NOT NULL AUTO_INCREMENT,
  `supplierno` varchar(10) NOT NULL,
  `debtorno` varchar(10) NOT NULL DEFAULT '',
  `categoryid` char(6) NOT NULL DEFAULT '',
  `stockid` varchar(20) NOT NULL DEFAULT '',
  `narrative` varchar(20) NOT NULL DEFAULT '',
  `rebatepercent` double NOT NULL DEFAULT '0',
  `rebateamount` double NOT NULL DEFAULT '0',
  `effectivefrom` date NOT NULL,
  `effectiveto` date NOT NULL,
  PRIMARY KEY (`id`),
  KEY `supplierno` (`supplierno`),
  KEY `debtorno` (`debtorno`),
  KEY `effectivefrom` (`effectivefrom`),
  KEY `effectiveto` (`effectiveto`),
  KEY `stockid` (`stockid`),
  KEY `categoryid` (`categoryid`)
) ENGINE=InnoDB DEFAULT CHARSET=utf8;

--
-- Dumping data for table `sellthroughsupport`
--


--
-- Table structure for table `shifts`
--

CREATE TABLE `shifts` (
  `shiftid` int(11) NOT NULL AUTO_INCREMENT,
  `shiftname` varchar(100) CHARACTER SET utf8 NOT NULL,
  `time_in` time NOT NULL,
  `time_out` time NOT NULL,
  `hours` decimal(10,1) NOT NULL,
  `color` varchar(100) CHARACTER SET utf8 NOT NULL,
  `shiftplushours` varchar(100) CHARACTER SET utf8 NOT NULL,
  PRIMARY KEY (`shiftid`),
  UNIQUE KEY `shiftname` (`shiftname`)
) ENGINE=InnoDB AUTO_INCREMENT=370 DEFAULT CHARSET=latin1;

--
-- Dumping data for table `shifts`
--

INSERT INTO `shifts` VALUES (118,'Dayoffs','00:00:00','00:00:00',0.0,'#ff9c5d','Dayoffs 0.0hrs'),(119,'Absence without leave','00:00:00','00:00:00',0.0,'#FDEDEC','Absence without leave 0.0hrs '),(120,'Bereavement Leave','00:00:00','00:00:00',0.0,'','Bereavement Leave 0.0hrs'),(121,'Maternity Leave','00:00:00','00:00:00',0.0,'#EBDEF0','Maternity Leave 0.0hrs '),(122,'Annual Leave','00:00:00','00:00:00',0.0,'','Annual Leave 0.0hrs'),(123,'Sick Leave','00:00:00','00:00:00',0.0,'','Sick Leave 0.0hrs'),(124,'Leave Without Pay','00:00:00','00:00:00',0.0,'','Leave Without Pay 0.0hrs'),(186,'Aircraft  0600-1400','06:00:00','14:00:00',8.0,'','Aircraft  0600-1400 8.0hrs'),(187,'Aircraft 0500-1300','05:00:00','13:00:00',8.0,'','Aircraft 0500-1300 8.0hrs '),(188,'Aircraft 1300-2100','13:00:00','21:00:00',8.0,'','Aircraft 1300-2100 8.0hrs'),(194,'4pm-12am','16:00:00','23:59:00',8.0,'#28B463','4pm-12am 8.0hrs'),(195,'12am-8am','00:00:00','08:00:00',8.0,'#FFFF33','12am-8am 8.0hrs'),(196,'6pm-12am','18:00:00','23:59:00',6.0,'#FFFF33','6pm-12am 6.0hrs'),(197,'8pm-12am','20:00:00','23:59:00',4.0,'#FFFF33','8pm-12am 4.0hrs'),(198,'6am-2pm','06:00:00','14:00:00',8.0,'#00d8ff','6am-2pm 8.0hrs'),(199,'2pm-10pm','14:00:00','22:00:00',8.0,'#28B463','2pm-10pm 8.0hrs'),(200,'10pm-12am','22:00:00','23:59:00',2.0,'#FFFF33','10pm-12am 2.0hrs'),(201,'12am-6am','00:00:00','06:00:00',6.0,'#FFFF33','12am-6am 6.0hrs'),(203,'7am-7pm','07:00:00','19:00:00',12.0,'#00d8ff','7am-7pm 12.0hrs'),(204,'6am-8pm','06:00:00','20:00:00',14.0,'#00d8ff','6am-8pm 14.0hrs '),(206,'6am-6pm','06:00:00','18:00:00',12.0,'#00d8ff','6am-6pm 12.0hrs '),(207,'6am-10am','06:00:00','10:00:00',4.0,'#00d8ff','6am-10am 4.0hrs'),(209,'0800 -1700','08:00:00','17:00:00',9.0,'#00d8ff','0800 -1700 9.0hrs'),(213,'AWOL','00:00:00','00:00:00',0.0,'#FF0000','AWOL 0.0hrs'),(235,'7am-5pm','07:00:00','17:00:00',10.0,'#00d8ff','7am-5pm 10.0hrs '),(245,'admin staff - normal time','00:00:00','00:00:00',0.0,'','admin staff - normal time 0.0hrs '),(314,'7am-8.30am','07:00:00','08:30:00',1.5,'#00d8ff','7am-8.30am 1.5hrs'),(330,'0001-0800','00:00:01','08:00:00',8.0,'','0001-0800 8.0hrs '),(332,'1600-2359','16:00:00','23:59:59',8.0,'','1600-2359 8.0hrs '),(333,'0800-1600','08:00:00','16:00:00',8.0,'','0800-1600 8.0hrs '),(334,'2000-0800','20:00:00','08:00:00',12.0,'','2000-0800 12.0hrs'),(335,'Aircraft 0600-1400','06:00:00','14:00:00',8.0,'','Aircraft 0600-1400 8.0hrs'),(336,'Aircraft 0400-1200','04:00:00','12:00:00',8.0,'','Aircraft 0400-1200 8.0hrs '),(339,'0800-1700','08:00:00','17:00:00',9.0,'','0800-1700 9.0hrs '),(340,'0800-1300','08:00:00','13:00:00',5.0,'','0800-1300 5.0hrs '),(341,'0700-1700','07:00:00','17:00:00',10.0,'','0700-1700 10.0hrs '),(342,'0700-1300','07:00:00','13:00:00',6.0,'','0700-1300 6.0hrs '),(343,'7am to 3pm','07:00:00','15:00:00',8.0,'#00d8ff','7am to 3pm 8.0hrs'),(344,'8am-4pm','08:00:00','16:00:00',8.0,'#00d8ff','8am-4pm 8.0hrs '),(345,'8am-8pm','08:00:00','20:00:00',12.0,'#00d8ff','8am-8pm 12.0hrs '),(346,'3pm-11pm','15:00:00','23:00:00',8.0,'#28B463','3pm-11pm 8.0hrs '),(347,'7pm-12am','19:00:00','23:59:00',5.0,'#FFFF33','7pm-12am 5.0hrs '),(348,'12am-7am','23:59:00','07:00:00',17.0,'#FFFF33','12am-7am 17.0hrs '),(349,'5pm-12am','17:00:00','23:59:00',7.0,'#28B463','5pm-12am 7.0hrs '),(350,'6pm-9pm','18:00:00','21:00:00',3.0,'#FFFF33','6pm-9pm 3.0hrs '),(352,'7am to 6pm','07:00:00','18:00:00',11.0,'#00d8ff','7am to 6pm 11.0hrs'),(353,'7:30am-5:30pm','07:30:00','17:30:00',10.0,'#00d8ff','7:30am-5:30pm 10.0hrs '),(354,'7am-11pm','07:00:00','23:00:00',16.0,'#00d8ff','7am-11pm 16.0hrs '),(355,'8am-12am','08:00:00','23:59:00',16.0,'#00d8ff','8am-12am 16.0hrs '),(356,'A/C 0500-0900 / 1000-1400','05:00:00','13:00:00',8.0,'','A/C 0500-0900 / 1000-1400 8.0hrs '),(357,'11pm-12am','23:00:00','23:59:00',1.0,'#FFFF33','11pm-12am 1.0hrs '),(358,'1230-2100','12:30:00','21:00:00',8.5,'','1230-2100 8.5hrs '),(359,'0400-1230','04:00:00','12:30:00',8.5,'','0400-1230 8.5hrs '),(360,'9pm-12am','21:00:00','23:59:00',3.0,'#FFFF33','9pm-12am 3.0hrs '),(361,'8am-6pm','08:00:00','18:00:00',10.0,'#FFFF33','8am-6pm 10.0hrs '),(362,'7.30am to 5.30pm','07:30:00','17:30:00',10.0,'#EC7063','7.30am to 5.30pm 10.0hrs '),(363,'12am to 7am','00:00:00','07:00:00',7.0,'#EAF17D','12am to 7am 7.0hrs '),(364,'12am to 8am','00:00:00','08:00:00',8.0,'#B1A5F2','12am to 8am 8.0hrs '),(365,'7am to 7.30pm','07:00:00','19:30:00',12.5,'#A5CEF2','7am to 7.30pm 12.5hrs '),(366,'5pm to 6pm','17:00:00','18:00:00',1.0,'#F1A5F2','5pm to 6pm 1.0hrs '),(367,'8am to 1pm','08:00:00','13:00:00',5.0,'#C3F2A5','8am to 1pm 5.0hrs '),(368,'1pm to 7pm','13:00:00','19:00:00',6.0,'#EBF5D7','1pm to 7pm 6.0hrs '),(369,'SIKELI DAKUNIKORO','07:00:00','15:00:00',8.0,'','SIKELI DAKUNIKORO 8.0hrs');
DELIMITER ;;
/*!50003 CREATE*/ /*!50017 DEFINER=`root`@`localhost`*/ /*!50003 TRIGGER `insert_triggershifthours` BEFORE INSERT ON `shifts`
 FOR EACH ROW SET new.shiftplushours = CONCAT(new.shiftname, ' ', new.hours,'hrs ') */;;
DELIMITER ;
DELIMITER ;;
/*!50003 CREATE*/ /*!50017 DEFINER=`root`@`localhost`*/ /*!50003 TRIGGER `update_triggershifthours` BEFORE UPDATE ON `shifts`
 FOR EACH ROW SET new.shiftplushours = CONCAT(new.shiftname, ' ', new.hours,'hrs') */;;
DELIMITER ;

--
-- Table structure for table `shipmentcharges`
--

CREATE TABLE `shipmentcharges` (
  `shiptchgid` int(11) NOT NULL AUTO_INCREMENT,
  `shiptref` int(11) NOT NULL DEFAULT '0',
  `transtype` smallint(6) NOT NULL DEFAULT '0',
  `transno` int(11) NOT NULL DEFAULT '0',
  `stockid` varchar(20) NOT NULL DEFAULT '',
  `value` double NOT NULL DEFAULT '0',
  PRIMARY KEY (`shiptchgid`),
  KEY `TransType` (`transtype`,`transno`),
  KEY `ShiptRef` (`shiptref`),
  KEY `StockID` (`stockid`),
  KEY `TransType_2` (`transtype`)
) ENGINE=InnoDB DEFAULT CHARSET=utf8;

--
-- Dumping data for table `shipmentcharges`
--


--
-- Table structure for table `shippers`
--

CREATE TABLE `shippers` (
  `shipper_id` int(11) NOT NULL AUTO_INCREMENT,
  `shippername` char(40) NOT NULL DEFAULT '',
  `mincharge` double NOT NULL DEFAULT '0',
  PRIMARY KEY (`shipper_id`)
) ENGINE=InnoDB AUTO_INCREMENT=2 DEFAULT CHARSET=utf8;

--
-- Dumping data for table `shippers`
--

INSERT INTO `shippers` VALUES (1,'Default Shipper',0);

--
-- Table structure for table `staffgroup`
--

CREATE TABLE `staffgroup` (
  `staffgroupid` tinyint(4) NOT NULL AUTO_INCREMENT,
  `groupname` varchar(100) CHARACTER SET utf8 NOT NULL,
  `department` varchar(100) CHARACTER SET utf8 NOT NULL,
  `location` varchar(100) CHARACTER SET utf8 NOT NULL,
  PRIMARY KEY (`staffgroupid`)
) ENGINE=InnoDB DEFAULT CHARSET=latin1;

--
-- Dumping data for table `staffgroup`
--


--
-- Table structure for table `stockcategory`
--

CREATE TABLE `stockcategory` (
  `categoryid` varchar(100) NOT NULL DEFAULT '',
  `categorydescription` varchar(100) NOT NULL DEFAULT '',
  `stocktype` char(1) NOT NULL DEFAULT 'F',
  `stockact` varchar(20) NOT NULL DEFAULT '0',
  `adjglact` varchar(20) NOT NULL DEFAULT '0',
  `issueglact` varchar(20) NOT NULL DEFAULT '0',
  `purchpricevaract` varchar(20) NOT NULL DEFAULT '80000',
  `materialuseagevarac` varchar(20) NOT NULL DEFAULT '80000',
  `wipact` varchar(20) NOT NULL DEFAULT '0',
  `defaulttaxcatid` tinyint(4) NOT NULL DEFAULT '1',
  PRIMARY KEY (`categoryid`),
  KEY `CategoryDescription` (`categorydescription`),
  KEY `StockType` (`stocktype`)
) ENGINE=InnoDB DEFAULT CHARSET=utf8;

--
-- Dumping data for table `stockcategory`
--

INSERT INTO `stockcategory` VALUES ('BAGS','Bags','F','151','1','1','1','1','140',1),('BEEF','beef','F','142','100','100','100','100','140',1),('BEEF TRIPE','Beef Tripe','F','139','1','1','1','1','139',7),('BLACK FISH','Black Fish','F','1592','1','1','1','1','140',1),('chicken','chicken','F','140','100','100','100','100','140',1),('CRAB','Crab','F','149','100','100','100','100','140',1),('FOREQUARTER LAMB','Forequarter Lamb','F','154','1','1','1','1','154',1),('Fresh Fish Sliced','Fresh Fish Sliced','F','150','100','100','100','100','140',1),('Fresh Fish Whole','Fresh Fish Whole','F','144','100','100','100','100','140',1),('FROZEN BASA FILLET','Basa Fillet Fish','F','140','1','1','1','1','140',1),('FROZEN MULLET FISH','Frozen Mullet Fish','F','152','1','1','1','1','140',1),('FROZEN NZ NUQA','FROZEN NZ NUQA','F','1599','1','1','1','1','1599',1),('GOAT','Goat','F','148','100','100','100','100','140',1),('GRADE A FISH','Grade A Fish','F','155','1','1','1','1','155',1),('GRADE B FISH','Grade B Fish','F','156','1','1','1','1','140',1),('GRADE C FISH','Grade C Fish','F','157','1','1','1','1','140',1),('ICE','Ice','F','1598','1','1','1','1','1598',1),('JACK FISH','Jack Fish','F','1595','1','1','1','1','140',1),('LAMB','lamb','F','141','100','100','100','100','140',1),('LOBSTER','Lobster','F','147','100','100','100','100','140',1),('MARLIN FILLET','Marlin Fillet','F','1601','1','1','1','1','1601',1),('MARLIN FISH','Marlin Fish','F','1594','1','1','1','1','140',1),('OGO FISH','Ogo Fish','F','1591','1','1','1','1','1591',1),('PRAWN','prawn','F','145','100','100','100','100','140',1),('SAGA FISH','saga fish','F','1597','1','1','1','1','140',7),('SAIL FISH','Sail Fish','F','1600','1','1','1','1','1600',7),('SALAD MIX','Salad Mix','F','1596','1','1','1','1','140',1),('SHRIMP','shrimp','F','146','100','100','100','100','140',1),('SNAPPER HEAD ','Snapper Head','F','1602','1','1','1','1','1602',1),('SNAPPER RED','SNAPPER RED','F','1603','1','1','1','1','1603',1),('TUNA FISH','Tuna Fish','F','158','1','1','1','1','140',1),('WAHOO FISH','Wahoo Fish','F','159','1','1','1','1','140',1),('WALU FISH','Walu Fish','F','1593','1','1','1','1','140',1);

--
-- Table structure for table `stockcatproperties`
--

CREATE TABLE `stockcatproperties` (
  `stkcatpropid` int(11) NOT NULL AUTO_INCREMENT,
  `categoryid` char(6) NOT NULL,
  `label` text NOT NULL,
  `controltype` tinyint(4) NOT NULL DEFAULT '0',
  `defaultvalue` varchar(100) NOT NULL DEFAULT '''''',
  `maximumvalue` double NOT NULL DEFAULT '999999999',
  `reqatsalesorder` tinyint(4) NOT NULL DEFAULT '0',
  `minimumvalue` double NOT NULL DEFAULT '-999999999',
  `numericvalue` tinyint(4) NOT NULL DEFAULT '0',
  PRIMARY KEY (`stkcatpropid`),
  KEY `categoryid` (`categoryid`)
) ENGINE=InnoDB AUTO_INCREMENT=2 DEFAULT CHARSET=utf8;

--
-- Dumping data for table `stockcatproperties`
--

INSERT INTO `stockcatproperties` VALUES (1,'1598','Ice',0,'',999999999,0,-999999999,0);

--
-- Table structure for table `stockcheckfreeze`
--

CREATE TABLE `stockcheckfreeze` (
  `stockid` varchar(20) NOT NULL DEFAULT '',
  `loccode` varchar(5) NOT NULL DEFAULT '',
  `qoh` double NOT NULL DEFAULT '0',
  `stockcheckdate` date NOT NULL DEFAULT '0000-00-00'
) ENGINE=InnoDB DEFAULT CHARSET=utf8;

--
-- Dumping data for table `stockcheckfreeze`
--

INSERT INTO `stockcheckfreeze` VALUES ('1','3',0,'2019-01-16'),('10','3',0,'2019-01-16'),('100','3',0,'2019-01-16'),('101','3',3.3000000000000114,'2019-01-16'),('102','3',-4087.349999999989,'2019-01-16'),('103','3',272.8499999999998,'2019-01-16'),('104','3',414.3100000000004,'2019-01-16'),('105','3',19.239999999999995,'2019-01-16'),('106','3',-111.97,'2019-01-16'),('107','3',255.92999999999998,'2019-01-16'),('108','3',-1.9000000000000004,'2019-01-16'),('109','3',-1554.27,'2019-01-16'),('11','3',0,'2019-01-16'),('110','3',0,'2019-01-16'),('111','3',21.839999999999918,'2019-01-16'),('112','3',177.47,'2019-01-16'),('113','3',-7.59,'2019-01-16'),('115','3',0,'2019-01-16'),('116','3',-16.56,'2019-01-16'),('117','3',6,'2019-01-16'),('118','3',0,'2019-01-16'),('119','3',0,'2019-01-16'),('12','3',0,'2019-01-16'),('120','3',1,'2019-01-16'),('121','3',-0.050000000000000044,'2019-01-16'),('122','3',0,'2019-01-16'),('123','3',0,'2019-01-16'),('124','3',0,'2019-01-16'),('125','3',-7.220000000000001,'2019-01-16'),('126','3',0,'2019-01-16'),('127','3',0,'2019-01-16'),('128','3',0,'2019-01-16'),('129','3',0,'2019-01-16'),('13','3',0,'2019-01-16'),('130','3',107.60000000000005,'2019-01-16'),('131','3',0,'2019-01-16'),('132','3',-1.24,'2019-01-16'),('133','3',0,'2019-01-16'),('134','3',1.920000000000016,'2019-01-16'),('135','3',90.36000000000006,'2019-01-16'),('136','3',0,'2019-01-16'),('137','3',0,'2019-01-16'),('138','3',-188,'2019-01-16'),('139','3',-93.71,'2019-01-16'),('14','3',0,'2019-01-16'),('140','3',4.590000000000002,'2019-01-16'),('141','3',0,'2019-01-16'),('142','3',80.19000000000014,'2019-01-16'),('143','3',0,'2019-01-16'),('144','3',67.21,'2019-01-16'),('145','3',0,'2019-01-16'),('146','3',0,'2019-01-16'),('147','3',0,'2019-01-16'),('148','3',-35.36,'2019-01-16'),('149','3',15.209999999999996,'2019-01-16'),('15','3',0,'2019-01-16'),('150','3',19.030000000000005,'2019-01-16'),('151','3',118.05999999999972,'2019-01-16'),('152','3',0,'2019-01-16'),('153','3',66.08,'2019-01-16'),('154','3',151,'2019-01-16'),('155','3',2.17,'2019-01-16'),('156','3',67,'2019-01-16'),('16','3',0,'2019-01-16'),('17','3',0,'2019-01-16'),('18','3',0,'2019-01-16'),('19','3',0,'2019-01-16'),('2','3',0,'2019-01-16'),('20','3',0,'2019-01-16'),('21','3',0,'2019-01-16'),('22','3',0,'2019-01-16'),('23','3',-29.27000000000004,'2019-01-16'),('24','3',-6.59,'2019-01-16'),('25','3',-96.57000000000001,'2019-01-16'),('26','3',-10.200000000000001,'2019-01-16'),('27','3',-27.81,'2019-01-16'),('28','3',-963.5700000000044,'2019-01-16'),('29','3',23,'2019-01-16'),('3','3',0,'2019-01-16'),('30','3',27,'2019-01-16'),('32','3',0,'2019-01-16'),('33','3',1,'2019-01-16'),('34','3',13.5,'2019-01-16'),('35','3',0,'2019-01-16'),('36','3',53,'2019-01-16'),('37','3',0,'2019-01-16'),('38','3',0,'2019-01-16'),('39','3',0,'2019-01-16'),('4','3',0,'2019-01-16'),('40','3',3,'2019-01-16'),('41','3',0,'2019-01-16'),('42','3',0,'2019-01-16'),('43','3',0,'2019-01-16'),('44','3',2,'2019-01-16'),('45','3',0,'2019-01-16'),('46','3',0,'2019-01-16'),('47','3',0,'2019-01-16'),('48','3',0,'2019-01-16'),('49','3',0,'2019-01-16'),('5','3',0,'2019-01-16'),('50','3',0,'2019-01-16'),('51','3',284.6500000000001,'2019-01-16'),('52','3',66.10999999999994,'2019-01-16'),('53','3',0,'2019-01-16'),('54','3',43.57000000000002,'2019-01-16'),('55','3',0,'2019-01-16'),('56','3',0,'2019-01-16'),('57','3',-40.160000000000004,'2019-01-16'),('58','3',0,'2019-01-16'),('59','3',0,'2019-01-16'),('6','3',0,'2019-01-16'),('60','3',114.69000000000005,'2019-01-16'),('61','3',34.98,'2019-01-16'),('62','3',40.04000000000014,'2019-01-16'),('63','3',0,'2019-01-16'),('64','3',0,'2019-01-16'),('65','3',175,'2019-01-16'),('66','3',0,'2019-01-16'),('67','3',0,'2019-01-16'),('68','3',2397.95,'2019-01-16'),('69','3',0,'2019-01-16'),('7','3',0,'2019-01-16'),('70','3',0,'2019-01-16'),('71','3',0,'2019-01-16'),('72','3',0,'2019-01-16'),('73','3',-0.45,'2019-01-16'),('74','3',0,'2019-01-16'),('75','3',0,'2019-01-16'),('76','3',0,'2019-01-16'),('77','3',1.4700000000000002,'2019-01-16'),('78','3',329.31000000000006,'2019-01-16'),('79','3',0,'2019-01-16'),('8','3',0,'2019-01-16'),('80','3',0,'2019-01-16'),('81','3',0,'2019-01-16'),('82','3',0.019999999999999907,'2019-01-16'),('83','3',0,'2019-01-16'),('84','3',0,'2019-01-16'),('85','3',-1488,'2019-01-16'),('86','3',0,'2019-01-16'),('87','3',0,'2019-01-16'),('88','3',0,'2019-01-16'),('89','3',10.540000000000003,'2019-01-16'),('9','3',0,'2019-01-16'),('90','3',0,'2019-01-16'),('91','3',0,'2019-01-16'),('92','3',27.16000000000001,'2019-01-16'),('93','3',0,'2019-01-16'),('94','3',0,'2019-01-16'),('95','3',1292.9400000000003,'2019-01-16'),('96','3',0,'2019-01-16'),('97','3',0,'2019-01-16'),('98','3',0,'2019-01-16'),('99','3',0,'2019-01-16');

--
-- Table structure for table `stockcounts`
--

CREATE TABLE `stockcounts` (
  `id` int(11) NOT NULL AUTO_INCREMENT,
  `stockid` varchar(20) NOT NULL DEFAULT '',
  `loccode` varchar(5) NOT NULL DEFAULT '',
  `qtycounted` double NOT NULL DEFAULT '0',
  `reference` varchar(20) NOT NULL DEFAULT '',
  PRIMARY KEY (`id`),
  KEY `StockID` (`stockid`),
  KEY `LocCode` (`loccode`)
) ENGINE=InnoDB AUTO_INCREMENT=32 DEFAULT CHARSET=utf8;

--
-- Dumping data for table `stockcounts`
--

INSERT INTO `stockcounts` VALUES (1,'102','3',1,'stocktake'),(2,'23','3',0.45,'stocktake'),(3,'25','3',41.99,'stocktake'),(4,'26','3',31.47,'stocktake'),(5,'27','3',0.35,'stocktake'),(6,'28','3',764.41,'stocktake'),(7,'29','3',4,'stocktake'),(8,'30','3',17,'stocktake'),(9,'34','3',23.2,'stocktake'),(10,'36','3',16,'stocktake'),(11,'38','3',2,'stocktake'),(12,'39','3',10,'stocktake'),(13,'117','3',20,'stocktake'),(14,'150','3',0.55,'stocktake'),(15,'156','3',7,'stocktake'),(16,'78','3',0.65,'stocktake'),(17,'95','3',471.75,'stocktake'),(18,'104','3',195.7,'stocktake'),(19,'107','3',88.65,'stocktake'),(20,'109','3',462.05,'stocktake'),(21,'112','3',59.55,'stocktake'),(22,'140','3',39.65,'stocktake'),(23,'51','3',244.4,'stocktake'),(24,'52','3',21.83,'stocktake'),(25,'54','3',7.66,'stocktake'),(26,'57','3',38.94,'stocktake'),(27,'60','3',108.68,'stocktake'),(28,'62','3',195.85,'stocktake'),(29,'82','3',88.62,'stocktake'),(30,'101','3',36.35,'stocktake'),(31,'103','3',158.33,'stocktake');

--
-- Table structure for table `stockcounts1`
--

CREATE TABLE `stockcounts1` (
  `id` int(11) NOT NULL AUTO_INCREMENT,
  `stockid` varchar(20) NOT NULL DEFAULT '',
  `loccode` varchar(5) NOT NULL DEFAULT '',
  `qtycounted` double NOT NULL DEFAULT '0',
  `reference` varchar(20) NOT NULL DEFAULT '',
  PRIMARY KEY (`id`),
  KEY `StockID` (`stockid`),
  KEY `LocCode` (`loccode`)
) ENGINE=InnoDB AUTO_INCREMENT=56 DEFAULT CHARSET=utf8;

--
-- Dumping data for table `stockcounts1`
--

INSERT INTO `stockcounts1` VALUES (1,'102','3',1806.89,''),(2,'134','3',45.32,''),(3,'95','3',271.05,''),(4,'81','3',1,''),(5,'142','3',39.05,''),(6,'140','3',54.84,''),(7,'109','3',308.5,''),(8,'108','3',155.45,''),(9,'106','3',108.65,''),(10,'92','3',61.65,''),(11,'111','3',37.55,''),(12,'112','3',15.06,''),(13,'78','3',216.2,''),(14,'107','3',147.5,''),(15,'104','3',16.55,''),(16,'116','3',11.45,''),(17,'120','3',26,''),(18,'135','3',200,''),(19,'137','3',43,''),(20,'141','3',11,''),(21,'144','3',64.2,''),(22,'151','3',20.15,''),(23,'44','3',35,''),(24,'45','3',15,''),(25,'149','3',23.1,''),(26,'150','3',27.2,''),(27,'153','3',41.35,''),(28,'28','3',415.51,''),(29,'117','3',39,''),(30,'130','3',60.5,''),(31,'143','3',4,''),(32,'23','3',93.25,''),(33,'27','3',1.7,''),(34,'29','3',32,''),(35,'30','3',42,''),(36,'33','3',32,''),(37,'34','3',31,''),(38,'38','3',25,''),(39,'39','3',12,''),(40,'40','3',6,''),(41,'103','3',279.71,''),(43,'101','3',38.8,''),(44,'121','3',24.75,''),(45,'51','3',307.65,''),(46,'52','3',58.68,''),(47,'54','3',35.28,''),(48,'55','3',50.72,''),(49,'57','3',93.48,''),(50,'60','3',255.5,''),(51,'62','3',173.8,''),(52,'82','3',86.25,''),(53,'88','3',23.8,''),(54,'61','3',97.9,''),(55,'89','3',8.9,'');

--
-- Table structure for table `stockcounts2`
--

CREATE TABLE `stockcounts2` (
  `id` int(11) NOT NULL AUTO_INCREMENT,
  `stockid` varchar(20) NOT NULL DEFAULT '',
  `loccode` varchar(5) NOT NULL DEFAULT '',
  `qtycounted` double NOT NULL DEFAULT '0',
  `reference` varchar(20) NOT NULL DEFAULT '',
  PRIMARY KEY (`id`),
  KEY `StockID` (`stockid`),
  KEY `LocCode` (`loccode`)
) ENGINE=InnoDB AUTO_INCREMENT=55 DEFAULT CHARSET=utf8;

--
-- Dumping data for table `stockcounts2`
--

INSERT INTO `stockcounts2` VALUES (1,'102','3',1183.9,'stock take 30/9/18'),(2,'101','3',22.75,'stock take 30/9/18'),(3,'121','3',1,''),(4,'51','3',234.82,''),(5,'52','3',82.7,''),(6,'54','3',1.23,''),(7,'55','3',1.15,''),(8,'57','3',71.74,'stock take 30/9/18'),(9,'62','3',107.5,''),(10,'82','3',62.82,''),(11,'88','3',3.35,''),(12,'103','3',244.56,''),(13,'61','3',34.98,''),(14,'60','3',1,''),(15,'89','3',3.85,''),(16,'116','3',8.05,''),(17,'117','3',34,''),(18,'120','3',26,''),(19,'130','3',24.5,''),(20,'135','3',139.05,''),(21,'136','3',12,''),(22,'137','3',31,''),(23,'141','3',11,''),(24,'143','3',4,''),(25,'144','3',53.15,''),(26,'149','3',21.9,''),(27,'150','3',33.3,''),(28,'151','3',98.7,''),(29,'153','3',31,''),(30,'23','3',82.5,''),(31,'29','3',15,''),(32,'30','3',52,''),(33,'33','3',63,''),(34,'34','3',30,''),(35,'38','3',22,''),(36,'39','3',5,''),(37,'40','3',11,''),(38,'44','3',30,''),(39,'45','3',14,''),(40,'81','3',1,''),(41,'78','3',285.74,''),(42,'107','3',105.8,''),(43,'134','3',131.02,''),(44,'106','3',61.4,''),(45,'108','3',19.13,''),(46,'68','3',250.7,''),(47,'77','3',7.25,''),(48,'111','3',64.06,''),(50,'95','3',555.55,''),(51,'92','3',25.85,''),(52,'112','3',3.6,''),(53,'140','3',38.8,''),(54,'28','3',209.15,'');

--
-- Table structure for table `stockdescriptiontranslations`
--

CREATE TABLE `stockdescriptiontranslations` (
  `stockid` varchar(20) NOT NULL DEFAULT '',
  `language_id` varchar(10) NOT NULL DEFAULT 'en_GB.utf8',
  `descriptiontranslation` varchar(50) DEFAULT NULL COMMENT 'Item''s short description',
  `longdescriptiontranslation` text COMMENT 'Item''s long description',
  `needsrevision` tinyint(1) NOT NULL DEFAULT '0',
  PRIMARY KEY (`stockid`,`language_id`)
) ENGINE=InnoDB DEFAULT CHARSET=utf8;

--
-- Dumping data for table `stockdescriptiontranslations`
--

INSERT INTO `stockdescriptiontranslations` VALUES ('1','fr_FR.utf8','Brisket - Beef','Brisket - Beef',0),('10','fr_FR.utf8','','',0),('100','fr_FR.utf8','Basa Fillet','',0),('101','fr_FR.utf8','Boneless Lamb Stir Fry','',0),('102','fr_FR.utf8','','',0),('103','fr_FR.utf8','','',0),('104','fr_FR.utf8','','',0),('105','fr_FR.utf8','','',0),('106','fr_FR.utf8','','',0),('107','fr_FR.utf8','','',0),('108','fr_FR.utf8','','',0),('109','fr_FR.utf8','','',0),('11','fr_FR.utf8','','',0),('110','fr_FR.utf8','','',0),('111','fr_FR.utf8','Grade A Fish','Grade A Fish',0),('112','fr_FR.utf8','','',0),('113','fr_FR.utf8','','',0),('114','fr_FR.utf8','','',0),('115','fr_FR.utf8','Number 10 - Rooster Secs','Number 10 - Rooster Secs',0),('116','fr_FR.utf8','','',0),('117','fr_FR.utf8','Crest Mince - 500grms','Crest Mince - 500grms',0),('118','fr_FR.utf8','','',0),('119','fr_FR.utf8','','',0),('12','fr_FR.utf8','','',0),('120','fr_FR.utf8','Number 16 - Rooster Sec','Number 16 - Rooster Sec',0),('121','fr_FR.utf8','Mince Lamb','Mince Lamb',0),('122','fr_FR.utf8','Ox Head','Ox Head',0),('123','fr_FR.utf8','Beef Leg - Large 5.40 kg','Beef Leg - Large 5.40 kg',0),('124','fr_FR.utf8','Meat Dust Beef','Meat Dust Beef',0),('125','fr_FR.utf8','Dust Fish','Dust Fish',0),('126','fr_FR.utf8','Packet Fish - Wahoo','Packet Fish - Wahoo',0),('127','fr_FR.utf8','Packet Fish - Black Tom','Packet Fish - Black Tom',0),('128','fr_FR.utf8','Packet Fish - Tuna','Packet Fish - Tuna',0),('129','fr_FR.utf8','','',0),('13','fr_FR.utf8','','',0),('130','fr_FR.utf8','','',0),('131','fr_FR.utf8','','',0),('132','fr_FR.utf8','Chicken Dust','Chicken Dust',0),('133','fr_FR.utf8','','',0),('134','fr_FR.utf8','FROZEN NZ NUQA (RAY BREAM DRESSED)','FROZEN NZ NUQA (RAY BREAM DRESSED)',0),('135','fr_FR.utf8','','',0),('136','fr_FR.utf8','','',0),('137','fr_FR.utf8','','',0),('138','fr_FR.utf8','Mullet Frozen Fish - Carton','Mullet Frozen Fish - Carton',0),('139','fr_FR.utf8','','',0),('14','fr_FR.utf8','','',0),('140','fr_FR.utf8','Marlin Fillet','Marlin Fillet',0),('141','fr_FR.utf8','Number 16 - Rooster','Number 16 - Rooster',0),('142','fr_FR.utf8','','',0),('143','fr_FR.utf8','','',0),('144','fr_FR.utf8','Thighs - Chicken','Thighs - Chicken',0),('145','fr_FR.utf8','','',0),('146','fr_FR.utf8','Saga Packet Fish','Saga Packet Fish',0),('147','fr_FR.utf8','','',0),('148','fr_FR.utf8','','',0),('149','fr_FR.utf8','Loose Giblet','Loose Giblet',0),('15','fr_FR.utf8','','',0),('150','fr_FR.utf8','','',0),('151','fr_FR.utf8','Rooster - Leg quarter Chicken','Rooster - Leg quarter Chicken',0),('152','fr_FR.utf8','FLANK BEEF','FLANK BEEF',0),('155','fr_FR.utf8','Leg Lamb ','Leg Lamb ',0),('157','fr_FR.utf8','Loose Giblet','Loose Giblet',0),('16','fr_FR.utf8','','',0),('17','fr_FR.utf8','','',0),('18','fr_FR.utf8','','',0),('19','fr_FR.utf8','','',0),('2','fr_FR.utf8','','',0),('20','fr_FR.utf8','','',0),('21','fr_FR.utf8','','',0),('22','fr_FR.utf8','','',0),('23','fr_FR.utf8','Crest-Drumstick Chicken','Crest-Drumstick Chicken',0),('24','fr_FR.utf8','Crest-Wings Chicken','',0),('25','fr_FR.utf8','Crest-Legquarters Chicken','Crest-Legquarters Chicken',0),('26','fr_FR.utf8','Crest-Thighs Chicken','Crest-Thighs Chicken',0),('27','fr_FR.utf8','Crest Feet Chicken','Crest Feet Chicken',0),('28','fr_FR.utf8','NZ-Curry Pieces Chicken','NZ-Curry Pieces Chicken',0),('29','fr_FR.utf8','Crest-Liver Chicken 500grm','Crest-Liver Chicken 500grm',0),('3','fr_FR.utf8','','',0),('30','fr_FR.utf8','Crest Giblet Chicken','Crest Giblet Chicken',0),('31','fr_FR.utf8','Crest Giblet Chicken','Crest Giblet Chicken',0),('32','fr_FR.utf8','Crest Sausages Frankfutters Chicken','Crest Sausages Frankfutters Chicken',0),('33','fr_FR.utf8','Crest Soup Pack Chicken','Crest Soup Pack Chicken',0),('34','fr_FR.utf8','Crest Sausage Sizzlers Chicken - 500grm','Crest Sausage Sizzlers Chicken - 500grm',0),('35','fr_FR.utf8','','',0),('36','fr_FR.utf8','','',0),('37','fr_FR.utf8','','',0),('38','fr_FR.utf8','','',0),('39','fr_FR.utf8','','',0),('4','fr_FR.utf8','','',0),('40','fr_FR.utf8','','',0),('41','fr_FR.utf8','','',0),('42','fr_FR.utf8','','',0),('43','fr_FR.utf8','','',0),('44','fr_FR.utf8','','',0),('45','fr_FR.utf8','','',0),('46','fr_FR.utf8','','',0),('47','fr_FR.utf8','','',0),('48','fr_FR.utf8','','',0),('49','fr_FR.utf8','','',0),('5','fr_FR.utf8','','',0),('50','fr_FR.utf8','','',0),('51','fr_FR.utf8','','',0),('52','fr_FR.utf8','Whole Shank Lamb','Whole Shank Lamb',0),('53','fr_FR.utf8','','',0),('54','fr_FR.utf8','','',0),('55','fr_FR.utf8','','',0),('56','fr_FR.utf8','','',0),('57','fr_FR.utf8','','',0),('58','fr_FR.utf8','Chops Lamb H/Shoulder','Chops Lamb H/Shoulder',0),('59','fr_FR.utf8','','',0),('6','fr_FR.utf8','','',0),('60','fr_FR.utf8','','',0),('61','fr_FR.utf8','','',0),('62','fr_FR.utf8','','',0),('63','fr_FR.utf8','','',0),('64','fr_FR.utf8','','',0),('65','fr_FR.utf8','','',0),('66','fr_FR.utf8','','',0),('67','fr_FR.utf8','','',0),('68','fr_FR.utf8','','',0),('69','fr_FR.utf8','','',0),('7','fr_FR.utf8','','',0),('70','fr_FR.utf8','Head Fish - Tuna','',0),('71','fr_FR.utf8','','',0),('72','fr_FR.utf8','','',0),('73','fr_FR.utf8','','',0),('74','fr_FR.utf8','','',0),('75','fr_FR.utf8','','',0),('76','fr_FR.utf8','','',0),('77','fr_FR.utf8','SNAPPER RED','SNAPPER RED',0),('78','fr_FR.utf8','','',0),('79','fr_FR.utf8','','',0),('8','fr_FR.utf8','','',0),('80','fr_FR.utf8','','',0),('81','fr_FR.utf8','','',0),('82','fr_FR.utf8','','',0),('83','fr_FR.utf8','Beef Leg - Small 2.5 kg ','Beef Leg - Small 2.5 kg ',0),('84','fr_FR.utf8','','',0),('85','fr_FR.utf8','','',0),('86','fr_FR.utf8','Packet Fish - Ogo','Packet Fish - Ogo',0),('87','fr_FR.utf8','','',0),('88','fr_FR.utf8','','',0),('89','fr_FR.utf8','','',0),('9','fr_FR.utf8','','',0),('90','fr_FR.utf8','','',0),('91','fr_FR.utf8','','',0),('92','fr_FR.utf8','','',0),('93','fr_FR.utf8','','',0),('94','fr_FR.utf8','Dog Food','',0),('95','fr_FR.utf8','','',0),('96','fr_FR.utf8','Fillet Steak Beef','',0),('97','fr_FR.utf8','','',0),('98','fr_FR.utf8','B Grade Fish','B Grade Fish',0),('99','fr_FR.utf8','','',0),('ATC10','fr_FR.utf8','','',0),('CIT1','fr_FR.utf8','','',0),('CIT2','fr_FR.utf8','','',0),('CIT4','fr_FR.utf8','','Reserve Bank Collection (includes security escort)',0),('TEST79','fr_FR.utf8','','',0),('WP91AFF','fr_FR.utf8','','',0);

--
-- Table structure for table `stockitemproperties`
--

CREATE TABLE `stockitemproperties` (
  `stockid` varchar(20) NOT NULL,
  `stkcatpropid` int(11) NOT NULL,
  `value` varchar(50) NOT NULL,
  PRIMARY KEY (`stockid`,`stkcatpropid`),
  KEY `stockid` (`stockid`),
  KEY `value` (`value`),
  KEY `stkcatpropid` (`stkcatpropid`)
) ENGINE=InnoDB DEFAULT CHARSET=utf8;

--
-- Dumping data for table `stockitemproperties`
--


--
-- Table structure for table `stockmaster`
--

CREATE TABLE `stockmaster` (
  `stockid` int(11) NOT NULL AUTO_INCREMENT,
  `categoryid` varchar(100) NOT NULL DEFAULT '',
  `subcategory` varchar(100) DEFAULT NULL,
  `franchise` varchar(100) DEFAULT NULL,
  `description` varchar(50) NOT NULL DEFAULT '',
  `longdescription` text NOT NULL,
  `units` varchar(20) NOT NULL DEFAULT 'each',
  `mbflag` char(1) NOT NULL DEFAULT 'B',
  `actualcost` decimal(20,4) NOT NULL DEFAULT '0.0000',
  `lastcost` decimal(20,4) NOT NULL DEFAULT '0.0000',
  `materialcost` decimal(20,2) DEFAULT NULL,
  `labourcost` decimal(20,4) NOT NULL DEFAULT '0.0000',
  `overheadcost` decimal(20,4) NOT NULL DEFAULT '0.0000',
  `lowestlevel` smallint(6) NOT NULL DEFAULT '0',
  `discontinued` tinyint(4) NOT NULL DEFAULT '0',
  `controlled` tinyint(4) NOT NULL DEFAULT '0',
  `eoq` double NOT NULL DEFAULT '0',
  `volume` decimal(20,4) NOT NULL DEFAULT '0.0000',
  `grossweight` decimal(20,4) NOT NULL DEFAULT '0.0000',
  `barcode` varchar(50) NOT NULL DEFAULT '',
  `discountcategory` char(2) NOT NULL DEFAULT '',
  `taxcatid` tinyint(4) NOT NULL DEFAULT '1',
  `serialised` tinyint(4) NOT NULL DEFAULT '0',
  `appendfile` varchar(40) NOT NULL DEFAULT 'none',
  `perishable` tinyint(1) NOT NULL DEFAULT '0',
  `decimalplaces` tinyint(4) NOT NULL DEFAULT '0',
  `pansize` double NOT NULL DEFAULT '0',
  `shrinkfactor` double NOT NULL DEFAULT '0',
  `nextserialno` bigint(20) NOT NULL DEFAULT '0',
  `netweight` decimal(20,4) NOT NULL DEFAULT '0.0000',
  `lastcostupdate` date NOT NULL DEFAULT '0000-00-00',
  `lastupdate` datetime DEFAULT NULL,
  PRIMARY KEY (`stockid`),
  KEY `Description` (`description`),
  KEY `MBflag` (`mbflag`),
  KEY `Controlled` (`controlled`),
  KEY `DiscountCategory` (`discountcategory`),
  KEY `taxcatid` (`taxcatid`)
) ENGINE=InnoDB AUTO_INCREMENT=158 DEFAULT CHARSET=utf8;

--
-- Dumping data for table `stockmaster`
--

INSERT INTO `stockmaster` VALUES (1,'BEEF',NULL,NULL,'Brisket - Beef','Brisket - Beef','kgs','B',0.0000,0.0000,5.50,0.0000,0.0000,0,0,0,0,0.0000,0.0000,'208001','',7,0,'none',0,2,0,0,0,0.0000,'2019-05-18','2019-01-11 11:11:00'),(2,'BEEF',NULL,NULL,'Rump Steak','Rump Steak','kgs','B',0.0000,0.0000,NULL,0.0000,0.0000,0,0,0,0,0.0000,0.0000,'208002','',7,0,'none',0,2,0,0,0,0.0000,'0000-00-00','2018-09-17 07:49:25'),(3,'BEEF',NULL,NULL,'Scotch Steak','Scotch Steak','kgs','B',0.0000,0.0000,NULL,0.0000,0.0000,0,0,0,0,0.0000,0.0000,'208003','',7,0,'none',0,2,0,0,0,0.0000,'0000-00-00','2018-09-17 07:49:25'),(4,'BEEF',NULL,NULL,'Mince Stake','Mince Stake','kgs','B',0.0000,0.0000,NULL,0.0000,0.0000,0,0,0,0,0.0000,0.0000,'208004	','',7,0,'none',0,2,0,0,0,0.0000,'0000-00-00','2018-09-17 07:49:25'),(5,'BEEF',NULL,NULL,'Tongue Ox','Tongue Ox','kgs','B',0.0000,0.0000,NULL,0.0000,0.0000,0,0,0,0,0.0000,0.0000,'208005','',7,0,'none',0,2,0,0,0,0.0000,'0000-00-00','2018-09-17 07:49:25'),(6,'BEEF',NULL,NULL,'Liver Beef','Liver Beef','kgs','B',0.0000,0.0000,NULL,0.0000,0.0000,0,0,0,0,0.0000,0.0000,'208006	','',7,0,'none',0,2,0,0,0,0.0000,'0000-00-00','2018-09-17 07:49:25'),(7,'BEEF',NULL,NULL,'Tail Ox','Tail Ox','kgs','B',0.0000,0.0000,NULL,0.0000,0.0000,0,0,0,0,0.0000,0.0000,'208007	','',7,0,'none',0,2,0,0,0,0.0000,'0000-00-00','2018-09-17 07:49:25'),(8,'BEEF',NULL,NULL,'Mince Beef','Mince Beef','kgs','B',0.0000,0.0000,NULL,0.0000,0.0000,0,0,0,0,0.0000,0.0000,'208008	','',7,0,'none',0,2,0,0,0,0.0000,'0000-00-00','2018-09-17 07:49:25'),(9,'BEEF',NULL,NULL,'Shin Beef','Shin Beef','kgs','B',0.0000,0.0000,NULL,0.0000,0.0000,0,0,0,0,0.0000,0.0000,'208009	','',7,0,'none',0,2,0,0,0,0.0000,'0000-00-00','2018-09-17 07:49:25'),(10,'BEEF',NULL,NULL,'Sausage Beef','Sausage Beef','kgs','B',0.0000,0.0000,NULL,0.0000,0.0000,0,0,0,0,0.0000,0.0000,'208010	','',1,0,'none',0,2,0,0,0,0.0000,'0000-00-00','2018-09-17 07:49:25'),(11,'BEEF',NULL,NULL,'Sausage Spicy Beef','Sausage Spicy Beef','kgs','B',0.0000,0.0000,NULL,0.0000,0.0000,0,0,0,0,0.0000,0.0000,'208011	','',1,0,'none',0,2,0,0,0,0.0000,'0000-00-00','2018-09-17 07:49:25'),(12,'BEEF',NULL,NULL,'Corned Beef','Corned Beef','kgs','B',0.0000,0.0000,NULL,0.0000,0.0000,0,0,0,0,0.0000,0.0000,'208012	','',7,0,'none',0,2,0,0,0,0.0000,'0000-00-00','2018-09-17 07:49:25'),(13,'BEEF',NULL,NULL,'Meaty Bone','Meaty Bone','kgs','B',0.0000,0.0000,NULL,0.0000,0.0000,0,0,0,0,0.0000,0.0000,'208013	','',7,0,'none',0,2,0,0,0,0.0000,'0000-00-00','2018-09-17 07:49:25'),(14,'BEEF',NULL,NULL,'Soup Bone','Soup Bone','kgs','B',0.0000,0.0000,NULL,0.0000,0.0000,0,0,0,0,0.0000,0.0000,'208014	','',7,0,'none',0,2,0,0,0,0.0000,'0000-00-00','2018-09-17 07:49:25'),(15,'BEEF',NULL,NULL,'Soup Meat','Soup Meat','kgs','B',0.0000,0.0000,NULL,0.0000,0.0000,0,0,0,0,0.0000,0.0000,'208015	','',7,0,'none',0,2,0,0,0,0.0000,'0000-00-00','2018-09-17 07:49:25'),(16,'BEEF',NULL,NULL,'Gravy Beef','Gravy Beef','kgs','B',0.0000,0.0000,NULL,0.0000,0.0000,0,0,0,0,0.0000,0.0000,'208016	','',7,0,'none',0,2,0,0,0,0.0000,'0000-00-00','2018-09-17 07:49:25'),(17,'BEEF',NULL,NULL,'Strips Beef','Strips Beef','kgs','B',0.0000,0.0000,NULL,0.0000,0.0000,0,0,0,0,0.0000,0.0000,'208017	','',7,0,'none',0,2,0,0,0,0.0000,'0000-00-00','2018-09-17 07:49:25'),(18,'BEEF',NULL,NULL,'Round Steak','Round Steak','kgs','B',0.0000,0.0000,NULL,0.0000,0.0000,0,0,0,0,0.0000,0.0000,'208018	','',7,0,'none',0,2,0,0,0,0.0000,'0000-00-00','2018-09-17 07:49:25'),(19,'BEEF',NULL,NULL,'Topside Steak','Topside Steak','kgs','B',0.0000,0.0000,NULL,0.0000,0.0000,0,0,0,0,0.0000,0.0000,'208019	','',7,0,'none',0,2,0,0,0,0.0000,'0000-00-00','2018-09-17 07:49:25'),(20,'BEEF',NULL,NULL,'Stewing Stake','Stewing Stake','kgs','B',0.0000,0.0000,NULL,0.0000,0.0000,0,0,0,0,0.0000,0.0000,'208020	','',7,0,'none',0,2,0,0,0,0.0000,'0000-00-00','2018-09-17 07:49:25'),(21,'BEEF',NULL,NULL,'Kidney Beef','Kidney Beef','kgs','B',0.0000,0.0000,NULL,0.0000,0.0000,0,0,0,0,0.0000,0.0000,'208021	','',7,0,'none',0,2,0,0,0,0.0000,'0000-00-00','2018-09-17 07:49:25'),(22,'BEEF',NULL,NULL,'Heart Beef','Heart Beef','kgs','B',0.0000,0.0000,NULL,0.0000,0.0000,0,0,0,0,0.0000,0.0000,'208022	','',7,0,'none',0,2,0,0,0,0.0000,'0000-00-00','2018-09-17 07:49:25'),(23,'chicken',NULL,NULL,'Crest-Drumstick Chicken','Crest-Drumstick Chicken','kgs','B',0.0000,0.0000,NULL,0.0000,0.0000,0,0,0,0,0.0000,0.0000,'208023	','',1,0,'none',0,2,0,0,0,0.0000,'0000-00-00','2018-09-17 07:49:25'),(24,'chicken',NULL,NULL,'Crest-Wings Chicken','Crest-Wings Chicken','kgs','B',0.0000,0.0000,NULL,0.0000,0.0000,0,0,0,0,0.0000,0.0000,'208024	','',1,0,'none',0,2,0,0,0,0.0000,'0000-00-00','2018-09-17 07:49:25'),(25,'chicken',NULL,NULL,'Crest-Legquarters Chicken','Crest-Legquarters Chicken','kgs','B',0.0000,0.0000,NULL,0.0000,0.0000,0,0,0,0,0.0000,0.0000,'208025	','',1,0,'none',0,2,0,0,0,0.0000,'0000-00-00','2018-09-17 07:49:25'),(26,'chicken',NULL,NULL,'Crest-Thighs Chicken','Crest-Thighs Chicken','kgs','B',0.0000,0.0000,NULL,0.0000,0.0000,0,0,0,0,0.0000,0.0000,'208026	','',1,0,'none',0,2,0,0,0,0.0000,'0000-00-00','2018-09-17 07:49:25'),(27,'chicken',NULL,NULL,'Crest Feet Chicken','Crest Feet Chicken','kgs','B',0.0000,0.0000,NULL,0.0000,0.0000,0,0,0,0,0.0000,0.0000,'208027	','',1,0,'none',0,2,0,0,0,0.0000,'0000-00-00','2018-09-17 07:49:25'),(28,'chicken',NULL,NULL,'NZ-Curry Pieces Chicken','NZ-Curry Pieces Chicken','kgs','B',0.0000,0.0000,NULL,0.0000,0.0000,0,0,0,0,0.0000,0.0000,'208028	','',1,0,'none',0,2,0,0,0,0.0000,'0000-00-00','2018-09-17 07:49:25'),(29,'chicken',NULL,NULL,'Crest-Liver Chicken 500grm','Crest-Liver Chicken 500grm','kgs','B',0.0000,0.0000,NULL,0.0000,0.0000,0,0,0,0,0.0000,0.0000,'208029	','',1,0,'none',0,2,0,0,0,0.0000,'0000-00-00','2018-09-17 07:49:25'),(30,'chicken',NULL,NULL,'Crest Giblet Chicken','Crest Giblet Chicken','each','B',0.0000,0.0000,NULL,0.0000,0.0000,0,0,0,0,0.0000,0.0000,'208030	','',1,0,'none',0,2,0,0,0,0.0000,'0000-00-00','2018-09-29 02:37:48'),(32,'chicken',NULL,NULL,'Crest Sausages Frankfutters Chicken','Crest Sausages Frankfutters Chicken','each','B',0.0000,0.0000,NULL,0.0000,0.0000,0,0,0,0,0.0000,0.0000,'208032	','',1,0,'none',0,2,0,0,0,0.0000,'0000-00-00','2018-09-17 07:49:25'),(33,'chicken',NULL,NULL,'Crest Soup Pack Chicken','Crest Soup Pack Chicken','each','B',0.0000,0.0000,NULL,0.0000,0.0000,0,0,0,0,0.0000,0.0000,'9416335001475','',1,0,'none',0,2,0,0,0,0.0000,'0000-00-00','2018-09-18 03:29:19'),(34,'chicken',NULL,NULL,'Crest Sausage Sizzlers Chicken - 500grm','Crest Sausage Sizzlers Chicken - 500grm','each','B',0.0000,0.0000,NULL,0.0000,0.0000,0,0,0,0,0.0000,0.0000,'208034	','',1,0,'none',0,2,0,0,0,0.0000,'0000-00-00','2018-10-12 09:35:00'),(35,'chicken',NULL,NULL,'Number 11 - Crest','Number 11 - Crest','each','B',0.0000,0.0000,NULL,0.0000,0.0000,0,0,0,0,0.0000,0.0000,'208035	','',1,0,'none',0,2,0,0,0,0.0000,'0000-00-00','2018-09-17 07:49:25'),(36,'chicken',NULL,NULL,'Number 12 - Crest','Number 12 - Crest','each','B',0.0000,0.0000,NULL,0.0000,0.0000,0,0,0,0,0.0000,0.0000,'9416335001062','',1,0,'none',0,2,0,0,0,0.0000,'0000-00-00','2018-09-17 07:49:25'),(37,'chicken',NULL,NULL,'Number 13 - Crest','Number 13 - Crest','each','B',0.0000,0.0000,NULL,0.0000,0.0000,0,0,0,0,0.0000,0.0000,'208037	','',1,0,'none',0,2,0,0,0,0.0000,'0000-00-00','2018-09-17 07:49:25'),(38,'chicken',NULL,NULL,'Number 14 - Crest','Number 14 - Crest','each','B',0.0000,0.0000,NULL,0.0000,0.0000,0,0,0,0,0.0000,0.0000,'9416335001086','',1,0,'none',0,2,0,0,0,0.0000,'0000-00-00','2018-09-18 03:42:50'),(39,'chicken',NULL,NULL,'Number 15 - Crest','Number 15 - Crest','each','B',0.0000,0.0000,NULL,0.0000,0.0000,0,0,0,0,0.0000,0.0000,'9416335001093	','',1,0,'none',0,2,0,0,0,0.0000,'0000-00-00','2018-09-17 07:49:25'),(40,'chicken',NULL,NULL,'Number 16 - Crest','Number 16 - Crest','each','B',0.0000,0.0000,NULL,0.0000,0.0000,0,0,0,0,0.0000,0.0000,'9416335001109','',1,0,'none',0,2,0,0,0,0.0000,'0000-00-00','2018-09-18 03:43:43'),(41,'chicken',NULL,NULL,'Number 11 - Rooster','Number 11 - Rooster','each','B',0.0000,0.0000,NULL,0.0000,0.0000,0,0,0,0,0.0000,0.0000,'208041	','',1,0,'none',0,2,0,0,0,0.0000,'0000-00-00','2018-09-17 07:49:25'),(42,'chicken',NULL,NULL,'Number 12 - Rooster','Number 12 - Rooster','each','B',0.0000,0.0000,NULL,0.0000,0.0000,0,0,0,0,0.0000,0.0000,'208042	','',1,0,'none',0,2,0,0,0,0.0000,'0000-00-00','2018-09-17 07:49:25'),(43,'chicken',NULL,NULL,'Number 13 - Rooster','Number 13 - Rooster','each','B',0.0000,0.0000,NULL,0.0000,0.0000,0,0,0,0,0.0000,0.0000,'208043	','',1,0,'none',0,2,0,0,0,0.0000,'0000-00-00','2018-09-17 07:49:25'),(44,'chicken',NULL,NULL,'Number 14 - Rooster','Number 14 - Rooster','each','B',0.0000,0.0000,NULL,0.0000,0.0000,0,0,0,0,0.0000,0.0000,'208044	','',1,0,'none',0,2,0,0,0,0.0000,'0000-00-00','2018-09-17 07:49:25'),(45,'chicken',NULL,NULL,'Number 15 - Rooster','Number 15 - Rooster','each','B',0.0000,0.0000,NULL,0.0000,0.0000,0,0,0,0,0.0000,0.0000,'9418036000153','',1,0,'none',0,2,0,0,0,0.0000,'0000-00-00','2018-09-18 03:47:48'),(46,'chicken',NULL,NULL,'Number 11 - Rooster Secs','Number 11 - Rooster Secs','each','B',0.0000,0.0000,NULL,0.0000,0.0000,0,0,0,0,0.0000,0.0000,'208046	','',1,0,'none',0,2,0,0,0,0.0000,'0000-00-00','2018-09-17 07:49:25'),(47,'chicken',NULL,NULL,'Number 12 - Rooster Secs','Number 12 - Rooster Secs','each','B',0.0000,0.0000,NULL,0.0000,0.0000,0,0,0,0,0.0000,0.0000,'208047	','',1,0,'none',0,2,0,0,0,0.0000,'0000-00-00','2018-09-17 07:49:25'),(48,'chicken',NULL,NULL,'Number 13 - Rooster Secs','Number 13 - Rooster Secs','each','B',0.0000,0.0000,NULL,0.0000,0.0000,0,0,0,0,0.0000,0.0000,'208048	','',1,0,'none',0,2,0,0,0,0.0000,'0000-00-00','2018-09-17 07:49:25'),(49,'chicken',NULL,NULL,'Number 14 - Rooster Secs','Number 14 - Rooster Secs','each','B',0.0000,0.0000,NULL,0.0000,0.0000,0,0,0,0,0.0000,0.0000,'208049	','',1,0,'none',0,2,0,0,0,0.0000,'0000-00-00','2018-09-17 07:49:25'),(50,'chicken',NULL,NULL,'Number 15 - Rooster Secs','Number 15 - Rooster Secs','each','B',0.0000,0.0000,NULL,0.0000,0.0000,0,0,0,0,0.0000,0.0000,'208050	','',1,0,'none',0,2,0,0,0,0.0000,'0000-00-00','2018-09-17 07:49:25'),(51,'LAMB',NULL,NULL,'Neck Lamb','Neck Lamb','kgs','B',0.0000,0.0000,NULL,0.0000,0.0000,0,0,0,0,0.0000,0.0000,'208051	','',1,0,'none',0,2,0,0,0,0.0000,'0000-00-00','2018-09-17 07:49:25'),(52,'LAMB',NULL,NULL,'Whole Shank Lamb','Whole Shank Lamb','kgs','B',0.0000,0.0000,NULL,0.0000,0.0000,0,0,0,0,0.0000,0.0000,'208052	','',1,0,'none',0,2,0,0,0,0.0000,'0000-00-00','2018-09-17 07:49:25'),(53,'FOREQUARTER LAMB',NULL,NULL,'Shank Forequarter Lamb','Shank Forequarter Lamb','kgs','B',0.0000,0.0000,NULL,0.0000,0.0000,0,0,0,0,0.0000,0.0000,'208053	','',1,0,'none',0,2,0,0,0,0.0000,'0000-00-00','2018-09-17 07:49:25'),(54,'LAMB',NULL,NULL,'Sausage Lamb','Sausage Lamb','kgs','B',0.0000,0.0000,NULL,0.0000,0.0000,0,0,0,0,0.0000,0.0000,'208054	','',1,0,'none',0,2,0,0,0,0.0000,'0000-00-00','2018-09-17 07:49:25'),(55,'LAMB',NULL,NULL,'Boneless Lamb','Boneless Lamb','kgs','B',0.0000,0.0000,NULL,0.0000,0.0000,0,0,0,0,0.0000,0.0000,'208055	','',1,0,'none',0,2,0,0,0,0.0000,'0000-00-00','2018-10-03 11:22:02'),(56,'FOREQUARTER LAMB',NULL,NULL,'Shoulder Lamb','Shoulder Lamb','kgs','B',0.0000,0.0000,NULL,0.0000,0.0000,0,0,0,0,0.0000,0.0000,'208056	','',1,0,'none',0,2,0,0,0,0.0000,'0000-00-00','2018-09-17 07:49:25'),(57,'LAMB',NULL,NULL,'Chumps Lamb','Chumps Lamb','kgs','B',0.0000,0.0000,NULL,0.0000,0.0000,0,0,0,0,0.0000,0.0000,'208057	','',1,0,'none',0,2,0,0,0,0.0000,'0000-00-00','2018-09-17 07:49:25'),(58,'FOREQUARTER LAMB',NULL,NULL,'Chops Lamb H/Shoulder','Chops Lamb H/Shoulder','kgs','B',0.0000,0.0000,NULL,0.0000,0.0000,0,0,0,0,0.0000,0.0000,'208058	','',1,0,'none',0,2,0,0,0,0.0000,'0000-00-00','2019-06-29 12:12:51'),(59,'FOREQUARTER LAMB',NULL,NULL,'BBQ Lamb','BBQ Lamb','kgs','B',0.0000,0.0000,NULL,0.0000,0.0000,0,0,0,0,0.0000,0.0000,'208059	','',1,0,'none',0,2,0,0,0,0.0000,'0000-00-00','2018-09-17 07:49:25'),(60,'LAMB',NULL,NULL,'Curry Pieces Lamb','Curry Pieces Lamb','kgs','B',0.0000,0.0000,NULL,0.0000,0.0000,0,0,0,0,0.0000,0.0000,'208060	','',1,0,'none',0,2,0,0,0,0.0000,'0000-00-00','2018-09-17 07:49:25'),(61,'FOREQUARTER LAMB',NULL,NULL,'Meat Dust Lamb','Meat Dust Lamb','kgs','B',0.0000,0.0000,NULL,0.0000,0.0000,0,0,0,0,0.0000,0.0000,'208061	','',1,0,'none',0,2,0,0,0,0.0000,'0000-00-00','2018-09-17 07:49:25'),(62,'LAMB',NULL,NULL,'Flaps Lamb','Flaps Lamb','kgs','B',0.0000,0.0000,NULL,0.0000,0.0000,0,0,0,0,0.0000,0.0000,'208062	','',1,0,'none',0,2,0,0,0,0.0000,'0000-00-00','2018-09-17 07:49:25'),(63,'OGO FISH',NULL,NULL,'Ogo Sliced','Ogo Sliced','kgs','B',0.0000,0.0000,NULL,0.0000,0.0000,0,0,0,0,0.0000,0.0000,'208063	','',1,0,'none',0,2,0,0,0,0.0000,'0000-00-00','2018-09-17 07:49:25'),(64,'TUNA FISH',NULL,NULL,'Tuna Sliced','Tuna Sliced','kgs','B',0.0000,0.0000,NULL,0.0000,0.0000,0,0,0,0,0.0000,0.0000,'208064	','',1,0,'none',0,2,0,0,0,0.0000,'0000-00-00','2018-09-17 07:49:25'),(65,'BLACK FISH',NULL,NULL,'Black Tom Sliced','Black Tom Sliced','kgs','B',0.0000,0.0000,NULL,0.0000,0.0000,0,0,0,0,0.0000,0.0000,'208065	','',7,0,'none',0,2,0,0,0,0.0000,'0000-00-00','2018-09-17 07:49:25'),(66,'WALU FISH',NULL,NULL,'Walu Sliced','Walu Sliced','kgs','B',0.0000,0.0000,NULL,0.0000,0.0000,0,0,0,0,0.0000,0.0000,'208066	','',1,0,'none',0,2,0,0,0,0.0000,'0000-00-00','2018-09-17 07:49:25'),(67,'WAHOO FISH',NULL,NULL,'Wahoo Sliced','Wahoo Sliced','kgs','B',0.0000,0.0000,NULL,0.0000,0.0000,0,0,0,0,0.0000,0.0000,'208067	','',1,0,'none',0,2,0,0,0,0.0000,'0000-00-00','2018-09-17 07:49:25'),(68,'MARLIN FISH',NULL,NULL,'Marlin Sliced','Marlin Sliced','kgs','B',0.0000,0.0000,NULL,0.0000,0.0000,0,0,0,0,0.0000,0.0000,'208068	','',1,0,'none',0,2,0,0,0,0.0000,'0000-00-00','2018-09-17 07:49:25'),(69,'JACK FISH',NULL,NULL,'Jack Mackerel Sliced','Jack Mackerel Sliced','kgs','B',0.0000,0.0000,NULL,0.0000,0.0000,0,0,0,0,0.0000,0.0000,'208069	','',1,0,'none',0,2,0,0,0,0.0000,'0000-00-00','2018-09-17 07:49:25'),(70,'TUNA FISH',NULL,NULL,'Head - Tuna','Head Fish','kgs','B',0.0000,0.0000,NULL,0.0000,0.0000,0,0,0,0,0.0000,0.0000,'208070	','',1,0,'none',0,2,0,0,0,0.0000,'0000-00-00','2018-09-17 07:49:25'),(71,'GRADE A FISH',NULL,NULL,'Fish Salmon Cord','Fish Salmon Cord','kgs','B',0.0000,0.0000,NULL,0.0000,0.0000,0,0,0,0,0.0000,0.0000,'208071	','',7,0,'none',0,2,0,0,0,0.0000,'0000-00-00','2018-09-17 07:49:25'),(72,'GRADE A FISH',NULL,NULL,'Fish Sambutu','Fish Sambutu','kgs','B',0.0000,0.0000,NULL,0.0000,0.0000,0,0,0,0,0.0000,0.0000,'208072	','',7,0,'none',0,2,0,0,0,0.0000,'0000-00-00','2018-09-17 07:49:25'),(73,'GRADE A FISH',NULL,NULL,'Fish Kawakawa','Fish Kawakawa','kgs','B',0.0000,0.0000,NULL,0.0000,0.0000,0,0,0,0,0.0000,0.0000,'208073	','',7,0,'none',0,2,0,0,0,0.0000,'0000-00-00','2018-09-17 07:49:25'),(74,'GRADE A FISH',NULL,NULL,'Fish Kawango','Fish Kawango','kgs','B',0.0000,0.0000,NULL,0.0000,0.0000,0,0,0,0,0.0000,0.0000,'208074	','',7,0,'none',0,2,0,0,0,0.0000,'0000-00-00','2018-09-17 07:49:25'),(75,'GRADE A FISH',NULL,NULL,'Fish Kadika','Fish Kadika','kgs','B',0.0000,0.0000,NULL,0.0000,0.0000,0,0,0,0,0.0000,0.0000,'208075	','',7,0,'none',0,2,0,0,0,0.0000,'0000-00-00','2018-09-17 07:49:25'),(76,'GRADE B FISH',NULL,NULL,'Fish Boa','Fish Boa','kgs','B',0.0000,0.0000,NULL,0.0000,0.0000,0,0,0,0,0.0000,0.0000,'208076	','',7,0,'none',0,2,0,0,0,0.0000,'0000-00-00','2018-09-17 07:49:25'),(77,'SNAPPER RED',NULL,NULL,'SNAPPER RED','SNAPPER RED','kgs','B',0.0000,0.0000,NULL,0.0000,0.0000,0,0,0,0,0.0000,0.0000,'208077	','',1,0,'none',0,2,0,0,0,0.0000,'0000-00-00','2018-09-29 12:46:16'),(78,'SAGA FISH',NULL,NULL,'Fish Saga','Fish Saga','kgs','B',0.0000,0.0000,NULL,0.0000,0.0000,0,0,0,0,0.0000,0.0000,'208078	','',7,0,'none',0,2,0,0,0,0.0000,'0000-00-00','2018-12-05 06:01:12'),(79,'OGO FISH',NULL,NULL,'Fish Ogo Small','Fish Ogo Small','kgs','B',0.0000,0.0000,NULL,0.0000,0.0000,0,0,0,0,0.0000,0.0000,'208079	','',1,0,'none',0,2,0,0,0,0.0000,'0000-00-00','2018-09-17 07:49:25'),(80,'OGO FISH',NULL,NULL,'Fish Ogo Big','Fish Ogo Big','kgs','B',0.0000,0.0000,NULL,0.0000,0.0000,0,0,0,0,0.0000,0.0000,'208080	','',1,0,'none',0,2,0,0,0,0.0000,'0000-00-00','2018-09-17 07:49:25'),(81,'SALAD MIX',NULL,NULL,'Salad Mix','Salad Mix','kgs','B',0.0000,0.0000,NULL,0.0000,0.0000,0,0,0,0,0.0000,0.0000,'9417616000859','',1,0,'none',0,2,0,0,0,0.0000,'0000-00-00','2018-09-18 03:49:24'),(82,'LAMB',NULL,NULL,'Bone Lamb','Bone Lamb','kgs','B',0.0000,0.0000,NULL,0.0000,0.0000,0,0,0,0,0.0000,0.0000,'208082	','',1,0,'none',0,2,0,0,0,0.0000,'0000-00-00','2018-09-17 07:49:25'),(83,'BEEF',NULL,NULL,'Beef Leg - Small 2.5 kg ','Beef Leg - Small 2.5 kg ','kgs','B',0.0000,0.0000,NULL,0.0000,0.0000,0,0,0,0,0.0000,0.0000,'208083	','',7,0,'none',0,2,0,0,0,0.0000,'0000-00-00','2018-09-17 07:49:25'),(84,'BAGS',NULL,NULL,'Sacks','Sacks','kgs','B',0.0000,0.0000,NULL,0.0000,0.0000,0,0,0,0,0.0000,0.0000,'208084	','',1,0,'none',0,2,0,0,0,0.0000,'0000-00-00','2018-09-17 07:49:25'),(85,'BAGS',NULL,NULL,'Plastic Bag(PBL)','Plastic Bag(PBL)','kgs','B',0.0000,0.0000,NULL,0.0000,0.0000,0,0,0,0,0.0000,0.0000,'208085	','',8,0,'none',0,2,0,0,0,0.0000,'0000-00-00','2018-09-18 04:31:09'),(86,'OGO FISH',NULL,NULL,'Packet Fish - Ogo','Packet Fish - Ogo','kgs','B',0.0000,0.0000,NULL,0.0000,0.0000,0,0,0,0,0.0000,0.0000,'208086	','',1,0,'none',0,2,0,0,0,0.0000,'0000-00-00','2018-09-17 07:49:25'),(87,'BEEF',NULL,NULL,'Sausage Beef Spicy','Sausage Beef Spicy','kgs','B',0.0000,0.0000,NULL,0.0000,0.0000,0,0,0,0,0.0000,0.0000,'208087	','',1,0,'none',0,2,0,0,0,0.0000,'0000-00-00','2018-09-17 07:49:25'),(88,'LAMB',NULL,NULL,'Sausage Lamb Spicy','Sausage Lamb Spicy','kgs','B',0.0000,0.0000,NULL,0.0000,0.0000,0,0,0,0,0.0000,0.0000,'208088	','',1,0,'none',0,2,0,0,0,0.0000,'0000-00-00','2018-09-17 07:49:25'),(89,'GOAT',NULL,NULL,'NZ Goat Whole','NZ Goat Whole','kgs','B',0.0000,0.0000,NULL,0.0000,0.0000,0,0,0,0,0.0000,0.0000,'208089	','',1,0,'none',0,2,0,0,0,0.0000,'0000-00-00','2018-09-17 07:49:25'),(90,'GOAT',NULL,NULL,'NZ Goat  Shoulder','NZ Goat  Shoulder','kgs','B',0.0000,0.0000,NULL,0.0000,0.0000,0,0,0,0,0.0000,0.0000,'208090	','',1,0,'none',0,2,0,0,0,0.0000,'0000-00-00','2018-09-17 07:49:25'),(91,'GOAT',NULL,NULL,'NZ Goat  Leg','NZ Goat  Leg','kgs','B',0.0000,0.0000,NULL,0.0000,0.0000,0,0,0,0,0.0000,0.0000,'208091	','',1,0,'none',0,2,0,0,0,0.0000,'0000-00-00','2018-09-17 07:49:25'),(92,'SAIL FISH',NULL,NULL,'Sail Fish','Sail Fish','kgs','B',0.0000,0.0000,NULL,0.0000,0.0000,0,0,0,0,0.0000,0.0000,'208092	','',7,0,'none',0,2,0,0,0,0.0000,'0000-00-00','2018-09-17 07:49:25'),(93,'BEEF',NULL,NULL,'Beef Fat','Beef Fat','kgs','B',0.0000,0.0000,NULL,0.0000,0.0000,0,0,0,0,0.0000,0.0000,'208093	','',7,0,'none',0,2,0,0,0,0.0000,'0000-00-00','2018-09-17 07:49:25'),(94,'BEEF',NULL,NULL,'Dog Food','Dog Food','kgs','B',0.0000,0.0000,NULL,0.0000,0.0000,0,0,0,0,0.0000,0.0000,'208094	','',7,0,'none',0,2,0,0,0,0.0000,'0000-00-00','2018-09-17 07:49:25'),(95,'FROZEN MULLET FISH',NULL,NULL,'Mullet Frozen Fish','Mullet Frozen Fish','kgs','B',0.0000,0.0000,NULL,0.0000,0.0000,0,0,0,0,0.0000,0.0000,'208095	','',1,0,'none',0,2,0,0,0,0.0000,'0000-00-00','2018-09-17 07:49:25'),(96,'BEEF',NULL,NULL,'Fillet Steak Beef','Fillet Steak Beef','kgs','B',0.0000,0.0000,NULL,0.0000,0.0000,0,0,0,0,0.0000,0.0000,'208096	','',7,0,'none',0,2,0,0,0,0.0000,'0000-00-00','2018-09-17 07:49:25'),(97,'GRADE C FISH',NULL,NULL,'Damu Fish','Damu Fish','kgs','B',0.0000,0.0000,NULL,0.0000,0.0000,0,0,0,0,0.0000,0.0000,'208097	','',7,0,'none',0,2,0,0,0,0.0000,'0000-00-00','2018-09-17 07:49:25'),(98,'GRADE B FISH',NULL,NULL,'B Grade Fish','B Grade Fish','kgs','B',0.0000,0.0000,NULL,0.0000,0.0000,0,0,0,0,0.0000,0.0000,'208098	','',7,0,'none',0,2,0,0,0,0.0000,'0000-00-00','2019-01-11 10:57:14'),(99,'OGO FISH',NULL,NULL,'Head Fish - Ogo','Head Fish - Ogo','kgs','B',0.0000,0.0000,NULL,0.0000,0.0000,0,0,0,0,0.0000,0.0000,'208099	','',1,0,'none',0,2,0,0,0,0.0000,'0000-00-00','2018-09-17 07:49:25'),(100,'FROZEN BASA FILLET',NULL,NULL,'Basa Fillet','Basa Fillet','kgs','B',0.0000,0.0000,NULL,0.0000,0.0000,0,0,0,0,0.0000,0.0000,'208100	','',1,0,'none',0,2,0,0,0,0.0000,'0000-00-00','2018-09-17 07:49:25'),(101,'LAMB',NULL,NULL,'Boneless Lamb Stir Fry','Boneless Lamb Stir Fry','kgs','B',0.0000,0.0000,NULL,0.0000,0.0000,0,0,0,0,0.0000,0.0000,'208101','',1,0,'none',0,2,0,0,0,0.0000,'0000-00-00','2018-09-17 07:49:25'),(102,'BEEF',NULL,NULL,'Whole Beef','Whole Beef','kgs','B',0.0000,0.0000,NULL,0.0000,0.0000,0,0,0,0,0.0000,0.0000,'208102	','',1,0,'none',0,2,0,0,0,0.0000,'0000-00-00','2018-09-17 07:49:25'),(103,'FOREQUARTER LAMB',NULL,NULL,'Forequarter Lamb','Forequarter Lamb','kgs','B',0.0000,0.0000,NULL,0.0000,0.0000,0,0,0,0,0.0000,0.0000,'208103','',1,0,'none',0,2,0,0,0,0.0000,'0000-00-00','2018-09-17 07:49:25'),(104,'OGO FISH',NULL,NULL,'Ogo Fish','Ogo Fish','kgs','B',0.0000,0.0000,NULL,0.0000,0.0000,0,0,0,0,0.0000,0.0000,'208104	','',1,0,'none',0,2,0,0,0,0.0000,'0000-00-00','2018-09-17 07:49:25'),(105,'TUNA FISH',NULL,NULL,'Tuna Fish','Tuna Fish','kgs','B',0.0000,0.0000,NULL,0.0000,0.0000,0,0,0,0,0.0000,0.0000,'208105	','',1,0,'none',0,2,0,0,0,0.0000,'0000-00-00','2018-09-17 07:49:25'),(106,'BLACK FISH',NULL,NULL,'Black Fish','Black Fish','kgs','B',0.0000,0.0000,NULL,0.0000,0.0000,0,0,0,0,0.0000,0.0000,'208106	','',1,0,'none',0,2,0,0,0,0.0000,'0000-00-00','2018-09-17 07:49:25'),(107,'WALU FISH',NULL,NULL,'Walu Fish','Walu Fish','kgs','B',0.0000,0.0000,NULL,0.0000,0.0000,0,0,0,0,0.0000,0.0000,'208107	','',1,0,'none',0,2,0,0,0,0.0000,'0000-00-00','2018-09-17 07:49:25'),(108,'WAHOO FISH',NULL,NULL,'Wahoo Fish','Wahoo Fish','kgs','B',0.0000,0.0000,NULL,0.0000,0.0000,0,0,0,0,0.0000,0.0000,'208108	','',1,0,'none',0,2,0,0,0,0.0000,'0000-00-00','2018-09-17 07:49:25'),(109,'MARLIN FISH',NULL,NULL,'Marlin Fish','Marlin Fish','kgs','B',0.0000,0.0000,NULL,0.0000,0.0000,0,0,0,0,0.0000,0.0000,'208109	','',1,0,'none',0,2,0,0,0,0.0000,'0000-00-00','2018-09-17 07:49:25'),(110,'JACK FISH',NULL,NULL,'Jack Fish','Jack Fish','kgs','B',0.0000,0.0000,NULL,0.0000,0.0000,0,0,0,0,0.0000,0.0000,'208110	','',1,0,'none',0,2,0,0,0,0.0000,'0000-00-00','2018-09-17 07:49:25'),(111,'GRADE A FISH',NULL,NULL,'Grade A Fish','Grade A Fish','kgs','B',0.0000,0.0000,NULL,0.0000,0.0000,0,0,0,0,0.0000,0.0000,'208111	','',7,0,'none',0,2,0,0,0,0.0000,'0000-00-00','2018-09-17 07:49:25'),(112,'GRADE B FISH',NULL,NULL,'Grade B Fish','Grade B Fish','kgs','B',0.0000,0.0000,NULL,0.0000,0.0000,0,0,0,0,0.0000,0.0000,'208112','',1,0,'none',0,2,0,0,0,0.0000,'0000-00-00','2018-09-17 07:49:25'),(113,'GRADE C FISH',NULL,NULL,'Grade C Fish','Grade C Fish','kgs','B',0.0000,0.0000,NULL,0.0000,0.0000,0,0,0,0,0.0000,0.0000,'208113	','',1,0,'none',0,2,0,0,0,0.0000,'0000-00-00','2018-09-17 07:49:25'),(114,'WAHOO FISH',NULL,NULL,'Head Fish - Wahoo','Head Fish - Wahoo\r\n','kgs','B',0.0000,0.0000,NULL,0.0000,0.0000,0,0,0,0,0.0000,0.0000,'208114','',1,0,'none',0,0,0,0,0,0.0000,'0000-00-00','2018-09-17 07:49:25'),(115,'chicken',NULL,NULL,'Number 10 - Rooster Secs','Number 10 - Rooster Secs','each','B',0.0000,0.0000,NULL,0.0000,0.0000,0,0,0,0,0.0000,0.0000,'208115','',1,0,'none',0,0,0,0,0,0.0000,'0000-00-00','2018-09-17 07:49:25'),(116,'chicken',NULL,NULL,'Rooster-Wings Chicken','Rooster-Wings Chicken','kgs','B',0.0000,0.0000,NULL,0.0000,0.0000,0,0,0,0,0.0000,0.0000,'208116','',1,0,'none',0,2,0,0,0,0.0000,'0000-00-00','2018-09-17 07:49:25'),(117,'chicken',NULL,NULL,'Crest Mince - 500grms','Crest Mince - 500grms','packet','B',0.0000,0.0000,NULL,0.0000,0.0000,0,0,0,0,0.0000,0.0000,'208117','',1,0,'none',0,0,0,0,0,0.0000,'0000-00-00','2018-09-17 07:49:25'),(118,'FOREQUARTER LAMB',NULL,NULL,'Chops Lamb Selected','Chops Lamb Selected','kgs','B',0.0000,0.0000,NULL,0.0000,0.0000,0,0,0,0,0.0000,0.0000,'208118','',1,0,'none',0,2,0,0,0,0.0000,'0000-00-00','2018-09-17 07:49:25'),(119,'ICE',NULL,NULL,'Ice Sales - 2.5 Kg','Ice Sales - 2.5 Kg','kgs','B',0.0000,0.0000,NULL,0.0000,0.0000,0,0,0,0,0.0000,0.0000,'208119','',1,0,'none',0,0,0,0,0,0.0000,'0000-00-00','2018-09-17 07:49:25'),(120,'chicken',NULL,NULL,'Number 16 - Rooster Sec','Number 16 - Rooster Sec','each','B',0.0000,0.0000,NULL,0.0000,0.0000,0,0,0,0,0.0000,0.0000,'9418036000290','',1,0,'none',0,2,0,0,0,0.0000,'0000-00-00','2018-09-18 03:45:56'),(121,'LAMB',NULL,NULL,'Mince Lamb','Mince Lamb','kgs','B',0.0000,0.0000,NULL,0.0000,0.0000,0,0,0,0,0.0000,0.0000,'208121','',1,0,'none',0,2,0,0,0,0.0000,'0000-00-00','2018-09-17 07:49:25'),(122,'BEEF',NULL,NULL,'Ox Head','Ox Head','kgs','B',0.0000,0.0000,NULL,0.0000,0.0000,0,0,0,0,0.0000,0.0000,'208122','',7,0,'none',0,0,0,0,0,0.0000,'0000-00-00','2019-01-11 10:48:46'),(123,'BEEF',NULL,NULL,'Beef Leg - Large 5.40 kg','Beef Leg - Large 5.40 kg','kgs','B',0.0000,0.0000,NULL,0.0000,0.0000,0,0,0,0,0.0000,0.0000,'208123','',7,0,'none',0,0,0,0,0,0.0000,'0000-00-00','2018-09-17 07:49:25'),(124,'BEEF',NULL,NULL,'Meat Dust Beef','Meat Dust Beef','kgs','B',0.0000,0.0000,NULL,0.0000,0.0000,0,0,0,0,0.0000,0.0000,'208124','',7,0,'none',0,0,0,0,0,0.0000,'0000-00-00','2018-09-17 07:49:25'),(125,'Fresh Fish Sliced',NULL,NULL,'Dust Fish','Dust Fish','kgs','B',0.0000,0.0000,NULL,0.0000,0.0000,0,0,0,0,0.0000,0.0000,'208125','',1,0,'none',0,0,0,0,0,0.0000,'0000-00-00','2018-09-17 07:49:25'),(126,'WAHOO FISH',NULL,NULL,'Packet Fish - Wahoo','Packet Fish - Wahoo','kgs','B',0.0000,0.0000,NULL,0.0000,0.0000,0,0,0,0,0.0000,0.0000,'208126','',7,0,'none',0,0,0,0,0,0.0000,'0000-00-00','2018-09-17 07:49:25'),(127,'BLACK FISH',NULL,NULL,'Packet Fish - Black Tom','Packet Fish - Black Tom','kgs','B',0.0000,0.0000,NULL,0.0000,0.0000,0,0,0,0,0.0000,0.0000,'208127','',7,0,'none',0,0,0,0,0,0.0000,'0000-00-00','2018-09-17 07:49:25'),(128,'TUNA FISH',NULL,NULL,'Packet Fish - Tuna','Packet Fish - Tuna','kgs','B',0.0000,0.0000,NULL,0.0000,0.0000,0,0,0,0,0.0000,0.0000,'208128','',7,0,'none',0,0,0,0,0,0.0000,'0000-00-00','2018-09-17 07:49:25'),(129,'BEEF TRIPE',NULL,NULL,'Beef Tripe','Beef Tripe','kgs','B',0.0000,0.0000,NULL,0.0000,0.0000,0,0,0,0,0.0000,0.0000,'208129','',7,0,'none',0,2,0,0,0,0.0000,'0000-00-00','2018-09-17 07:49:25'),(130,'chicken',NULL,NULL,'Crest Loose Sausages - Sizzlers','Crest Loose Sausages - Sizzlers','kgs','B',0.0000,0.0000,NULL,0.0000,0.0000,0,0,0,0,0.0000,0.0000,'208130','',1,0,'none',0,2,0,0,0,0.0000,'0000-00-00','2018-09-17 07:49:25'),(131,'chicken',NULL,NULL,'Number 17 - Crest','Number 17 - Crest','each','B',0.0000,0.0000,NULL,0.0000,0.0000,0,0,0,0,0.0000,0.0000,'208131','',1,0,'none',0,0,0,0,0,0.0000,'0000-00-00','2018-09-17 07:49:25'),(132,'chicken',NULL,NULL,'Chicken Dust','Chicken Dust','kgs','B',0.0000,0.0000,NULL,0.0000,0.0000,0,0,0,0,0.0000,0.0000,'208132','',1,0,'none',0,0,0,0,0,0.0000,'0000-00-00','2019-01-11 11:24:31'),(133,'WALU FISH',NULL,NULL,'Head Walu','Head Walu','kgs','B',0.0000,0.0000,NULL,0.0000,0.0000,0,0,0,0,0.0000,0.0000,'208133','',7,0,'none',0,0,0,0,0,0.0000,'0000-00-00','2018-09-17 07:49:25'),(134,'FROZEN NZ NUQA',NULL,NULL,'FROZEN NZ NUQA (RAY BREAM DRESSED)','FROZEN NZ NUQA (RAY BREAM DRESSED)','kgs','B',0.0000,0.0000,NULL,0.0000,0.0000,0,0,0,0,0.0000,0.0000,'208134','',1,0,'none',0,0,0,0,0,0.0000,'0000-00-00','2018-09-17 07:49:25'),(135,'chicken',NULL,NULL,'Rooster Feet Chicken','Rooster Feet Chicken','kgs','B',0.0000,0.0000,NULL,0.0000,0.0000,0,0,0,0,0.0000,0.0000,'208135','',1,0,'none',0,2,0,0,0,0.0000,'0000-00-00','2018-09-17 07:49:25'),(136,'chicken',NULL,NULL,'	Crest-Liver Chicken 1kg','	Crest-Liver Chicken 1kg','kgs','B',0.0000,0.0000,NULL,0.0000,0.0000,0,0,0,0,0.0000,0.0000,'208136','',1,0,'none',0,0,0,0,0,0.0000,'0000-00-00','2018-09-17 07:49:25'),(137,'chicken',NULL,NULL,'Number 10 - Rooster','Number 10 - Rooster','each','B',0.0000,0.0000,NULL,0.0000,0.0000,0,0,0,0,0.0000,0.0000,'9418036000108','',1,0,'none',0,0,0,0,0,0.0000,'0000-00-00','2018-09-18 03:46:47'),(138,'FROZEN MULLET FISH',NULL,NULL,'Mullet Frozen Fish - Carton','Mullet Frozen Fish - Carton','bag','B',0.0000,0.0000,NULL,0.0000,0.0000,0,0,0,0,0.0000,0.0000,'208138','',1,0,'none',0,0,0,0,0,0.0000,'0000-00-00','2018-09-17 07:49:25'),(139,'SAGA FISH',NULL,NULL,'Fish Saqa - Magiti','Fish Saqa - Magiti','kgs','B',0.0000,0.0000,NULL,0.0000,0.0000,0,0,0,0,0.0000,0.0000,'208139','',7,0,'none',0,0,0,0,0,0.0000,'0000-00-00','2018-09-17 07:49:25'),(140,'MARLIN FILLET',NULL,NULL,'Marlin Fillet','Marlin Fillet','kgs','B',0.0000,0.0000,NULL,0.0000,0.0000,0,0,0,0,0.0000,0.0000,'208140','',1,0,'none',0,2,0,0,0,0.0000,'0000-00-00','2018-09-17 07:49:25'),(141,'chicken',NULL,NULL,'Number 16 - Rooster','Number 16 - Rooster','each','B',0.0000,0.0000,NULL,0.0000,0.0000,0,0,0,0,0.0000,0.0000,'208141','',1,0,'none',0,2,0,0,0,0.0000,'0000-00-00','2018-09-17 07:49:25'),(142,'SNAPPER HEAD ',NULL,NULL,'Snapper Head','Snapper Head','kgs','B',0.0000,0.0000,NULL,0.0000,0.0000,0,0,0,0,0.0000,0.0000,'208142','',1,0,'none',0,0,0,0,0,0.0000,'0000-00-00','2018-09-17 07:49:25'),(143,'chicken',NULL,NULL,'Number 18 - Crest','Number 18 - Crest','each','B',0.0000,0.0000,NULL,0.0000,0.0000,0,0,0,0,0.0000,0.0000,'9416335001123','',1,0,'none',0,0,0,0,0,0.0000,'0000-00-00','2018-09-18 03:44:42'),(144,'chicken',NULL,NULL,'Thighs - Chicken','Thighs - Chicken','kgs','B',0.0000,0.0000,NULL,0.0000,0.0000,0,0,0,0,0.0000,0.0000,'208144','',1,0,'none',0,2,0,0,0,0.0000,'0000-00-00','2019-03-13 10:34:12'),(145,'GRADE B FISH',NULL,NULL,'B Grade Head','B Grade Head','kgs','B',0.0000,0.0000,NULL,0.0000,0.0000,0,0,0,0,0.0000,0.0000,'208145','',7,0,'none',0,0,0,0,0,0.0000,'0000-00-00','2018-09-17 07:49:25'),(146,'SAGA FISH',NULL,NULL,'Saga Packet Fish','Saga Packet Fish','kgs','B',0.0000,0.0000,NULL,0.0000,0.0000,0,0,0,0,0.0000,0.0000,'208146','',7,0,'none',0,0,0,0,0,0.0000,'0000-00-00','2018-09-17 07:49:25'),(147,'MARLIN FISH',NULL,NULL,'Marlin Pkt Fish - Offcuts','Marlin Pkt Fish - Offcuts','kgs','B',0.0000,0.0000,NULL,0.0000,0.0000,0,0,0,0,0.0000,0.0000,'208147','',1,0,'none',0,0,0,0,0,0.0000,'0000-00-00','2018-09-17 07:49:25'),(148,'SAIL FISH',NULL,NULL,'Sail Pkt Fish','Sail Pkt Fish','kgs','B',0.0000,0.0000,NULL,0.0000,0.0000,0,0,0,0,0.0000,0.0000,'208148','',7,0,'none',0,0,0,0,0,0.0000,'0000-00-00','2018-09-17 07:49:25'),(149,'chicken',NULL,NULL,'Loose Giblet','Loose Giblet','kgs','B',0.0000,0.0000,NULL,0.0000,0.0000,0,0,0,0,0.0000,0.0000,'208149','',1,0,'none',0,0,0,0,0,0.0000,'0000-00-00','2019-04-26 10:33:35'),(150,'chicken',NULL,NULL,'BRINK - BREAST CHICKEN','BRINK - BREAST CHICKEN','kgs','B',0.0000,0.0000,NULL,0.0000,0.0000,0,0,0,0,0.0000,0.0000,'208150','',1,0,'none',0,2,0,0,0,0.0000,'0000-00-00','2018-12-05 06:04:41'),(151,'chicken',NULL,NULL,'Rooster - Leg quarter Chicken','Rooster - Leg quarter Chicken','kgs','B',0.0000,0.0000,NULL,0.0000,0.0000,0,0,0,0,0.0000,0.0000,'','',1,0,'none',0,2,0,0,0,0.0000,'0000-00-00','2018-09-17 07:49:25'),(152,'BEEF',NULL,NULL,'FLANK BEEF','FLANK BEEF','kgs','B',0.0000,0.0000,NULL,0.0000,0.0000,0,0,0,0,0.0000,0.0000,'','',7,0,'none',0,0,0,0,0,0.0000,'0000-00-00','2018-09-17 07:49:25'),(153,'chicken',NULL,NULL,'BRINK - WINGS CHICKEN','BRINK - WINGS CHICKEN','kgs','B',0.0000,0.0000,NULL,0.0000,0.0000,0,0,0,0,0.0000,0.0000,'','',1,0,'none',0,0,0,0,0,0.0000,'0000-00-00','2018-09-17 05:25:28'),(154,'chicken',NULL,NULL,'BRINK - DRUMSTICK','BRINK - DRUMSTICK','kgs','B',0.0000,0.0000,NULL,0.0000,0.0000,0,0,0,0,0.0000,0.0000,'','',1,0,'none',0,0,0,0,0,0.0000,'0000-00-00','2018-09-29 02:51:10'),(155,'LAMB',NULL,NULL,'Leg Lamb ','Leg Lamb ','kgs','B',0.0000,0.0000,NULL,0.0000,0.0000,0,0,0,0,0.0000,0.0000,'208112','',1,0,'none',0,2,0,0,0,0.0000,'0000-00-00','2019-01-11 10:50:42'),(156,'chicken',NULL,NULL,'Number 17 - Rooster Secs','Number 17 - Rooster Secs','each','B',0.0000,0.0000,NULL,0.0000,0.0000,0,0,0,0,0.0000,0.0000,'9418036000306','',1,0,'none',0,0,0,0,0,0.0000,'0000-00-00','2018-11-23 10:58:06'),(157,'chicken',NULL,NULL,'Loose Giblet','Loose Giblet','kgs','B',0.0000,0.0000,NULL,0.0000,0.0000,0,0,0,0,0.0000,0.0000,'208149','',1,0,'none',0,0,0,0,0,0.0000,'0000-00-00','2019-04-26 10:26:27');

--
