INSERT INTO `stockmovestaxes` VALUES (53699,1,0.09,0,1),(53700,1,0.09,0,1),(53701,1,0.09,0,1),(53702,1,0.09,0,1),(53703,1,0.09,0,1),(53704,1,0.09,0,1),(53705,1,0.09,0,1),(53706,1,0.09,0,1),(53707,1,0.09,0,1),(53708,1,0.09,0,1),(53709,1,0.09,0,1),(53710,1,0.09,0,1),(53711,1,0.09,0,1),(53712,1,0.09,0,1),(53713,1,0.09,0,1),(53714,1,0.09,0,1),(53715,1,0.09,0,1),(53716,1,0.09,0,1),(53717,1,0.09,0,1),(53718,1,0.09,0,1),(53719,1,0.09,0,1),(53720,1,0.09,0,1),(53721,1,0.09,0,1),(53722,1,0.09,0,1),(53723,1,0.09,0,1),(53724,1,0.09,0,1),(53725,1,0,0,1),(53726,1,0.09,0,1),(53727,1,0.09,0,1),(53728,1,0.09,0,1),(53729,1,0.09,0,1),(53730,1,0.09,0,1),(53731,1,0.09,0,1),(53732,1,0.09,0,1),(53733,1,0.09,0,1),(53734,1,0.09,0,1),(53735,1,0.09,0,1),(53736,1,0.09,0,1),(53737,1,0.09,0,1),(53738,1,0.09,0,1),(53739,1,0.09,0,1),(53740,1,0.09,0,1),(53741,1,0.09,0,1),(53742,1,0.09,0,1),(53743,1,0.09,0,1),(53744,1,0,0,1),(53745,1,0,0,1),(53746,1,0.09,0,1),(53747,1,0.09,0,1),(53748,1,0.09,0,1),(53749,1,0.09,0,1),(53750,1,0.09,0,1),(53751,1,0.09,0,1),(53752,1,0.09,0,1),(53753,1,0.09,0,1),(53754,1,0.09,0,1),(53755,1,0.09,0,1),(53756,1,0.09,0,1),(53757,1,0.09,0,1),(53758,1,0.09,0,1),(53759,1,0.09,0,1),(53760,1,0.09,0,1),(53761,1,0.09,0,1),(53762,1,0.09,0,1),(53763,1,0.09,0,1),(53764,1,0.09,0,1),(53765,1,0,0,1),(53766,1,0,0,1),(53767,1,0.09,0,1),(53768,1,0.09,0,1),(53769,1,0.09,0,1),(53770,1,0,0,1),(53771,1,0,0,1),(53772,1,0.09,0,1),(53773,1,0.09,0,1),(53774,1,0.09,0,1),(53775,1,0.09,0,1),(53776,1,0.09,0,1),(53777,1,0.09,0,1),(53778,1,0.09,0,1),(53779,1,0.09,0,1),(53780,1,0.09,0,1),(53781,1,0.09,0,1),(53782,1,0.09,0,1),(53783,1,0.09,0,1),(53784,1,0.09,0,1),(53785,1,0.09,0,1),(53786,1,0.09,0,1),(53787,1,0.09,0,1),(53788,1,0.09,0,1),(53789,1,0.09,0,1),(53790,1,0.09,0,1),(53791,1,0.09,0,1),(53792,1,0.09,0,1),(53793,1,0.09,0,1),(53794,1,0.09,0,1),(53795,1,0.09,0,1),(53796,1,0.09,0,1),(53797,1,0.09,0,1),(53798,1,0.09,0,1),(53799,1,0,0,1),(53800,1,0,0,1),(53801,1,0.09,0,1),(53802,1,0.09,0,1),(53803,1,0.09,0,1),(53804,1,0.09,0,1),(53805,1,0.09,0,1),(53806,1,0.09,0,1),(53807,1,0.09,0,1),(53808,1,0.09,0,1),(53809,1,0.09,0,1),(53810,1,0.09,0,1),(53811,1,0.09,0,1),(53812,1,0.09,0,1),(53813,1,0.09,0,1),(53814,1,0.09,0,1),(53815,1,0.09,0,1),(53816,1,0.09,0,1),(53817,1,0.09,0,1),(53818,1,0.09,0,1),(53819,1,0.09,0,1),(53820,1,0.09,0,1),(53821,1,0.09,0,1),(53822,1,0.09,0,1),(53823,1,0.09,0,1),(53824,1,0.09,0,1),(53825,1,0.09,0,1),(53826,1,0.09,0,1),(53827,1,0.09,0,1),(53828,1,0.09,0,1),(53829,1,0.09,0,1),(53830,1,0.09,0,1),(53831,1,0.09,0,1),(53832,1,0.09,0,1),(53833,1,0.09,0,1),(53834,1,0.09,0,1),(53835,1,0.09,0,1),(53836,1,0.09,0,1),(53837,1,0.09,0,1),(53838,1,0.09,0,1),(53839,1,0.09,0,1),(53840,1,0.09,0,1),(53841,1,0.09,0,1),(53842,1,0.09,0,1),(53843,1,0.09,0,1),(53844,1,0.09,0,1),(53845,1,0.09,0,1),(53846,1,0.09,0,1),(53847,1,0.09,0,1),(53848,1,0.09,0,1),(53849,1,0.09,0,1),(53850,1,0.09,0,1),(53851,1,0.09,0,1),(53852,1,0.09,0,1),(53853,1,0.09,0,1),(53854,1,0.09,0,1),(53855,1,0.09,0,1),(53856,1,0.09,0,1),(53857,1,0.09,0,1),(53858,1,0.09,0,1),(53859,1,0.09,0,1),(53860,1,0.09,0,1),(53861,1,0.09,0,1),(53862,1,0.09,0,1),(53863,1,0.09,0,1),(53864,1,0.09,0,1),(53865,1,0.09,0,1),(53866,1,0.09,0,1),(53867,1,0.09,0,1),(53868,1,0.09,0,1),(53869,1,0,0,1),(53870,1,0.09,0,1),(53871,1,0,0,1),(53872,1,0.09,0,1),(53873,1,0.09,0,1),(53874,1,0.09,0,1),(53875,1,0.09,0,1),(53876,1,0.09,0,1),(53877,1,0,0,1),(53878,1,0,0,1),(53879,1,0.09,0,1),(53880,1,0.09,0,1),(53881,1,0.09,0,1),(53882,1,0.09,0,1),(53883,1,0.09,0,1),(53884,1,0.09,0,1),(53885,1,0.09,0,1),(53886,1,0.09,0,1),(53887,1,0.09,0,1),(53888,1,0.09,0,1),(53889,1,0.09,0,1),(53890,1,0.09,0,1),(53891,1,0.09,0,1),(53892,1,0.09,0,1),(53893,1,0.09,0,1),(53894,1,0,0,1),(53895,1,0,0,1),(53896,1,0.09,0,1),(53897,1,0.09,0,1),(53898,1,0.09,0,1),(53899,1,0.09,0,1),(53900,1,0.09,0,1),(53901,1,0.09,0,1),(53902,1,0.09,0,1),(53903,1,0.09,0,1),(53904,1,0.09,0,1),(53905,1,0.09,0,1),(53906,1,0.09,0,1),(53907,1,0.09,0,1),(53908,1,0.09,0,1),(53909,1,0.09,0,1),(53910,1,0.09,0,1),(53911,1,0,0,1),(53912,1,0.09,0,1),(53913,1,0.09,0,1),(53914,1,0,0,1),(53915,1,0.09,0,1),(53916,1,0.09,0,1),(53917,1,0.09,0,1),(53918,1,0.09,0,1),(53919,1,0.09,0,1),(53920,1,0.09,0,1),(53921,1,0.09,0,1),(53922,1,0.09,0,1),(53923,1,0.09,0,1),(53924,1,0.09,0,1),(53925,1,0.09,0,1),(53926,1,0.09,0,1),(53927,1,0.09,0,1),(53928,1,0.09,0,1),(53929,1,0.09,0,1),(53930,1,0.09,0,1),(53931,1,0.09,0,1),(53932,1,0.09,0,1),(53933,1,0.09,0,1),(53934,1,0.09,0,1),(53935,1,0.09,0,1),(53936,1,0.09,0,1),(53937,1,0.09,0,1),(53938,1,0.09,0,1),(53939,1,0.09,0,1),(53940,1,0,0,1),(53941,1,0.09,0,1),(53942,1,0.09,0,1),(53943,1,0.09,0,1),(53944,1,0.09,0,1),(53945,1,0.09,0,1),(53946,1,0.09,0,1),(53947,1,0.09,0,1),(53948,1,0.09,0,1),(53949,1,0.09,0,1),(53950,1,0.09,0,1),(53951,1,0.09,0,1),(53952,1,0.09,0,1),(53953,1,0.09,0,1),(53954,1,0.09,0,1),(53955,1,0.09,0,1),(53956,1,0.09,0,1),(53957,1,0.09,0,1),(53958,1,0.09,0,1),(53959,1,0.09,0,1),(53960,1,0.09,0,1),(53961,1,0.09,0,1),(53962,1,0.09,0,1),(53963,1,0.09,0,1),(53964,1,0.09,0,1),(53965,1,0.09,0,1),(53966,1,0.09,0,1),(53967,1,0.09,0,1),(53968,1,0.09,0,1),(53969,1,0.09,0,1),(53970,1,0.09,0,1),(53971,1,0.09,0,1),(53972,1,0.09,0,1),(53973,1,0.09,0,1),(53974,1,0.09,0,1),(53975,1,0.09,0,1),(53976,1,0.09,0,1),(53977,1,0.09,0,1),(53978,1,0.09,0,1),(53979,1,0.09,0,1),(53980,1,0.09,0,1),(53981,1,0.09,0,1),(53982,1,0.09,0,1),(53983,1,0.09,0,1),(53984,1,0.09,0,1),(53985,1,0.09,0,1),(53986,1,0.09,0,1),(53987,1,0.09,0,1),(53988,1,0.09,0,1),(53989,1,0.09,0,1),(53990,1,0.09,0,1),(53991,1,0.09,0,1),(53992,1,0.09,0,1),(53993,1,0.09,0,1),(53994,1,0.09,0,1),(53995,1,0.09,0,1),(53996,1,0.09,0,1),(53997,1,0.09,0,1),(53998,1,0.09,0,1),(53999,1,0.09,0,1),(54000,1,0.09,0,1),(54001,1,0.09,0,1),(54002,1,0.09,0,1),(54003,1,0.09,0,1),(54004,1,0.09,0,1),(54005,1,0.09,0,1),(54006,1,0.09,0,1),(54007,1,0.09,0,1),(54008,1,0.09,0,1),(54009,1,0.09,0,1),(54010,1,0.09,0,1),(54011,1,0.09,0,1),(54012,1,0.09,0,1),(54013,1,0.09,0,1),(54014,1,0.09,0,1),(54015,1,0.09,0,1),(54016,1,0.09,0,1),(54017,1,0.09,0,1),(54018,1,0.09,0,1),(54019,1,0.09,0,1),(54020,1,0.09,0,1),(54021,1,0.09,0,1),(54022,1,0.09,0,1),(54023,1,0.09,0,1),(54024,1,0.09,0,1),(54025,1,0.09,0,1),(54026,1,0.09,0,1),(54027,1,0.09,0,1),(54028,1,0.09,0,1),(54029,1,0.09,0,1),(54030,1,0,0,1),(54031,1,0.09,0,1),(54032,1,0.09,0,1),(54033,1,0.09,0,1),(54034,1,0.09,0,1),(54035,1,0.09,0,1),(54036,1,0.09,0,1),(54037,1,0.09,0,1),(54038,1,0.09,0,1),(54039,1,0.09,0,1),(54040,1,0.09,0,1),(54041,1,0.09,0,1),(54042,1,0.09,0,1),(54043,1,0.09,0,1),(54044,1,0.09,0,1),(54045,1,0.09,0,1),(54046,1,0.09,0,1),(54047,1,0.09,0,1),(54048,1,0.09,0,1),(54049,1,0.09,0,1),(54050,1,0.09,0,1),(54051,1,0.09,0,1),(54052,1,0.09,0,1),(54053,1,0.09,0,1),(54054,1,0.09,0,1),(54055,1,0.09,0,1),(54056,1,0.09,0,1),(54057,1,0.09,0,1),(54058,1,0.09,0,1),(54059,1,0.09,0,1),(54060,1,0.09,0,1),(54061,1,0.09,0,1),(54062,1,0.09,0,1),(54063,1,0.09,0,1),(54064,1,0.09,0,1),(54065,1,0.09,0,1),(54066,1,0.09,0,1),(54067,1,0.09,0,1),(54068,1,0.09,0,1),(54069,1,0.09,0,1),(54070,1,0.09,0,1),(54071,1,0.09,0,1),(54072,1,0.09,0,1),(54073,1,0.09,0,1),(54074,1,0.09,0,1),(54075,1,0.09,0,1),(54076,1,0.09,0,1),(54077,1,0.09,0,1),(54078,1,0.09,0,1),(54079,1,0.09,0,1),(54080,1,0.09,0,1),(54081,1,0.09,0,1),(54082,1,0.09,0,1),(54083,1,0.09,0,1),(54084,1,0.09,0,1),(54085,1,0.09,0,1),(54086,1,0.09,0,1),(54087,1,0,0,1),(54088,1,0.09,0,1),(54089,1,0.09,0,1),(54090,1,0.09,0,1),(54091,1,0.09,0,1),(54092,1,0.09,0,1),(54093,1,0,0,1),(54094,1,0.09,0,1),(54095,1,0.09,0,1),(54096,1,0.09,0,1),(54097,1,0.09,0,1),(54098,1,0.09,0,1),(54099,1,0.09,0,1),(54100,1,0.09,0,1),(54101,1,0.09,0,1),(54102,1,0.09,0,1),(54103,1,0.09,0,1),(54104,1,0.09,0,1),(54105,1,0.09,0,1),(54106,1,0.09,0,1),(54107,1,0.09,0,1),(54108,1,0.09,0,1),(54109,1,0.09,0,1),(54110,1,0.09,0,1),(54111,1,0.09,0,1),(54112,1,0.09,0,1),(54113,1,0.09,0,1),(54114,1,0.09,0,1),(54115,1,0.09,0,1),(54116,1,0.09,0,1),(54117,1,0.09,0,1),(54118,1,0.09,0,1),(54119,1,0.09,0,1),(54120,1,0.09,0,1),(54121,1,0.09,0,1),(54122,1,0.09,0,1),(54123,1,0.09,0,1),(54124,1,0.09,0,1),(54125,1,0.09,0,1),(54126,1,0.09,0,1),(54127,1,0.09,0,1),(54128,1,0.09,0,1),(54129,1,0.09,0,1),(54130,1,0.09,0,1),(54131,1,0.09,0,1),(54132,1,0.09,0,1),(54133,1,0.09,0,1),(54134,1,0.09,0,1),(54135,1,0.09,0,1),(54136,1,0.09,0,1),(54137,1,0.09,0,1),(54138,1,0.09,0,1),(54139,1,0.09,0,1),(54140,1,0.09,0,1),(54141,1,0.09,0,1),(54142,1,0.09,0,1),(54143,1,0.09,0,1),(54144,1,0.09,0,1),(54145,1,0.09,0,1),(54146,1,0.09,0,1),(54147,1,0.09,0,1),(54148,1,0.09,0,1),(54149,1,0.09,0,1),(54150,1,0.09,0,1),(54151,1,0.09,0,1),(54152,1,0.09,0,1),(54153,1,0.09,0,1),(54154,1,0.09,0,1),(54155,1,0.09,0,1),(54156,1,0.09,0,1),(54157,1,0.09,0,1),(54158,1,0.09,0,1),(54159,1,0.09,0,1),(54160,1,0.09,0,1),(54161,1,0.09,0,1),(54162,1,0.09,0,1),(54163,1,0.09,0,1),(54164,1,0.09,0,1),(54165,1,0.09,0,1),(54166,1,0.09,0,1),(54167,1,0,0,1),(54168,1,0,0,1),(54169,1,0,0,1),(54170,1,0.09,0,1),(54171,1,0,0,1),(54172,1,0,0,1),(54173,1,0.09,0,1),(54174,1,0.09,0,1),(54175,1,0.09,0,1),(54176,1,0.09,0,1),(54177,1,0.09,0,1),(54178,1,0.09,0,1),(54179,1,0.09,0,1),(54180,1,0.09,0,1),(54181,1,0.09,0,1),(54182,1,0.09,0,1),(54183,1,0.09,0,1),(54184,1,0.09,0,1),(54185,1,0.09,0,1),(54186,1,0,0,1),(54187,1,0,0,1),(54188,1,0,0,1),(54189,1,0.09,0,1),(54190,1,0.09,0,1),(54191,1,0.09,0,1),(54192,1,0.09,0,1),(54193,1,0.09,0,1),(54194,1,0.09,0,1),(54195,1,0.09,0,1),(54196,1,0.09,0,1),(54197,1,0.09,0,1),(54198,1,0.09,0,1),(54199,1,0.09,0,1),(54200,1,0.09,0,1),(54201,1,0.09,0,1),(54202,1,0.09,0,1),(54203,1,0.09,0,1),(54204,1,0.09,0,1),(54205,1,0,0,1),(54206,1,0.09,0,1),(54207,1,0.09,0,1),(54208,1,0.09,0,1),(54209,1,0.09,0,1),(54210,1,0.09,0,1),(54211,1,0.09,0,1),(54212,1,0.09,0,1),(54213,1,0.09,0,1),(54214,1,0.09,0,1),(54215,1,0.09,0,1),(54216,1,0.09,0,1),(54217,1,0.09,0,1),(54218,1,0.09,0,1),(54219,1,0.09,0,1),(54220,1,0.09,0,1),(54221,1,0.09,0,1),(54222,1,0.09,0,1),(54223,1,0.09,0,1),(54224,1,0.09,0,1),(54225,1,0.09,0,1),(54226,1,0.09,0,1),(54227,1,0.09,0,1),(54228,1,0.09,0,1),(54229,1,0.09,0,1),(54230,1,0.09,0,1),(54231,1,0.09,0,1),(54232,1,0.09,0,1),(54233,1,0.09,0,1),(54234,1,0.09,0,1),(54235,1,0.09,0,1),(54236,1,0.09,0,1),(54237,1,0.09,0,1),(54238,1,0.09,0,1),(54239,1,0.09,0,1),(54240,1,0.09,0,1),(54241,1,0.09,0,1),(54242,1,0.09,0,1),(54243,1,0.09,0,1),(54244,1,0.09,0,1),(54245,1,0.09,0,1),(54246,1,0.09,0,1),(54247,1,0.09,0,1),(54248,1,0.09,0,1),(54249,1,0.09,0,1),(54250,1,0.09,0,1),(54251,1,0.09,0,1),(54252,1,0.09,0,1),(54253,1,0.09,0,1),(54254,1,0.09,0,1),(54255,1,0.09,0,1),(54256,1,0.09,0,1),(54257,1,0.09,0,1),(54258,1,0.09,0,1),(54259,1,0.09,0,1),(54260,1,0.09,0,1),(54261,1,0.09,0,1),(54262,1,0.09,0,1),(54263,1,0.09,0,1),(54264,1,0.09,0,1),(54265,1,0.09,0,1),(54266,1,0.09,0,1),(54267,1,0.09,0,1),(54268,1,0.09,0,1),(54269,1,0.09,0,1),(54270,1,0.09,0,1),(54271,1,0,0,1),(54272,1,0.09,0,1),(54273,1,0.09,0,1),(54274,1,0.09,0,1),(54275,1,0.09,0,1),(54276,1,0.09,0,1),(54277,1,0.09,0,1),(54278,1,0.09,0,1),(54279,1,0.09,0,1),(54280,1,0.09,0,1),(54281,1,0.09,0,1),(54282,1,0.09,0,1),(54283,1,0.09,0,1),(54284,1,0.09,0,1),(54285,1,0.09,0,1),(54286,1,0.09,0,1),(54287,1,0.09,0,1),(54288,1,0.09,0,1),(54289,1,0.09,0,1),(54290,1,0.09,0,1),(54291,1,0.09,0,1),(54292,1,0.09,0,1),(54293,1,0.09,0,1),(54294,1,0.09,0,1),(54295,1,0.09,0,1),(54296,1,0.09,0,1),(54297,1,0.09,0,1),(54298,1,0.09,0,1),(54299,1,0.09,0,1),(54300,1,0.09,0,1),(54301,1,0.09,0,1),(54302,1,0.09,0,1),(54303,1,0.09,0,1),(54304,1,0.09,0,1),(54305,1,0.09,0,1),(54306,1,0.09,0,1),(54307,1,0.09,0,1),(54308,1,0.09,0,1),(54309,1,0.09,0,1),(54310,1,0.09,0,1),(54311,1,0.09,0,1),(54312,1,0.09,0,1),(54313,1,0.09,0,1),(54314,1,0.09,0,1),(54315,1,0.09,0,1),(54316,1,0.09,0,1),(54317,1,0.09,0,1),(54318,1,0.09,0,1),(54319,1,0.09,0,1),(54320,1,0.09,0,1),(54321,1,0.09,0,1),(54322,1,0.09,0,1),(54323,1,0.09,0,1),(54324,1,0.09,0,1),(54325,1,0.09,0,1),(54326,1,0.09,0,1),(54327,1,0,0,1),(54328,1,0.09,0,1),(54329,1,0,0,1),(54330,1,0.09,0,1),(54331,1,0.09,0,1),(54332,1,0.09,0,1),(54333,1,0.09,0,1),(54334,1,0.09,0,1),(54335,1,0.09,0,1),(54336,1,0.09,0,1),(54337,1,0.09,0,1),(54338,1,0.09,0,1),(54339,1,0.09,0,1),(54340,1,0.09,0,1),(54341,1,0.09,0,1),(54342,1,0.09,0,1),(54343,1,0.09,0,1),(54344,1,0.09,0,1),(54345,1,0,0,1),(54346,1,0.09,0,1),(54347,1,0.09,0,1),(54348,1,0.09,0,1),(54349,1,0.09,0,1),(54350,1,0.09,0,1),(54351,1,0.09,0,1),(54352,1,0.09,0,1),(54353,1,0.09,0,1),(54354,1,0.09,0,1),(54355,1,0.09,0,1),(54356,1,0.09,0,1),(54357,1,0.09,0,1),(54358,1,0.09,0,1),(54359,1,0.09,0,1),(54360,1,0.09,0,1),(54361,1,0.09,0,1),(54362,1,0.09,0,1),(54363,1,0.09,0,1),(54364,1,0.09,0,1),(54365,1,0.09,0,1),(54366,1,0,0,1),(54367,1,0,0,1),(54368,1,0.09,0,1),(54369,1,0.09,0,1),(54370,1,0.09,0,1),(54371,1,0.09,0,1),(54372,1,0.09,0,1),(54373,1,0.09,0,1),(54374,1,0.09,0,1),(54375,1,0,0,1),(54376,1,0.09,0,1),(54377,1,0,0,1),(54378,1,0.09,0,1),(54379,1,0.09,0,1),(54380,1,0.09,0,1),(54381,1,0.09,0,1),(54382,1,0.09,0,1),(54383,1,0.09,0,1),(54384,1,0.09,0,1),(54385,1,0.09,0,1),(54386,1,0.09,0,1),(54387,1,0,0,1),(54388,1,0.09,0,1),(54389,1,0,0,1),(54390,1,0.09,0,1),(54391,1,0.09,0,1),(54392,1,0,0,1),(54393,1,0,0,1),(54394,1,0.09,0,1),(54395,1,0.09,0,1),(54396,1,0.09,0,1),(54397,1,0.09,0,1),(54398,1,0.09,0,1),(54399,1,0.09,0,1),(54400,1,0.09,0,1),(54401,1,0.09,0,1),(54402,1,0.09,0,1),(54403,1,0.09,0,1),(54404,1,0.09,0,1),(54405,1,0.09,0,1),(54406,1,0.09,0,1),(54407,1,0.09,0,1),(54408,1,0.09,0,1),(54409,1,0.09,0,1),(54410,1,0.09,0,1),(54411,1,0.09,0,1),(54412,1,0.09,0,1),(54413,1,0.09,0,1),(54414,1,0.09,0,1),(54415,1,0.09,0,1),(54416,1,0.09,0,1),(54417,1,0.09,0,1),(54418,1,0.09,0,1),(54419,1,0.09,0,1),(54420,1,0.09,0,1),(54421,1,0.09,0,1),(54422,1,0.09,0,1),(54423,1,0.09,0,1),(54424,1,0.09,0,1),(54425,1,0.09,0,1),(54426,1,0.09,0,1),(54427,1,0.09,0,1),(54428,1,0.09,0,1),(54429,1,0.09,0,1),(54430,1,0.09,0,1),(54431,1,0.09,0,1),(54432,1,0.09,0,1),(54433,1,0.09,0,1),(54434,1,0.09,0,1),(54435,1,0,0,1),(54436,1,0,0,1),(54437,1,0.09,0,1),(54438,1,0.09,0,1),(54439,1,0.09,0,1),(54440,1,0.09,0,1),(54441,1,0.09,0,1),(54442,1,0.09,0,1),(54443,1,0.09,0,1),(54444,1,0.09,0,1),(54445,1,0.09,0,1),(54446,1,0.09,0,1),(54447,1,0.09,0,1),(54448,1,0.09,0,1),(54449,1,0.09,0,1),(54450,1,0.09,0,1),(54451,1,0.09,0,1),(54452,1,0.09,0,1),(54453,1,0.09,0,1),(54454,1,0.09,0,1),(54455,1,0.09,0,1),(54456,1,0.09,0,1),(54457,1,0.09,0,1),(54458,1,0.09,0,1),(54459,1,0.09,0,1),(54460,1,0.09,0,1),(54461,1,0.09,0,1),(54462,1,0.09,0,1),(54463,1,0,0,1),(54464,1,0,0,1),(54465,1,0.09,0,1),(54466,1,0.09,0,1),(54467,1,0.09,0,1),(54468,1,0.09,0,1),(54469,1,0.09,0,1),(54470,1,0.09,0,1),(54471,1,0.09,0,1),(54472,1,0.09,0,1),(54473,1,0.09,0,1),(54474,1,0.09,0,1),(54475,1,0.09,0,1),(54476,1,0.09,0,1),(54477,1,0.09,0,1),(54478,1,0.09,0,1),(54479,1,0.09,0,1),(54480,1,0.09,0,1),(54481,1,0.09,0,1),(54482,1,0.09,0,1),(54483,1,0.09,0,1),(54484,1,0.09,0,1),(54485,1,0.09,0,1),(54486,1,0.09,0,1),(54487,1,0.09,0,1),(54488,1,0.09,0,1),(54489,1,0.09,0,1),(54490,1,0.09,0,1),(54491,1,0.09,0,1),(54492,1,0.09,0,1),(54493,1,0.09,0,1),(54494,1,0.09,0,1),(54495,1,0.09,0,1),(54496,1,0.09,0,1),(54497,1,0.09,0,1),(54498,1,0.09,0,1),(54499,1,0.09,0,1),(54500,1,0.09,0,1),(54501,1,0.09,0,1),(54502,1,0.09,0,1),(54503,1,0.09,0,1),(54504,1,0.09,0,1),(54505,1,0.09,0,1),(54506,1,0.09,0,1),(54507,1,0.09,0,1),(54508,1,0.09,0,1),(54509,1,0.09,0,1),(54510,1,0.09,0,1),(54511,1,0.09,0,1),(54512,1,0.09,0,1),(54513,1,0.09,0,1),(54514,1,0.09,0,1),(54515,1,0.09,0,1),(54516,1,0,0,1),(54517,1,0,0,1),(54518,1,0.09,0,1),(54519,1,0.09,0,1),(54520,1,0.09,0,1),(54521,1,0.09,0,1),(54522,1,0.09,0,1),(54523,1,0.09,0,1),(54524,1,0.09,0,1),(54525,1,0.09,0,1),(54526,1,0.09,0,1),(54527,1,0.09,0,1),(54528,1,0.09,0,1),(54529,1,0.09,0,1),(54530,1,0,0,1),(54531,1,0.09,0,1),(54532,1,0.09,0,1),(54533,1,0.09,0,1),(54534,1,0.09,0,1),(54535,1,0.09,0,1),(54536,1,0.09,0,1),(54537,1,0.09,0,1),(54538,1,0.09,0,1),(54539,1,0.09,0,1),(54540,1,0.09,0,1),(54541,1,0,0,1),(54542,1,0.09,0,1),(54543,1,0.09,0,1),(54544,1,0.09,0,1),(54545,1,0.09,0,1),(54546,1,0.09,0,1),(54547,1,0.09,0,1),(54548,1,0.09,0,1),(54549,1,0.09,0,1),(54550,1,0.09,0,1),(54551,1,0.09,0,1),(54552,1,0.09,0,1),(54553,1,0.09,0,1),(54554,1,0.09,0,1),(54555,1,0.09,0,1),(54556,1,0.09,0,1),(54557,1,0.09,0,1),(54558,1,0,0,1),(54559,1,0.09,0,1),(54560,1,0.09,0,1),(54561,1,0.09,0,1),(54562,1,0.09,0,1),(54563,1,0.09,0,1),(54564,1,0.09,0,1),(54565,1,0.09,0,1),(54566,1,0.09,0,1),(54567,1,0.09,0,1),(54568,1,0.09,0,1),(54569,1,0.09,0,1),(54570,1,0.09,0,1),(54571,1,0.09,0,1),(54572,1,0.09,0,1),(54573,1,0.09,0,1),(54574,1,0.09,0,1),(54575,1,0.09,0,1),(54576,1,0.09,0,1),(54577,1,0.09,0,1),(54578,1,0.09,0,1),(54579,1,0.09,0,1),(54580,1,0.09,0,1),(54581,1,0.09,0,1),(54582,1,0.09,0,1),(54583,1,0.09,0,1),(54584,1,0.09,0,1),(54585,1,0.09,0,1),(54586,1,0,0,1),(54587,1,0.09,0,1),(54588,1,0.09,0,1),(54589,1,0.09,0,1),(54590,1,0,0,1),(54591,1,0.09,0,1),(54592,1,0.09,0,1),(54593,1,0.09,0,1),(54594,1,0.09,0,1),(54595,1,0.09,0,1),(54596,1,0.09,0,1),(54597,1,0.09,0,1),(54598,1,0.09,0,1),(54599,1,0.09,0,1),(54600,1,0.09,0,1),(54601,1,0,0,1),(54602,1,0.09,0,1),(54603,1,0.09,0,1),(54604,1,0.09,0,1),(54605,1,0.09,0,1),(54606,1,0.09,0,1),(54607,1,0.09,0,1),(54608,1,0.09,0,1),(54609,1,0.09,0,1),(54610,1,0.09,0,1),(54611,1,0.09,0,1),(54612,1,0.09,0,1),(54613,1,0.09,0,1),(54614,1,0.09,0,1),(54615,1,0.09,0,1),(54616,1,0.09,0,1),(54617,1,0.09,0,1),(54618,1,0.09,0,1),(54619,1,0.09,0,1),(54620,1,0.09,0,1),(54621,1,0.09,0,1),(54622,1,0.09,0,1),(54623,1,0.09,0,1),(54624,1,0.09,0,1),(54625,1,0.09,0,1),(54626,1,0.09,0,1),(54627,1,0,0,1),(54628,1,0.09,0,1),(54629,1,0.09,0,1),(54630,1,0.09,0,1),(54631,1,0.09,0,1),(54632,1,0,0,1),(54633,1,0.09,0,1),(54634,1,0.09,0,1),(54635,1,0.09,0,1),(54636,1,0.09,0,1),(54637,1,0.09,0,1),(54638,1,0.09,0,1),(54639,1,0.09,0,1),(54640,1,0,0,1),(54641,1,0.09,0,1),(54642,1,0.09,0,1),(54643,1,0.09,0,1),(54644,1,0.09,0,1),(54645,1,0.09,0,1),(54646,1,0.09,0,1),(54647,1,0.09,0,1),(54648,1,0.09,0,1),(54649,1,0.09,0,1),(54650,1,0.09,0,1),(54651,1,0.09,0,1),(54652,1,0.09,0,1),(54653,1,0.09,0,1),(54654,1,0,0,1),(54655,1,0,0,1),(54656,1,0.09,0,1),(54657,1,0.09,0,1),(54658,1,0.09,0,1),(54659,1,0.09,0,1),(54660,1,0.09,0,1),(54661,1,0.09,0,1),(54662,1,0.09,0,1),(54663,1,0.09,0,1),(54664,1,0.09,0,1),(54665,1,0.09,0,1),(54666,1,0.09,0,1),(54667,1,0.09,0,1),(54668,1,0.09,0,1),(54669,1,0.09,0,1),(54670,1,0.09,0,1),(54671,1,0.09,0,1),(54672,1,0.09,0,1),(54673,1,0,0,1),(54674,1,0.09,0,1),(54675,1,0,0,1),(54676,1,0.09,0,1),(54677,1,0.09,0,1),(54678,1,0.09,0,1),(54679,1,0.09,0,1),(54680,1,0.09,0,1),(54681,1,0.09,0,1),(54682,1,0.09,0,1),(54683,1,0.09,0,1),(54684,1,0.09,0,1),(54685,1,0.09,0,1),(54686,1,0.09,0,1),(54687,1,0.09,0,1),(54688,1,0.09,0,1),(54689,1,0.09,0,1),(54690,1,0.09,0,1),(54691,1,0.09,0,1),(54692,1,0.09,0,1),(54693,1,0.09,0,1),(54694,1,0.09,0,1),(54695,1,0.09,0,1),(54696,1,0.09,0,1),(54697,1,0.09,0,1),(54698,1,0.09,0,1),(54699,1,0.09,0,1),(54700,1,0.09,0,1),(54701,1,0.09,0,1),(54702,1,0.09,0,1),(54703,1,0,0,1),(54704,1,0.09,0,1),(54705,1,0,0,1),(54706,1,0,0,1),(54707,1,0.09,0,1),(54708,1,0,0,1),(54709,1,0.09,0,1),(54710,1,0.09,0,1),(54711,1,0.09,0,1),(54712,1,0.09,0,1),(54713,1,0.09,0,1),(54714,1,0.09,0,1),(54715,1,0.09,0,1),(54716,1,0.09,0,1),(54717,1,0.09,0,1),(54718,1,0.09,0,1),(54719,1,0.09,0,1),(54720,1,0.09,0,1),(54721,1,0.09,0,1),(54722,1,0.09,0,1),(54723,1,0.09,0,1),(54724,1,0.09,0,1),(54725,1,0.09,0,1),(54726,1,0.09,0,1),(54727,1,0.09,0,1),(54728,1,0.09,0,1),(54729,1,0.09,0,1),(54730,1,0.09,0,1),(54731,1,0.09,0,1),(54732,1,0.09,0,1),(54733,1,0.09,0,1),(54734,1,0.09,0,1),(54735,1,0.09,0,1),(54736,1,0.09,0,1),(54737,1,0.09,0,1),(54738,1,0.09,0,1),(54739,1,0.09,0,1),(54740,1,0.09,0,1),(54741,1,0.09,0,1),(54742,1,0.09,0,1),(54743,1,0.09,0,1),(54744,1,0.09,0,1),(54745,1,0.09,0,1),(54746,1,0.09,0,1),(54747,1,0,0,1),(54748,1,0.09,0,1),(54749,1,0.09,0,1),(54750,1,0,0,1),(54751,1,0.09,0,1),(54752,1,0.09,0,1),(54753,1,0.09,0,1),(54754,1,0.09,0,1),(54755,1,0.09,0,1),(54756,1,0.09,0,1),(54757,1,0.09,0,1),(54758,1,0.09,0,1),(54759,1,0,0,1),(54760,1,0.09,0,1),(54761,1,0.09,0,1),(54762,1,0.09,0,1),(54763,1,0.09,0,1),(54764,1,0.09,0,1),(54765,1,0.09,0,1),(54766,1,0.09,0,1),(54767,1,0.09,0,1),(54768,1,0.09,0,1),(54769,1,0.09,0,1),(54770,1,0.09,0,1),(54771,1,0.09,0,1),(54772,1,0,0,1),(54773,1,0.09,0,1),(54774,1,0.09,0,1),(54775,1,0,0,1),(54776,1,0.09,0,1),(54777,1,0.09,0,1),(54778,1,0.09,0,1),(54779,1,0.09,0,1),(54780,1,0.09,0,1),(54781,1,0.09,0,1),(54782,1,0.09,0,1),(54783,1,0.09,0,1),(54784,1,0.09,0,1),(54785,1,0.09,0,1),(54786,1,0.09,0,1),(54787,1,0.09,0,1),(54788,1,0.09,0,1),(54789,1,0.09,0,1),(54790,1,0.09,0,1),(54791,1,0.09,0,1),(54792,1,0.09,0,1),(54793,1,0.09,0,1),(54794,1,0.09,0,1),(54795,1,0.09,0,1),(54796,1,0.09,0,1),(54797,1,0.09,0,1),(54798,1,0.09,0,1),(54799,1,0.09,0,1),(54800,1,0.09,0,1),(54801,1,0.09,0,1),(54802,1,0.09,0,1),(54803,1,0,0,1),(54804,1,0,0,1),(54805,1,0.09,0,1),(54806,1,0.09,0,1),(54807,1,0.09,0,1),(54808,1,0.09,0,1),(54809,1,0.09,0,1),(54810,1,0.09,0,1),(54811,1,0.09,0,1),(54812,1,0.09,0,1),(54813,1,0.09,0,1),(54814,1,0.09,0,1),(54815,1,0.09,0,1),(54816,1,0.09,0,1),(54817,1,0.09,0,1),(54818,1,0.09,0,1),(54819,1,0.09,0,1),(54820,1,0.09,0,1),(54821,1,0.09,0,1),(54822,1,0.09,0,1),(54823,1,0.09,0,1),(54824,1,0.09,0,1),(54825,1,0.09,0,1),(54826,1,0.09,0,1),(54827,1,0.09,0,1),(54828,1,0.09,0,1),(54829,1,0.09,0,1),(54830,1,0.09,0,1),(54831,1,0.09,0,1),(54832,1,0.09,0,1),(54833,1,0.09,0,1),(54834,1,0.09,0,1),(54835,1,0.09,0,1),(54836,1,0.09,0,1),(54837,1,0.09,0,1),(54838,1,0.09,0,1),(54839,1,0.09,0,1),(54840,1,0.09,0,1),(54841,1,0.09,0,1),(54842,1,0.09,0,1),(54843,1,0.09,0,1),(54844,1,0.09,0,1),(54845,1,0,0,1),(54846,1,0,0,1),(54847,1,0.09,0,1),(54848,1,0.09,0,1),(54849,1,0.09,0,1),(54850,1,0.09,0,1),(54851,1,0.09,0,1),(54852,1,0.09,0,1),(54853,1,0.09,0,1),(54854,1,0.09,0,1),(54855,1,0.09,0,1),(54856,1,0.09,0,1),(54857,1,0.09,0,1),(54858,1,0.09,0,1),(54859,1,0.09,0,1),(54860,1,0.09,0,1),(54861,1,0.09,0,1),(54862,1,0.09,0,1),(54863,1,0.09,0,1),(54864,1,0.09,0,1),(54865,1,0.09,0,1),(54866,1,0.09,0,1),(54867,1,0.09,0,1),(54868,1,0.09,0,1),(54869,1,0.09,0,1),(54870,1,0.09,0,1),(54871,1,0.09,0,1),(54872,1,0.09,0,1),(54873,1,0,0,1),(54874,1,0.09,0,1),(54875,1,0.09,0,1),(54876,1,0.09,0,1),(54877,1,0.09,0,1),(54878,1,0.09,0,1),(54879,1,0.09,0,1),(54880,1,0.09,0,1),(54881,1,0.09,0,1),(54882,1,0.09,0,1),(54883,1,0.09,0,1),(54884,1,0.09,0,1),(54885,1,0.09,0,1),(54886,1,0.09,0,1),(54887,1,0.09,0,1),(54888,1,0.09,0,1),(54889,1,0.09,0,1),(54890,1,0.09,0,1),(54891,1,0.09,0,1),(54892,1,0.09,0,1),(54893,1,0.09,0,1),(54894,1,0.09,0,1),(54895,1,0.09,0,1),(54896,1,0.09,0,1),(54897,1,0.09,0,1),(54898,1,0.09,0,1),(54899,1,0.09,0,1),(54900,1,0.09,0,1),(54901,1,0.09,0,1),(54902,1,0.09,0,1),(54903,1,0.09,0,1),(54904,1,0.09,0,1),(54905,1,0.09,0,1),(54906,1,0.09,0,1),(54907,1,0.09,0,1),(54908,1,0.09,0,1),(54909,1,0.09,0,1),(54910,1,0.09,0,1),(54911,1,0.09,0,1),(54912,1,0.09,0,1),(54913,1,0.09,0,1),(54914,1,0.09,0,1),(54915,1,0,0,1),(54916,1,0.09,0,1),(54917,1,0.09,0,1),(54918,1,0,0,1),(54919,1,0.09,0,1),(54920,1,0.09,0,1),(54921,1,0.09,0,1),(54922,1,0,0,1),(54923,1,0.09,0,1),(54924,1,0,0,1),(54925,1,0.09,0,1),(54926,1,0.09,0,1),(54927,1,0.09,0,1),(54928,1,0.09,0,1),(54929,1,0.09,0,1),(54930,1,0.09,0,1),(54931,1,0.09,0,1),(54932,1,0.09,0,1),(54933,1,0,0,1),(54934,1,0,0,1),(54935,1,0.09,0,1),(54936,1,0.09,0,1),(54937,1,0.09,0,1),(54938,1,0.09,0,1),(54939,1,0.09,0,1),(54940,1,0,0,1),(54941,1,0.09,0,1),(54942,1,0.09,0,1),(54943,1,0.09,0,1),(54944,1,0.09,0,1),(54945,1,0.09,0,1),(54946,1,0.09,0,1),(54947,1,0.09,0,1),(54948,1,0.09,0,1),(54949,1,0.09,0,1),(54950,1,0.09,0,1),(54951,1,0.09,0,1),(54952,1,0.09,0,1),(54953,1,0.09,0,1),(54954,1,0.09,0,1),(54955,1,0.09,0,1),(54956,1,0.09,0,1),(54957,1,0.09,0,1),(54958,1,0.09,0,1),(54959,1,0.09,0,1),(54960,1,0.09,0,1),(54961,1,0.09,0,1),(54962,1,0.09,0,1),(54963,1,0.09,0,1),(54964,1,0.09,0,1),(54965,1,0.09,0,1),(54966,1,0.09,0,1),(54967,1,0.09,0,1),(54968,1,0.09,0,1),(54969,1,0,0,1),(54970,1,0,0,1),(54971,1,0,0,1),(54972,1,0.09,0,1),(54973,1,0.09,0,1),(54974,1,0.09,0,1),(54975,1,0.09,0,1),(54976,1,0.09,0,1),(54977,1,0.09,0,1),(54978,1,0.09,0,1),(54979,1,0.09,0,1),(54980,1,0.09,0,1),(54981,1,0.09,0,1),(54982,1,0.09,0,1),(54983,1,0.09,0,1),(54984,1,0.09,0,1),(54985,1,0.09,0,1),(54986,1,0.09,0,1),(54987,1,0.09,0,1),(54988,1,0.09,0,1),(54989,1,0.09,0,1),(54990,1,0.09,0,1),(54991,1,0.09,0,1),(54992,1,0.09,0,1),(54993,1,0,0,1),(54994,1,0.09,0,1),(54995,1,0,0,1),(54996,1,0,0,1),(54997,1,0.09,0,1),(54998,1,0.09,0,1),(54999,1,0.09,0,1),(55000,1,0.09,0,1),(55001,1,0.09,0,1),(55002,1,0.09,0,1),(55003,1,0.09,0,1),(55004,1,0.09,0,1),(55005,1,0.09,0,1),(55006,1,0.09,0,1),(55007,1,0.09,0,1),(55008,1,0.09,0,1),(55009,1,0.09,0,1),(55010,1,0.09,0,1),(55011,1,0.09,0,1),(55012,1,0.09,0,1),(55013,1,0.09,0,1),(55014,1,0.09,0,1),(55015,1,0.09,0,1),(55016,1,0.09,0,1),(55017,1,0.09,0,1),(55018,1,0.09,0,1),(55019,1,0.09,0,1),(55020,1,0.09,0,1),(55021,1,0.09,0,1),(55022,1,0.09,0,1),(55023,1,0.09,0,1),(55024,1,0,0,1),(55025,1,0.09,0,1),(55026,1,0.09,0,1),(55027,1,0.09,0,1),(55028,1,0.09,0,1),(55029,1,0.09,0,1),(55030,1,0.09,0,1),(55031,1,0.09,0,1),(55032,1,0.09,0,1),(55033,1,0.09,0,1),(55034,1,0.09,0,1),(55035,1,0.09,0,1),(55036,1,0.09,0,1),(55037,1,0,0,1),(55038,1,0.09,0,1),(55039,1,0.09,0,1),(55040,1,0.09,0,1),(55041,1,0.09,0,1),(55042,1,0.09,0,1),(55043,1,0.09,0,1),(55044,1,0.09,0,1),(55045,1,0.09,0,1),(55046,1,0.09,0,1),(55047,1,0.09,0,1),(55048,1,0.09,0,1),(55049,1,0.09,0,1),(55050,1,0.09,0,1),(55051,1,0.09,0,1),(55052,1,0.09,0,1),(55053,1,0.09,0,1),(55054,1,0.09,0,1),(55055,1,0.09,0,1),(55056,1,0.09,0,1),(55057,1,0.09,0,1),(55058,1,0.09,0,1),(55059,1,0.09,0,1),(55060,1,0.09,0,1),(55061,1,0.09,0,1),(55062,1,0.09,0,1),(55063,1,0,0,1),(55064,1,0,0,1),(55065,1,0,0,1),(55066,1,0.09,0,1),(55067,1,0.09,0,1),(55068,1,0.09,0,1),(55069,1,0.09,0,1),(55070,1,0,0,1),(55071,1,0.09,0,1),(55072,1,0.09,0,1),(55073,1,0.09,0,1),(55074,1,0.09,0,1),(55075,1,0.09,0,1),(55076,1,0.09,0,1),(55077,1,0,0,1),(55078,1,0,0,1),(55079,1,0.09,0,1),(55080,1,0.09,0,1),(55081,1,0,0,1),(55082,1,0.09,0,1),(55083,1,0.09,0,1),(55084,1,0.09,0,1),(55085,1,0.09,0,1),(55086,1,0.09,0,1),(55087,1,0.09,0,1),(55088,1,0.09,0,1),(55089,1,0.09,0,1),(55090,1,0.09,0,1),(55091,1,0.09,0,1),(55092,1,0.09,0,1),(55093,1,0.09,0,1),(55094,1,0.09,0,1),(55095,1,0.09,0,1),(55096,1,0.09,0,1),(55097,1,0.09,0,1),(55098,1,0.09,0,1),(55099,1,0.09,0,1),(55100,1,0.09,0,1),(55101,1,0.09,0,1),(55102,1,0.09,0,1),(55103,1,0.09,0,1),(55104,1,0.09,0,1),(55105,1,0.09,0,1),(55106,1,0.09,0,1),(55107,1,0.09,0,1),(55108,1,0.09,0,1),(55109,1,0.09,0,1),(55110,1,0,0,1),(55111,1,0,0,1),(55112,1,0.09,0,1),(55113,1,0.09,0,1),(55114,1,0.09,0,1),(55115,1,0.09,0,1),(55116,1,0.09,0,1),(55117,1,0.09,0,1),(55118,1,0.09,0,1),(55119,1,0.09,0,1),(55120,1,0.09,0,1),(55121,1,0.09,0,1),(55122,1,0.09,0,1),(55123,1,0.09,0,1),(55124,1,0.09,0,1),(55125,1,0.09,0,1),(55126,1,0.09,0,1),(55127,1,0.09,0,1),(55128,1,0.09,0,1),(55129,1,0.09,0,1),(55130,1,0.09,0,1),(55131,1,0.09,0,1),(55132,1,0.09,0,1),(55133,1,0.09,0,1),(55134,1,0.09,0,1),(55135,1,0.09,0,1),(55136,1,0.09,0,1),(55137,1,0.09,0,1),(55138,1,0.09,0,1),(55139,1,0.09,0,1),(55140,1,0,0,1),(55141,1,0,0,1),(55142,1,0.09,0,1),(55143,1,0.09,0,1),(55144,1,0.09,0,1),(55145,1,0.09,0,1),(55146,1,0.09,0,1),(55147,1,0.09,0,1),(55148,1,0.09,0,1),(55149,1,0.09,0,1),(55150,1,0.09,0,1),(55151,1,0.09,0,1),(55152,1,0.09,0,1),(55153,1,0.09,0,1),(55154,1,0.09,0,1),(55155,1,0.09,0,1),(55156,1,0.09,0,1),(55157,1,0.09,0,1),(55158,1,0.09,0,1),(55159,1,0.09,0,1),(55160,1,0.09,0,1),(55161,1,0.09,0,1),(55162,1,0.09,0,1),(55163,1,0.09,0,1),(55164,1,0.09,0,1),(55165,1,0.09,0,1),(55166,1,0.09,0,1),(55167,1,0.09,0,1),(55168,1,0.09,0,1),(55169,1,0.09,0,1),(55170,1,0.09,0,1),(55171,1,0.09,0,1),(55172,1,0.09,0,1),(55173,1,0.09,0,1),(55174,1,0.09,0,1),(55175,1,0.09,0,1),(55176,1,0.09,0,1),(55177,1,0.09,0,1),(55178,1,0.09,0,1),(55179,1,0.09,0,1),(55180,1,0.09,0,1),(55181,1,0.09,0,1),(55182,1,0.09,0,1),(55183,1,0.09,0,1),(55184,1,0.09,0,1),(55185,1,0.09,0,1),(55186,1,0.09,0,1),(55187,1,0.09,0,1),(55188,1,0.09,0,1),(55189,1,0.09,0,1),(55190,1,0.09,0,1),(55191,1,0.09,0,1),(55192,1,0.09,0,1),(55193,1,0,0,1),(55194,1,0.09,0,1),(55195,1,0.09,0,1),(55196,1,0.09,0,1),(55197,1,0.09,0,1),(55198,1,0.09,0,1),(55199,1,0.09,0,1),(55200,1,0.09,0,1),(55201,1,0.09,0,1),(55202,1,0.09,0,1),(55203,1,0.09,0,1),(55204,1,0.09,0,1),(55205,1,0,0,1),(55206,1,0.09,0,1),(55207,1,0,0,1),(55208,1,0.09,0,1),(55209,1,0.09,0,1),(55210,1,0.09,0,1),(55211,1,0.09,0,1),(55212,1,0,0,1),(55213,1,0,0,1),(55214,1,0,0,1),(55215,1,0.09,0,1),(55216,1,0.09,0,1),(55217,1,0,0,1),(55218,1,0.09,0,1),(55219,1,0,0,1),(55220,1,0,0,1),(55221,1,0,0,1),(55222,1,0.09,0,1),(55223,1,0.09,0,1),(55224,1,0,0,1),(55225,1,0,0,1),(55226,1,0,0,1),(55227,1,0.09,0,1),(55228,1,0,0,1),(55229,1,0,0,1),(55230,1,0,0,1),(55231,1,0,0,1),(55232,1,0.09,0,1),(55233,1,0.09,0,1),(55234,1,0.09,0,1),(55235,1,0,0,1),(55236,1,0.09,0,1),(55237,1,0.09,0,1),(55238,1,0,0,1),(55239,1,0,0,1),(55240,1,0,0,1),(55241,1,0.09,0,1),(55242,1,0.09,0,1),(55243,1,0,0,1),(55244,1,0.09,0,1),(55245,1,0.09,0,1),(55246,1,0,0,1),(55247,1,0.09,0,1),(55248,1,0,0,1),(55249,1,0.09,0,1),(55250,1,0.09,0,1),(55251,1,0.09,0,1),(55252,1,0.09,0,1),(55253,1,0.09,0,1),(55254,1,0.09,0,1),(55255,1,0.09,0,1),(55256,1,0.09,0,1),(55257,1,0.09,0,1),(55258,1,0.09,0,1),(55259,1,0.09,0,1),(55260,1,0.09,0,1),(55261,1,0.09,0,1),(55262,1,0.09,0,1),(55263,1,0.09,0,1),(55264,1,0,0,1),(55265,1,0,0,1),(55266,1,0,0,1),(55267,1,0,0,1),(55268,1,0,0,1),(55269,1,0,0,1),(55270,1,0,0,1),(55271,1,0,0,1),(55272,1,0,0,1),(55273,1,0,0,1),(55274,1,0.09,0,1),(55275,1,0.09,0,1),(55276,1,0.09,0,1),(55277,1,0,0,1),(55278,1,0,0,1),(55279,1,0.09,0,1),(55280,1,0.09,0,1),(55281,1,0,0,1),(55282,1,0,0,1),(55283,1,0.09,0,1),(55284,1,0.09,0,1),(55285,1,0.09,0,1),(55286,1,0.09,0,1),(55287,1,0.09,0,1),(55288,1,0.09,0,1),(55289,1,0.09,0,1),(55290,1,0.09,0,1),(55291,1,0.09,0,1),(55292,1,0.09,0,1),(55293,1,0,0,1),(55294,1,0.09,0,1),(55295,1,0.09,0,1),(55296,1,0.09,0,1),(55297,1,0.09,0,1),(55298,1,0.09,0,1),(55299,1,0.09,0,1),(55300,1,0.09,0,1),(55301,1,0.09,0,1),(55302,1,0,0,1),(55303,1,0.09,0,1),(55304,1,0.09,0,1),(55305,1,0.09,0,1),(55306,1,0.09,0,1),(55307,1,0.09,0,1),(55308,1,0.09,0,1),(55309,1,0.09,0,1),(55310,1,0.09,0,1),(55311,1,0.09,0,1),(55312,1,0.09,0,1),(55313,1,0.09,0,1),(55314,1,0.09,0,1),(55315,1,0.09,0,1),(55316,1,0.09,0,1),(55317,1,0.09,0,1),(55318,1,0.09,0,1),(55319,1,0.09,0,1),(55320,1,0.09,0,1),(55321,1,0.09,0,1),(55322,1,0.09,0,1),(55323,1,0.09,0,1),(55324,1,0.09,0,1),(55325,1,0.09,0,1),(55326,1,0.09,0,1),(55327,1,0.09,0,1),(55328,1,0.09,0,1),(55329,1,0,0,1),(55330,1,0.09,0,1),(55331,1,0.09,0,1),(55332,1,0.09,0,1),(55333,1,0.09,0,1),(55334,1,0.09,0,1),(55335,1,0.09,0,1),(55336,1,0.09,0,1),(55337,1,0.09,0,1),(55338,1,0.09,0,1),(55339,1,0.09,0,1),(55340,1,0,0,1),(55341,1,0,0,1),(55342,1,0,0,1),(55343,1,0.09,0,1),(55344,1,0.09,0,1),(55345,1,0.09,0,1),(55346,1,0.09,0,1),(55347,1,0.09,0,1),(55348,1,0.09,0,1),(55349,1,0.09,0,1),(55350,1,0.09,0,1),(55351,1,0.09,0,1),(55352,1,0.09,0,1),(55353,1,0.09,0,1),(55354,1,0.09,0,1),(55355,1,0.09,0,1),(55356,1,0.09,0,1),(55357,1,0.09,0,1),(55358,1,0.09,0,1),(55359,1,0.09,0,1),(55360,1,0.09,0,1),(55361,1,0.09,0,1),(55362,1,0.09,0,1),(55363,1,0.09,0,1),(55364,1,0.09,0,1),(55365,1,0.09,0,1),(55366,1,0.09,0,1),(55367,1,0.09,0,1),(55368,1,0,0,1),(55369,1,0.09,0,1),(55370,1,0.09,0,1),(55371,1,0,0,1),(55372,1,0,0,1),(55373,1,0,0,1),(55374,1,0.09,0,1),(55375,1,0.09,0,1),(55376,1,0.09,0,1),(55377,1,0,0,1),(55378,1,0.09,0,1),(55379,1,0.09,0,1),(55380,1,0.09,0,1),(55381,1,0.09,0,1),(55382,1,0.09,0,1),(55383,1,0.09,0,1),(55384,1,0.09,0,1),(55385,1,0.09,0,1),(55386,1,0,0,1),(55387,1,0,0,1),(55388,1,0.09,0,1),(55389,1,0.09,0,1),(55390,1,0.09,0,1),(55391,1,0.09,0,1),(55392,1,0.09,0,1),(55393,1,0.09,0,1),(55394,1,0.09,0,1),(55395,1,0,0,1),(55396,1,0.09,0,1),(55397,1,0.09,0,1),(55398,1,0.09,0,1),(55399,1,0.09,0,1),(55400,1,0.09,0,1),(55401,1,0.09,0,1),(55402,1,0.09,0,1),(55403,1,0.09,0,1),(55404,1,0.09,0,1),(55405,1,0.09,0,1),(55406,1,0.09,0,1),(55407,1,0.09,0,1),(55408,1,0.09,0,1),(55409,1,0.09,0,1),(55410,1,0.09,0,1),(55411,1,0.09,0,1),(55412,1,0.09,0,1),(55413,1,0.09,0,1),(55414,1,0,0,1),(55415,1,0.09,0,1),(55416,1,0.09,0,1),(55417,1,0.09,0,1),(55418,1,0,0,1),(55419,1,0,0,1),(55420,1,0.09,0,1),(55421,1,0.09,0,1),(55422,1,0.09,0,1),(55423,1,0.09,0,1),(55424,1,0.09,0,1),(55425,1,0.09,0,1),(55426,1,0.09,0,1),(55427,1,0.09,0,1),(55428,1,0.09,0,1),(55429,1,0.09,0,1),(55430,1,0,0,1),(55431,1,0.09,0,1),(55432,1,0.09,0,1),(55433,1,0.09,0,1),(55434,1,0.09,0,1),(55435,1,0.09,0,1),(55436,1,0.09,0,1),(55437,1,0.09,0,1),(55438,1,0.09,0,1),(55439,1,0.09,0,1),(55440,1,0.09,0,1),(55441,1,0.09,0,1),(55442,1,0,0,1),(55443,1,0.09,0,1),(55444,1,0.09,0,1),(55445,1,0.09,0,1),(55446,1,0.09,0,1),(55447,1,0,0,1),(55448,1,0.09,0,1),(55449,1,0.09,0,1),(55450,1,0.09,0,1),(55451,1,0.09,0,1),(55452,1,0,0,1),(55453,1,0.09,0,1),(55454,1,0.09,0,1),(55455,1,0.09,0,1),(55456,1,0.09,0,1),(55457,1,0.09,0,1),(55458,1,0.09,0,1),(55459,1,0.09,0,1),(55460,1,0.09,0,1),(55461,1,0,0,1),(55462,1,0,0,1),(55463,1,0,0,1),(55464,1,0.09,0,1),(55465,1,0,0,1),(55466,1,0,0,1),(55467,1,0,0,1),(55468,1,0,0,1),(55469,1,0,0,1),(55470,1,0.09,0,1),(55471,1,0.09,0,1),(55472,1,0.09,0,1),(55473,1,0.09,0,1),(55474,1,0.09,0,1),(55475,1,0.09,0,1),(55476,1,0.09,0,1),(55477,1,0.09,0,1),(55478,1,0.09,0,1),(55479,1,0.09,0,1),(55480,1,0.09,0,1),(55481,1,0.09,0,1),(55482,1,0.09,0,1),(55483,1,0.09,0,1),(55484,1,0.09,0,1),(55485,1,0.09,0,1),(55486,1,0.09,0,1),(55487,1,0,0,1),(55488,1,0.09,0,1),(55489,1,0.09,0,1),(55490,1,0.09,0,1),(55491,1,0.09,0,1),(55492,1,0.09,0,1),(55493,1,0.09,0,1),(55494,1,0,0,1),(55495,1,0.09,0,1),(55496,1,0.09,0,1),(55497,1,0.09,0,1),(55498,1,0.09,0,1),(55499,1,0.09,0,1),(55500,1,0.09,0,1),(55501,1,0.09,0,1),(55502,1,0.09,0,1),(55503,1,0.09,0,1),(55504,1,0.09,0,1),(55505,1,0.09,0,1),(55506,1,0.09,0,1),(55507,1,0.09,0,1),(55508,1,0.09,0,1),(55509,1,0.09,0,1),(55510,1,0.09,0,1),(55511,1,0.09,0,1),(55512,1,0.09,0,1),(55513,1,0.09,0,1),(55514,1,0,0,1),(55515,1,0,0,1),(55516,1,0.09,0,1),(55517,1,0.09,0,1),(55518,1,0.09,0,1),(55519,1,0.09,0,1),(55520,1,0.09,0,1),(55521,1,0.09,0,1),(55522,1,0.09,0,1),(55523,1,0.09,0,1),(55524,1,0.09,0,1),(55525,1,0.09,0,1),(55526,1,0.09,0,1),(55527,1,0.09,0,1),(55528,1,0.09,0,1),(55529,1,0.09,0,1),(55530,1,0.09,0,1),(55531,1,0.09,0,1),(55532,1,0.09,0,1),(55533,1,0.09,0,1),(55534,1,0,0,1),(55535,1,0.09,0,1),(55536,1,0.09,0,1),(55537,1,0.09,0,1),(55538,1,0.09,0,1),(55539,1,0.09,0,1),(55540,1,0.09,0,1),(55541,1,0.09,0,1),(55542,1,0.09,0,1),(55543,1,0.09,0,1),(55544,1,0.09,0,1),(55545,1,0.09,0,1),(55546,1,0.09,0,1),(55547,1,0.09,0,1),(55548,1,0.09,0,1),(55549,1,0.09,0,1),(55550,1,0.09,0,1),(55551,1,0.09,0,1),(55552,1,0.09,0,1),(55553,1,0.09,0,1),(55554,1,0.09,0,1),(55555,1,0.09,0,1),(55556,1,0.09,0,1),(55557,1,0.09,0,1),(55558,1,0.09,0,1),(55559,1,0.09,0,1),(55560,1,0.09,0,1),(55561,1,0.09,0,1),(55562,1,0.09,0,1),(55563,1,0.09,0,1),(55564,1,0.09,0,1),(55565,1,0.09,0,1),(55566,1,0.09,0,1),(55567,1,0.09,0,1),(55568,1,0.09,0,1),(55569,1,0.09,0,1),(55570,1,0.09,0,1),(55571,1,0.09,0,1),(55572,1,0.09,0,1),(55573,1,0.09,0,1),(55574,1,0.09,0,1),(55575,1,0,0,1),(55576,1,0.09,0,1),(55577,1,0.09,0,1),(55578,1,0.09,0,1),(55579,1,0.09,0,1),(55580,1,0.09,0,1),(55581,1,0.09,0,1),(55582,1,0.09,0,1),(55583,1,0.09,0,1),(55584,1,0,0,1),(55585,1,0,0,1),(55586,1,0.09,0,1),(55587,1,0.09,0,1),(55588,1,0.09,0,1),(55589,1,0.09,0,1),(55590,1,0.09,0,1),(55591,1,0,0,1),(55592,1,0,0,1),(55593,1,0.09,0,1),(55594,1,0.09,0,1),(55595,1,0.09,0,1),(55596,1,0.09,0,1),(55597,1,0.09,0,1),(55598,1,0.09,0,1),(55599,1,0.09,0,1),(55600,1,0,0,1),(55601,1,0.09,0,1),(55602,1,0.09,0,1),(55603,1,0.09,0,1),(55604,1,0.09,0,1),(55605,1,0.09,0,1),(55606,1,0.09,0,1),(55607,1,0.09,0,1),(55608,1,0.09,0,1),(55609,1,0.09,0,1),(55610,1,0.09,0,1),(55611,1,0.09,0,1),(55612,1,0.09,0,1),(55613,1,0.09,0,1),(55614,1,0.09,0,1),(55615,1,0.09,0,1),(55616,1,0.09,0,1),(55617,1,0.09,0,1),(55618,1,0.09,0,1),(55619,1,0.09,0,1),(55620,1,0.09,0,1),(55621,1,0.09,0,1),(55622,1,0.09,0,1),(55623,1,0,0,1),(55624,1,0.09,0,1),(55625,1,0.09,0,1),(55626,1,0,0,1),(55627,1,0.09,0,1),(55628,1,0.09,0,1),(55629,1,0.09,0,1),(55630,1,0.09,0,1),(55631,1,0,0,1),(55632,1,0.09,0,1),(55633,1,0.09,0,1),(55634,1,0.09,0,1),(55635,1,0.09,0,1),(55636,1,0.09,0,1),(55637,1,0.09,0,1),(55638,1,0.09,0,1),(55639,1,0.09,0,1),(55640,1,0.09,0,1),(55641,1,0.09,0,1),(55642,1,0.09,0,1),(55643,1,0.09,0,1),(55644,1,0.09,0,1),(55645,1,0.09,0,1),(55646,1,0.09,0,1),(55647,1,0.09,0,1),(55648,1,0.09,0,1),(55649,1,0.09,0,1),(55650,1,0,0,1),(55651,1,0.09,0,1),(55652,1,0,0,1),(55653,1,0.09,0,1),(55654,1,0.09,0,1),(55655,1,0.09,0,1),(55656,1,0.09,0,1),(55657,1,0.09,0,1),(55658,1,0.09,0,1),(55659,1,0.09,0,1),(55660,1,0.09,0,1),(55661,1,0,0,1),(55662,1,0.09,0,1),(55663,1,0.09,0,1),(55664,1,0.09,0,1),(55665,1,0.09,0,1),(55666,1,0.09,0,1),(55667,1,0.09,0,1),(55668,1,0.09,0,1),(55669,1,0,0,1),(55670,1,0,0,1),(55671,1,0,0,1),(55672,1,0.09,0,1),(55673,1,0.09,0,1),(55674,1,0.09,0,1),(55675,1,0.09,0,1),(55676,1,0.09,0,1),(55677,1,0.09,0,1),(55678,1,0.09,0,1),(55679,1,0.09,0,1),(55680,1,0,0,1),(55681,1,0.09,0,1),(55682,1,0,0,1),(55683,1,0.09,0,1),(55684,1,0.09,0,1),(55685,1,0.09,0,1),(55686,1,0.09,0,1),(55687,1,0.09,0,1),(55688,1,0.09,0,1),(55689,1,0.09,0,1),(55690,1,0.09,0,1),(55691,1,0.09,0,1),(55692,1,0.09,0,1),(55693,1,0,0,1),(55694,1,0.09,0,1),(55695,1,0.09,0,1),(55696,1,0.09,0,1),(55697,1,0.09,0,1),(55698,1,0.09,0,1),(55699,1,0.09,0,1),(55700,1,0.09,0,1),(55701,1,0.09,0,1),(55702,1,0.09,0,1),(55703,1,0.09,0,1),(55704,1,0.09,0,1),(55705,1,0.09,0,1),(55706,1,0.09,0,1),(55707,1,0.09,0,1),(55708,1,0.09,0,1),(55709,1,0.09,0,1),(55710,1,0.09,0,1),(55711,1,0.09,0,1),(55712,1,0.09,0,1),(55713,1,0.09,0,1),(55714,1,0.09,0,1),(55715,1,0.09,0,1),(55716,1,0,0,1),(55717,1,0.09,0,1),(55718,1,0.09,0,1),(55719,1,0.09,0,1),(55720,1,0.09,0,1),(55721,1,0.09,0,1),(55722,1,0.09,0,1),(55723,1,0.09,0,1),(55724,1,0.09,0,1),(55725,1,0,0,1),(55726,1,0.09,0,1),(55727,1,0.09,0,1),(55728,1,0.09,0,1),(55729,1,0.09,0,1),(55730,1,0.09,0,1),(55731,1,0.09,0,1),(55732,1,0.09,0,1),(55733,1,0,0,1),(55734,1,0.09,0,1),(55735,1,0.09,0,1),(55736,1,0.09,0,1),(55737,1,0.09,0,1),(55738,1,0.09,0,1),(55739,1,0.09,0,1),(55740,1,0.09,0,1),(55741,1,0.09,0,1),(55742,1,0.09,0,1),(55743,1,0.09,0,1),(55744,1,0.09,0,1),(55745,1,0,0,1),(55746,1,0,0,1),(55747,1,0.09,0,1),(55748,1,0.09,0,1),(55749,1,0.09,0,1),(55750,1,0.09,0,1),(55751,1,0.09,0,1),(55752,1,0.09,0,1),(55753,1,0.09,0,1),(55754,1,0.09,0,1),(55755,1,0.09,0,1),(55756,1,0.09,0,1),(55757,1,0.09,0,1),(55758,1,0.09,0,1),(55759,1,0.09,0,1),(55760,1,0.09,0,1),(55761,1,0.09,0,1),(55762,1,0.09,0,1),(55763,1,0.09,0,1),(55764,1,0.09,0,1),(55765,1,0.09,0,1),(55766,1,0.09,0,1),(55767,1,0.09,0,1),(55768,1,0.09,0,1),(55769,1,0.09,0,1),(55770,1,0.09,0,1),(55771,1,0.09,0,1),(55772,1,0.09,0,1),(55773,1,0.09,0,1),(55774,1,0.09,0,1),(55775,1,0.09,0,1),(55776,1,0.09,0,1),(55777,1,0.09,0,1),(55778,1,0.09,0,1),(55779,1,0.09,0,1),(55780,1,0.09,0,1),(55781,1,0.09,0,1),(55782,1,0.09,0,1),(55783,1,0.09,0,1),(55784,1,0.09,0,1),(55785,1,0.09,0,1),(55786,1,0.09,0,1),(55787,1,0.09,0,1),(55788,1,0.09,0,1),(55789,1,0.09,0,1),(55790,1,0.09,0,1),(55791,1,0.09,0,1),(55792,1,0.09,0,1),(55793,1,0.09,0,1),(55794,1,0.09,0,1),(55795,1,0.09,0,1),(55796,1,0.09,0,1),(55797,1,0.09,0,1),(55798,1,0.09,0,1),(55799,1,0.09,0,1),(55800,1,0.09,0,1),(55801,1,0.09,0,1),(55802,1,0.09,0,1),(55803,1,0.09,0,1),(55804,1,0.09,0,1),(55805,1,0.09,0,1),(55806,1,0.09,0,1),(55807,1,0.09,0,1),(55808,1,0.09,0,1),(55809,1,0.09,0,1),(55810,1,0.09,0,1),(55811,1,0.09,0,1),(55812,1,0.09,0,1),(55813,1,0.09,0,1),(55814,1,0.09,0,1),(55815,1,0.09,0,1),(55816,1,0.09,0,1),(55817,1,0.09,0,1),(55818,1,0.09,0,1),(55819,1,0.09,0,1),(55820,1,0.09,0,1),(55821,1,0.09,0,1),(55822,1,0.09,0,1),(55823,1,0,0,1),(55824,1,0.09,0,1),(55825,1,0.09,0,1),(55826,1,0.09,0,1),(55827,1,0.09,0,1),(55828,1,0.09,0,1),(55829,1,0.09,0,1),(55830,1,0.09,0,1),(55831,1,0.09,0,1),(55832,1,0.09,0,1),(55833,1,0.09,0,1),(55834,1,0.09,0,1),(55835,1,0.09,0,1),(55836,1,0,0,1),(55837,1,0.09,0,1),(55838,1,0.09,0,1),(55839,1,0.09,0,1),(55840,1,0.09,0,1),(55841,1,0,0,1),(55842,1,0.09,0,1),(55843,1,0.09,0,1),(55844,1,0.09,0,1),(55845,1,0.09,0,1),(55846,1,0.09,0,1),(55847,1,0.09,0,1),(55848,1,0.09,0,1),(55849,1,0.09,0,1),(55850,1,0.09,0,1),(55851,1,0.09,0,1),(55852,1,0.09,0,1),(55853,1,0.09,0,1),(55854,1,0.09,0,1),(55855,1,0.09,0,1),(55856,1,0.09,0,1),(55857,1,0.09,0,1),(55858,1,0.09,0,1),(55859,1,0.09,0,1),(55860,1,0.09,0,1),(55861,1,0.09,0,1),(55862,1,0.09,0,1),(55863,1,0.09,0,1),(55864,1,0.09,0,1),(55865,1,0.09,0,1),(55866,1,0.09,0,1),(55867,1,0.09,0,1),(55868,1,0.09,0,1),(55869,1,0.09,0,1),(55870,1,0.09,0,1),(55871,1,0.09,0,1),(55872,1,0.09,0,1),(55873,1,0.09,0,1),(55874,1,0.09,0,1),(55875,1,0.09,0,1),(55876,1,0.09,0,1),(55877,1,0.09,0,1),(55878,1,0.09,0,1),(55879,1,0.09,0,1),(55880,1,0.09,0,1),(55881,1,0.09,0,1),(55882,1,0.09,0,1),(55883,1,0.09,0,1),(55884,1,0.09,0,1),(55885,1,0,0,1),(55886,1,0.09,0,1),(55887,1,0,0,1),(55888,1,0.09,0,1),(55889,1,0.09,0,1),(55890,1,0.09,0,1),(55891,1,0.09,0,1),(55892,1,0.09,0,1),(55893,1,0.09,0,1),(55894,1,0.09,0,1),(55895,1,0.09,0,1),(55896,1,0.09,0,1),(55897,1,0.09,0,1),(55898,1,0.09,0,1),(55899,1,0.09,0,1),(55900,1,0.09,0,1),(55901,1,0.09,0,1),(55902,1,0.09,0,1),(55903,1,0.09,0,1),(55904,1,0.09,0,1),(55905,1,0.09,0,1),(55906,1,0.09,0,1),(55907,1,0.09,0,1),(55908,1,0.09,0,1),(55909,1,0.09,0,1),(55910,1,0.09,0,1),(55911,1,0.09,0,1),(55912,1,0,0,1),(55913,1,0,0,1),(55914,1,0,0,1),(55915,1,0.09,0,1),(55916,1,0,0,1),(55917,1,0.09,0,1),(55918,1,0,0,1),(55919,1,0.09,0,1),(55920,1,0.09,0,1),(55921,1,0.09,0,1),(55922,1,0.09,0,1),(55923,1,0.09,0,1),(55924,1,0.09,0,1),(55925,1,0.09,0,1),(55926,1,0.09,0,1),(55927,1,0.09,0,1),(55928,1,0.09,0,1),(55929,1,0.09,0,1),(55930,1,0.09,0,1),(55931,1,0.09,0,1),(55932,1,0.09,0,1),(55933,1,0.09,0,1),(55934,1,0.09,0,1),(55935,1,0.09,0,1),(55936,1,0.09,0,1),(55937,1,0.09,0,1),(55938,1,0,0,1),(55939,1,0,0,1),(55940,1,0.09,0,1),(55941,1,0.09,0,1),(55942,1,0.09,0,1),(55943,1,0,0,1),(55944,1,0.09,0,1),(55945,1,0.09,0,1),(55946,1,0.09,0,1),(55947,1,0.09,0,1),(55948,1,0,0,1),(55949,1,0.09,0,1),(55950,1,0.09,0,1),(55951,1,0.09,0,1),(55952,1,0.09,0,1),(55953,1,0.09,0,1),(55954,1,0.09,0,1),(55955,1,0.09,0,1),(55956,1,0,0,1),(55957,1,0,0,1),(55958,1,0.09,0,1),(55959,1,0.09,0,1),(55960,1,0.09,0,1),(55961,1,0.09,0,1),(55962,1,0.09,0,1),(55963,1,0.09,0,1),(55964,1,0.09,0,1),(55965,1,0.09,0,1),(55966,1,0.09,0,1),(55967,1,0.09,0,1),(55968,1,0.09,0,1),(55969,1,0,0,1),(55970,1,0,0,1),(55971,1,0,0,1),(55972,1,0,0,1),(55973,1,0,0,1),(55974,1,0,0,1),(55975,1,0.09,0,1),(55976,1,0.09,0,1),(55977,1,0.09,0,1),(55978,1,0.09,0,1),(55979,1,0.09,0,1),(55980,1,0,0,1),(55981,1,0.09,0,1),(55982,1,0.09,0,1),(55983,1,0.09,0,1),(55984,1,0.09,0,1),(55985,1,0.09,0,1),(55986,1,0.09,0,1),(55987,1,0.09,0,1),(55988,1,0.09,0,1),(55989,1,0.09,0,1),(55990,1,0,0,1),(55991,1,0.09,0,1),(55992,1,0.09,0,1),(55993,1,0.09,0,1),(55994,1,0.09,0,1),(55995,1,0.09,0,1),(55996,1,0.09,0,1),(55997,1,0,0,1),(55998,1,0.09,0,1),(55999,1,0,0,1),(56000,1,0.09,0,1),(56001,1,0.09,0,1),(56002,1,0.09,0,1),(56003,1,0.09,0,1),(56004,1,0.09,0,1),(56005,1,0.09,0,1),(56006,1,0.09,0,1),(56007,1,0.09,0,1),(56008,1,0.09,0,1),(56009,1,0.09,0,1),(56010,1,0.09,0,1),(56011,1,0.09,0,1),(56012,1,0.09,0,1),(56013,1,0.09,0,1),(56014,1,0.09,0,1),(56015,1,0.09,0,1),(56016,1,0.09,0,1),(56017,1,0.09,0,1),(56018,1,0.09,0,1),(56019,1,0.09,0,1),(56020,1,0.09,0,1),(56021,1,0.09,0,1),(56022,1,0.09,0,1),(56023,1,0.09,0,1),(56024,1,0,0,1),(56025,1,0,0,1),(56026,1,0.09,0,1),(56027,1,0.09,0,1),(56028,1,0.09,0,1),(56029,1,0.09,0,1),(56030,1,0.09,0,1),(56031,1,0,0,1),(56032,1,0.09,0,1),(56033,1,0.09,0,1),(56034,1,0.09,0,1),(56035,1,0,0,1),(56036,1,0.09,0,1),(56037,1,0.09,0,1),(56038,1,0.09,0,1),(56039,1,0.09,0,1),(56040,1,0.09,0,1),(56041,1,0.09,0,1),(56042,1,0.09,0,1),(56043,1,0.09,0,1),(56044,1,0.09,0,1),(56045,1,0.09,0,1),(56046,1,0.09,0,1),(56047,1,0.09,0,1),(56048,1,0.09,0,1),(56049,1,0.09,0,1),(56050,1,0.09,0,1),(56051,1,0.09,0,1),(56052,1,0.09,0,1),(56053,1,0,0,1),(56054,1,0,0,1),(56055,1,0.09,0,1),(56056,1,0,0,1),(56057,1,0.09,0,1),(56058,1,0.09,0,1),(56059,1,0.09,0,1),(56060,1,0.09,0,1),(56061,1,0.09,0,1),(56062,1,0.09,0,1),(56063,1,0.09,0,1),(56064,1,0,0,1),(56065,1,0.09,0,1),(56066,1,0.09,0,1),(56067,1,0.09,0,1),(56068,1,0.09,0,1),(56069,1,0.09,0,1),(56070,1,0.09,0,1),(56071,1,0.09,0,1),(56072,1,0.09,0,1),(56073,1,0.09,0,1),(56074,1,0.09,0,1),(56075,1,0.09,0,1),(56076,1,0,0,1),(56077,1,0.09,0,1),(56078,1,0.09,0,1),(56079,1,0.09,0,1),(56080,1,0.09,0,1),(56081,1,0.09,0,1),(56082,1,0.09,0,1),(56083,1,0.09,0,1),(56084,1,0.09,0,1),(56085,1,0.09,0,1),(56086,1,0.09,0,1),(56087,1,0.09,0,1),(56088,1,0.09,0,1),(56089,1,0.09,0,1),(56090,1,0,0,1),(56091,1,0.09,0,1),(56092,1,0.09,0,1),(56093,1,0.09,0,1),(56094,1,0.09,0,1),(56095,1,0.09,0,1),(56096,1,0.09,0,1),(56097,1,0.09,0,1),(56098,1,0.09,0,1),(56099,1,0.09,0,1),(56100,1,0.09,0,1),(56101,1,0.09,0,1),(56102,1,0.09,0,1),(56103,1,0.09,0,1),(56104,1,0.09,0,1),(56105,1,0.09,0,1),(56106,1,0.09,0,1),(56107,1,0.09,0,1),(56108,1,0.09,0,1),(56109,1,0.09,0,1),(56110,1,0,0,1),(56111,1,0.09,0,1),(56112,1,0,0,1),(56113,1,0.09,0,1),(56114,1,0.09,0,1),(56115,1,0.09,0,1),(56116,1,0.09,0,1),(56117,1,0.09,0,1),(56118,1,0.09,0,1),(56119,1,0.09,0,1),(56120,1,0.09,0,1),(56121,1,0.09,0,1),(56122,1,0.09,0,1),(56123,1,0.09,0,1),(56124,1,0.09,0,1),(56125,1,0.09,0,1),(56126,1,0.09,0,1),(56127,1,0,0,1),(56128,1,0,0,1),(56129,1,0.09,0,1),(56130,1,0.09,0,1),(56131,1,0.09,0,1),(56132,1,0.09,0,1),(56133,1,0.09,0,1),(56134,1,0.09,0,1),(56135,1,0.09,0,1),(56136,1,0.09,0,1),(56137,1,0.09,0,1),(56138,1,0.09,0,1),(56139,1,0,0,1),(56140,1,0,0,1),(56141,1,0.09,0,1),(56142,1,0,0,1),(56143,1,0.09,0,1),(56144,1,0.09,0,1),(56145,1,0.09,0,1),(56146,1,0.09,0,1),(56147,1,0.09,0,1),(56148,1,0.09,0,1),(56149,1,0.09,0,1),(56150,1,0.09,0,1),(56151,1,0.09,0,1),(56152,1,0.09,0,1),(56153,1,0.09,0,1),(56154,1,0.09,0,1),(56155,1,0.09,0,1),(56156,1,0.09,0,1),(56157,1,0.09,0,1),(56158,1,0.09,0,1),(56159,1,0.09,0,1),(56160,1,0.09,0,1),(56161,1,0.09,0,1),(56162,1,0.09,0,1),(56163,1,0,0,1),(56164,1,0.09,0,1),(56165,1,0,0,1),(56166,1,0.09,0,1),(56167,1,0,0,1),(56168,1,0.09,0,1),(56169,1,0.09,0,1),(56170,1,0,0,1),(56171,1,0,0,1),(56172,1,0.09,0,1),(56173,1,0.09,0,1),(56174,1,0.09,0,1),(56175,1,0.09,0,1),(56176,1,0.09,0,1),(56177,1,0.09,0,1),(56178,1,0,0,1),(56179,1,0.09,0,1),(56180,1,0.09,0,1),(56181,1,0.09,0,1),(56182,1,0,0,1),(56183,1,0.09,0,1),(56184,1,0,0,1),(56185,1,0.09,0,1),(56186,1,0,0,1),(56187,1,0,0,1),(56188,1,0.09,0,1),(56189,1,0.09,0,1),(56190,1,0.09,0,1),(56191,1,0.09,0,1),(56192,1,0.09,0,1),(56193,1,0.09,0,1),(56194,1,0.09,0,1),(56195,1,0.09,0,1),(56196,1,0.09,0,1),(56197,1,0.09,0,1),(56198,1,0.09,0,1),(56199,1,0.09,0,1),(56200,1,0.09,0,1),(56201,1,0.09,0,1),(56202,1,0.09,0,1),(56203,1,0.09,0,1),(56204,1,0.09,0,1),(56205,1,0.09,0,1),(56206,1,0.09,0,1),(56207,1,0.09,0,1),(56208,1,0.09,0,1),(56209,1,0.09,0,1),(56210,1,0.09,0,1),(56211,1,0.09,0,1),(56212,1,0.09,0,1),(56213,1,0.09,0,1),(56214,1,0.09,0,1),(56215,1,0.09,0,1),(56216,1,0.09,0,1),(56217,1,0.09,0,1),(56218,1,0.09,0,1),(56219,1,0.09,0,1),(56220,1,0.09,0,1),(56221,1,0.09,0,1),(56222,1,0.09,0,1),(56223,1,0,0,1),(56224,1,0,0,1),(56225,1,0.09,0,1),(56226,1,0.09,0,1),(56227,1,0.09,0,1),(56228,1,0.09,0,1),(56229,1,0.09,0,1),(56230,1,0,0,1),(56231,1,0.09,0,1),(56232,1,0.09,0,1),(56233,1,0.09,0,1),(56234,1,0.09,0,1),(56235,1,0,0,1),(56236,1,0,0,1),(56237,1,0.09,0,1),(56238,1,0.09,0,1),(56239,1,0,0,1),(56240,1,0.09,0,1),(56241,1,0.09,0,1),(56242,1,0.09,0,1),(56243,1,0.09,0,1),(56244,1,0.09,0,1),(56245,1,0.09,0,1),(56246,1,0.09,0,1),(56247,1,0.09,0,1),(56248,1,0.09,0,1),(56249,1,0.09,0,1),(56250,1,0.09,0,1),(56251,1,0.09,0,1),(56252,1,0.09,0,1),(56253,1,0.09,0,1),(56254,1,0.09,0,1),(56255,1,0.09,0,1),(56256,1,0,0,1),(56257,1,0.09,0,1),(56258,1,0.09,0,1),(56259,1,0.09,0,1),(56260,1,0.09,0,1),(56261,1,0.09,0,1),(56262,1,0.09,0,1),(56263,1,0.09,0,1),(56264,1,0.09,0,1),(56265,1,0.09,0,1),(56266,1,0.09,0,1),(56267,1,0.09,0,1),(56268,1,0.09,0,1),(56269,1,0.09,0,1),(56270,1,0,0,1),(56271,1,0.09,0,1),(56272,1,0.09,0,1),(56273,1,0.09,0,1),(56274,1,0.09,0,1),(56275,1,0.09,0,1),(56276,1,0.09,0,1),(56277,1,0.09,0,1),(56278,1,0.09,0,1),(56279,1,0.09,0,1),(56280,1,0.09,0,1),(56281,1,0.09,0,1),(56282,1,0.09,0,1),(56283,1,0.09,0,1),(56284,1,0.09,0,1),(56285,1,0.09,0,1),(56286,1,0.09,0,1),(56287,1,0.09,0,1),(56288,1,0.09,0,1),(56289,1,0.09,0,1),(56290,1,0.09,0,1),(56291,1,0.09,0,1),(56292,1,0.09,0,1),(56293,1,0.09,0,1),(56294,1,0.09,0,1),(56295,1,0.09,0,1),(56296,1,0.09,0,1),(56297,1,0.09,0,1),(56298,1,0.09,0,1),(56299,1,0,0,1),(56300,1,0.09,0,1),(56301,1,0.09,0,1),(56302,1,0,0,1),(56303,1,0,0,1),(56304,1,0.09,0,1),(56305,1,0,0,1),(56306,1,0.09,0,1),(56307,1,0,0,1),(56308,1,0,0,1),(56309,1,0.09,0,1),(56310,1,0,0,1),(56311,1,0.09,0,1),(56312,1,0.09,0,1),(56313,1,0.09,0,1),(56314,1,0,0,1),(56315,1,0.09,0,1),(56316,1,0.09,0,1),(56317,1,0,0,1),(56318,1,0.09,0,1),(56319,1,0.09,0,1),(56320,1,0.09,0,1),(56321,1,0.09,0,1),(56322,1,0.09,0,1),(56323,1,0.09,0,1),(56324,1,0.09,0,1),(56325,1,0.09,0,1),(56326,1,0.09,0,1),(56327,1,0,0,1),(56328,1,0,0,1),(56329,1,0.09,0,1),(56330,1,0.09,0,1),(56331,1,0.09,0,1),(56332,1,0.09,0,1),(56333,1,0.09,0,1),(56334,1,0.09,0,1),(56335,1,0.09,0,1),(56336,1,0.09,0,1),(56337,1,0.09,0,1),(56338,1,0.09,0,1),(56339,1,0.09,0,1),(56340,1,0.09,0,1),(56341,1,0.09,0,1),(56342,1,0.09,0,1),(56343,1,0,0,1),(56344,1,0.09,0,1),(56345,1,0.09,0,1),(56346,1,0.09,0,1),(56347,1,0.09,0,1),(56348,1,0.09,0,1),(56349,1,0.09,0,1),(56350,1,0.09,0,1),(56351,1,0.09,0,1),(56352,1,0.09,0,1),(56353,1,0.09,0,1),(56354,1,0.09,0,1),(56355,1,0.09,0,1),(56356,1,0.09,0,1),(56357,1,0.09,0,1),(56358,1,0.09,0,1),(56359,1,0.09,0,1),(56360,1,0.09,0,1),(56361,1,0.09,0,1),(56362,1,0.09,0,1),(56363,1,0.09,0,1),(56364,1,0.09,0,1),(56365,1,0,0,1),(56366,1,0.09,0,1),(56367,1,0,0,1),(56368,1,0,0,1),(56369,1,0.09,0,1),(56370,1,0.09,0,1),(56371,1,0,0,1),(56372,1,0,0,1),(56373,1,0.09,0,1),(56374,1,0.09,0,1),(56375,1,0.09,0,1),(56376,1,0.09,0,1),(56377,1,0.09,0,1),(56378,1,0.09,0,1),(56379,1,0.09,0,1),(56380,1,0,0,1),(56381,1,0,0,1),(56382,1,0,0,1),(56383,1,0,0,1),(56384,1,0,0,1),(56385,1,0.09,0,1),(56386,1,0,0,1),(56387,1,0,0,1),(56388,1,0,0,1),(56389,1,0,0,1),(56390,1,0,0,1),(56391,1,0.09,0,1),(56392,1,0.09,0,1),(56393,1,0.09,0,1),(56394,1,0.09,0,1),(56395,1,0.09,0,1),(56396,1,0,0,1),(56397,1,0,0,1),(56398,1,0.09,0,1),(56399,1,0.09,0,1),(56400,1,0.09,0,1),(56401,1,0.09,0,1),(56402,1,0.09,0,1),(56403,1,0.09,0,1),(56404,1,0.09,0,1),(56405,1,0.09,0,1),(56406,1,0,0,1),(56407,1,0,0,1),(56408,1,0,0,1),(56409,1,0.09,0,1),(56410,1,0,0,1),(56411,1,0.09,0,1),(56412,1,0.09,0,1),(56413,1,0.09,0,1),(56414,1,0.09,0,1),(56415,1,0.09,0,1),(56416,1,0.09,0,1),(56417,1,0.09,0,1),(56418,1,0.09,0,1),(56419,1,0.09,0,1),(56420,1,0.09,0,1),(56421,1,0.09,0,1),(56422,1,0.09,0,1),(56423,1,0.09,0,1),(56424,1,0.09,0,1),(56425,1,0.09,0,1),(56426,1,0.09,0,1),(56427,1,0.09,0,1),(56428,1,0.09,0,1),(56429,1,0.09,0,1),(56430,1,0.09,0,1),(56431,1,0.09,0,1),(56432,1,0.09,0,1),(56433,1,0.09,0,1),(56434,1,0.09,0,1),(56435,1,0.09,0,1),(56436,1,0.09,0,1),(56437,1,0.09,0,1),(56438,1,0.09,0,1),(56439,1,0.09,0,1),(56440,1,0.09,0,1),(56441,1,0.09,0,1),(56442,1,0.09,0,1),(56443,1,0.09,0,1),(56444,1,0.09,0,1),(56445,1,0,0,1),(56446,1,0.09,0,1),(56447,1,0.09,0,1),(56448,1,0.09,0,1),(56449,1,0.09,0,1),(56450,1,0.09,0,1),(56451,1,0.09,0,1),(56452,1,0.09,0,1),(56453,1,0.09,0,1),(56454,1,0.09,0,1),(56455,1,0,0,1),(56456,1,0,0,1),(56457,1,0.09,0,1),(56458,1,0.09,0,1),(56459,1,0,0,1),(56460,1,0.09,0,1),(56461,1,0.09,0,1),(56462,1,0.09,0,1),(56463,1,0.09,0,1),(56464,1,0.09,0,1),(56465,1,0.09,0,1),(56466,1,0.09,0,1),(56467,1,0.09,0,1),(56468,1,0.09,0,1),(56469,1,0.09,0,1),(56470,1,0.09,0,1),(56471,1,0.09,0,1),(56472,1,0.09,0,1),(56473,1,0.09,0,1),(56474,1,0,0,1),(56475,1,0.09,0,1),(56476,1,0.09,0,1),(56477,1,0.09,0,1),(56478,1,0.09,0,1),(56479,1,0.09,0,1),(56480,1,0.09,0,1),(56481,1,0.09,0,1),(56482,1,0.09,0,1),(56483,1,0.09,0,1),(56484,1,0.09,0,1),(56485,1,0.09,0,1),(56486,1,0.09,0,1),(56487,1,0.09,0,1),(56488,1,0.09,0,1),(56489,1,0.09,0,1),(56490,1,0.09,0,1),(56491,1,0,0,1),(56492,1,0.09,0,1),(56493,1,0.09,0,1),(56494,1,0.09,0,1),(56495,1,0.09,0,1),(56496,1,0.09,0,1),(56497,1,0.09,0,1),(56498,1,0.09,0,1),(56499,1,0,0,1),(56500,1,0,0,1),(56501,1,0.09,0,1),(56502,1,0.09,0,1),(56503,1,0.09,0,1),(56504,1,0.09,0,1),(56505,1,0.09,0,1),(56506,1,0.09,0,1),(56507,1,0.09,0,1),(56508,1,0.09,0,1),(56509,1,0.09,0,1),(56510,1,0.09,0,1),(56511,1,0.09,0,1),(56512,1,0.09,0,1),(56513,1,0.09,0,1),(56514,1,0.09,0,1),(56515,1,0.09,0,1),(56516,1,0.09,0,1),(56517,1,0.09,0,1),(56518,1,0.09,0,1),(56519,1,0.09,0,1),(56520,1,0,0,1),(56521,1,0.09,0,1),(56522,1,0.09,0,1),(56523,1,0.09,0,1),(56524,1,0.09,0,1),(56525,1,0.09,0,1),(56526,1,0,0,1),(56527,1,0.09,0,1),(56528,1,0.09,0,1),(56529,1,0.09,0,1),(56530,1,0,0,1),(56531,1,0.09,0,1),(56532,1,0.09,0,1),(56533,1,0.09,0,1),(56534,1,0,0,1),(56535,1,0,0,1),(56536,1,0.09,0,1),(56537,1,0.09,0,1),(56538,1,0,0,1),(56539,1,0,0,1),(56540,1,0.09,0,1),(56541,1,0,0,1),(56542,1,0.09,0,1),(56543,1,0.09,0,1),(56544,1,0.09,0,1),(56545,1,0.09,0,1),(56546,1,0.09,0,1),(56547,1,0.09,0,1),(56548,1,0,0,1),(56549,1,0,0,1),(56550,1,0.09,0,1),(56551,1,0.09,0,1),(56552,1,0.09,0,1),(56553,1,0,0,1),(56554,1,0.09,0,1),(56555,1,0.09,0,1),(56556,1,0.09,0,1),(56557,1,0.09,0,1),(56558,1,0.09,0,1),(56559,1,0,0,1),(56560,1,0.09,0,1),(56561,1,0.09,0,1),(56562,1,0.09,0,1),(56563,1,0,0,1),(56564,1,0.09,0,1),(56565,1,0.09,0,1),(56566,1,0.09,0,1),(56567,1,0.09,0,1),(56568,1,0.09,0,1),(56569,1,0.09,0,1),(56570,1,0.09,0,1),(56571,1,0.09,0,1),(56572,1,0.09,0,1),(56573,1,0.09,0,1),(56574,1,0.09,0,1),(56575,1,0.09,0,1),(56576,1,0.09,0,1),(56577,1,0.09,0,1),(56578,1,0.09,0,1),(56579,1,0.09,0,1),(56580,1,0.09,0,1),(56581,1,0.09,0,1),(56582,1,0.09,0,1),(56583,1,0.09,0,1),(56584,1,0.09,0,1),(56585,1,0,0,1),(56586,1,0.09,0,1),(56587,1,0,0,1),(56588,1,0.09,0,1),(56589,1,0.09,0,1),(56590,1,0.09,0,1),(56591,1,0.09,0,1),(56592,1,0,0,1),(56593,1,0.09,0,1),(56594,1,0.09,0,1),(56595,1,0,0,1),(56596,1,0.09,0,1),(56597,1,0.09,0,1),(56598,1,0,0,1),(56599,1,0.09,0,1),(56600,1,0.09,0,1),(56601,1,0.09,0,1),(56602,1,0.09,0,1),(56603,1,0.09,0,1),(56604,1,0.09,0,1),(56605,1,0.09,0,1),(56606,1,0.09,0,1),(56607,1,0.09,0,1),(56608,1,0.09,0,1),(56609,1,0.09,0,1),(56610,1,0,0,1),(56611,1,0,0,1),(56612,1,0.09,0,1),(56613,1,0.09,0,1),(56614,1,0.09,0,1),(56615,1,0.09,0,1),(56616,1,0.09,0,1),(56617,1,0.09,0,1),(56618,1,0.09,0,1),(56619,1,0.09,0,1),(56620,1,0.09,0,1),(56621,1,0.09,0,1),(56622,1,0.09,0,1),(56623,1,0.09,0,1),(56624,1,0.09,0,1),(56625,1,0.09,0,1),(56626,1,0.09,0,1),(56627,1,0.09,0,1),(56628,1,0,0,1),(56629,1,0,0,1),(56630,1,0,0,1),(56631,1,0.09,0,1),(56632,1,0.09,0,1),(56633,1,0.09,0,1),(56634,1,0.09,0,1),(56635,1,0.09,0,1),(56636,1,0.09,0,1),(56637,1,0.09,0,1),(56638,1,0.09,0,1),(56639,1,0.09,0,1),(56640,1,0.09,0,1),(56641,1,0.09,0,1),(56642,1,0.09,0,1),(56643,1,0.09,0,1),(56644,1,0.09,0,1),(56645,1,0.09,0,1),(56646,1,0.09,0,1),(56647,1,0,0,1),(56648,1,0,0,1),(56649,1,0.09,0,1),(56650,1,0.09,0,1),(56651,1,0.09,0,1),(56652,1,0,0,1),(56653,1,0.09,0,1),(56654,1,0.09,0,1),(56655,1,0.09,0,1),(56656,1,0,0,1),(56657,1,0,0,1),(56658,1,0.09,0,1),(56659,1,0.09,0,1),(56660,1,0.09,0,1),(56661,1,0.09,0,1),(56662,1,0.09,0,1),(56663,1,0,0,1),(56664,1,0,0,1),(56665,1,0.09,0,1),(56666,1,0.09,0,1),(56667,1,0.09,0,1),(56668,1,0,0,1),(56669,1,0.09,0,1),(56670,1,0.09,0,1),(56671,1,0.09,0,1),(56672,1,0.09,0,1),(56673,1,0.09,0,1),(56674,1,0.09,0,1),(56675,1,0.09,0,1),(56676,1,0.09,0,1),(56677,1,0.09,0,1),(56678,1,0.09,0,1),(56679,1,0.09,0,1),(56680,1,0.09,0,1),(56681,1,0.09,0,1),(56682,1,0.09,0,1),(56683,1,0.09,0,1),(56684,1,0.09,0,1),(56685,1,0.09,0,1),(56686,1,0.09,0,1),(56687,1,0.09,0,1),(56688,1,0.09,0,1),(56689,1,0.09,0,1),(56690,1,0.09,0,1),(56691,1,0.09,0,1),(56692,1,0,0,1),(56693,1,0.09,0,1),(56694,1,0.09,0,1),(56695,1,0.09,0,1),(56696,1,0.09,0,1),(56697,1,0.09,0,1),(56698,1,0,0,1),(56699,1,0.09,0,1),(56700,1,0.09,0,1),(56701,1,0.09,0,1),(56702,1,0.09,0,1),(56703,1,0.09,0,1),(56704,1,0.09,0,1),(56705,1,0.09,0,1),(56706,1,0.09,0,1),(56707,1,0,0,1),(56708,1,0.09,0,1),(56709,1,0,0,1),(56710,1,0,0,1),(56711,1,0.09,0,1),(56712,1,0.09,0,1),(56713,1,0,0,1),(56714,1,0.09,0,1),(56715,1,0.09,0,1),(56716,1,0.09,0,1),(56717,1,0.09,0,1),(56718,1,0.09,0,1),(56719,1,0,0,1),(56720,1,0,0,1),(56721,1,0.09,0,1),(56722,1,0.09,0,1),(56723,1,0.09,0,1),(56724,1,0.09,0,1),(56725,1,0.09,0,1),(56726,1,0,0,1),(56727,1,0.09,0,1),(56728,1,0.09,0,1),(56729,1,0.09,0,1),(56730,1,0.09,0,1),(56731,1,0.09,0,1),(56732,1,0,0,1),(56733,1,0.09,0,1),(56734,1,0.09,0,1),(56735,1,0.09,0,1),(56736,1,0.09,0,1),(56737,1,0.09,0,1),(56738,1,0.09,0,1),(56739,1,0.09,0,1),(56740,1,0.09,0,1),(56741,1,0.09,0,1),(56742,1,0.09,0,1),(56743,1,0.09,0,1),(56744,1,0.09,0,1),(56745,1,0.09,0,1),(56746,1,0.09,0,1),(56747,1,0.09,0,1),(56748,1,0,0,1),(56749,1,0.09,0,1),(56750,1,0.09,0,1),(56751,1,0.09,0,1),(56752,1,0.09,0,1),(56753,1,0.09,0,1),(56754,1,0.09,0,1),(56755,1,0.09,0,1),(56756,1,0.09,0,1),(56757,1,0,0,1),(56758,1,0,0,1),(56759,1,0,0,1),(56760,1,0.09,0,1),(56761,1,0.09,0,1),(56762,1,0.09,0,1),(56763,1,0.09,0,1),(56764,1,0.09,0,1),(56765,1,0.09,0,1),(56766,1,0,0,1),(56767,1,0,0,1),(56768,1,0.09,0,1),(56769,1,0.09,0,1),(56770,1,0.09,0,1),(56771,1,0.09,0,1),(56772,1,0.09,0,1),(56773,1,0.09,0,1),(56774,1,0.09,0,1),(56775,1,0.09,0,1),(56776,1,0.09,0,1),(56777,1,0.09,0,1),(56778,1,0.09,0,1),(56779,1,0.09,0,1),(56780,1,0.09,0,1),(56781,1,0.09,0,1),(56782,1,0.09,0,1),(56783,1,0.09,0,1),(56784,1,0.09,0,1),(56785,1,0,0,1),(56786,1,0.09,0,1),(56787,1,0.09,0,1),(56788,1,0.09,0,1),(56789,1,0.09,0,1),(56790,1,0.09,0,1),(56791,1,0.09,0,1),(56792,1,0.09,0,1),(56793,1,0,0,1),(56794,1,0,0,1),(56795,1,0,0,1),(56796,1,0,0,1),(56797,1,0.09,0,1),(56798,1,0,0,1),(56799,1,0,0,1),(56800,1,0,0,1),(56801,1,0,0,1),(56802,1,0.09,0,1),(56803,1,0.09,0,1),(56804,1,0.09,0,1),(56805,1,0,0,1),(56806,1,0.09,0,1),(56807,1,0.09,0,1),(56808,1,0,0,1),(56809,1,0,0,1),(56810,1,0.09,0,1),(56811,1,0,0,1),(56812,1,0.09,0,1),(56813,1,0.09,0,1),(56814,1,0.09,0,1),(56815,1,0.09,0,1),(56816,1,0.09,0,1),(56817,1,0.09,0,1),(56818,1,0.09,0,1),(56819,1,0.09,0,1),(56820,1,0.09,0,1),(56821,1,0.09,0,1),(56822,1,0.09,0,1),(56823,1,0.09,0,1),(56824,1,0.09,0,1),(56825,1,0,0,1),(56826,1,0.09,0,1),(56827,1,0,0,1),(56828,1,0.09,0,1),(56829,1,0,0,1),(56830,1,0.09,0,1),(56831,1,0.09,0,1),(56832,1,0,0,1),(56833,1,0.09,0,1),(56834,1,0,0,1),(56835,1,0.09,0,1),(56836,1,0.09,0,1),(56837,1,0,0,1),(56838,1,0.09,0,1),(56839,1,0,0,1),(56840,1,0.09,0,1),(56841,1,0,0,1),(56842,1,0.09,0,1),(56843,1,0.09,0,1),(56844,1,0.09,0,1),(56845,1,0.09,0,1),(56846,1,0.09,0,1),(56847,1,0.09,0,1),(56848,1,0.09,0,1),(56849,1,0.09,0,1),(56850,1,0.09,0,1),(56851,1,0.09,0,1),(56852,1,0.09,0,1),(56853,1,0.09,0,1),(56854,1,0.09,0,1),(56855,1,0.09,0,1),(56856,1,0,0,1),(56857,1,0.09,0,1),(56858,1,0.09,0,1),(56859,1,0,0,1),(56860,1,0.09,0,1),(56861,1,0.09,0,1),(56862,1,0.09,0,1),(56863,1,0,0,1),(56864,1,0,0,1),(56865,1,0.09,0,1),(56866,1,0,0,1),(56867,1,0.09,0,1),(56868,1,0.09,0,1),(56869,1,0,0,1),(56870,1,0.09,0,1),(56871,1,0.09,0,1),(56872,1,0.09,0,1),(56873,1,0,0,1),(56874,1,0,0,1),(56875,1,0.09,0,1),(56876,1,0.09,0,1),(56877,1,0.09,0,1),(56878,1,0,0,1),(56879,1,0,0,1),(56880,1,0.09,0,1),(56881,1,0.09,0,1),(56882,1,0,0,1),(56883,1,0.09,0,1),(56884,1,0,0,1),(56885,1,0.09,0,1),(56886,1,0.09,0,1),(56887,1,0.09,0,1),(56888,1,0.09,0,1),(56889,1,0.09,0,1),(56890,1,0.09,0,1),(56891,1,0.09,0,1),(56892,1,0.09,0,1),(56893,1,0.09,0,1),(56894,1,0.09,0,1),(56895,1,0.09,0,1),(56896,1,0.09,0,1),(56897,1,0.09,0,1),(56898,1,0.09,0,1),(56899,1,0.09,0,1),(56900,1,0.09,0,1),(56901,1,0.09,0,1),(56902,1,0.09,0,1),(56903,1,0.09,0,1),(56904,1,0.09,0,1),(56905,1,0.09,0,1),(56906,1,0.09,0,1),(56907,1,0.09,0,1),(56908,1,0.09,0,1),(56909,1,0.09,0,1),(56910,1,0.09,0,1),(56911,1,0.09,0,1),(56912,1,0.09,0,1),(56913,1,0.09,0,1),(56914,1,0.09,0,1),(56915,1,0.09,0,1),(56916,1,0.09,0,1),(56917,1,0.09,0,1),(56918,1,0.09,0,1),(56919,1,0.09,0,1),(56920,1,0.09,0,1),(56921,1,0,0,1),(56922,1,0,0,1),(56923,1,0.09,0,1),(56924,1,0.09,0,1),(56925,1,0.09,0,1),(56926,1,0,0,1),(56927,1,0,0,1),(56928,1,0.09,0,1),(56929,1,0.09,0,1),(56930,1,0.09,0,1),(56931,1,0.09,0,1),(56932,1,0.09,0,1),(56933,1,0,0,1),(56934,1,0.09,0,1),(56935,1,0.09,0,1),(56936,1,0,0,1),(56937,1,0,0,1),(56938,1,0.09,0,1),(56939,1,0,0,1),(56940,1,0,0,1),(56941,1,0.09,0,1),(56942,1,0.09,0,1),(56943,1,0.09,0,1),(56944,1,0.09,0,1),(56945,1,0,0,1),(56946,1,0.09,0,1),(56947,1,0.09,0,1),(56948,1,0,0,1),(56949,1,0,0,1),(56950,1,0.09,0,1),(56951,1,0.09,0,1),(56952,1,0.09,0,1),(56953,1,0.09,0,1),(56954,1,0.09,0,1),(56955,1,0.09,0,1),(56956,1,0.09,0,1),(56957,1,0,0,1),(56958,1,0,0,1),(56959,1,0.09,0,1),(56960,1,0.09,0,1),(56961,1,0.09,0,1),(56962,1,0.09,0,1),(56963,1,0.09,0,1),(56964,1,0.09,0,1),(56965,1,0,0,1),(56966,1,0.09,0,1),(56967,1,0.09,0,1),(56968,1,0.09,0,1),(56969,1,0,0,1),(56970,1,0.09,0,1),(56971,1,0.09,0,1),(56972,1,0.09,0,1),(56973,1,0.09,0,1),(56974,1,0.09,0,1),(56975,1,0.09,0,1),(56976,1,0.09,0,1),(56977,1,0.09,0,1),(56978,1,0.09,0,1),(56979,1,0.09,0,1),(56980,1,0,0,1),(56981,1,0.09,0,1),(56982,1,0,0,1),(56983,1,0.09,0,1),(56984,1,0.09,0,1),(56985,1,0,0,1),(56986,1,0.09,0,1),(56987,1,0.09,0,1),(56988,1,0.09,0,1),(56989,1,0.09,0,1),(56990,1,0.09,0,1),(56991,1,0.09,0,1),(56992,1,0.09,0,1),(56993,1,0.09,0,1),(56994,1,0.09,0,1),(56995,1,0.09,0,1),(56996,1,0,0,1),(56997,1,0.09,0,1),(56998,1,0,0,1),(56999,1,0,0,1),(57000,1,0,0,1),(57001,1,0,0,1),(57002,1,0.09,0,1),(57003,1,0.09,0,1),(57004,1,0.09,0,1),(57005,1,0.09,0,1),(57006,1,0.09,0,1),(57007,1,0,0,1),(57008,1,0.09,0,1),(57009,1,0.09,0,1),(57010,1,0.09,0,1),(57011,1,0.09,0,1),(57012,1,0.09,0,1),(57013,1,0.09,0,1),(57014,1,0.09,0,1),(57015,1,0.09,0,1),(57016,1,0.09,0,1),(57017,1,0.09,0,1),(57018,1,0.09,0,1),(57019,1,0.09,0,1),(57020,1,0.09,0,1),(57021,1,0.09,0,1),(57022,1,0.09,0,1),(57023,1,0.09,0,1),(57024,1,0.09,0,1),(57025,1,0.09,0,1),(57026,1,0.09,0,1),(57027,1,0.09,0,1),(57028,1,0.09,0,1),(57029,1,0.09,0,1),(57030,1,0.09,0,1),(57031,1,0.09,0,1),(57032,1,0.09,0,1),(57033,1,0.09,0,1),(57034,1,0.09,0,1),(57035,1,0.09,0,1),(57036,1,0.09,0,1),(57037,1,0.09,0,1),(57038,1,0.09,0,1),(57039,1,0.09,0,1),(57040,1,0.09,0,1),(57041,1,0.09,0,1),(57042,1,0.09,0,1),(57043,1,0.09,0,1),(57044,1,0.09,0,1),(57045,1,0.09,0,1),(57046,1,0.09,0,1),(57047,1,0.09,0,1),(57048,1,0.09,0,1),(57049,1,0.09,0,1),(57050,1,0.09,0,1),(57051,1,0.09,0,1),(57052,1,0.09,0,1),(57053,1,0.09,0,1),(57054,1,0.09,0,1),(57055,1,0.09,0,1),(57056,1,0.09,0,1),(57057,1,0,0,1),(57058,1,0,0,1),(57059,1,0,0,1),(57060,1,0.09,0,1),(57061,1,0.09,0,1),(57062,1,0.09,0,1),(57063,1,0.09,0,1),(57064,1,0.09,0,1),(57065,1,0.09,0,1),(57066,1,0.09,0,1),(57067,1,0.09,0,1),(57068,1,0.09,0,1),(57069,1,0.09,0,1),(57070,1,0.09,0,1),(57071,1,0.09,0,1),(57072,1,0.09,0,1),(57073,1,0.09,0,1),(57074,1,0.09,0,1),(57075,1,0.09,0,1),(57076,1,0.09,0,1),(57077,1,0,0,1),(57078,1,0,0,1),(57079,1,0.09,0,1),(57080,1,0.09,0,1),(57081,1,0.09,0,1),(57082,1,0.09,0,1),(57083,1,0.09,0,1),(57084,1,0.09,0,1),(57085,1,0.09,0,1),(57086,1,0.09,0,1),(57087,1,0,0,1),(57088,1,0.09,0,1),(57089,1,0,0,1),(57090,1,0.09,0,1),(57091,1,0.09,0,1),(57092,1,0,0,1),(57093,1,0,0,1),(57094,1,0.09,0,1),(57095,1,0.09,0,1),(57096,1,0.09,0,1),(57097,1,0.09,0,1),(57098,1,0.09,0,1),(57099,1,0.09,0,1),(57100,1,0,0,1),(57101,1,0,0,1),(57102,1,0.09,0,1),(57103,1,0.09,0,1),(57104,1,0,0,1),(57105,1,0.09,0,1),(57106,1,0.09,0,1),(57107,1,0.09,0,1),(57108,1,0.09,0,1),(57109,1,0.09,0,1),(57110,1,0.09,0,1),(57111,1,0.09,0,1),(57112,1,0.09,0,1),(57113,1,0.09,0,1),(57114,1,0.09,0,1),(57115,1,0.09,0,1),(57116,1,0.09,0,1),(57117,1,0.09,0,1),(57118,1,0.09,0,1),(57119,1,0.09,0,1),(57120,1,0.09,0,1),(57121,1,0.09,0,1),(57122,1,0.09,0,1),(57123,1,0.09,0,1),(57124,1,0.09,0,1);

--
-- Table structure for table `stockrequest`
--

CREATE TABLE `stockrequest` (
  `dispatchid` int(11) NOT NULL AUTO_INCREMENT,
  `loccode` varchar(5) NOT NULL DEFAULT '',
  `departmentid` int(11) NOT NULL DEFAULT '0',
  `despatchdate` date NOT NULL DEFAULT '0000-00-00',
  `authorised` tinyint(4) NOT NULL DEFAULT '0',
  `closed` tinyint(4) NOT NULL DEFAULT '0',
  `narrative` text NOT NULL,
  PRIMARY KEY (`dispatchid`),
  KEY `loccode` (`loccode`),
  KEY `departmentid` (`departmentid`),
  KEY `loccode_2` (`loccode`),
  KEY `departmentid_2` (`departmentid`)
) ENGINE=InnoDB AUTO_INCREMENT=2 DEFAULT CHARSET=utf8;

--
-- Dumping data for table `stockrequest`
--

INSERT INTO `stockrequest` VALUES (1,'MEL',1,'2012-09-19',0,0,'');

--
-- Table structure for table `stockrequestitems`
--

CREATE TABLE `stockrequestitems` (
  `dispatchitemsid` int(11) NOT NULL DEFAULT '0',
  `dispatchid` int(11) NOT NULL DEFAULT '0',
  `stockid` varchar(20) NOT NULL DEFAULT '',
  `quantity` double NOT NULL DEFAULT '0',
  `qtydelivered` double NOT NULL DEFAULT '0',
  `decimalplaces` int(11) NOT NULL DEFAULT '0',
  `uom` varchar(20) NOT NULL DEFAULT '',
  `completed` tinyint(4) NOT NULL DEFAULT '0',
  PRIMARY KEY (`dispatchitemsid`),
  KEY `dispatchid` (`dispatchid`),
  KEY `stockid` (`stockid`),
  KEY `dispatchid_2` (`dispatchid`),
  KEY `stockid_2` (`stockid`)
) ENGINE=InnoDB DEFAULT CHARSET=utf8;

--
-- Dumping data for table `stockrequestitems`
--

INSERT INTO `stockrequestitems` VALUES (0,1,'FLOUR',2,0,1,'kgs',0);

--
-- Table structure for table `stockserialitems`
--

CREATE TABLE `stockserialitems` (
  `stockid` varchar(20) NOT NULL DEFAULT '',
  `loccode` varchar(5) NOT NULL DEFAULT '',
  `serialno` varchar(30) NOT NULL DEFAULT '',
  `expirationdate` datetime NOT NULL DEFAULT '0000-00-00 00:00:00',
  `quantity` double NOT NULL DEFAULT '0',
  `qualitytext` text NOT NULL,
  PRIMARY KEY (`stockid`,`serialno`,`loccode`),
  KEY `StockID` (`stockid`),
  KEY `LocCode` (`loccode`),
  KEY `serialno` (`serialno`)
) ENGINE=InnoDB DEFAULT CHARSET=utf8;

--
-- Dumping data for table `stockserialitems`
--


--
-- Table structure for table `stockserialmoves`
--

CREATE TABLE `stockserialmoves` (
  `stkitmmoveno` int(11) NOT NULL AUTO_INCREMENT,
  `stockmoveno` int(11) NOT NULL DEFAULT '0',
  `stockid` varchar(20) NOT NULL DEFAULT '',
  `serialno` varchar(30) NOT NULL DEFAULT '',
  `moveqty` double NOT NULL DEFAULT '0',
  PRIMARY KEY (`stkitmmoveno`),
  KEY `StockMoveNo` (`stockmoveno`),
  KEY `StockID_SN` (`stockid`,`serialno`),
  KEY `serialno` (`serialno`)
) ENGINE=InnoDB DEFAULT CHARSET=utf8;

--
-- Dumping data for table `stockserialmoves`
--


--
-- Table structure for table `suppallocs`
--

CREATE TABLE `suppallocs` (
  `id` int(11) NOT NULL AUTO_INCREMENT,
  `amt` double NOT NULL DEFAULT '0',
  `datealloc` date NOT NULL DEFAULT '0000-00-00',
  `transid_allocfrom` int(11) NOT NULL DEFAULT '0',
  `transid_allocto` int(11) NOT NULL DEFAULT '0',
  PRIMARY KEY (`id`),
  KEY `TransID_AllocFrom` (`transid_allocfrom`),
  KEY `TransID_AllocTo` (`transid_allocto`),
  KEY `DateAlloc` (`datealloc`)
) ENGINE=InnoDB AUTO_INCREMENT=4 DEFAULT CHARSET=utf8;

--
-- Dumping data for table `suppallocs`
--

INSERT INTO `suppallocs` VALUES (1,10,'2012-12-16',2,1),(2,100,'2012-12-16',4,3),(3,100,'2012-12-16',6,5);

--
-- Table structure for table `suppliercontacts`
--

CREATE TABLE `suppliercontacts` (
  `supplierid` varchar(10) NOT NULL DEFAULT '',
  `contact` varchar(30) NOT NULL DEFAULT '',
  `position` varchar(30) NOT NULL DEFAULT '',
  `tel` varchar(30) NOT NULL DEFAULT '',
  `fax` varchar(30) NOT NULL DEFAULT '',
  `mobile` varchar(30) NOT NULL DEFAULT '',
  `email` varchar(55) NOT NULL DEFAULT '',
  `ordercontact` tinyint(1) NOT NULL DEFAULT '0',
  PRIMARY KEY (`supplierid`,`contact`),
  KEY `Contact` (`contact`),
  KEY `SupplierID` (`supplierid`)
) ENGINE=InnoDB DEFAULT CHARSET=utf8;

--
-- Dumping data for table `suppliercontacts`
--

INSERT INTO `suppliercontacts` VALUES ('CRUISE','Barry Toad','Slips','92827','0204389','','',0),('CRUISE','French Froggie','Silly mid on','0291991119','1002991','p2038888qp','',0);

--
-- Table structure for table `supplierdiscounts`
--

CREATE TABLE `supplierdiscounts` (
  `id` int(11) NOT NULL AUTO_INCREMENT,
  `supplierno` varchar(10) NOT NULL,
  `stockid` varchar(20) NOT NULL,
  `discountnarrative` varchar(20) NOT NULL,
  `discountpercent` double NOT NULL,
  `discountamount` double NOT NULL,
  `effectivefrom` date NOT NULL,
  `effectiveto` date NOT NULL,
  PRIMARY KEY (`id`),
  KEY `supplierno` (`supplierno`),
  KEY `effectivefrom` (`effectivefrom`),
  KEY `effectiveto` (`effectiveto`),
  KEY `stockid` (`stockid`)
) ENGINE=InnoDB AUTO_INCREMENT=7 DEFAULT CHARSET=latin1;

--
-- Dumping data for table `supplierdiscounts`
--

INSERT INTO `supplierdiscounts` VALUES (1,'BINGO','DVD-CASE','Marketing support',0.05,0,'2013-01-12','2013-03-31'),(5,'BINGO','DVD-CASE','End of Season Suppor',0,10,'2013-01-01','2013-03-31'),(6,'BINGO','DVD-CASE','Some promo',0.0225,0,'2013-04-01','2013-05-24');

--
-- Table structure for table `suppliers`
--

CREATE TABLE `suppliers` (
  `supplierid` varchar(10) NOT NULL DEFAULT '',
  `suppname` varchar(40) NOT NULL DEFAULT '',
  `address1` varchar(40) NOT NULL DEFAULT '',
  `address2` varchar(40) NOT NULL DEFAULT '',
  `address3` varchar(40) NOT NULL DEFAULT '',
  `address4` varchar(50) NOT NULL DEFAULT '',
  `address5` varchar(20) NOT NULL DEFAULT '',
  `address6` varchar(40) NOT NULL DEFAULT '',
  `supptype` tinyint(4) NOT NULL DEFAULT '1',
  `lat` float(10,6) NOT NULL DEFAULT '0.000000',
  `lng` float(10,6) NOT NULL DEFAULT '0.000000',
  `currcode` char(3) NOT NULL DEFAULT '',
  `suppliersince` date NOT NULL DEFAULT '0000-00-00',
  `paymentterms` char(2) NOT NULL DEFAULT '',
  `lastpaid` double NOT NULL DEFAULT '0',
  `lastpaiddate` datetime DEFAULT NULL,
  `bankact` varchar(30) NOT NULL DEFAULT '',
  `bankref` varchar(12) NOT NULL DEFAULT '',
  `bankpartics` varchar(12) NOT NULL DEFAULT '',
  `remittance` tinyint(4) NOT NULL DEFAULT '1',
  `taxgroupid` tinyint(4) NOT NULL DEFAULT '1',
  `factorcompanyid` int(11) NOT NULL DEFAULT '1',
  `taxref` varchar(20) NOT NULL DEFAULT '',
  `phn` varchar(50) NOT NULL DEFAULT '',
  `port` varchar(200) NOT NULL DEFAULT '',
  `email` varchar(55) DEFAULT NULL,
  `fax` varchar(25) DEFAULT NULL,
  `telephone` varchar(25) DEFAULT NULL,
  PRIMARY KEY (`supplierid`),
  KEY `CurrCode` (`currcode`),
  KEY `PaymentTerms` (`paymentterms`),
  KEY `SuppName` (`suppname`),
  KEY `taxgroupid` (`taxgroupid`)
) ENGINE=InnoDB DEFAULT CHARSET=utf8;

--
-- Dumping data for table `suppliers`
--

INSERT INTO `suppliers` VALUES ('A1','Alpha Corporation','Suva','','','','','Fiji',1,0.000000,0.000000,'FJD','2017-02-04','20',0,NULL,'','0','',0,1,0,'','','','','',''),('AM10','AMALFI REST','','','','','','',1,0.000000,0.000000,'FJD','2016-10-06','20',0,NULL,'','0','',0,1,0,'','','','','',''),('B21','Bondwell','Suva','','','','','Fiji',1,0.000000,0.000000,'FJD','2017-02-04','20',0,NULL,'','0','',0,1,0,'','','','','',''),('B22','Ba Motor Parts','Suva','','','','','Fiji',1,0.000000,0.000000,'FJD','2017-02-04','20',0,NULL,'','0','',0,1,0,'','','','','',''),('B23','Blue Ocean','Suva','','','','','Fiji',1,0.000000,0.000000,'FJD','2017-02-04','20',0,NULL,'','0','',0,1,0,'','','','','',''),('BINGO','Binary Green Ocean Inc','Box 3499','Gardenier','San Fransisco','California 54424','','US',1,0.000000,0.000000,'USD','2003-03-01','30',1000.52,'2011-11-19 00:00:00','','0','',0,1,0,'','','','','',''),('C41','Cattle Suppliers','Suva','','','','','',1,0.000000,0.000000,'FJD','2017-02-04','20',0,NULL,'','0','',0,1,0,'','','','','',''),('C42','Carpenters Hardware','Suva','','','','','Fiji',1,0.000000,0.000000,'FJD','2017-02-04','20',0,NULL,'','0','',0,1,0,'','','','','',''),('C43','Cas Scales','Suva','','','','','Fiji',1,0.000000,0.000000,'FJD','2017-02-04','20',0,NULL,'','0','',0,1,0,'','','','','',''),('C44','Carpenters Shipping','Suva','','','','','Fiji',1,0.000000,0.000000,'FJD','2017-02-04','20',0,NULL,'','0','',0,1,0,'','','','','',''),('C45','Connect Fiji','Suva','','','','','Fiji',1,0.000000,0.000000,'FJD','2017-02-04','20',0,NULL,'','0','',0,1,0,'','','','','',''),('C46','Colormarket Ltd','Suva','','','','','Fiji',1,0.000000,0.000000,'FJD','2017-02-04','20',0,NULL,'','0','',0,1,0,'','','','','',''),('C47','C J Patel','Suva','','','','','Fiji',1,0.000000,0.000000,'FJD','2017-02-04','20',0,NULL,'','0','',0,1,0,'','','','','',''),('CAMPBELL','Campbell Roberts Inc','Box 9882','Ottowa Rise','','','','',1,0.000000,0.000000,'USD','2005-06-23','30',0,NULL,'','0','',0,2,0,'','','',NULL,NULL,NULL),('CRUISE','Cruise Company Inc','Box 2001','Ft Lauderdale, Florida','','','','',1,0.000000,0.000000,'GBP','2005-06-23','30',100,'2012-12-16 00:00:00','123456789012345678901234567890','0','',0,3,0,'','','',NULL,NULL,NULL),('D61','Dannys Ltd','Suva','','','','','Fiji',1,0.000000,0.000000,'FJD','2017-02-04','20',0,NULL,'','0','',0,1,0,'','','','','',''),('E81','Executive Logistics Ltd','Suva','','','','','Fiji',1,0.000000,0.000000,'FJD','2017-02-04','20',0,NULL,'','0','',0,1,0,'','','','','',''),('E82','E Business','Suva','','','','','Fiji',1,0.000000,0.000000,'FJD','2017-02-04','20',0,NULL,'','0','',0,1,0,'','','','','',''),('F101','Fiji Electricity Authority','Suva','','','','','Fiji',1,0.000000,0.000000,'FJD','2017-02-04','20',0,NULL,'','0','',0,1,0,'','','','','',''),('F102','Fiji National Provident Fund','Suva','','','','','Fiji',1,0.000000,0.000000,'FJD','2017-02-04','20',0,NULL,'','0','',0,1,0,'','','','','',''),('F103','Fisheries Department','Suva','','','','','Fiji',1,0.000000,0.000000,'FJD','2017-02-04','20',0,NULL,'','0','',0,1,0,'','','','','',''),('F104','Fiji Revenue Customs Authority','Suva','','','','','Fiji',1,0.000000,0.000000,'FJD','2017-02-04','20',0,NULL,'','0','',0,1,0,'','','','','',''),('F105','Frincos Hire Fiji','Suva','','','','','Fiji',1,0.000000,0.000000,'FJD','2017-02-04','20',0,NULL,'','0','',0,1,0,'','','','','',''),('G121','Goat Suppliers','','','','','','Fiji',1,0.000000,0.000000,'FJD','2017-02-04','20',0,NULL,'','0','',0,1,0,'','','','','',''),('G122','GMR Muhammed &amp; Sons','Suva','','','','','Fiji',1,0.000000,0.000000,'FJD','2017-02-04','20',0,NULL,'','0','',0,1,0,'','','','','',''),('G123','Goodman Fielder','Suva','','','','','Fiji',1,0.000000,0.000000,'FJD','2017-02-04','20',0,NULL,'','0','',0,1,0,'','','','','',''),('GOTSTUFF','We Got the Stuff Inc','Test line 1','Test line 2','Test line 3','Test line 4 - editing','','',1,0.000000,0.000000,'USD','2005-10-29','20',0,NULL,'','ok then','tell me abou',0,1,0,'','','',NULL,NULL,NULL),('K201','Khans Holding Ltd','Suva','','','','','Fiji',1,0.000000,0.000000,'FJD','2017-02-04','20',0,NULL,'','0','',0,1,0,'','','','','',''),('K202','Kia Motors','Suva','','','','','Fiji',1,0.000000,0.000000,'FJD','2017-02-04','20',0,NULL,'','0','',0,1,0,'','','','','',''),('L020','LEYLANDS','SUVA','','','','','',1,0.000000,0.000000,'FJD','2015-07-24','20',0,NULL,'','0','',0,1,0,'','','','','',''),('L221','Land Transport Authority','Suva','','','','','Fiji',1,0.000000,0.000000,'FJD','2017-02-04','20',0,NULL,'','0','',0,1,0,'','','','','',''),('M241','Maersk Line','Suva','','','','','Fiji',1,0.000000,0.000000,'FJD','2017-02-04','20',0,NULL,'','0','',0,1,0,'','','','','',''),('M242','Multiline Distributors','Suva','','','','','Fiji',1,0.000000,0.000000,'FJD','2017-02-04','20',0,NULL,'','0','',0,1,0,'','','','','',''),('M243','Mobil Service Stations','Suva','','','','','Fiji',1,0.000000,0.000000,'FJD','2017-02-04','20',0,NULL,'','0','',0,1,0,'','','','','',''),('N261','New India Assurance','Suva','','','','','Fiji',1,0.000000,0.000000,'FJD','2017-02-04','20',0,NULL,'','0','',0,1,0,'','','','','',''),('N262','Neptune Pacific Agency','Suva','','','','','Fiji',1,0.000000,0.000000,'FJD','2017-02-04','20',0,NULL,'','0','',0,1,0,'','','','','',''),('O281','Ontime Investments Agency','Suva','','','','','Fiji',1,0.000000,0.000000,'FJD','2017-02-04','20',0,NULL,'','0','',0,1,0,'','','','','',''),('OTHER','Another ','Supplier','','','','','',2,0.000000,0.000000,'AUD','2011-04-01','20',0,NULL,'','0','',0,2,0,'','','','','',''),('P301','Post Fiji','Suva','','','','','Fiji',1,0.000000,0.000000,'FJD','2017-02-04','20',0,NULL,'','0','',0,1,0,'','','','','',''),('R341','Refrigeration Electrical Services ','Suva','','','','','Fiji',1,0.000000,0.000000,'FJD','2017-02-04','20',0,NULL,'','0','',0,1,0,'','','','','',''),('R342','Reddy Dimond Ltd','Suva','','','','','Fiji',1,0.000000,0.000000,'FJD','2017-02-04','20',0,NULL,'','0','',0,1,0,'','','','','',''),('REGNEW','Reg Newall Inc','P O 5432','Wichita','Wyoming','','','',1,0.000000,0.000000,'USD','2005-04-30','30',0,NULL,'','0','',0,1,0,'','','',NULL,NULL,NULL),('S361','Saten Kumar Hire Services','Suva','','','','','Fiji',1,0.000000,0.000000,'FJD','2017-02-04','20',0,NULL,'','0','',0,1,0,'','','','','',''),('T103','Total Fiji Ltd','Suva','','','','','Fiji',1,0.000000,0.000000,'FJD','2017-02-04','20',0,NULL,'','0','',0,1,0,'','','','','',''),('T104','Turners &amp; Growers','Suva','','','','','Fiji',1,0.000000,0.000000,'FJD','2017-02-04','20',0,NULL,'','0','',0,1,0,'','','','','',''),('T381','Telecom Fiji Ltd','Suva','','','','','Fiji',1,0.000000,0.000000,'FJD','2017-02-04','20',0,NULL,'','0','',0,1,0,'','','','','',''),('T382','Tyre Pro Retread Co.','Suva','','','','','Fiji',1,0.000000,0.000000,'FJD','2017-02-04','20',0,NULL,'','0','',0,1,0,'','','','','',''),('TM01','AMALFI REST','','','','','','',1,0.000000,0.000000,'FJD','2016-10-06','20',0,NULL,'','0','',0,1,0,'','','','purchasinggph@yahoo.com','','6726957'),('V421','Vodafone Fiji Ltd','Suva','','','','','Fiji',1,0.000000,0.000000,'FJD','2017-02-04','20',0,NULL,'','0','',0,1,0,'','','','','',''),('W441','Water Authority of Fiji','Suva','','','','','Fiji',1,0.000000,0.000000,'FJD','2017-02-04','20',0,NULL,'','0','',0,1,0,'','','','','',''),('WHYNOT','Why not add a new supplier','Well I will ','If I','Want ','To','','',1,0.000000,0.000000,'AUD','2011-04-01','20',0,NULL,'','0','',0,1,0,'','','','','','12323');

--
-- Table structure for table `suppliertype`
--

CREATE TABLE `suppliertype` (
  `typeid` tinyint(4) NOT NULL AUTO_INCREMENT,
  `typename` varchar(100) NOT NULL,
  PRIMARY KEY (`typeid`)
) ENGINE=InnoDB AUTO_INCREMENT=3 DEFAULT CHARSET=utf8;

--
-- Dumping data for table `suppliertype`
--

INSERT INTO `suppliertype` VALUES (1,'Default'),(2,'Others');

--
-- Table structure for table `supptrans`
--

CREATE TABLE `supptrans` (
  `transno` int(11) NOT NULL DEFAULT '0',
  `type` smallint(6) NOT NULL DEFAULT '0',
  `supplierno` varchar(10) NOT NULL DEFAULT '',
  `suppreference` varchar(20) NOT NULL DEFAULT '',
  `trandate` date NOT NULL DEFAULT '0000-00-00',
  `duedate` date NOT NULL DEFAULT '0000-00-00',
  `inputdate` datetime NOT NULL,
  `settled` tinyint(4) NOT NULL DEFAULT '0',
  `rate` double NOT NULL DEFAULT '1',
  `ovamount` double NOT NULL DEFAULT '0',
  `ovgst` double NOT NULL DEFAULT '0',
  `diffonexch` double NOT NULL DEFAULT '0',
  `alloc` double NOT NULL DEFAULT '0',
  `transtext` text,
  `hold` tinyint(4) NOT NULL DEFAULT '0',
  `id` int(11) NOT NULL AUTO_INCREMENT,
  PRIMARY KEY (`id`),
  UNIQUE KEY `TypeTransNo` (`transno`,`type`),
  KEY `DueDate` (`duedate`),
  KEY `Hold` (`hold`),
  KEY `SupplierNo` (`supplierno`),
  KEY `Settled` (`settled`),
  KEY `SupplierNo_2` (`supplierno`,`suppreference`),
  KEY `SuppReference` (`suppreference`),
  KEY `TranDate` (`trandate`),
  KEY `TransNo` (`transno`),
  KEY `Type` (`type`)
) ENGINE=InnoDB AUTO_INCREMENT=8 DEFAULT CHARSET=utf8;

--
-- Dumping data for table `supptrans`
--

INSERT INTO `supptrans` VALUES (34,20,'CRUISE','123','2012-12-15','2013-01-31','2012-12-16 00:00:00',1,0.6185,10,0,0,10,'',0,1),(6,22,'CRUISE','Cash','2012-12-16','0000-00-00','2012-12-16 09:17:20',1,0.6185,-10,0,0,-10,'',0,2),(35,20,'CRUISE','234','2012-12-15','2013-01-31','2012-12-16 00:00:00',1,0.6185,100,0,0,100,'',0,3),(7,22,'CRUISE','Cash','2012-12-16','0000-00-00','2012-12-16 09:20:11',1,0.6185,-100,0,0,-100,'',0,4),(36,20,'CRUISE','345','2012-12-15','2013-01-31','2012-12-16 00:00:00',1,0.6185,100,0,9.0667303671351,100,'',0,5),(8,22,'CRUISE','Cash','2012-12-16','0000-00-00','2012-12-16 09:22:34',1,0.58565765,-100,0,-9.0667303671351,-100,'',0,6),(37,20,'CRUISE','opninvoice','2013-02-08','2013-03-31','2013-02-09 00:00:00',0,0.6324,95.25,0,0,0,'',0,7);

--
-- Table structure for table `supptranstaxes`
--

CREATE TABLE `supptranstaxes` (
  `supptransid` int(11) NOT NULL DEFAULT '0',
  `taxauthid` tinyint(4) NOT NULL DEFAULT '0',
  `taxamount` double NOT NULL DEFAULT '0',
  PRIMARY KEY (`supptransid`,`taxauthid`),
  KEY `taxauthid` (`taxauthid`)
) ENGINE=InnoDB DEFAULT CHARSET=utf8;

--
-- Dumping data for table `supptranstaxes`
--

INSERT INTO `supptranstaxes` VALUES (1,13,0),(3,13,0),(5,13,0),(7,13,0);

--
-- Table structure for table `systypes`
--

CREATE TABLE `systypes` (
  `typeid` smallint(6) NOT NULL DEFAULT '0',
  `typename` char(50) NOT NULL DEFAULT '',
  `typeno` int(11) NOT NULL DEFAULT '1',
  PRIMARY KEY (`typeid`),
  KEY `TypeNo` (`typeno`)
) ENGINE=InnoDB DEFAULT CHARSET=utf8;

--
-- Dumping data for table `systypes`
--

INSERT INTO `systypes` VALUES (0,'Journal - GL',8),(1,'Payment - GL',5),(2,'Receipt - GL',0),(3,'Standing Journal',0),(10,'Sales Invoice',27185),(11,'Credit Note',2102),(12,'Receipt',4745),(15,'Journal - Debtors',0),(16,'Location Transfer',29),(17,'Stock Adjustment',29),(18,'Purchase Order',27),(19,'Picking List',0),(20,'Purchase Invoice',37),(21,'Debit Note',8),(22,'Creditors Payment',8),(23,'Creditors Journal',0),(25,'Purchase Order Delivery',52),(26,'Work Order Receipt',8),(28,'Work Order Issue',14),(29,'Work Order Variance',1),(30,'Sales Order',27690),(31,'Shipment Close',28),(32,'Contract Close',6),(35,'Cost Update',20),(36,'Exchange Difference',1),(37,'Tenders',0),(38,'Stock Requests',1),(40,'Work Order',31),(41,'Asset Addition',1),(42,'Asset Category Change',1),(43,'Delete w/down asset',1),(44,'Depreciation',1),(49,'Import Fixed Assets',1),(50,'Opening Balance',0),(500,'Auto Debtor Number',156);

--
-- Table structure for table `tags`
--

CREATE TABLE `tags` (
  `tagref` tinyint(4) NOT NULL AUTO_INCREMENT,
  `tagdescription` varchar(50) NOT NULL,
  PRIMARY KEY (`tagref`)
) ENGINE=InnoDB AUTO_INCREMENT=5 DEFAULT CHARSET=utf8;

--
-- Dumping data for table `tags`
--

INSERT INTO `tags` VALUES (1,'Sales'),(2,'Marketing'),(3,'Manufacturing'),(4,'Administration');

--
-- Table structure for table `taxauthorities`
--

CREATE TABLE `taxauthorities` (
  `taxid` tinyint(4) NOT NULL AUTO_INCREMENT,
  `description` varchar(20) NOT NULL DEFAULT '',
  `taxglcode` varchar(20) NOT NULL DEFAULT '0',
  `purchtaxglaccount` varchar(20) NOT NULL DEFAULT '0',
  `bank` varchar(50) NOT NULL DEFAULT '',
  `bankacctype` varchar(20) NOT NULL DEFAULT '',
  `bankacc` varchar(50) NOT NULL DEFAULT '',
  `bankswift` varchar(30) NOT NULL DEFAULT '',
  PRIMARY KEY (`taxid`),
  KEY `TaxGLCode` (`taxglcode`),
  KEY `PurchTaxGLAccount` (`purchtaxglaccount`)
) ENGINE=InnoDB AUTO_INCREMENT=14 DEFAULT CHARSET=utf8;

--
-- Dumping data for table `taxauthorities`
--

INSERT INTO `taxauthorities` VALUES (1,'Fiji VAT','2300','2310','','','',''),(5,'Sales Tax','2300','2310','','','',''),(11,'Canadian GST','2300','2310','','','',''),(12,'Ontario PST','2300','2310','','','',''),(13,'UK VAT','2300','2310','','','','');

--
-- Table structure for table `taxauthrates`
--

CREATE TABLE `taxauthrates` (
  `taxauthority` tinyint(4) NOT NULL DEFAULT '1',
  `dispatchtaxprovince` tinyint(4) NOT NULL DEFAULT '1',
  `taxcatid` tinyint(4) NOT NULL DEFAULT '0',
  `taxrate` double NOT NULL DEFAULT '0',
  PRIMARY KEY (`taxauthority`,`dispatchtaxprovince`,`taxcatid`),
  KEY `TaxAuthority` (`taxauthority`),
  KEY `dispatchtaxprovince` (`dispatchtaxprovince`),
  KEY `taxcatid` (`taxcatid`)
) ENGINE=InnoDB DEFAULT CHARSET=utf8;

--
-- Dumping data for table `taxauthrates`
--

INSERT INTO `taxauthrates` VALUES (1,1,1,0.09),(1,1,2,0),(1,1,5,0),(1,1,6,0),(1,1,7,0),(5,1,1,0.2),(5,1,2,0.35),(5,1,5,0),(5,1,6,0),(5,1,7,0),(11,1,1,0.07),(11,1,2,0.12),(11,1,5,0.07),(11,1,6,0),(11,1,7,0),(12,1,1,0.05),(12,1,2,0.075),(12,1,5,0),(12,1,6,0),(12,1,7,0),(13,1,1,0),(13,1,2,0),(13,1,5,0),(13,1,6,0),(13,1,7,0);

--
-- Table structure for table `taxcategories`
--

CREATE TABLE `taxcategories` (
  `taxcatid` tinyint(4) NOT NULL AUTO_INCREMENT,
  `taxcatname` varchar(30) NOT NULL DEFAULT '',
  PRIMARY KEY (`taxcatid`)
) ENGINE=InnoDB AUTO_INCREMENT=8 DEFAULT CHARSET=utf8;

--
-- Dumping data for table `taxcategories`
--

INSERT INTO `taxcategories` VALUES (1,'Taxable supply'),(2,'Luxury Items'),(4,'Exempt'),(5,'Freight'),(6,'Vat Items'),(7,'Non-VAT items');

--
-- Table structure for table `taxgroups`
--

CREATE TABLE `taxgroups` (
  `taxgroupid` tinyint(4) NOT NULL AUTO_INCREMENT,
  `taxgroupdescription` varchar(30) NOT NULL DEFAULT '',
  PRIMARY KEY (`taxgroupid`)
) ENGINE=InnoDB AUTO_INCREMENT=5 DEFAULT CHARSET=utf8;

--
-- Dumping data for table `taxgroups`
--

INSERT INTO `taxgroups` VALUES (1,'Default'),(2,'Ontario'),(3,'UK Inland Revenue'),(4,'FRCA');

--
-- Table structure for table `taxgrouptaxes`
--

CREATE TABLE `taxgrouptaxes` (
  `taxgroupid` tinyint(4) NOT NULL DEFAULT '0',
  `taxauthid` tinyint(4) NOT NULL DEFAULT '0',
  `calculationorder` tinyint(4) NOT NULL DEFAULT '0',
  `taxontax` tinyint(4) NOT NULL DEFAULT '0',
  PRIMARY KEY (`taxgroupid`,`taxauthid`),
  KEY `taxgroupid` (`taxgroupid`),
  KEY `taxauthid` (`taxauthid`)
) ENGINE=InnoDB DEFAULT CHARSET=utf8;

--
-- Dumping data for table `taxgrouptaxes`
--

INSERT INTO `taxgrouptaxes` VALUES (1,1,1,0),(2,11,2,1),(2,12,1,0),(3,13,0,0);

--
-- Table structure for table `taxprovinces`
--

CREATE TABLE `taxprovinces` (
  `taxprovinceid` tinyint(4) NOT NULL AUTO_INCREMENT,
  `taxprovincename` varchar(30) NOT NULL DEFAULT '',
  PRIMARY KEY (`taxprovinceid`)
) ENGINE=InnoDB AUTO_INCREMENT=2 DEFAULT CHARSET=utf8;

--
-- Dumping data for table `taxprovinces`
--

INSERT INTO `taxprovinces` VALUES (1,'Default Tax province');

--
-- Table structure for table `tenderitems`
--

CREATE TABLE `tenderitems` (
  `tenderid` int(11) NOT NULL DEFAULT '0',
  `stockid` varchar(20) NOT NULL DEFAULT '',
  `quantity` varchar(40) NOT NULL DEFAULT '',
  `units` varchar(20) NOT NULL DEFAULT 'each',
  PRIMARY KEY (`tenderid`,`stockid`)
) ENGINE=InnoDB DEFAULT CHARSET=utf8;

--
-- Dumping data for table `tenderitems`
--


--
-- Table structure for table `tenders`
--

CREATE TABLE `tenders` (
  `tenderid` int(11) NOT NULL DEFAULT '0',
  `location` varchar(5) NOT NULL DEFAULT '',
  `address1` varchar(40) NOT NULL DEFAULT '',
  `address2` varchar(40) NOT NULL DEFAULT '',
  `address3` varchar(40) NOT NULL DEFAULT '',
  `address4` varchar(40) NOT NULL DEFAULT '',
  `address5` varchar(20) NOT NULL DEFAULT '',
  `address6` varchar(15) NOT NULL DEFAULT '',
  `telephone` varchar(25) NOT NULL DEFAULT '',
  `closed` int(2) NOT NULL DEFAULT '0',
  `requiredbydate` datetime NOT NULL DEFAULT '0000-00-00 00:00:00',
  PRIMARY KEY (`tenderid`)
) ENGINE=InnoDB DEFAULT CHARSET=utf8;

--
-- Dumping data for table `tenders`
--


--
-- Table structure for table `tendersuppliers`
--

CREATE TABLE `tendersuppliers` (
  `tenderid` int(11) NOT NULL DEFAULT '0',
  `supplierid` varchar(10) NOT NULL DEFAULT '',
  `email` varchar(40) NOT NULL DEFAULT '',
  `responded` int(2) NOT NULL DEFAULT '0',
  PRIMARY KEY (`tenderid`,`supplierid`)
) ENGINE=InnoDB DEFAULT CHARSET=utf8;

--
-- Dumping data for table `tendersuppliers`
--


--
-- Table structure for table `unitsofmeasure`
--

CREATE TABLE `unitsofmeasure` (
  `unitid` tinyint(4) NOT NULL AUTO_INCREMENT,
  `unitname` varchar(15) NOT NULL DEFAULT '',
  PRIMARY KEY (`unitid`)
) ENGINE=InnoDB AUTO_INCREMENT=8 DEFAULT CHARSET=utf8;

--
-- Dumping data for table `unitsofmeasure`
--

INSERT INTO `unitsofmeasure` VALUES (1,'each'),(2,'meters'),(3,'kgs'),(4,'litres'),(5,'length'),(6,'hours'),(7,'feet');

--
-- Table structure for table `woitems`
--

CREATE TABLE `woitems` (
  `wo` int(11) NOT NULL,
  `stockid` char(20) NOT NULL DEFAULT '',
  `qtyreqd` double NOT NULL DEFAULT '1',
  `qtyrecd` double NOT NULL DEFAULT '0',
  `stdcost` double NOT NULL,
  `nextlotsnref` varchar(20) DEFAULT '',
  PRIMARY KEY (`wo`,`stockid`),
  KEY `stockid` (`stockid`)
) ENGINE=InnoDB DEFAULT CHARSET=utf8;

--
-- Dumping data for table `woitems`
--

INSERT INTO `woitems` VALUES (28,'BREAD',2,0,0.5625,''),(29,'BREAD',10,0,0.5625,''),(30,'TAPE2',50,0,2.5,''),(31,'TAPE2',100,90,2.5,'');

--
-- Table structure for table `worequirements`
--

CREATE TABLE `worequirements` (
  `wo` int(11) NOT NULL,
  `parentstockid` varchar(20) NOT NULL,
  `stockid` varchar(20) NOT NULL,
  `qtypu` double NOT NULL DEFAULT '1',
  `stdcost` double NOT NULL DEFAULT '0',
  `autoissue` tinyint(4) NOT NULL DEFAULT '0',
  PRIMARY KEY (`wo`,`parentstockid`,`stockid`),
  KEY `stockid` (`stockid`),
  KEY `worequirements_ibfk_3` (`parentstockid`)
) ENGINE=InnoDB DEFAULT CHARSET=utf8;

--
-- Dumping data for table `worequirements`
--

INSERT INTO `worequirements` VALUES (28,'BREAD','SALT',0.025,2.5,1),(28,'BREAD','YEAST',0.1,5,0),(29,'BREAD','SALT',0.025,2.5,1),(29,'BREAD','YEAST',0.1,5,0),(30,'TAPE2','CUTTING',0.5,0,0),(30,'TAPE2','TAPE1',0.25,10,1),(31,'TAPE2','CUTTING',0.5,0,0),(31,'TAPE2','TAPE1',0.25,10,1);

--
-- Table structure for table `workcentres`
--

CREATE TABLE `workcentres` (
  `code` char(5) NOT NULL DEFAULT '',
  `location` char(5) NOT NULL DEFAULT '',
  `description` char(20) NOT NULL DEFAULT '',
  `capacity` double NOT NULL DEFAULT '1',
  `overheadperhour` decimal(10,0) NOT NULL DEFAULT '0',
  `overheadrecoveryact` int(11) NOT NULL DEFAULT '0',
  `setuphrs` decimal(10,0) NOT NULL DEFAULT '0',
  PRIMARY KEY (`code`),
  KEY `Description` (`description`),
  KEY `Location` (`location`)
) ENGINE=InnoDB DEFAULT CHARSET=utf8;

--
-- Dumping data for table `workcentres`
--

INSERT INTO `workcentres` VALUES ('ASS','TOR','Assembly',1,50,4600,0),('MEL','MEL','Default for MEL',1,0,1,0);

--
-- Table structure for table `workorders`
--

CREATE TABLE `workorders` (
  `wo` int(11) NOT NULL,
  `loccode` char(5) NOT NULL DEFAULT '',
  `requiredby` date NOT NULL DEFAULT '0000-00-00',
  `startdate` date NOT NULL DEFAULT '0000-00-00',
  `costissued` double NOT NULL DEFAULT '0',
  `closed` tinyint(4) NOT NULL DEFAULT '0',
  PRIMARY KEY (`wo`),
  KEY `LocCode` (`loccode`),
  KEY `StartDate` (`startdate`),
  KEY `RequiredBy` (`requiredby`)
) ENGINE=InnoDB DEFAULT CHARSET=utf8;

--
-- Dumping data for table `workorders`
--

INSERT INTO `workorders` VALUES (28,'MEL','2012-12-16','2012-12-16',0,0),(29,'MEL','2013-02-06','2013-02-06',0,0),(30,'AN','2013-02-27','2013-02-08',0,0),(31,'AN','2013-02-09','2013-02-09',225,0);

--
-- Table structure for table `woserialnos`
--

CREATE TABLE `woserialnos` (
  `wo` int(11) NOT NULL,
  `stockid` varchar(20) NOT NULL,
  `serialno` varchar(30) NOT NULL,
  `quantity` double NOT NULL DEFAULT '1',
  `qualitytext` text NOT NULL,
  PRIMARY KEY (`wo`,`stockid`,`serialno`)
) ENGINE=InnoDB DEFAULT CHARSET=utf8;

--
-- Dumping data for table `woserialnos`
--


--
-- Table structure for table `www_users`
--

CREATE TABLE `www_users` (
  `userid` varchar(20) NOT NULL DEFAULT '',
  `password` text NOT NULL,
  `realname` varchar(35) NOT NULL DEFAULT '',
  `customerid` varchar(10) NOT NULL DEFAULT '',
  `supplierid` varchar(10) NOT NULL DEFAULT '',
  `salesman` char(3) NOT NULL,
  `phone` varchar(30) NOT NULL DEFAULT '',
  `email` varchar(55) DEFAULT NULL,
  `defaultlocation` varchar(5) NOT NULL DEFAULT '',
  `fullaccess` int(11) NOT NULL DEFAULT '1',
  `cancreatetender` tinyint(1) NOT NULL DEFAULT '0',
  `lastvisitdate` datetime DEFAULT NULL,
  `branchcode` varchar(10) NOT NULL DEFAULT '',
  `pagesize` varchar(20) NOT NULL DEFAULT 'A4',
  `modulesallowed` varchar(40) NOT NULL DEFAULT '',
  `blocked` tinyint(4) NOT NULL DEFAULT '0',
  `displayrecordsmax` int(11) NOT NULL DEFAULT '0',
  `theme` varchar(30) NOT NULL DEFAULT 'fresh',
  `language` varchar(10) NOT NULL DEFAULT 'en_GB.utf8',
  `pdflanguage` tinyint(1) NOT NULL DEFAULT '0',
  `department` int(11) NOT NULL DEFAULT '0',
  PRIMARY KEY (`userid`),
  KEY `CustomerID` (`customerid`),
  KEY `DefaultLocation` (`defaultlocation`)
) ENGINE=InnoDB DEFAULT CHARSET=utf8;

--
-- Dumping data for table `www_users`
--

INSERT INTO `www_users` VALUES ('admin','$2y$10$El72aUkAdFjU5E57soX4m.aM/0WENGB5wBeNJ9NecZ8wIUXV5XBDW','Administrator/Developer','','','','9223300','sachin@ebusinessfiji.com','AN',11,1,'2019-04-10 18:34:22','','A4','1,1,1,1,1,1,1,1,1,1,1,',1,50,'wood','en_US.utf8',3,0),('ebusiness','922dec5a39d49d715a6e583d7d26171be293d69d','E-Business Support Staffs','','','','','','AN',8,1,'2019-08-19 08:13:38','','A4','1,1,1,1,1,1,1,1,1,1,1,',0,50,'wood','en_GB.utf8',0,0),('jhairud','231f9f24e9130735b799bbf82b25a086c7632e8a','Jhairud','','','','','admin','AN',8,0,'2019-09-30 10:12:28','','A4','1,1,1,1,1,1,1,1,1,1,1,',0,50,'wood','en_GB.utf8',0,0),('shameer','ff5ba8178c5bcbd1505878f70263559e7a9a325c','Shameer','','','','','','AN',8,0,'2016-10-06 09:52:38','','A4','1,1,1,1,1,1,1,1,1,1,1,',0,50,'wood','en_GB.utf8',0,0),('Tasleem','9abdd329941ae9c14dab5ef6c23440c2d9650738','Tasleem Mohammed','','','','','','AN',8,0,'2019-05-01 01:48:30','','A4','1,1,1,1,1,1,1,1,1,1,1,',0,50,'wood','en_GB.utf8',0,0),('vishek','8e811cb28d5f5d3761ca563498754f2e716a24ec','Vishek Lal','','','','','','AN',8,0,'2018-07-30 17:06:59','','A4','1,1,1,1,1,1,1,1,1,1,1,',0,50,'wood','en_GB.utf8',0,0),('waqa','8e811cb28d5f5d3761ca563498754f2e716a24ec','Waqa','','','','','admin','AN',8,0,'2019-05-31 13:58:55','','A4','1,1,1,1,1,1,1,1,1,1,1,',0,50,'wood','en_GB.utf8',0,0),('zaabed','f22368f65eef9492a337dd8de5c9802bca030013','Zaabed Mohummed','','','','','admin','AN',8,0,'2019-09-30 10:49:13','','A4','1,1,1,1,1,1,1,1,1,1,1,',0,50,'wood','en_GB.utf8',0,0),('zabeed','7bfd9d9bbcea108d91fb8eae5c93f4cc0b8080c3','Zaabed','','','','','','AN',8,1,'2017-11-10 15:50:52','','A4','1,1,1,1,1,1,1,1,1,1,1,',0,50,'wood','en_GB.utf8',0,0);


