
--
-- Table structure for table `ospos_items_taxes`
--

CREATE TABLE `ospos_items_taxes` (
  `item_id` int(10) NOT NULL,
  `name` varchar(255) NOT NULL,
  `percent` decimal(15,2) NOT NULL,
  PRIMARY KEY (`item_id`,`name`,`percent`),
  CONSTRAINT `ospos_items_taxes_ibfk_1` FOREIGN KEY (`item_id`) REFERENCES `ospos_items` (`item_id`) ON DELETE CASCADE
) ENGINE=InnoDB DEFAULT CHARSET=utf8;

--
-- Dumping data for table `ospos_items_taxes`
--


--
-- Table structure for table `ospos_modules`
--

CREATE TABLE `ospos_modules` (
  `name_lang_key` varchar(255) NOT NULL,
  `desc_lang_key` varchar(255) NOT NULL,
  `sort` int(10) NOT NULL,
  `module_id` varchar(255) NOT NULL,
  PRIMARY KEY (`module_id`),
  UNIQUE KEY `desc_lang_key` (`desc_lang_key`),
  UNIQUE KEY `name_lang_key` (`name_lang_key`)
) ENGINE=InnoDB DEFAULT CHARSET=utf8;

--
-- Dumping data for table `ospos_modules`
--

INSERT INTO `ospos_modules` VALUES ('module_config','module_config_desc',100,'config'),('module_customers','module_customers_desc',10,'customers'),('module_employees','module_employees_desc',80,'employees'),('module_giftcards','module_giftcards_desc',90,'giftcards'),('module_items','module_items_desc',20,'items'),('module_item_kits','module_item_kits_desc',30,'item_kits'),('module_receivings','module_receivings_desc',60,'receivings'),('module_reports','module_reports_desc',50,'reports'),('module_sales','module_sales_desc',70,'sales'),('module_suppliers','module_suppliers_desc',40,'suppliers');

--
-- Table structure for table `ospos_people`
--

CREATE TABLE `ospos_people` (
  `first_name` varchar(255) NOT NULL,
  `last_name` varchar(255) NOT NULL,
  `phone_number` varchar(255) NOT NULL,
  `email` varchar(255) NOT NULL,
  `address_1` varchar(255) NOT NULL,
  `address_2` varchar(255) NOT NULL,
  `city` varchar(255) NOT NULL,
  `state` varchar(255) NOT NULL,
  `zip` varchar(255) NOT NULL,
  `country` varchar(255) NOT NULL,
  `comments` text NOT NULL,
  `person_id` int(10) NOT NULL AUTO_INCREMENT,
  PRIMARY KEY (`person_id`)
) ENGINE=InnoDB AUTO_INCREMENT=18 DEFAULT CHARSET=utf8;

--
-- Dumping data for table `ospos_people`
--

INSERT INTO `ospos_people` VALUES ('admin','Manager','','','','','','','','Fiji','',1),('ajeshni','Cashier','','','','','','','','Fiji','',2),('amitesh','Manager','','','','','','','','Fiji','',3),('anjula','Cashier','','','','','','','','Fiji','',4),('avnal','Manager','','','','','','','','Fiji','',5),('bijay','Manager','','','','','','','','Fiji','',6),('jessica','Cashier','','','','','','','','Fiji','',7),('loreen','Cashier','','','','','','','','Fiji','',8),('nileshni','Cashier','','','','','','','','Fiji','',9),('ranjani','Cashier','','','','','','','','Fiji','',10),('ranjay','Manager','','','','','','','','Fiji','',11),('shayal','Cashier','','','','','','','','Fiji','',12),('sheenal','Cashier','','','','','','','','Fiji','',13),('shital','Manager','','','','','','','','Fiji','',14),('shitall','Cashier','','','','','','','','Fiji','',15),('shivneel','Manager','','','','','','','','Fiji','',16),('vikash','Manager','','','','','','','','Fiji','',17);

--
-- Table structure for table `ospos_permissions`
--

CREATE TABLE `ospos_permissions` (
  `permission_id` varchar(255) NOT NULL,
  `module_id` varchar(255) NOT NULL,
  `location_id` int(10) DEFAULT NULL,
  PRIMARY KEY (`permission_id`),
  KEY `module_id` (`module_id`),
  KEY `ospos_permissions_ibfk_2` (`location_id`)
) ENGINE=InnoDB DEFAULT CHARSET=utf8;

--
-- Dumping data for table `ospos_permissions`
--

INSERT INTO `ospos_permissions` VALUES ('config','config',NULL),('customers','customers',NULL),('employees','employees',NULL),('giftcards','giftcards',NULL),('items','items',NULL),('items_stock','items',1),('items_Suva Retail','items',2),('item_kits','item_kits',NULL),('receivings','receivings',NULL),('reports','reports',NULL),('reports_categories','reports',NULL),('reports_customers','reports',NULL),('reports_discounts','reports',NULL),('reports_employees','reports',NULL),('reports_inventory','reports',NULL),('reports_items','reports',NULL),('reports_payments','reports',NULL),('reports_receivings','reports',NULL),('reports_sales','reports',NULL),('reports_suppliers','reports',NULL),('reports_taxes','reports',NULL),('sales','sales',NULL),('suppliers','suppliers',NULL);

--
-- Table structure for table `ospos_pricematrix`
--

CREATE TABLE `ospos_pricematrix` (
  `salestype` char(2) NOT NULL DEFAULT '',
  `stockid` varchar(20) NOT NULL DEFAULT '',
  `quantitybreak` int(11) NOT NULL DEFAULT '1',
  `price` double NOT NULL DEFAULT '0',
  `currabrev` char(3) NOT NULL DEFAULT '',
  `startdate` date NOT NULL DEFAULT '0000-00-00',
  `enddate` date NOT NULL DEFAULT '9999-12-31'
) ENGINE=InnoDB DEFAULT CHARSET=utf8;

--
-- Dumping data for table `ospos_pricematrix`
--


--
-- Table structure for table `ospos_receivings`
--

CREATE TABLE `ospos_receivings` (
  `receiving_time` timestamp NOT NULL DEFAULT CURRENT_TIMESTAMP,
  `supplier_id` int(10) DEFAULT NULL,
  `employee_id` int(10) NOT NULL DEFAULT '0',
  `comment` text NOT NULL,
  `receiving_id` int(10) NOT NULL AUTO_INCREMENT,
  `payment_type` varchar(20) DEFAULT NULL,
  `invoice_number` varchar(32) DEFAULT NULL,
  PRIMARY KEY (`receiving_id`),
  UNIQUE KEY `invoice_number` (`invoice_number`),
  KEY `supplier_id` (`supplier_id`),
  KEY `employee_id` (`employee_id`)
) ENGINE=InnoDB AUTO_INCREMENT=3 DEFAULT CHARSET=utf8;

--
-- Dumping data for table `ospos_receivings`
--

INSERT INTO `ospos_receivings` VALUES ('2017-07-26 05:39:14',NULL,1,'',1,'Cash',NULL),('2017-07-26 05:45:36',NULL,1,'',2,'Cash',NULL);

--
-- Table structure for table `ospos_receivings_items`
--

CREATE TABLE `ospos_receivings_items` (
  `receiving_id` int(10) NOT NULL DEFAULT '0',
  `item_id` int(10) NOT NULL DEFAULT '0',
  `description` varchar(30) DEFAULT NULL,
  `serialnumber` varchar(30) DEFAULT NULL,
  `line` int(3) NOT NULL,
  `quantity_purchased` decimal(15,2) NOT NULL DEFAULT '0.00',
  `item_cost_price` decimal(15,2) NOT NULL,
  `item_unit_price` decimal(15,2) NOT NULL,
  `discount_percent` decimal(15,2) NOT NULL DEFAULT '0.00',
  `item_location` int(11) NOT NULL,
  PRIMARY KEY (`receiving_id`,`item_id`,`line`),
  KEY `item_id` (`item_id`)
) ENGINE=InnoDB DEFAULT CHARSET=utf8;

--
-- Dumping data for table `ospos_receivings_items`
--

INSERT INTO `ospos_receivings_items` VALUES (1,36,'','',1,2.00,7.00,7.00,0.00,2),(2,36,'','0',1,4.00,7.00,7.00,0.00,2);

--
-- Table structure for table `ospos_sales`
--

CREATE TABLE `ospos_sales` (
  `sale_time` timestamp NOT NULL DEFAULT CURRENT_TIMESTAMP,
  `customer_id` int(10) DEFAULT NULL,
  `employee_id` int(10) NOT NULL DEFAULT '0',
  `comment` text NOT NULL,
  `invoice_number` varchar(32) DEFAULT NULL,
  `sale_id` int(10) NOT NULL AUTO_INCREMENT,
  `payment_type` varchar(512) DEFAULT NULL,
  PRIMARY KEY (`sale_id`),
  UNIQUE KEY `invoice_number` (`invoice_number`),
  KEY `customer_id` (`customer_id`),
  KEY `employee_id` (`employee_id`)
) ENGINE=InnoDB AUTO_INCREMENT=845 DEFAULT CHARSET=utf8;

--
-- Dumping data for table `ospos_sales`
--

INSERT INTO `ospos_sales` VALUES ('2019-09-15 17:58:00',NULL,1,'0',NULL,1,'Cash: $4.99<br />'),('2019-09-15 17:59:24',NULL,1,'0',NULL,2,'Cash: $1.50<br />'),('2019-09-15 18:03:39',NULL,1,'0',NULL,3,'Cash: $1.72<br />'),('2019-09-15 18:08:32',NULL,1,'0',NULL,4,'Cash: $1.95<br />'),('2019-09-15 18:09:10',NULL,1,'0',NULL,5,'Cash: $7.95<br />'),('2019-09-15 18:10:33',NULL,5,'0',NULL,6,'Cash: $1.95<br />'),('2019-09-16 19:31:18',NULL,11,'0',NULL,7,'Cash: $1.20<br />'),('2019-09-16 19:37:23',NULL,11,'0',NULL,8,'Cash: $4.80<br />'),('2019-09-16 19:39:31',NULL,11,'0',NULL,9,'Cash: $0.50<br />'),('2019-09-16 19:44:35',NULL,12,'0',NULL,10,'Cash: $2.60<br />'),('2019-09-16 19:45:54',NULL,12,'0',NULL,11,'Cash: $1.80<br />'),('2019-09-16 19:46:54',NULL,12,'0',NULL,12,'Cash: $2.95<br />'),('2019-09-16 19:52:02',NULL,12,'0',NULL,13,'Cash: $6.74<br />'),('2019-09-16 19:58:24',NULL,12,'0',NULL,14,'Cash: $1.50<br />'),('2019-09-16 19:59:41',NULL,12,'0',NULL,15,'Cash: $1.10<br />'),('2019-09-16 20:03:36',NULL,12,'0',NULL,16,'Cash: $1.00<br />'),('2019-09-16 20:04:27',NULL,12,'0',NULL,17,'Cash: $3.99<br />'),('2019-09-16 20:07:02',NULL,12,'0',NULL,18,'Cash: $7.95<br />'),('2019-09-16 20:09:04',NULL,12,'0',NULL,19,'Cash: $6.78<br />'),('2019-09-16 20:09:53',NULL,12,'0',NULL,20,'Cash: $0.20<br />'),('2019-09-16 20:10:35',NULL,12,'0',NULL,21,'Cash: $2.49<br />'),('2019-09-16 20:13:11',NULL,12,'0',NULL,22,'Cash: $7.85<br />'),('2019-09-16 20:17:02',NULL,12,'0',NULL,23,'Cash: $6.97<br />'),('2019-09-16 20:17:55',NULL,12,'0',NULL,24,'Cash: $1.25<br />'),('2019-09-16 20:19:00',NULL,12,'0',NULL,25,'Cash: $5.95<br />'),('2019-09-16 20:23:53',NULL,12,'0',NULL,26,'Cash: $5.65<br />'),('2019-09-16 20:25:33',NULL,12,'0',NULL,27,'Cash: $1.00<br />'),('2019-09-16 20:29:58',NULL,12,'0',NULL,28,'Cash: $4.20<br />'),('2019-09-16 20:32:53',NULL,12,'0',NULL,29,'Cash: $100.00<br />'),('2019-09-16 20:34:14',NULL,12,'0',NULL,30,'Cash: $0.20<br />'),('2019-09-16 20:37:29',NULL,12,'0',NULL,31,'Cash: $50.00<br />'),('2019-09-16 20:38:15',NULL,12,'0',NULL,32,'Cash: $2.99<br />'),('2019-09-16 20:41:20',NULL,12,'0',NULL,33,'Cash: $5.00<br />'),('2019-09-16 20:44:31',NULL,12,'0',NULL,34,'Cash: $50.00<br />'),('2019-09-16 20:46:21',NULL,12,'0',NULL,35,'Cash: $20.00<br />'),('2019-09-16 20:51:03',NULL,12,'0',NULL,36,'Cash: $10.00<br />'),('2019-09-16 20:54:38',NULL,12,'0',NULL,37,'Cash: $2.00<br />'),('2019-09-16 20:57:24',NULL,12,'0',NULL,38,'Cash: $5.00<br />'),('2019-09-16 20:59:09',NULL,12,'0',NULL,39,'Cash: $2.00<br />'),('2019-09-16 21:05:16',NULL,12,'0',NULL,40,'Cash: $5.00<br />'),('2019-09-16 21:09:32',NULL,12,'0',NULL,41,'Cash: $20.00<br />'),('2019-09-16 21:14:36',NULL,12,'0',NULL,42,'Cash: $6.00<br />'),('2019-09-16 21:24:06',NULL,12,'0',NULL,43,'Cash: $20.00<br />'),('2019-09-16 21:25:30',NULL,12,'0',NULL,44,'Cash: $0.10<br />'),('2019-09-16 21:31:54',NULL,12,'0',NULL,45,'Cash: $5.00<br />'),('2019-09-16 21:33:45',NULL,12,'0',NULL,46,'Cash: $1.25<br />'),('2019-09-16 21:35:07',NULL,12,'0',NULL,47,'Cash: $50.00<br />'),('2019-09-16 21:36:01',NULL,12,'0',NULL,48,'Cash: $1.00<br />'),('2019-09-16 21:39:01',NULL,12,'0',NULL,49,'Cash: $20.00<br />'),('2019-09-16 21:40:37',NULL,12,'0',NULL,50,'Cash: $50.00<br />'),('2019-09-16 21:43:07',NULL,12,'0',NULL,51,'Cash: $1.00<br />'),('2019-09-16 21:44:41',NULL,12,'0',NULL,52,'Cash: $0.50<br />'),('2019-09-16 21:46:34',NULL,12,'0',NULL,53,'Cash: $0.20<br />'),('2019-09-16 21:49:48',NULL,12,'0',NULL,54,'Cash: $6.00<br />'),('2019-09-16 21:51:08',NULL,12,'0',NULL,55,'Cash: $1.99<br />'),('2019-09-16 21:52:30',NULL,12,'0',NULL,56,'Cash: $100.00<br />'),('2019-09-16 21:53:47',NULL,12,'0',NULL,57,'Cash: $20.00<br />'),('2019-09-16 21:57:46',NULL,12,'0',NULL,58,'Cash: $10.00<br />'),('2019-09-16 21:58:59',NULL,12,'0',NULL,59,'Cash: $10.00<br />'),('2019-09-16 22:00:45',NULL,12,'0',NULL,60,'Cash: $10.00<br />'),('2019-09-16 22:02:02',NULL,12,'0',NULL,61,'Cash: $10.00<br />'),('2019-09-16 22:12:20',NULL,13,'0',NULL,62,'Cash: $1.50<br />'),('2019-09-16 22:20:27',NULL,13,'0',NULL,63,'Cash: $50.00<br />'),('2019-09-16 22:21:51',NULL,13,'0',NULL,64,'Cash: $5.00<br />'),('2019-09-16 22:23:01',NULL,13,'0',NULL,65,'Cash: $5.00<br />'),('2019-09-16 22:26:26',NULL,13,'0',NULL,66,'Cash: $0.20<br />'),('2019-09-16 22:27:53',NULL,13,'0',NULL,67,'Cash: $5.00<br />'),('2019-09-16 22:28:43',NULL,13,'0',NULL,68,'Cash: $5.00<br />'),('2019-09-16 22:31:34',NULL,13,'0',NULL,69,'Cash: $50.00<br />'),('2019-09-16 22:32:52',NULL,13,'0',NULL,70,'Cash: $2.00<br />'),('2019-09-16 22:34:43',NULL,13,'0',NULL,71,'Cash: $50.00<br />'),('2019-09-16 22:37:11',NULL,13,'0',NULL,72,'Cash: $0.20<br />'),('2019-09-16 22:39:29',NULL,13,'0',NULL,73,'Cash: $8.00<br />'),('2019-09-16 22:41:08',NULL,13,'0',NULL,74,'Cash: $10.00<br />'),('2019-09-16 22:42:02',NULL,13,'0',NULL,75,'Cash: $2.00<br />'),('2019-09-16 22:43:12',NULL,13,'0',NULL,76,'Cash: $20.00<br />'),('2019-09-16 22:43:54',NULL,13,'0',NULL,77,'Cash: $10.00<br />'),('2019-09-16 22:47:21',NULL,13,'0',NULL,78,'Cash: $5.00<br />'),('2019-09-16 22:49:52',NULL,13,'0',NULL,79,'Cash: $50.00<br />'),('2019-09-16 22:50:24',NULL,13,'0',NULL,80,'Cash: $20.00<br />'),('2019-09-16 22:52:38',NULL,13,'0',NULL,81,'Cash: $20.00<br />'),('2019-09-16 22:54:17',NULL,13,'0',NULL,82,'Cash: $10.00<br />'),('2019-09-16 22:58:58',NULL,13,'0',NULL,83,'Cash: $50.00<br />'),('2019-09-16 23:00:18',NULL,13,'0',NULL,84,'Cash: $3.60<br />'),('2019-09-16 23:01:07',NULL,13,'0',NULL,85,'Cash: $1.00<br />'),('2019-09-16 23:02:22',NULL,13,'0',NULL,86,'Cash: $50.00<br />'),('2019-09-16 23:03:11',NULL,13,'0',NULL,87,'Cash: $2.00<br />'),('2019-09-16 23:03:55',NULL,13,'0',NULL,88,'Cash: $3.00<br />'),('2019-09-16 23:05:19',NULL,13,'0',NULL,89,'Cash: $5.00<br />'),('2019-09-16 23:06:18',NULL,13,'0',NULL,90,'Cash: $0.20<br />'),('2019-09-16 23:07:28',NULL,13,'0',NULL,91,'Cash: $10.00<br />'),('2019-09-16 23:08:38',NULL,13,'0',NULL,92,'Cash: $2.00<br />'),('2019-09-16 23:11:54',NULL,13,'0',NULL,93,'Cash: $5.00<br />'),('2019-09-16 23:12:33',NULL,13,'0',NULL,94,'Cash: $2.95<br />'),('2019-09-16 23:13:15',NULL,13,'0',NULL,95,'Cash: $2.00<br />'),('2019-09-16 23:14:02',NULL,13,'0',NULL,96,'Cash: $1.00<br />'),('2019-09-16 23:15:02',NULL,13,'0',NULL,97,'Cash: $10.00<br />'),('2019-09-16 23:16:23',NULL,13,'0',NULL,98,'Cash: $2.11<br />'),('2019-09-16 23:17:18',NULL,13,'0',NULL,99,'Cash: $4.00<br />'),('2019-09-16 23:19:25',NULL,12,'0',NULL,100,'Cash: $1.30<br />'),('2019-09-16 23:21:34',NULL,12,'0',NULL,101,'Cash: $40.00<br />'),('2019-09-16 23:22:57',NULL,12,'0',NULL,102,'Cash: $20.00<br />'),('2019-09-16 23:25:23',NULL,12,'0',NULL,103,'Cash: $5.00<br />'),('2019-09-16 23:26:32',NULL,12,'0',NULL,104,'Cash: $5.00<br />'),('2019-09-16 23:31:30',NULL,12,'0',NULL,105,'Cash: $10.00<br />'),('2019-09-16 23:40:01',NULL,12,'0',NULL,106,'Cash: $10.00<br />'),('2019-09-16 23:43:21',NULL,12,'0',NULL,107,'Cash: $10.00<br />'),('2019-09-16 23:44:07',NULL,12,'0',NULL,108,'Cash: $2.58<br />'),('2019-09-16 23:45:12',NULL,12,'0',NULL,109,'Cash: $20.00<br />'),('2019-09-16 23:47:45',NULL,12,'0',NULL,110,'Cash: $20.00<br />'),('2019-09-16 23:49:15',NULL,12,'0',NULL,111,'Cash: $20.00<br />'),('2019-09-16 23:50:07',NULL,12,'0',NULL,112,'Cash: $2.00<br />'),('2019-09-16 23:55:10',NULL,12,'0',NULL,113,'Cash: $5.00<br />'),('2019-09-16 23:57:09',NULL,12,'0',NULL,114,'Cash: $0.50<br />'),('2019-09-16 23:57:58',NULL,12,'0',NULL,115,'Cash: $2.00<br />'),('2019-09-16 23:59:27',NULL,12,'0',NULL,116,'Cash: $6.00<br />'),('2019-09-17 00:00:49',NULL,12,'0',NULL,117,'Cash: $10.00<br />'),('2019-09-17 00:04:46',NULL,12,'0',NULL,118,'Cash: $10.00<br />'),('2019-09-17 00:05:51',NULL,12,'0',NULL,119,'Cash: $20.00<br />'),('2019-09-17 00:08:23',NULL,12,'0',NULL,120,'Cash: $50.00<br />'),('2019-09-17 00:10:02',NULL,12,'0',NULL,121,'Cash: $20.00<br />'),('2019-09-17 00:13:59',NULL,12,'0',NULL,122,'Cash: $1.00<br />'),('2019-09-17 00:15:20',NULL,12,'0',NULL,123,'Cash: $5.00<br />'),('2019-09-17 00:15:56',NULL,12,'0',NULL,124,'Cash: $0.10<br />'),('2019-09-17 00:17:34',NULL,12,'0',NULL,125,'Cash: $1.00<br />'),('2019-09-17 00:20:06',NULL,12,'0',NULL,126,'Cash: $50.00<br />'),('2019-09-17 00:21:15',NULL,12,'0',NULL,127,'Cash: $50.00<br />'),('2019-09-17 00:22:31',NULL,12,'0',NULL,128,'Cash: $5.00<br />'),('2019-09-17 00:30:06',NULL,12,'0',NULL,129,'Cash: $5.00<br />'),('2019-09-17 00:31:09',NULL,12,'0',NULL,130,'Cash: $10.00<br />'),('2019-09-17 00:32:15',NULL,12,'0',NULL,131,'Cash: $20.00<br />'),('2019-09-17 00:33:27',NULL,12,'0',NULL,132,'Cash: $50.00<br />'),('2019-09-17 00:35:02',NULL,12,'0',NULL,133,'Cash: $0.97<br />'),('2019-09-17 00:37:00',NULL,12,'0',NULL,134,'Cash: $5.00<br />'),('2019-09-17 00:40:06',NULL,12,'0',NULL,135,'Cash: $2.00<br />'),('2019-09-17 00:40:32',NULL,12,'0',NULL,136,'Cash: $0.50<br />'),('2019-09-17 00:41:26',NULL,12,'0',NULL,137,'Cash: $5.00<br />'),('2019-09-17 00:42:40',NULL,12,'0',NULL,138,'Cash: $0.50<br />'),('2019-09-17 00:43:18',NULL,12,'0',NULL,139,'Cash: $10.00<br />'),('2019-09-17 00:44:25',NULL,12,'0',NULL,140,'Cash: $13.00<br />'),('2019-09-17 00:45:17',NULL,12,'0',NULL,141,'Cash: $2.49<br />'),('2019-09-17 00:47:13',NULL,12,'0',NULL,142,'Cash: $50.00<br />'),('2019-09-17 00:49:07',NULL,12,'0',NULL,143,'Cash: $50.00<br />'),('2019-09-17 00:50:38',NULL,12,'0',NULL,144,'Cash: $30.30<br />'),('2019-09-17 00:51:28',NULL,12,'0',NULL,145,'Cash: $2.00<br />'),('2019-09-17 00:54:35',NULL,12,'0',NULL,146,'Cash: $30.50<br />'),('2019-09-17 00:55:34',NULL,12,'0',NULL,147,'Cash: $10.00<br />'),('2019-09-17 00:56:34',NULL,12,'0',NULL,148,'Cash: $0.30<br />'),('2019-09-17 00:57:14',NULL,12,'0',NULL,149,'Cash: $10.00<br />'),('2019-09-17 01:00:45',NULL,12,'0',NULL,150,'Cash: $0.60<br />'),('2019-09-17 01:04:30',NULL,12,'0',NULL,151,'Cash: $10.00<br />'),('2019-09-17 01:05:05',NULL,12,'0',NULL,152,'Cash: $0.20<br />'),('2019-09-17 01:08:13',NULL,12,'0',NULL,153,'Cash: $100.00<br />'),('2019-09-17 01:09:15',NULL,12,'0',NULL,154,'Cash: $10.00<br />'),('2019-09-17 01:09:52',NULL,12,'0',NULL,155,'Cash: $2.00<br />'),('2019-09-17 01:11:05',NULL,12,'0',NULL,156,'Cash: $2.00<br />'),('2019-09-17 01:11:55',NULL,12,'0',NULL,157,'Cash: $2.00<br />'),('2019-09-17 01:22:46',NULL,12,'0',NULL,158,'Cash: $5.50<br />'),('2019-09-17 01:25:32',NULL,12,'0',NULL,159,'Cash: $15.00<br />'),('2019-09-17 01:29:02',NULL,12,'0',NULL,160,'Cash: $1.99<br />'),('2019-09-17 01:30:35',NULL,12,'0',NULL,161,'Cash: $2.00<br />'),('2019-09-17 01:32:04',NULL,12,'0',NULL,162,'Cash: $50.15<br />'),('2019-09-17 01:35:45',NULL,12,'0',NULL,163,'Cash: $50.00<br />'),('2019-09-17 01:37:05',NULL,12,'0',NULL,164,'Cash: $20.00<br />'),('2019-09-17 01:38:41',NULL,12,'0',NULL,165,'Cash: $8.00<br />'),('2019-09-17 01:39:40',NULL,12,'0',NULL,166,'Cash: $10.00<br />'),('2019-09-17 01:43:51',NULL,12,'0',NULL,167,'Cash: $0.50<br />'),('2019-09-17 01:45:17',NULL,12,'0',NULL,168,'Cash: $2.25<br />'),('2019-09-17 01:46:35',NULL,12,'0',NULL,169,'Cash: $10.00<br />'),('2019-09-17 01:47:54',NULL,12,'0',NULL,170,'Cash: $25.00<br />'),('2019-09-17 01:49:17',NULL,12,'0',NULL,171,'Cash: $20.00<br />'),('2019-09-17 01:54:54',NULL,12,'0',NULL,172,'Cash: $50.00<br />'),('2019-09-17 01:56:52',NULL,12,'0',NULL,173,'Cash: $20.00<br />'),('2019-09-17 01:58:41',NULL,12,'0',NULL,174,'Cash: $2.70<br />'),('2019-09-17 02:02:58',NULL,12,'0',NULL,175,'Cash: $1.00<br />'),('2019-09-17 02:10:28',NULL,12,'0',NULL,176,'Cash: $2.00<br />'),('2019-09-17 02:12:10',NULL,12,'0',NULL,177,'Cash: $2.00<br />'),('2019-09-17 02:22:05',NULL,12,'0',NULL,178,'Cash: $2.00<br />'),('2019-09-17 02:23:17',NULL,12,'0',NULL,179,'Cash: $9.00<br />'),('2019-09-17 02:24:33',NULL,12,'0',NULL,180,'Cash: $1.00<br />'),('2019-09-17 02:33:40',NULL,12,'0',NULL,181,'Cash: $20.00<br />'),('2019-09-17 02:37:34',NULL,12,'0',NULL,182,'Cash: $20.15<br />'),('2019-09-17 02:42:12',NULL,12,'0',NULL,183,'Cash: $10.00<br />'),('2019-09-17 02:43:50',NULL,12,'0',NULL,184,'Cash: $10.00<br />'),('2019-09-17 02:45:22',NULL,12,'0',NULL,185,'Cash: $5.00<br />'),('2019-09-17 02:46:21',NULL,12,'0',NULL,186,'Cash: $0.50<br />'),('2019-09-17 02:47:25',NULL,12,'0',NULL,187,'Cash: $10.00<br />'),('2019-09-17 02:49:47',NULL,12,'0',NULL,188,'Cash: $6.00<br />'),('2019-09-17 02:50:48',NULL,12,'0',NULL,189,'Cash: $2.95<br />'),('2019-09-17 02:52:03',NULL,12,'0',NULL,190,'Cash: $10.00<br />'),('2019-09-17 02:52:50',NULL,12,'0',NULL,191,'Cash: $1.00<br />'),('2019-09-17 02:55:21',NULL,12,'0',NULL,192,'Cash: $50.00<br />'),('2019-09-17 02:57:39',NULL,12,'0',NULL,193,'Cash: $4.30<br />'),('2019-09-17 02:59:01',NULL,12,'0',NULL,194,'Cash: $11.00<br />'),('2019-09-17 02:59:53',NULL,12,'0',NULL,195,'Cash: $1.50<br />'),('2019-09-17 03:00:47',NULL,12,'0',NULL,196,'Cash: $20.00<br />'),('2019-09-17 03:01:49',NULL,12,'0',NULL,197,'Cash: $2.00<br />'),('2019-09-17 03:08:34',NULL,12,'0',NULL,198,'Cash: $5.60<br />'),('2019-09-17 03:09:28',NULL,12,'0',NULL,199,'Cash: $5.00<br />'),('2019-09-17 03:10:13',NULL,12,'0',NULL,200,'Cash: $1.50<br />'),('2019-09-17 03:11:43',NULL,12,'0',NULL,201,'Cash: $15.00<br />'),('2019-09-17 03:15:58',NULL,12,'0',NULL,202,'Cash: $50.00<br />'),('2019-09-17 03:16:35',NULL,12,'0',NULL,203,'Cash: $10.00<br />'),('2019-09-17 03:19:44',NULL,12,'0',NULL,204,'Cash: $5.00<br />'),('2019-09-17 03:21:57',NULL,12,'0',NULL,205,'Cash: $20.00<br />'),('2019-09-17 03:23:21',NULL,12,'0',NULL,206,'Cash: $0.40<br />'),('2019-09-17 03:24:31',NULL,12,'0',NULL,207,'Cash: $10.00<br />'),('2019-09-17 03:25:28',NULL,12,'0',NULL,208,'Cash: $20.00<br />'),('2019-09-17 03:30:42',NULL,12,'0',NULL,209,'Cash: $0.50<br />'),('2019-09-17 03:32:35',NULL,12,'0',NULL,210,'Cash: $20.00<br />'),('2019-09-17 03:33:44',NULL,12,'0',NULL,211,'Cash: $5.00<br />'),('2019-09-17 03:34:36',NULL,12,'0',NULL,212,'Cash: $1.00<br />'),('2019-09-17 03:41:26',NULL,12,'0',NULL,213,'Cash: $50.00<br />'),('2019-09-17 03:43:41',NULL,13,'0',NULL,214,'Cash: $20.00<br />'),('2019-09-17 03:45:40',NULL,13,'0',NULL,215,'Cash: $10.00<br />'),('2019-09-17 03:47:20',NULL,13,'0',NULL,216,'Cash: $10.00<br />'),('2019-09-17 03:48:28',NULL,13,'0',NULL,217,'Cash: $4.20<br />'),('2019-09-17 03:49:23',NULL,13,'0',NULL,218,'Cash: $5.00<br />'),('2019-09-17 03:50:33',NULL,13,'0',NULL,219,'Cash: $1.10<br />'),('2019-09-17 03:51:40',NULL,13,'0',NULL,220,'Cash: $5.00<br />'),('2019-09-17 03:53:53',NULL,13,'0',NULL,221,'Cash: $25.00<br />'),('2019-09-17 03:54:33',NULL,13,'0',NULL,222,'Cash: $0.49<br />'),('2019-09-17 03:55:53',NULL,13,'0',NULL,223,'Cash: $20.00<br />'),('2019-09-17 03:56:29',NULL,13,'0',NULL,224,'Cash: $1.00<br />'),('2019-09-17 03:57:26',NULL,13,'0',NULL,225,'Cash: $10.00<br />'),('2019-09-17 03:58:24',NULL,13,'0',NULL,226,'Cash: $1.50<br />'),('2019-09-17 03:59:26',NULL,13,'0',NULL,227,'Cash: $6.00<br />'),('2019-09-17 04:00:24',NULL,13,'0',NULL,228,'Cash: $6.00<br />'),('2019-09-17 04:01:23',NULL,13,'0',NULL,229,'Cash: $0.50<br />'),('2019-09-17 04:02:50',NULL,13,'0',NULL,230,'Cash: $5.72<br />'),('2019-09-17 04:03:46',NULL,13,'0',NULL,231,'Cash: $2.00<br />'),('2019-09-17 04:04:33',NULL,13,'0',NULL,232,'Cash: $5.00<br />'),('2019-09-17 04:10:15',NULL,13,'0',NULL,233,'Cash: $10.00<br />'),('2019-09-17 04:11:56',NULL,13,'0',NULL,234,'Cash: $10.00<br />'),('2019-09-17 04:13:21',NULL,13,'0',NULL,235,'Cash: $1.00<br />'),('2019-09-17 04:14:25',NULL,13,'0',NULL,236,'Cash: $5.00<br />'),('2019-09-17 04:15:16',NULL,13,'0',NULL,237,'Cash: $0.50<br />'),('2019-09-17 04:15:49',NULL,13,'0',NULL,238,'Cash: $5.00<br />'),('2019-09-17 04:16:48',NULL,13,'0',NULL,239,'Cash: $3.99<br />'),('2019-09-17 04:17:33',NULL,13,'0',NULL,240,'Cash: $3.10<br />'),('2019-09-17 04:18:54',NULL,13,'0',NULL,241,'Cash: $5.00<br />'),('2019-09-17 04:25:15',NULL,13,'0',NULL,242,'Cash: $100.00<br />'),('2019-09-17 04:26:00',NULL,13,'0',NULL,243,'Cash: $0.20<br />'),('2019-09-17 04:26:30',NULL,13,'0',NULL,244,'Cash: $2.49<br />'),('2019-09-17 04:28:59',NULL,13,'0',NULL,245,'Cash: $7.60<br />'),('2019-09-17 04:31:38',NULL,13,'0',NULL,246,'Cash: $7.60<br />'),('2019-09-17 04:33:22',NULL,13,'0',NULL,247,'Cash: $50.00<br />'),('2019-09-17 04:37:02',NULL,13,'0',NULL,248,'Cash: $20.00<br />'),('2019-09-17 04:40:29',NULL,13,'0',NULL,249,'Cash: $50.00<br />'),('2019-09-17 04:41:17',NULL,13,'0',NULL,250,'Cash: $10.00<br />'),('2019-09-17 04:43:15',NULL,13,'0',NULL,251,'Cash: $20.00<br />'),('2019-09-17 04:44:08',NULL,13,'0',NULL,252,'Cash: $11.90<br />'),('2019-09-17 04:44:49',NULL,13,'0',NULL,253,'Cash: $0.20<br />'),('2019-09-17 04:45:46',NULL,13,'0',NULL,254,'Cash: $10.00<br />'),('2019-09-17 04:46:51',NULL,13,'0',NULL,255,'Cash: $10.00<br />'),('2019-09-17 04:47:56',NULL,13,'0',NULL,256,'Cash: $10.00<br />'),('2019-09-17 04:48:45',NULL,13,'0',NULL,257,'Cash: $4.99<br />'),('2019-09-17 04:50:52',NULL,12,'0',NULL,258,'Cash: $10.00<br />'),('2019-09-17 04:52:12',NULL,12,'0',NULL,259,'Cash: $10.00<br />'),('2019-09-17 04:53:31',NULL,12,'0',NULL,260,'Cash: $10.00<br />'),('2019-09-17 04:55:21',NULL,12,'0',NULL,261,'Cash: $50.00<br />'),('2019-09-17 04:56:26',NULL,12,'0',NULL,262,'Cash: $5.00<br />'),('2019-09-17 05:00:22',NULL,12,'0',NULL,263,'Cash: $20.00<br />'),('2019-09-17 05:02:44',NULL,12,'0',NULL,264,'Cash: $20.00<br />'),('2019-09-17 05:03:33',NULL,12,'0',NULL,265,'Cash: $10.00<br />'),('2019-09-17 05:04:43',NULL,12,'0',NULL,266,'Cash: $5.00<br />'),('2019-09-17 05:06:33',NULL,12,'0',NULL,267,'Cash: $20.00<br />'),('2019-09-17 05:07:31',NULL,12,'0',NULL,268,'Cash: $0.20<br />'),('2019-09-17 05:08:08',NULL,12,'0',NULL,269,'Cash: $1.00<br />'),('2019-09-17 05:11:10',NULL,12,'0',NULL,270,'Cash: $20.00<br />'),('2019-09-17 05:13:04',NULL,12,'0',NULL,271,'Cash: $10.00<br />'),('2019-09-17 05:13:45',NULL,12,'0',NULL,272,'Cash: $0.20<br />'),('2019-09-17 05:15:04',NULL,12,'0',NULL,273,'Cash: $10.00<br />'),('2019-09-17 05:16:08',NULL,12,'0',NULL,274,'Cash: $5.00<br />'),('2019-09-17 05:17:29',NULL,12,'0',NULL,275,'Cash: $20.00<br />'),('2019-09-17 05:19:19',NULL,12,'0',NULL,276,'Cash: $5.00<br />'),('2019-09-17 05:23:43',NULL,12,'0',NULL,277,'Cash: $4.00<br />'),('2019-09-17 05:29:50',NULL,12,'0',NULL,278,'Cash: $20.00<br />'),('2019-09-17 05:33:41',NULL,12,'0',NULL,279,'Cash: $20.00<br />'),('2019-09-17 05:35:40',NULL,12,'0',NULL,280,'Cash: $10.00<br />'),('2019-09-17 05:38:16',NULL,12,'0',NULL,281,'Cash: $20.00<br />'),('2019-09-17 05:39:23',NULL,12,'0',NULL,282,'Cash: $10.00<br />'),('2019-09-17 05:42:20',NULL,12,'0',NULL,283,'Cash: $8.00<br />'),('2019-09-17 05:43:56',NULL,12,'0',NULL,284,'Cash: $5.00<br />'),('2019-09-17 05:44:37',NULL,12,'0',NULL,285,'Cash: $0.18<br />'),('2019-09-17 05:45:57',NULL,12,'0',NULL,286,'Cash: $2.00<br />'),('2019-09-17 05:47:06',NULL,12,'0',NULL,287,'Cash: $10.00<br />'),('2019-09-17 05:48:34',NULL,12,'0',NULL,288,'Cash: $50.00<br />'),('2019-09-17 05:51:55',NULL,12,'0',NULL,289,'Cash: $5.00<br />'),('2019-09-17 05:53:11',NULL,12,'0',NULL,290,'Cash: $20.00<br />'),('2019-09-17 05:53:48',NULL,12,'0',NULL,291,'Cash: $1.00<br />'),('2019-09-17 05:55:11',NULL,12,'0',NULL,292,'Cash: $1.25<br />'),('2019-09-17 05:56:17',NULL,12,'0',NULL,293,'Cash: $5.07<br />'),('2019-09-17 05:56:58',NULL,12,'0',NULL,294,'Cash: $20.00<br />'),('2019-09-17 05:58:17',NULL,12,'0',NULL,295,'Cash: $15.00<br />'),('2019-09-17 05:59:24',NULL,12,'0',NULL,296,'Cash: $7.00<br />'),('2019-09-17 06:00:37',NULL,12,'0',NULL,297,'Cash: $10.00<br />'),('2019-09-17 06:03:13',NULL,12,'0',NULL,298,'Cash: $6.30<br />'),('2019-09-17 06:08:46',NULL,12,'0',NULL,299,'Cash: $50.00<br />'),('2019-09-17 06:09:43',NULL,12,'0',NULL,300,'Cash: $2.00<br />'),('2019-09-17 06:10:46',NULL,12,'0',NULL,301,'Cash: $10.00<br />'),('2019-09-17 06:11:29',NULL,12,'0',NULL,302,'Cash: $20.00<br />'),('2019-09-17 06:12:19',NULL,12,'0',NULL,303,'Cash: $10.00<br />'),('2019-09-17 06:13:26',NULL,12,'0',NULL,304,'Cash: $1.29<br />'),('2019-09-17 06:14:24',NULL,12,'0',NULL,305,'Cash: $3.00<br />'),('2019-09-17 06:15:36',NULL,12,'0',NULL,306,'Cash: $10.00<br />'),('2019-09-17 06:19:44',NULL,12,'0',NULL,307,'Cash: $2.00<br />'),('2019-09-17 06:28:27',NULL,12,'0',NULL,308,'Cash: $20.00<br />'),('2019-09-17 06:29:01',NULL,12,'0',NULL,309,'Cash: $0.50<br />'),('2019-09-17 06:30:07',NULL,12,'0',NULL,310,'Cash: $1.00<br />'),('2019-09-17 19:51:50',NULL,12,'0',NULL,311,'Cash: $7.00<br />'),('2019-09-17 19:54:07',NULL,12,'0',NULL,312,'Cash: $10.00<br />'),('2019-09-17 19:58:30',NULL,12,'0',NULL,313,'Cash: $20.00<br />'),('2019-09-17 20:02:13',NULL,12,'0',NULL,314,'Cash: $20.00<br />'),('2019-09-17 20:03:11',NULL,12,'0',NULL,315,'Cash: $1.99<br />'),('2019-09-17 20:04:25',NULL,12,'0',NULL,316,'Cash: $0.30<br />'),('2019-09-17 20:06:35',NULL,12,'0',NULL,317,'Cash: $2.00<br />'),('2019-09-17 20:08:50',NULL,12,'0',NULL,318,'Cash: $3.45<br />'),('2019-09-17 20:12:42',NULL,12,'0',NULL,319,'Cash: $6.00<br />'),('2019-09-17 20:13:55',NULL,12,'0',NULL,320,'Cash: $5.00<br />'),('2019-09-17 20:15:50',NULL,12,'0',NULL,321,'Cash: $6.40<br />'),('2019-09-17 20:17:29',NULL,12,'0',NULL,322,'Cash: $0.20<br />'),('2019-09-17 20:19:38',NULL,12,'0',NULL,323,'Cash: $2.00<br />'),('2019-09-17 20:23:55',NULL,12,'0',NULL,324,'Cash: $1.00<br />'),('2019-09-17 20:24:39',NULL,12,'0',NULL,325,'Cash: $3.99<br />'),('2019-09-17 20:26:23',NULL,12,'0',NULL,326,'Cash: $2.00<br />'),('2019-09-17 20:39:45',NULL,12,'0',NULL,327,'Cash: $14.00<br />'),('2019-09-17 20:43:09',NULL,12,'0',NULL,328,'Cash: $20.00<br />'),('2019-09-17 20:47:02',NULL,12,'0',NULL,329,'Cash: $3.20<br />'),('2019-09-17 20:49:03',NULL,12,'0',NULL,330,'Cash: $18.90<br />'),('2019-09-17 21:04:02',NULL,12,'0',NULL,331,'Cash: $3.00<br />'),('2019-09-17 21:24:42',NULL,12,'0',NULL,332,'Cash: $10.00<br />'),('2019-09-17 21:26:22',NULL,12,'0',NULL,333,'Cash: $15.10<br />'),('2019-09-17 21:29:40',NULL,12,'0',NULL,334,'Cash: $5.00<br />'),('2019-09-17 21:33:06',NULL,12,'0',NULL,335,'Cash: $15.00<br />'),('2019-09-17 21:35:19',NULL,12,'0',NULL,336,'Cash: $10.00<br />'),('2019-09-17 21:40:58',NULL,12,'0',NULL,337,'Cash: $2.00<br />'),('2019-09-17 21:43:04',NULL,12,'0',NULL,338,'Cash: $20.00<br />'),('2019-09-17 21:43:45',NULL,12,'0',NULL,339,'Cash: $1.99<br />'),('2019-09-17 21:45:28',NULL,12,'0',NULL,340,'Cash: $50.00<br />'),('2019-09-17 21:46:43',NULL,12,'0',NULL,341,'Cash: $20.00<br />'),('2019-09-17 21:47:22',NULL,12,'0',NULL,342,'Cash: $0.20<br />'),('2019-09-17 21:50:14',NULL,12,'0',NULL,343,'Cash: $20.00<br />'),('2019-09-17 21:51:44',NULL,12,'0',NULL,344,'Cash: $20.00<br />'),('2019-09-17 21:56:48',NULL,12,'0',NULL,345,'Cash: $2.30<br />'),('2019-09-17 22:01:11',NULL,12,'0',NULL,346,'Cash: $1.00<br />'),('2019-09-17 22:04:04',NULL,12,'0',NULL,347,'Cash: $10.00<br />'),('2019-09-17 22:12:21',NULL,12,'0',NULL,348,'Cash: $8.00<br />'),('2019-09-17 22:14:02',NULL,12,'0',NULL,349,'Cash: $20.00<br />'),('2019-09-17 22:19:44',NULL,12,'0',NULL,350,'Cash: $11.00<br />'),('2019-09-17 22:22:26',NULL,12,'0',NULL,351,'Cash: $50.00<br />'),('2019-09-17 22:25:55',NULL,12,'0',NULL,352,'Cash: $1.00<br />'),('2019-09-17 22:26:47',NULL,12,'0',NULL,353,'Cash: $10.00<br />'),('2019-09-17 22:29:11',NULL,12,'0',NULL,354,'Cash: $0.50<br />'),('2019-09-17 22:35:25',NULL,12,'0',NULL,355,'Cash: $50.00<br />'),('2019-09-17 22:38:12',NULL,12,'0',NULL,356,'Cash: $5.00<br />'),('2019-09-17 22:45:03',NULL,12,'0',NULL,357,'Cash: $20.00<br />'),('2019-09-17 22:48:13',NULL,12,'0',NULL,358,'Cash: $10.00<br />'),('2019-09-17 22:52:31',NULL,12,'0',NULL,359,'Cash: $5.00<br />'),('2019-09-17 22:54:20',NULL,12,'0',NULL,360,'Cash: $2.00<br />'),('2019-09-17 22:54:56',NULL,12,'0',NULL,361,'Cash: $2.00<br />'),('2019-09-17 22:56:41',NULL,12,'0',NULL,362,'Cash: $10.00<br />'),('2019-09-17 23:00:37',NULL,12,'0',NULL,363,'Cash: $8.00<br />'),('2019-09-17 23:04:31',NULL,12,'0',NULL,364,'Cash: $40.00<br />'),('2019-09-17 23:05:49',NULL,12,'0',NULL,365,'Cash: $10.00<br />'),('2019-09-17 23:09:36',NULL,12,'0',NULL,366,'Cash: $100.00<br />'),('2019-09-17 23:10:27',NULL,12,'0',NULL,367,'Cash: $3.50<br />'),('2019-09-17 23:12:17',NULL,12,'0',NULL,368,'Cash: $20.00<br />'),('2019-09-17 23:15:13',NULL,12,'0',NULL,369,'Cash: $0.10<br />'),('2019-09-17 23:16:57',NULL,12,'0',NULL,370,'Cash: $50.00<br />'),('2019-09-17 23:18:25',NULL,12,'0',NULL,371,'Cash: $2.00<br />'),('2019-09-17 23:20:43',NULL,12,'0',NULL,372,'Cash: $10.00<br />'),('2019-09-17 23:23:02',NULL,12,'0',NULL,373,'Cash: $5.00<br />'),('2019-09-17 23:24:44',NULL,12,'0',NULL,374,'Cash: $10.00<br />'),('2019-09-17 23:25:29',NULL,12,'0',NULL,375,'Cash: $1.29<br />'),('2019-09-17 23:26:08',NULL,12,'0',NULL,376,'Cash: $2.00<br />'),('2019-09-17 23:27:58',NULL,12,'0',NULL,377,'Cash: $16.58<br />'),('2019-09-17 23:32:07',NULL,12,'0',NULL,378,'Cash: $10.00<br />'),('2019-09-17 23:38:09',NULL,12,'0',NULL,379,'Cash: $20.00<br />'),('2019-09-17 23:38:58',NULL,12,'0',NULL,380,'Cash: $3.00<br />'),('2019-09-17 23:39:54',NULL,12,'0',NULL,381,'Cash: $1.00<br />'),('2019-09-17 23:41:12',NULL,12,'0',NULL,382,'Cash: $4.00<br />'),('2019-09-17 23:42:03',NULL,12,'0',NULL,383,'Cash: $1.00<br />'),('2019-09-17 23:48:53',NULL,12,'0',NULL,384,'Cash: $50.00<br />'),('2019-09-17 23:49:40',NULL,12,'0',NULL,385,'Cash: $0.50<br />'),('2019-09-17 23:53:31',NULL,12,'0',NULL,386,'Cash: $5.00<br />'),('2019-09-17 23:55:10',NULL,12,'0',NULL,387,'Cash: $10.00<br />'),('2019-09-17 23:56:11',NULL,12,'0',NULL,388,'Cash: $50.00<br />'),('2019-09-17 23:57:45',NULL,12,'0',NULL,389,'Cash: $2.00<br />'),('2019-09-17 23:58:42',NULL,12,'0',NULL,390,'Cash: $10.00<br />'),('2019-09-18 00:02:17',NULL,12,'0',NULL,391,'Cash: $2.58<br />'),('2019-09-18 00:04:01',NULL,12,'0',NULL,392,'Cash: $2.58<br />'),('2019-09-18 00:09:00',NULL,12,'0',NULL,393,'Cash: $2.00<br />'),('2019-09-18 00:11:43',NULL,12,'0',NULL,394,'Cash: $10.00<br />'),('2019-09-18 00:13:31',NULL,12,'0',NULL,395,'Cash: $2.00<br />'),('2019-09-18 00:15:12',NULL,12,'0',NULL,396,'Cash: $1.29<br />'),('2019-09-18 00:17:36',NULL,12,'0',NULL,397,'Cash: $13.04<br />'),('2019-09-18 00:19:10',NULL,12,'0',NULL,398,'Cash: $50.00<br />'),('2019-09-18 00:20:55',NULL,12,'0',NULL,399,'Cash: $7.00<br />'),('2019-09-18 00:24:29',NULL,12,'0',NULL,400,'Cash: $3.00<br />'),('2019-09-18 00:25:26',NULL,12,'0',NULL,401,'Cash: $2.49<br />'),('2019-09-18 00:29:56',NULL,12,'0',NULL,402,'Cash: $0.40<br />'),('2019-09-18 00:30:52',NULL,12,'0',NULL,403,'Cash: $50.00<br />'),('2019-09-18 00:31:41',NULL,12,'0',NULL,404,'Cash: $1.00<br />'),('2019-09-18 00:32:23',NULL,12,'0',NULL,405,'Cash: $5.00<br />'),('2019-09-18 00:33:56',NULL,12,'0',NULL,406,'Cash: $50.00<br />'),('2019-09-18 00:40:11',NULL,12,'0',NULL,407,'Cash: $50.00<br />'),('2019-09-18 00:40:54',NULL,12,'0',NULL,408,'Cash: $20.00<br />'),('2019-09-18 00:45:22',NULL,12,'0',NULL,409,'Cash: $20.00<br />'),('2019-09-18 00:46:17',NULL,12,'0',NULL,410,'Cash: $1.99<br />'),('2019-09-18 00:47:06',NULL,12,'0',NULL,411,'Cash: $10.00<br />'),('2019-09-18 00:47:50',NULL,12,'0',NULL,412,'Cash: $1.99<br />'),('2019-09-18 00:48:33',NULL,12,'0',NULL,413,'Cash: $10.00<br />'),('2019-09-18 00:53:03',NULL,12,'0',NULL,414,'Cash: $20.00<br />'),('2019-09-18 00:57:15',NULL,12,'0',NULL,415,'Cash: $5.00<br />'),('2019-09-18 01:00:18',NULL,12,'0',NULL,416,'Cash: $20.00<br />'),('2019-09-18 01:04:18',NULL,12,'0',NULL,417,'Cash: $7.00<br />'),('2019-09-18 01:05:21',NULL,12,'0',NULL,418,'Cash: $5.00<br />'),('2019-09-18 01:06:00',NULL,12,'0',NULL,419,'Cash: $1.99<br />'),('2019-09-18 01:07:00',NULL,12,'0',NULL,420,'Cash: $50.00<br />'),('2019-09-18 01:09:58',NULL,13,'0',NULL,421,'Cash: $1.25<br />'),('2019-09-18 01:14:07',NULL,13,'0',NULL,422,'Cash: $5.00<br />'),('2019-09-18 01:15:09',NULL,13,'0',NULL,423,'Cash: $0.20<br />'),('2019-09-18 01:17:12',NULL,13,'0',NULL,424,'Cash: $10.00<br />'),('2019-09-18 01:22:23',NULL,13,'0',NULL,425,'Cash: $20.00<br />'),('2019-09-18 01:23:42',NULL,13,'0',NULL,426,'Cash: $50.00<br />'),('2019-09-18 01:24:57',NULL,13,'0',NULL,427,'Cash: $20.00<br />'),('2019-09-18 01:26:40',NULL,13,'0',NULL,428,'Cash: $2.00<br />'),('2019-09-18 01:28:20',NULL,13,'0',NULL,429,'Cash: $20.00<br />'),('2019-09-18 01:32:32',NULL,13,'0',NULL,430,'Cash: $10.00<br />'),('2019-09-18 01:33:26',NULL,13,'0',NULL,431,'Cash: $1.99<br />'),('2019-09-18 01:35:12',NULL,13,'0',NULL,432,'Cash: $100.00<br />'),('2019-09-18 01:48:35',NULL,13,'0',NULL,433,'Cash: $50.00<br />'),('2019-09-18 01:49:45',NULL,13,'0',NULL,434,'Cash: $20.00<br />'),('2019-09-18 01:51:00',NULL,13,'0',NULL,435,'Cash: $4.00<br />'),('2019-09-18 01:53:11',NULL,13,'0',NULL,436,'Cash: $50.00<br />'),('2019-09-18 01:55:50',NULL,13,'0',NULL,437,'Cash: $2.00<br />'),('2019-09-18 02:00:35',NULL,13,'0',NULL,438,'Cash: $50.00<br />'),('2019-09-18 02:01:40',NULL,13,'0',NULL,439,'Cash: $10.00<br />'),('2019-09-18 02:02:33',NULL,13,'0',NULL,440,'Cash: $6.99<br />'),('2019-09-18 02:03:22',NULL,13,'0',NULL,441,'Cash: $20.00<br />'),('2019-09-18 02:05:46',NULL,13,'0',NULL,442,'Cash: $50.00<br />'),('2019-09-18 02:06:39',NULL,13,'0',NULL,443,'Cash: $12.00<br />'),('2019-09-18 02:07:43',NULL,13,'0',NULL,444,'Cash: $7.00<br />'),('2019-09-18 02:08:29',NULL,13,'0',NULL,445,'Cash: $5.00<br />'),('2019-09-18 02:09:22',NULL,13,'0',NULL,446,'Cash: $5.00<br />'),('2019-09-18 02:11:13',NULL,13,'0',NULL,447,'Cash: $10.00<br />'),('2019-09-18 02:11:55',NULL,13,'0',NULL,448,'Cash: $1.20<br />'),('2019-09-18 02:15:03',NULL,13,'0',NULL,449,'Cash: $1.00<br />'),('2019-09-18 02:17:18',NULL,13,'0',NULL,450,'Cash: $9.99<br />'),('2019-09-18 02:19:10',NULL,13,'0',NULL,451,'Cash: $50.00<br />'),('2019-09-18 02:20:06',NULL,13,'0',NULL,452,'Cash: $5.00<br />'),('2019-09-18 02:20:50',NULL,13,'0',NULL,453,'Cash: $0.99<br />'),('2019-09-18 02:22:19',NULL,13,'0',NULL,454,'Cash: $50.00<br />'),('2019-09-18 02:25:07',NULL,13,'0',NULL,455,'Cash: $100.00<br />'),('2019-09-18 02:29:19',NULL,13,'0',NULL,456,'Cash: $2.00<br />'),('2019-09-18 02:34:40',NULL,13,'0',NULL,457,'Cash: $20.00<br />'),('2019-09-18 02:35:20',NULL,13,'0',NULL,458,'Cash: $20.00<br />'),('2019-09-18 02:36:28',NULL,13,'0',NULL,459,'Cash: $20.00<br />'),('2019-09-18 02:38:45',NULL,13,'0',NULL,460,'Cash: $2.00<br />'),('2019-09-18 02:39:30',NULL,13,'0',NULL,461,'Cash: $5.00<br />'),('2019-09-18 02:47:29',NULL,13,'0',NULL,462,'Cash: $200.00<br />'),('2019-09-18 02:48:24',NULL,13,'0',NULL,463,'Cash: $10.00<br />'),('2019-09-18 02:51:30',NULL,13,'0',NULL,464,'Cash: $50.00<br />'),('2019-09-18 02:53:27',NULL,13,'0',NULL,465,'Cash: $50.00<br />'),('2019-09-18 02:54:56',NULL,13,'0',NULL,466,'Cash: $5.90<br />'),('2019-09-18 02:56:12',NULL,13,'0',NULL,467,'Cash: $10.00<br />'),('2019-09-18 02:57:28',NULL,13,'0',NULL,468,'Cash: $5.00<br />'),('2019-09-18 03:04:06',NULL,13,'0',NULL,469,'Cash: $9.95<br />'),('2019-09-18 03:04:49',NULL,13,'0',NULL,470,'Cash: $3.00<br />'),('2019-09-18 03:05:43',NULL,13,'0',NULL,471,'Cash: $2.49<br />'),('2019-09-18 03:06:30',NULL,13,'0',NULL,472,'Cash: $1.00<br />'),('2019-09-18 03:07:34',NULL,13,'0',NULL,473,'Cash: $50.00<br />'),('2019-09-18 03:09:12',NULL,13,'0',NULL,474,'Cash: $2.00<br />'),('2019-09-18 03:10:23',NULL,13,'0',NULL,475,'Cash: $20.00<br />'),('2019-09-18 03:11:02',NULL,13,'0',NULL,476,'Cash: $1.20<br />'),('2019-09-18 03:13:08',NULL,13,'0',NULL,477,'Cash: $52.65<br />'),('2019-09-18 03:14:11',NULL,13,'0',NULL,478,'Cash: $5.00<br />'),('2019-09-18 03:15:01',NULL,13,'0',NULL,479,'Cash: $10.00<br />'),('2019-09-18 03:15:54',NULL,13,'0',NULL,480,'Cash: $1.00<br />'),('2019-09-18 03:17:43',NULL,13,'0',NULL,481,'Cash: $1.20<br />'),('2019-09-18 03:19:37',NULL,13,'0',NULL,482,'Cash: $50.00<br />'),('2019-09-18 03:26:45',NULL,13,'0',NULL,483,'Cash: $2.00<br />'),('2019-09-18 03:29:34',NULL,13,'0',NULL,484,'Cash: $3.00<br />'),('2019-09-18 03:30:22',NULL,13,'0',NULL,485,'Cash: $3.00<br />'),('2019-09-18 03:31:17',NULL,13,'0',NULL,486,'Cash: $3.00<br />'),('2019-09-18 03:32:06',NULL,13,'0',NULL,487,'Cash: $3.00<br />'),('2019-09-18 03:32:50',NULL,13,'0',NULL,488,'Cash: $2.00<br />'),('2019-09-18 03:35:24',NULL,13,'0',NULL,489,'Cash: $50.00<br />'),('2019-09-18 03:36:19',NULL,13,'0',NULL,490,'Cash: $1.99<br />'),('2019-09-18 03:38:42',NULL,13,'0',NULL,491,'Cash: $27.50<br />'),('2019-09-18 03:40:05',NULL,13,'0',NULL,492,'Cash: $2.00<br />'),('2019-09-18 03:41:01',NULL,13,'0',NULL,493,'Cash: $10.00<br />'),('2019-09-18 03:42:41',NULL,13,'0',NULL,494,'Cash: $20.00<br />'),('2019-09-18 03:47:08',NULL,13,'0',NULL,495,'Cash: $2.00<br />'),('2019-09-18 03:48:41',NULL,13,'0',NULL,496,'Cash: $1.99<br />'),('2019-09-18 03:51:21',NULL,13,'0',NULL,497,'Cash: $5.00<br />'),('2019-09-18 03:52:17',NULL,13,'0',NULL,498,'Cash: $0.20<br />'),('2019-09-18 03:54:10',NULL,13,'0',NULL,499,'Cash: $50.00<br />'),('2019-09-18 03:55:35',NULL,13,'0',NULL,500,'Cash: $100.00<br />'),('2019-09-18 03:58:59',NULL,13,'0',NULL,501,'Cash: $0.48<br />'),('2019-09-18 04:01:38',NULL,13,'0',NULL,502,'Cash: $20.20<br />'),('2019-09-18 04:02:17',NULL,13,'0',NULL,503,'Cash: $2.00<br />'),('2019-09-18 04:03:43',NULL,13,'0',NULL,504,'Cash: $13.00<br />'),('2019-09-18 04:04:24',NULL,13,'0',NULL,505,'Cash: $0.20<br />'),('2019-09-18 04:04:58',NULL,13,'0',NULL,506,'Cash: $1.00<br />'),('2019-09-18 04:05:46',NULL,13,'0',NULL,507,'Cash: $20.00<br />'),('2019-09-18 04:07:25',NULL,13,'0',NULL,508,'Cash: $11.89<br />'),('2019-09-18 04:07:54',NULL,13,'0',NULL,509,'Cash: $1.00<br />'),('2019-09-18 04:09:21',NULL,13,'0',NULL,510,'Cash: $3.00<br />'),('2019-09-18 04:10:44',NULL,13,'0',NULL,511,'Cash: $8.00<br />'),('2019-09-18 04:14:28',NULL,13,'0',NULL,512,'Cash: $1.50<br />'),('2019-09-18 04:17:34',NULL,13,'0',NULL,513,'Cash: $20.00<br />'),('2019-09-18 04:18:56',NULL,13,'0',NULL,514,'Cash: $20.00<br />'),('2019-09-18 04:20:39',NULL,13,'0',NULL,515,'Cash: $3.00<br />'),('2019-09-18 04:21:31',NULL,13,'0',NULL,516,'Cash: $3.00<br />'),('2019-09-18 04:22:49',NULL,13,'0',NULL,517,'Cash: $10.00<br />'),('2019-09-18 04:23:28',NULL,13,'0',NULL,518,'Cash: $1.70<br />'),('2019-09-18 04:28:38',NULL,13,'0',NULL,519,'Cash: $50.00<br />'),('2019-09-18 04:31:32',NULL,13,'0',NULL,520,'Cash: $20.00<br />'),('2019-09-18 04:33:02',NULL,13,'0',NULL,521,'Cash: $100.00<br />'),('2019-09-18 04:35:30',NULL,13,'0',NULL,522,'Cash: $8.90<br />'),('2019-09-18 04:36:27',NULL,13,'0',NULL,523,'Cash: $2.99<br />'),('2019-09-18 04:41:02',NULL,13,'0',NULL,524,'Cash: $20.00<br />'),('2019-09-18 04:43:00',NULL,13,'0',NULL,525,'Cash: $50.00<br />'),('2019-09-18 04:43:48',NULL,13,'0',NULL,526,'Cash: $5.99<br />'),('2019-09-18 04:44:31',NULL,13,'0',NULL,527,'Cash: $5.00<br />'),('2019-09-18 04:46:37',NULL,13,'0',NULL,528,'Cash: $15.00<br />'),('2019-09-18 04:50:51',NULL,13,'0',NULL,529,'Cash: $10.00<br />'),('2019-09-18 04:52:20',NULL,13,'0',NULL,530,'Cash: $10.00<br />'),('2019-09-18 04:53:20',NULL,13,'0',NULL,531,'Cash: $20.00<br />'),('2019-09-18 04:54:54',NULL,13,'0',NULL,532,'Cash: $4.00<br />'),('2019-09-18 04:55:30',NULL,13,'0',NULL,533,'Cash: $5.00<br />'),('2019-09-18 04:58:02',NULL,13,'0',NULL,534,'Cash: $20.00<br />'),('2019-09-18 05:00:31',NULL,13,'0',NULL,535,'Cash: $20.00<br />'),('2019-09-18 05:01:26',NULL,13,'0',NULL,536,'Cash: $1.00<br />'),('2019-09-18 05:02:02',NULL,13,'0',NULL,537,'Cash: $1.00<br />'),('2019-09-18 05:03:27',NULL,13,'0',NULL,538,'Cash: $50.00<br />'),('2019-09-18 05:04:01',NULL,13,'0',NULL,539,'Cash: $6.99<br />'),('2019-09-18 05:05:18',NULL,13,'0',NULL,540,'Cash: $20.00<br />'),('2019-09-18 05:07:00',NULL,13,'0',NULL,541,'Cash: $25.90<br />'),('2019-09-18 05:07:44',NULL,13,'0',NULL,542,'Cash: $20.00<br />'),('2019-09-18 05:08:26',NULL,13,'0',NULL,543,'Cash: $10.00<br />'),('2019-09-18 05:09:24',NULL,13,'0',NULL,544,'Cash: $20.00<br />'),('2019-09-18 05:11:04',NULL,13,'0',NULL,545,'Cash: $100.00<br />'),('2019-09-18 05:11:56',NULL,13,'0',NULL,546,'Cash: $2.00<br />'),('2019-09-18 05:12:24',NULL,13,'0',NULL,547,'Cash: $1.00<br />'),('2019-09-18 05:14:01',NULL,13,'0',NULL,548,'Cash: $50.00<br />'),('2019-09-18 05:19:13',NULL,13,'0',NULL,549,'Cash: $1.10<br />'),('2019-09-18 05:20:10',NULL,13,'0',NULL,550,'Cash: $8.70<br />'),('2019-09-18 05:20:41',NULL,13,'0',NULL,551,'Cash: $1.29<br />'),('2019-09-18 05:21:17',NULL,13,'0',NULL,552,'Cash: $5.00<br />'),('2019-09-18 05:22:31',NULL,13,'0',NULL,553,'Cash: $6.00<br />'),('2019-09-18 05:23:53',NULL,13,'0',NULL,554,'Cash: $20.00<br />'),('2019-09-18 05:24:48',NULL,13,'0',NULL,555,'Cash: $1.00<br />'),('2019-09-18 05:25:36',NULL,13,'0',NULL,556,'Cash: $5.00<br />'),('2019-09-18 05:27:25',NULL,13,'0',NULL,557,'Cash: $10.00<br />'),('2019-09-18 05:28:07',NULL,13,'0',NULL,558,'Cash: $50.00<br />'),('2019-09-18 05:29:07',NULL,13,'0',NULL,559,'Cash: $20.00<br />'),('2019-09-18 05:30:22',NULL,13,'0',NULL,560,'Cash: $8.00<br />'),('2019-09-18 05:30:54',NULL,13,'0',NULL,561,'Cash: $2.00<br />'),('2019-09-18 05:32:17',NULL,13,'0',NULL,562,'Cash: $4.00<br />'),('2019-09-18 05:37:44',NULL,13,'0',NULL,563,'Cash: $6.20<br />'),('2019-09-18 05:38:59',NULL,13,'0',NULL,564,'Cash: $10.00<br />'),('2019-09-18 05:43:03',NULL,13,'0',NULL,565,'Cash: $3.60<br />'),('2019-09-18 05:44:33',NULL,13,'0',NULL,566,'Cash: $1.00<br />'),('2019-09-18 05:45:20',NULL,13,'0',NULL,567,'Cash: $20.00<br />'),('2019-09-18 05:47:57',NULL,13,'0',NULL,568,'Card: $16.40<br />'),('2019-09-18 05:48:48',NULL,13,'0',NULL,569,'Cash: $5.00<br />'),('2019-09-18 05:50:20',NULL,13,'0',NULL,570,'Cash: $50.00<br />'),('2019-09-18 05:51:47',NULL,13,'0',NULL,571,'Cash: $20.00<br />'),('2019-09-18 05:53:25',NULL,13,'0',NULL,572,'Cash: $10.09<br />'),('2019-09-18 05:54:50',NULL,13,'0',NULL,573,'Cash: $20.00<br />'),('2019-09-18 05:55:48',NULL,13,'0',NULL,574,'Cash: $5.00<br />'),('2019-09-18 05:58:30',NULL,13,'0',NULL,575,'Cash: $50.00<br />'),('2019-09-18 06:00:08',NULL,13,'0',NULL,576,'Cash: $4.00<br />'),('2019-09-18 06:00:50',NULL,13,'0',NULL,577,'Cash: $25.50<br />'),('2019-09-18 06:04:58',NULL,13,'0',NULL,578,'Cash: $5.00<br />'),('2019-09-18 06:14:01',NULL,13,'0',NULL,579,'Card: $83.40<br />'),('2019-09-18 06:16:52',NULL,13,'0',NULL,580,'Cash: $0.20<br />'),('2019-09-18 06:18:20',NULL,13,'0',NULL,581,'Cash: $12.00<br />'),('2019-09-18 06:19:03',NULL,13,'0',NULL,582,'Cash: $5.00<br />'),('2019-09-18 06:20:06',NULL,13,'0',NULL,583,'Cash: $20.00<br />'),('2019-09-18 06:22:23',NULL,13,'0',NULL,584,'Cash: $50.00<br />'),('2019-09-18 06:23:18',NULL,13,'0',NULL,585,'Cash: $7.49<br />'),('2019-09-18 06:25:50',NULL,13,'0',NULL,586,'Cash: $5.95<br />'),('2019-09-18 06:26:30',NULL,13,'0',NULL,587,'Cash: $20.00<br />'),('2019-09-18 06:27:12',NULL,13,'0',NULL,588,'Cash: $5.00<br />'),('2019-09-18 06:28:27',NULL,13,'0',NULL,589,'Cash: $1.49<br />'),('2019-09-18 06:29:24',NULL,13,'0',NULL,590,'Cash: $20.00<br />'),('2019-09-18 07:12:06',NULL,13,'0',NULL,591,'Cash: $1.00<br />'),('2019-09-18 19:46:11',NULL,11,'0',NULL,592,'Cash: $1.00<br />'),('2019-09-18 19:47:03',NULL,11,'0',NULL,593,'Cash: $1.00<br />'),('2019-09-18 19:47:47',NULL,11,'0',NULL,594,'Cash: $5.00<br />'),('2019-09-18 19:49:17',NULL,11,'0',NULL,595,'Cash: $1.00<br />'),('2019-09-18 19:50:35',NULL,11,'0',NULL,596,'Cash: $0.48<br />'),('2019-09-18 19:51:27',NULL,11,'0',NULL,597,'Cash: $0.84<br />'),('2019-09-18 19:52:46',NULL,11,'0',NULL,598,'Cash: $1.50<br />'),('2019-09-18 19:56:39',NULL,11,'0',NULL,599,'Cash: $1.49<br />'),('2019-09-18 20:27:23',NULL,11,'0',NULL,600,'Cash: $35.00<br />'),('2019-09-18 20:56:11',NULL,11,'0',NULL,601,'Cash: $9.00<br />'),('2019-09-18 20:57:27',NULL,11,'0',NULL,602,'Cash: $9.00<br />'),('2019-09-18 20:58:20',NULL,11,'0',NULL,603,'Cash: $9.00<br />'),('2019-09-18 20:59:36',NULL,11,'0',NULL,604,'Cash: $9.00<br />'),('2019-09-18 21:01:47',NULL,11,'0',NULL,605,'Cash: $9.00<br />'),('2019-09-18 21:06:11',NULL,11,'0',NULL,606,'Cash: $9.00<br />'),('2019-09-18 21:07:31',NULL,11,'0',NULL,607,'Cash: $6.95<br />'),('2019-09-18 22:21:54',NULL,11,'0',NULL,608,'Cash: $9.00<br />'),('2019-09-18 22:23:12',NULL,11,'0',NULL,609,'Cash: $9.00<br />'),('2019-09-18 23:57:11',NULL,11,'0',NULL,610,'Cash: $1.14<br />'),('2019-09-19 00:23:07',NULL,11,'0',NULL,611,'Cash: $1.00<br />'),('2019-09-19 01:45:39',NULL,11,'0',NULL,612,'Cash: $8.00<br />'),('2019-09-19 05:37:20',NULL,11,'0',NULL,613,'Cash: $20.00<br />'),('2019-09-19 05:41:17',NULL,11,'0',NULL,614,'Cash: $50.00<br />'),('2019-09-19 05:44:58',NULL,11,'0',NULL,615,'Cash: $0.20<br />'),('2019-09-19 05:46:42',NULL,11,'0',NULL,616,'Cash: $10.00<br />'),('2019-09-19 05:48:40',NULL,11,'0',NULL,617,'Cash: $3.00<br />'),('2019-09-19 05:56:21',NULL,11,'0',NULL,618,'Cash: $68.40<br />'),('2019-09-19 05:58:37',NULL,11,'0',NULL,619,'Cash: $20.00<br />'),('2019-09-19 06:00:52',NULL,11,'0',NULL,620,'Cash: $11.98<br />'),('2019-09-19 19:40:11',NULL,11,'0',NULL,621,'Cash: $1.56<br />'),('2019-09-20 04:39:03',NULL,11,'0',NULL,622,'Cash: $7.00<br />'),('2019-09-20 04:39:48',NULL,11,'0',NULL,623,'Cash: $2.00<br />'),('2019-09-20 04:42:03',NULL,11,'0',NULL,624,'Cash: $3.98<br />'),('2019-09-20 04:42:59',NULL,11,'0',NULL,625,'Cash: $40.00<br />'),('2019-09-20 04:47:01',NULL,11,'0',NULL,626,'Cash: $8.00<br />'),('2019-09-20 07:13:42',NULL,11,'0',NULL,627,'Cash: $2.00<br />'),('2019-09-20 20:52:58',NULL,11,'0',NULL,628,'Cash: $1.20<br />'),('2019-09-20 22:49:50',NULL,11,'0',NULL,629,'Cash: $5.00<br />'),('2019-09-20 22:51:19',NULL,11,'0',NULL,630,'Cash: $10.00<br />'),('2019-09-20 22:54:10',NULL,11,'0',NULL,631,'Cash: $5.00<br />'),('2019-09-20 23:04:27',NULL,11,'0',NULL,632,'Cash: $7.00<br />'),('2019-09-20 23:05:46',NULL,11,'0',NULL,633,'Cash: $11.00<br />'),('2019-09-20 23:06:45',NULL,11,'0',NULL,634,'Cash: $2.50<br />'),('2019-09-20 23:21:16',NULL,11,'0',NULL,635,'Cash: $4.50<br />'),('2019-09-20 23:27:46',NULL,11,'0',NULL,636,'Cash: $20.00<br />'),('2019-09-20 23:33:36',NULL,11,'0',NULL,637,'Cash: $100.00<br />'),('2019-09-20 23:34:59',NULL,11,'0',NULL,638,'Cash: $5.00<br />'),('2019-09-20 23:36:24',NULL,11,'0',NULL,639,'Cash: $10.00<br />'),('2019-09-20 23:39:25',NULL,11,'0',NULL,640,'Cash: $4.50<br />'),('2019-09-20 23:40:36',NULL,11,'0',NULL,641,'Cash: $2.00<br />'),('2019-09-20 23:41:35',NULL,11,'0',NULL,642,'Cash: $5.00<br />'),('2019-09-20 23:42:48',NULL,11,'0',NULL,643,'Cash: $5.00<br />'),('2019-09-20 23:46:10',NULL,11,'0',NULL,644,'Cash: $5.00<br />'),('2019-09-20 23:47:07',NULL,11,'0',NULL,645,'Cash: $1.00<br />'),('2019-09-20 23:48:12',NULL,11,'0',NULL,646,'Cash: $2.00<br />'),('2019-09-20 23:49:09',NULL,11,'0',NULL,647,'Cash: $52.00<br />'),('2019-09-20 23:50:34',NULL,11,'0',NULL,648,'Cash: $10.00<br />'),('2019-09-20 23:55:20',NULL,11,'0',NULL,649,'Cash: $30.00<br />'),('2019-09-20 23:56:50',NULL,11,'0',NULL,650,'Cash: $20.00<br />'),('2019-09-20 23:59:05',NULL,11,'0',NULL,651,'Cash: $3.00<br />'),('2019-09-21 00:22:31',NULL,11,'0',NULL,652,'Cash: $15.12<br />'),('2019-09-21 00:24:14',NULL,11,'0',NULL,653,'Cash: $5.00<br />'),('2019-09-21 00:25:04',NULL,11,'0',NULL,654,'Cash: $1.00<br />'),('2019-09-21 00:26:27',NULL,11,'0',NULL,655,'Cash: $7.00<br />'),('2019-09-21 00:28:19',NULL,11,'0',NULL,656,'Cash: $1.00<br />'),('2019-09-21 00:37:10',NULL,11,'0',NULL,657,'Cash: $100.00<br />'),('2019-09-21 00:38:48',NULL,11,'0',NULL,658,'Cash: $5.00<br />'),('2019-09-21 00:39:51',NULL,11,'0',NULL,659,'Cash: $0.50<br />'),('2019-09-21 00:42:26',NULL,11,'0',NULL,660,'Cash: $2.00<br />'),('2019-09-21 00:54:00',NULL,11,'0',NULL,661,'Cash: $3.60<br />'),('2019-09-21 00:54:59',NULL,11,'0',NULL,662,'Cash: $20.00<br />'),('2019-09-21 00:56:55',NULL,11,'0',NULL,663,'Cash: $20.00<br />'),('2019-09-21 00:58:02',NULL,11,'0',NULL,664,'Cash: $5.99<br />'),('2019-09-21 01:00:46',NULL,11,'0',NULL,665,'Cash: $10.40<br />'),('2019-09-21 01:01:53',NULL,11,'0',NULL,666,'Cash: $5.00<br />'),('2019-09-21 01:03:21',NULL,11,'0',NULL,667,'Cash: $6.00<br />'),('2019-09-21 01:04:46',NULL,11,'0',NULL,668,'Cash: $2.00<br />'),('2019-09-21 01:05:30',NULL,11,'0',NULL,669,'Cash: $0.20<br />'),('2019-09-21 01:06:10',NULL,11,'0',NULL,670,'Cash: $3.00<br />'),('2019-09-21 01:06:47',NULL,11,'0',NULL,671,'Cash: $5.00<br />'),('2019-09-21 01:07:54',NULL,11,'0',NULL,672,'Cash: $20.00<br />'),('2019-09-21 01:10:27',NULL,11,'0',NULL,673,'Cash: $9.40<br />'),('2019-09-21 01:12:02',NULL,11,'0',NULL,674,'Cash: $10.00<br />'),('2019-09-21 01:12:43',NULL,11,'0',NULL,675,'Cash: $20.00<br />'),('2019-09-21 01:13:25',NULL,11,'0',NULL,676,'Cash: $4.50<br />'),('2019-09-21 01:14:01',NULL,11,'0',NULL,677,'Cash: $2.00<br />'),('2019-09-21 01:14:42',NULL,11,'0',NULL,678,'Cash: $2.00<br />'),('2019-09-21 01:15:52',NULL,11,'0',NULL,679,'Cash: $3.00<br />'),('2019-09-21 01:16:40',NULL,11,'0',NULL,680,'Cash: $10.00<br />'),('2019-09-21 01:17:50',NULL,11,'0',NULL,681,'Cash: $5.00<br />'),('2019-09-21 01:21:46',NULL,11,'0',NULL,682,'Cash: $5.00<br />'),('2019-09-21 01:25:07',NULL,11,'0',NULL,683,'Cash: $10.00<br />'),('2019-09-21 01:26:04',NULL,11,'0',NULL,684,'Cash: $1.00<br />'),('2019-09-21 01:31:33',NULL,11,'0',NULL,685,'Cash: $7.00<br />'),('2019-09-21 01:35:23',NULL,11,'0',NULL,686,'Cash: $5.00<br />'),('2019-09-21 01:37:02',NULL,11,'0',NULL,687,'Cash: $10.00<br />'),('2019-09-21 01:43:15',NULL,11,'0',NULL,688,'Cash: $50.00<br />'),('2019-09-21 01:44:38',NULL,11,'0',NULL,689,'Cash: $7.00<br />'),('2019-09-21 01:45:22',NULL,11,'0',NULL,690,'Cash: $4.00<br />'),('2019-09-21 01:45:52',NULL,11,'0',NULL,691,'Cash: $1.00<br />'),('2019-09-21 01:46:24',NULL,11,'0',NULL,692,'Cash: $2.00<br />'),('2019-09-21 01:47:22',NULL,11,'0',NULL,693,'Cash: $50.00<br />'),('2019-09-21 01:48:16',NULL,11,'0',NULL,694,'Cash: $2.00<br />'),('2019-09-21 01:53:16',NULL,11,'0',NULL,695,'Cash: $16.13<br />'),('2019-09-21 01:54:42',NULL,11,'0',NULL,696,'Cash: $20.00<br />'),('2019-09-21 01:55:21',NULL,11,'0',NULL,697,'Cash: $1.00<br />'),('2019-09-21 01:56:06',NULL,11,'0',NULL,698,'Cash: $1.00<br />'),('2019-09-21 01:57:03',NULL,11,'0',NULL,699,'Cash: $2.00<br />'),('2019-09-21 01:58:31',NULL,11,'0',NULL,700,'Cash: $5.09<br />'),('2019-09-21 02:02:01',NULL,11,'0',NULL,701,'Cash: $50.00<br />'),('2019-09-21 02:04:34',NULL,11,'0',NULL,702,'Cash: $10.00<br />'),('2019-09-21 02:05:17',NULL,11,'0',NULL,703,'Cash: $2.00<br />'),('2019-09-21 02:08:43',NULL,11,'0',NULL,704,'Cash: $50.00<br />'),('2019-09-21 02:09:31',NULL,11,'0',NULL,705,'Cash: $20.00<br />'),('2019-09-21 02:16:01',NULL,11,'0',NULL,706,'Cash: $1.95<br />'),('2019-09-21 02:17:07',NULL,11,'0',NULL,707,'Cash: $2.20<br />'),('2019-09-21 02:18:35',NULL,11,'0',NULL,708,'Cash: $20.00<br />'),('2019-09-21 02:49:15',NULL,11,'0',NULL,709,'Cash: $22.23<br />'),('2019-09-21 02:49:55',NULL,11,'0',NULL,710,'Cash: $2.00<br />'),('2019-09-21 02:51:20',NULL,11,'0',NULL,711,'Cash: $50.00<br />'),('2019-09-21 02:52:39',NULL,11,'0',NULL,712,'Cash: $5.60<br />'),('2019-09-21 02:53:36',NULL,11,'0',NULL,713,'Cash: $2.00<br />'),('2019-09-21 02:54:28',NULL,11,'0',NULL,714,'Cash: $1.00<br />'),('2019-09-21 02:55:29',NULL,11,'0',NULL,715,'Cash: $2.00<br />'),('2019-09-21 02:58:28',NULL,11,'0',NULL,716,'Cash: $6.00<br />'),('2019-09-21 02:59:20',NULL,11,'0',NULL,717,'Cash: $0.20<br />'),('2019-09-21 03:00:39',NULL,11,'0',NULL,718,'Cash: $1.00<br />'),('2019-09-21 03:17:11',NULL,11,'0',NULL,719,'Cash: $10.00<br />'),('2019-09-21 03:20:04',NULL,11,'0',NULL,720,'Cash: $10.00<br />'),('2019-09-21 03:21:24',NULL,11,'0',NULL,721,'Cash: $11.00<br />'),('2019-09-21 03:23:38',NULL,11,'0',NULL,722,'Cash: $50.00<br />'),('2019-09-21 03:24:48',NULL,11,'0',NULL,723,'Cash: $10.00<br />'),('2019-09-21 03:26:58',NULL,11,'0',NULL,724,'Cash: $10.00<br />'),('2019-09-21 03:28:50',NULL,11,'0',NULL,725,'Cash: $6.00<br />'),('2019-09-21 03:33:38',NULL,11,'0',NULL,726,'Cash: $10.00<br />'),('2019-09-21 03:36:51',NULL,11,'0',NULL,727,'Cash: $20.00<br />'),('2019-09-21 03:41:20',NULL,11,'0',NULL,728,'Cash: $20.00<br />'),('2019-09-21 03:43:58',NULL,11,'0',NULL,729,'Cash: $10.00<br />'),('2019-09-21 03:45:29',NULL,11,'0',NULL,730,'Cash: $2.80<br />'),('2019-09-21 03:46:48',NULL,11,'0',NULL,731,'Cash: $1.83<br />'),('2019-09-21 03:50:10',NULL,11,'0',NULL,732,'Cash: $21.00<br />'),('2019-09-21 03:51:33',NULL,11,'0',NULL,733,'Cash: $0.24<br />'),('2019-09-21 03:52:58',NULL,11,'0',NULL,734,'Cash: $12.00<br />'),('2019-09-21 03:53:38',NULL,11,'0',NULL,735,'Cash: $10.00<br />'),('2019-09-21 03:56:07',NULL,11,'0',NULL,736,'Cash: $7.92<br />'),('2019-09-21 03:56:55',NULL,11,'0',NULL,737,'Cash: $3.00<br />'),('2019-09-21 03:58:38',NULL,11,'0',NULL,738,'Cash: $10.00<br />'),('2019-09-21 03:59:32',NULL,11,'0',NULL,739,'Cash: $1.99<br />'),('2019-09-21 04:00:20',NULL,11,'0',NULL,740,'Cash: $8.10<br />'),('2019-09-21 04:01:24',NULL,11,'0',NULL,741,'Cash: $10.00<br />'),('2019-09-21 04:02:33',NULL,11,'0',NULL,742,'Cash: $2.00<br />'),('2019-09-21 04:04:06',NULL,11,'0',NULL,743,'Cash: $4.00<br />'),('2019-09-21 04:04:46',NULL,11,'0',NULL,744,'Cash: $2.00<br />'),('2019-09-21 04:05:35',NULL,11,'0',NULL,745,'Cash: $5.00<br />'),('2019-09-21 04:13:44',NULL,11,'0',NULL,746,'Cash: $20.00<br />'),('2019-09-21 04:14:27',NULL,11,'0',NULL,747,'Cash: $100.00<br />'),('2019-09-21 04:15:39',NULL,11,'0',NULL,748,'Cash: $5.00<br />'),('2019-09-21 04:18:49',NULL,11,'0',NULL,749,'Cash: $5.22<br />'),('2019-09-21 04:19:32',NULL,11,'0',NULL,750,'Cash: $3.25<br />'),('2019-09-21 04:20:36',NULL,11,'0',NULL,751,'Cash: $1.99<br />'),('2019-09-21 04:40:13',NULL,11,'0',NULL,752,'Cash: $5.00<br />'),('2019-09-21 04:43:02',NULL,11,'0',NULL,753,'Cash: $10.00<br />'),('2019-09-21 04:46:00',NULL,11,'0',NULL,754,'Cash: $1.00<br />'),('2019-09-21 04:49:07',NULL,11,'0',NULL,755,'Cash: $100.00<br />'),('2019-09-21 04:50:45',NULL,11,'0',NULL,756,'Cash: $20.00<br />'),('2019-09-21 05:00:23',NULL,11,'0',NULL,757,'Cash: $3.00<br />'),('2019-09-21 05:01:29',NULL,11,'0',NULL,758,'Cash: $7.00<br />'),('2019-09-21 05:03:31',NULL,11,'0',NULL,759,'Cash: $13.20<br />'),('2019-09-21 05:05:06',NULL,11,'0',NULL,760,'Cash: $6.00<br />'),('2019-09-21 05:05:47',NULL,11,'0',NULL,761,'Cash: $5.00<br />'),('2019-09-21 05:07:49',NULL,11,'0',NULL,762,'Cash: $20.00<br />'),('2019-09-21 05:10:19',NULL,11,'0',NULL,763,'Cash: $20.00<br />'),('2019-09-21 05:11:38',NULL,11,'0',NULL,764,'Cash: $20.00<br />'),('2019-09-21 05:23:10',NULL,11,'0',NULL,765,'Cash: $4.70<br />'),('2019-09-21 05:23:58',NULL,11,'0',NULL,766,'Cash: $7.00<br />'),('2019-09-21 05:24:52',NULL,11,'0',NULL,767,'Cash: $10.00<br />'),('2019-09-21 05:34:41',NULL,11,'0',NULL,768,'Cash: $20.00<br />'),('2019-09-21 05:35:31',NULL,11,'0',NULL,769,'Cash: $5.00<br />'),('2019-09-21 05:59:13',NULL,11,'0',NULL,770,'Cash: $1.00<br />'),('2019-09-21 06:01:19',NULL,11,'0',NULL,771,'Cash: $50.00<br />'),('2019-09-21 06:07:37',NULL,11,'0',NULL,772,'Cash: $3.00<br />'),('2019-09-21 06:09:04',NULL,11,'0',NULL,773,'Cash: $6.00<br />'),('2019-09-21 06:10:29',NULL,11,'0',NULL,774,'Cash: $1.00<br />'),('2019-09-21 06:11:26',NULL,11,'0',NULL,775,'Cash: $3.15<br />'),('2019-09-21 06:12:43',NULL,11,'0',NULL,776,'Cash: $10.00<br />'),('2019-09-21 06:14:51',NULL,11,'0',NULL,777,'Cash: $7.00<br />'),('2019-09-21 06:16:59',NULL,11,'0',NULL,778,'Cash: $11.16<br />'),('2019-09-21 06:25:29',NULL,11,'0',NULL,779,'Cash: $3.00<br />'),('2019-09-21 06:26:11',NULL,11,'0',NULL,780,'Cash: $4.99<br />'),('2019-09-22 20:21:08',NULL,11,'0',NULL,781,'Cash: $0.20<br />'),('2019-09-22 20:23:38',NULL,11,'0',NULL,782,'Cash: $100.00<br />'),('2019-09-22 21:24:59',NULL,11,'0',NULL,783,'Cash: $0.50<br />'),('2019-09-22 21:41:36',NULL,11,'0',NULL,784,'Cash: $3.00<br />'),('2019-09-22 21:43:17',NULL,11,'0',NULL,785,'Cash: $2.00<br />'),('2019-09-22 21:49:35',NULL,11,'0',NULL,786,'Cash: $5.00<br />'),('2019-09-22 21:51:04',NULL,11,'0',NULL,787,'Cash: $2.50<br />'),('2019-09-22 21:52:08',NULL,11,'0',NULL,788,'Cash: $0.50<br />'),('2019-09-22 21:53:16',NULL,11,'0',NULL,789,'Cash: $10.00<br />'),('2019-09-22 23:44:34',NULL,11,'0',NULL,790,'Cash: $1.00<br />'),('2019-09-23 05:41:23',NULL,11,'0',NULL,791,'Cash: $21.00<br />'),('2019-09-23 05:43:07',NULL,11,'0',NULL,792,'Cash: $14.05<br />'),('2019-09-23 05:44:24',NULL,11,'0',NULL,793,'Cash: $20.00<br />'),('2019-09-23 05:45:36',NULL,11,'0',NULL,794,'Cash: $0.55<br />'),('2019-09-23 05:48:04',NULL,11,'0',NULL,795,'Cash: $20.00<br />'),('2019-09-23 05:55:45',NULL,11,'0',NULL,796,'Cash: $4.00<br />'),('2019-09-23 19:56:24',NULL,11,'0',NULL,797,'Cash: $20.00<br />'),('2019-09-23 19:58:19',NULL,11,'0',NULL,798,'Cash: $5.60<br />'),('2019-09-24 00:38:47',NULL,11,'0',NULL,799,'Cash: $5.00<br />'),('2019-09-24 00:39:22',NULL,11,'0',NULL,800,'Cash: $1.00<br />'),('2019-09-24 00:42:48',NULL,11,'0',NULL,801,'Cash: $15.00<br />'),('2019-09-24 04:02:55',NULL,11,'0',NULL,802,'Cash: $1.00<br />'),('2019-09-24 04:07:08',NULL,11,'0',NULL,803,'Cash: $2.49<br />'),('2019-09-24 04:09:11',NULL,11,'0',NULL,804,'Cash: $10.00<br />'),('2019-09-24 05:21:17',NULL,11,'0',NULL,805,'Cash: $5.00<br />'),('2019-09-24 05:22:14',NULL,11,'0',NULL,806,'Cash: $4.00<br />'),('2019-09-24 05:23:16',NULL,11,'0',NULL,807,'Cash: $3.00<br />'),('2019-09-24 05:24:11',NULL,11,'0',NULL,808,'Cash: $10.00<br />'),('2019-09-24 05:24:59',NULL,11,'0',NULL,809,'Cash: $5.00<br />'),('2019-09-24 05:26:15',NULL,11,'0',NULL,810,'Cash: $2.50<br />'),('2019-09-24 19:49:36',NULL,11,'0',NULL,811,'Cash: $5.00<br />'),('2019-09-24 19:50:43',NULL,11,'0',NULL,812,'Cash: $5.00<br />'),('2019-09-24 19:51:47',NULL,11,'0',NULL,813,'Cash: $3.00<br />'),('2019-09-24 19:53:38',NULL,11,'0',NULL,814,'Cash: $10.00<br />'),('2019-09-24 19:54:16',NULL,11,'0',NULL,815,'Cash: $2.00<br />'),('2019-09-24 19:55:07',NULL,11,'0',NULL,816,'Cash: $1.00<br />'),('2019-09-24 19:55:52',NULL,11,'0',NULL,817,'Cash: $1.50<br />'),('2019-09-24 20:03:01',NULL,11,'0',NULL,818,'Cash: $2.00<br />'),('2019-09-25 03:20:27',NULL,11,'0',NULL,819,'Cash: $2.00<br />'),('2019-09-25 03:27:26',NULL,11,'0',NULL,820,'Cash: $6.00<br />'),('2019-09-25 03:28:29',NULL,11,'0',NULL,821,'Cash: $0.50<br />'),('2019-09-25 03:29:24',NULL,11,'0',NULL,822,'Cash: $3.00<br />'),('2019-09-25 03:31:23',NULL,11,'0',NULL,823,'Cash: $20.00<br />'),('2019-09-25 03:35:37',NULL,11,'0',NULL,824,'Cash: $6.00<br />'),('2019-09-25 03:36:44',NULL,11,'0',NULL,825,'Cash: $20.00<br />'),('2019-09-25 04:06:32',NULL,11,'0',NULL,826,'Cash: $2.49<br />'),('2019-09-25 04:08:37',NULL,11,'0',NULL,827,'Cash: $5.00<br />'),('2019-09-25 04:11:22',NULL,11,'0',NULL,828,'Cash: $8.00<br />'),('2019-09-25 04:26:06',NULL,11,'0',NULL,829,'Cash: $4.00<br />'),('2019-09-25 04:26:59',NULL,11,'0',NULL,830,'Cash: $0.60<br />'),('2019-09-25 04:27:39',NULL,11,'0',NULL,831,'Cash: $1.50<br />'),('2019-09-25 04:40:36',NULL,11,'0',NULL,832,'Cash: $1.25<br />'),('2019-09-25 04:42:15',NULL,11,'0',NULL,833,'Cash: $5.59<br />'),('2019-09-25 04:44:05',NULL,11,'0',NULL,834,'Cash: $10.00<br />'),('2019-09-25 04:44:49',NULL,11,'0',NULL,835,'Cash: $2.00<br />'),('2019-09-25 04:47:24',NULL,11,'0',NULL,836,'Cash: $8.00<br />'),('2019-09-25 05:13:33',NULL,11,'0',NULL,837,'Cash: $2.00<br />'),('2019-09-25 05:14:31',NULL,11,'0',NULL,838,'Cash: $0.50<br />'),('2019-09-25 05:44:31',NULL,11,'0',NULL,839,'Cash: $4.00<br />'),('2019-09-25 05:45:08',NULL,11,'0',NULL,840,'Cash: $0.50<br />'),('2019-09-25 05:46:18',NULL,11,'0',NULL,841,'Cash: $2.00<br />'),('2019-09-28 00:44:01',NULL,11,'0',NULL,842,'Cash: $5.95<br />'),('2019-09-28 00:47:26',NULL,11,'0',NULL,843,'Cash: $100.00<br />'),('2019-09-28 00:48:29',NULL,11,'0',NULL,844,'Cash: $4.00<br />');

--
-- Table structure for table `ospos_sales_items`
--

CREATE TABLE `ospos_sales_items` (
  `sale_id` int(10) NOT NULL DEFAULT '0',
  `sale_time` datetime NOT NULL,
  `item_id` int(10) NOT NULL DEFAULT '0',
  `description` varchar(30) DEFAULT NULL,
  `serialnumber` varchar(30) DEFAULT NULL,
  `line` int(3) NOT NULL DEFAULT '0',
  `quantity_purchased` float NOT NULL,
  `item_cost_price` decimal(15,2) NOT NULL,
  `item_unit_price` decimal(15,2) NOT NULL,
  `discount_percent` decimal(15,2) NOT NULL DEFAULT '0.00',
  `item_location` int(11) NOT NULL,
  PRIMARY KEY (`sale_id`,`item_id`,`line`),
  KEY `sale_id` (`sale_id`),
  KEY `item_id` (`item_id`),
  KEY `item_location` (`item_location`)
) ENGINE=InnoDB DEFAULT CHARSET=utf8;

--
-- Dumping data for table `ospos_sales_items`
--

INSERT INTO `ospos_sales_items` VALUES (1,'2019-09-16 05:58:00',15459,'','',1,1,0.00,4.99,0.00,2),(2,'2019-09-16 05:59:24',15137,'','',1,1,0.00,1.50,0.00,2),(3,'2019-09-16 06:03:39',15048,'','',1,1,0.00,1.72,0.00,2),(4,'2019-09-16 06:08:32',15112,'','',1,1,0.00,1.95,0.00,2),(5,'2019-09-16 06:09:10',15449,'','',1,1,0.00,7.95,0.00,2),(6,'2019-09-16 06:10:33',15034,'','',1,1,0.00,1.95,0.00,2),(7,'2019-09-17 07:31:18',15518,'','',1,3,0.00,0.20,0.00,2),(8,'2019-09-17 07:37:23',18735,'','',1,1,0.00,4.80,0.00,2),(9,'2019-09-17 07:39:31',18735,'','',1,1,0.00,0.50,0.00,2),(10,'2019-09-17 07:44:35',18735,'','',1,2,0.00,1.30,0.00,2),(11,'2019-09-17 07:45:54',18735,'','',1,1,0.00,1.80,0.00,2),(12,'2019-09-17 07:46:54',18735,'','',1,1,0.00,2.95,0.00,2),(13,'2019-09-17 07:52:02',16576,'','',1,1,0.00,1.50,0.00,2),(14,'2019-09-17 07:58:24',18735,'','',1,1,0.00,1.50,0.00,2),(15,'2019-09-17 07:59:41',18735,'','',1,1,0.00,1.10,0.00,2),(16,'2019-09-17 08:03:36',16393,'','',1,1,0.00,1.00,0.00,2),(17,'2019-09-17 08:04:27',15888,'','',1,1,0.00,3.99,0.00,2),(18,'2019-09-17 08:07:02',15818,'','',2,1,0.00,1.00,0.00,2),(18,'2019-09-17 08:07:02',18735,'','',1,1,0.00,6.95,0.00,2),(19,'2019-09-17 08:09:04',15046,'','',1,3,0.00,2.14,0.00,2),(19,'2019-09-17 08:09:04',18735,'','',2,1,0.00,0.36,0.00,2),(20,'2019-09-17 08:09:53',17596,'','',1,1,0.00,0.20,0.00,2),(21,'2019-09-17 08:10:35',17005,'','',1,1,0.00,2.49,0.00,2),(22,'2019-09-17 08:13:11',18735,'','',1,1,0.00,7.85,0.00,2),(23,'2019-09-17 08:17:02',18047,'','',1,1,0.00,2.99,0.00,2),(23,'2019-09-17 08:17:02',18735,'','',2,1,0.00,3.98,0.00,2),(24,'2019-09-17 08:17:55',18325,'','',1,1,0.00,1.25,0.00,2),(25,'2019-09-17 08:19:00',18735,'','',1,1,0.00,5.95,0.00,2),(26,'2019-09-17 08:23:53',17488,'','',3,1,0.00,0.50,0.00,2),(26,'2019-09-17 08:23:53',17596,'','',2,1,0.00,0.20,0.00,2),(26,'2019-09-17 08:23:53',18735,'','',1,1,0.00,4.95,0.00,2),(27,'2019-09-17 08:25:33',18735,'','',1,1,0.00,1.00,0.00,2),(28,'2019-09-17 08:29:58',18735,'','',1,1,0.00,4.20,0.00,2),(29,'2019-09-17 08:32:53',17349,'','',1,1,0.00,7.99,0.00,2),(29,'2019-09-17 08:32:53',18735,'','',2,1,0.00,10.85,0.00,2),(30,'2019-09-17 08:34:14',17596,'','',1,1,0.00,0.20,0.00,2),(31,'2019-09-17 08:37:29',18735,'','',1,1,0.00,26.85,0.00,2),(32,'2019-09-17 08:38:15',18735,'','',1,1,0.00,2.99,0.00,2),(33,'2019-09-17 08:41:20',16371,'','',1,1,0.00,1.20,0.00,2),(33,'2019-09-17 08:41:20',17596,'','',3,1,0.00,0.20,0.00,2),(33,'2019-09-17 08:41:20',18735,'','',2,1,0.00,2.95,0.00,2),(34,'2019-09-17 08:44:31',15098,'','',1,1,0.00,0.84,0.00,2),(34,'2019-09-17 08:44:31',17596,'','',3,1,0.00,0.20,0.00,2),(34,'2019-09-17 08:44:31',18735,'','',2,1,0.00,7.16,0.00,2),(35,'2019-09-17 08:46:21',15587,'','',1,1,0.00,1.00,0.00,2),(35,'2019-09-17 08:46:21',18735,'','',2,1,0.00,2.00,0.00,2),(36,'2019-09-17 08:51:03',15098,'','',1,1,0.00,0.84,0.00,2),(36,'2019-09-17 08:51:03',18735,'','',2,1,0.00,5.59,0.00,2),(37,'2019-09-17 08:54:38',15583,'','',1,1,0.00,1.00,0.00,2),(37,'2019-09-17 08:54:38',18735,'','',2,1,0.00,0.38,0.00,2),(38,'2019-09-17 08:57:24',18735,'','',1,1,0.00,1.20,0.00,2),(39,'2019-09-17 08:59:09',18735,'','',1,1,0.00,1.95,0.00,2),(40,'2019-09-17 09:05:16',16594,'','',1,1,0.00,1.29,0.00,2),(41,'2019-09-17 09:09:32',18735,'','',1,1,0.00,2.00,0.00,2),(42,'2019-09-17 09:14:36',18735,'','',1,1,0.00,5.95,0.00,2),(43,'2019-09-17 09:24:06',15797,'','',3,1,0.00,1.99,0.00,2),(43,'2019-09-17 09:24:06',16603,'','',2,2,0.00,2.95,0.00,2),(43,'2019-09-17 09:24:06',17596,'','',4,1,0.00,0.20,0.00,2),(43,'2019-09-17 09:24:06',18735,'','',1,1,0.00,5.90,0.00,2),(44,'2019-09-17 09:25:30',18735,'','',1,1,0.00,0.10,0.00,2),(45,'2019-09-17 09:31:54',18735,'','',1,1,0.00,3.95,0.00,2),(46,'2019-09-17 09:33:45',18735,'','',1,1,0.00,1.25,0.00,2),(47,'2019-09-17 09:35:07',18735,'','',1,1,0.00,7.90,0.00,2),(48,'2019-09-17 09:36:01',17488,'','',1,2,0.00,0.50,0.00,2),(49,'2019-09-17 09:39:01',15453,'','',1,1,0.00,3.95,0.00,2),(49,'2019-09-17 09:39:01',17596,'','',3,1,0.00,0.20,0.00,2),(49,'2019-09-17 09:39:01',18735,'','',2,1,0.00,4.20,0.00,2),(50,'2019-09-17 09:40:37',18735,'','',1,1,0.00,23.00,0.00,2),(51,'2019-09-17 09:43:07',18735,'','',1,1,0.00,1.00,0.00,2),(52,'2019-09-17 09:44:41',18735,'','',1,1,0.00,0.20,0.00,2),(53,'2019-09-17 09:46:34',18735,'','',1,1,0.00,0.20,0.00,2),(54,'2019-09-17 09:49:48',17596,'','',2,1,0.00,0.20,0.00,2),(54,'2019-09-17 09:49:48',18735,'','',1,1,0.00,5.43,0.00,2),(55,'2019-09-17 09:51:08',18735,'','',1,1,0.00,1.99,0.00,2),(56,'2019-09-17 09:52:30',18735,'','',1,1,0.00,15.92,0.00,2),(57,'2019-09-17 09:53:47',18735,'','',1,1,0.00,1.25,0.00,2),(58,'2019-09-17 09:57:46',15853,'','',1,1,0.00,1.50,0.00,2),(58,'2019-09-17 09:57:46',16355,'','',2,1,0.00,1.00,0.00,2),(58,'2019-09-17 09:57:46',16393,'','',3,2,0.00,1.00,0.00,2),(58,'2019-09-17 09:57:46',18735,'','',4,1,0.00,3.95,0.00,2),(59,'2019-09-17 09:58:59',18735,'','',1,1,0.00,4.95,0.00,2),(60,'2019-09-17 10:00:45',18735,'','',1,1,0.00,1.56,0.00,2),(61,'2019-09-17 10:02:02',17315,'','',1,1,0.00,0.89,0.00,2),(61,'2019-09-17 10:02:02',18735,'','',2,1,0.00,2.70,0.00,2),(62,'2019-09-17 10:12:20',18735,'','',1,1,0.00,1.50,0.00,2),(63,'2019-09-17 10:20:27',16594,'','',1,2,0.00,1.29,0.00,2),(63,'2019-09-17 10:20:27',17596,'','',3,1,0.00,0.20,0.00,2),(63,'2019-09-17 10:20:27',18735,'','',2,1,0.00,23.05,0.00,2),(64,'2019-09-17 10:21:51',18735,'','',1,1,0.00,1.99,0.00,2),(65,'2019-09-17 10:23:01',18735,'','',1,1,0.00,2.95,0.00,2),(66,'2019-09-17 10:26:26',18735,'','',1,1,0.00,0.20,0.00,2),(67,'2019-09-17 10:27:53',16555,'','',1,1,0.00,2.49,0.00,2),(68,'2019-09-17 10:28:43',15098,'','',1,2,0.00,0.84,0.00,2),(69,'2019-09-17 10:31:34',15170,'','',2,1,0.00,2.95,0.00,2),(69,'2019-09-17 10:31:34',16594,'','',1,5,0.00,1.29,0.00,2),(69,'2019-09-17 10:31:34',17596,'','',3,1,0.00,0.20,0.00,2),(70,'2019-09-17 10:32:52',18735,'','',1,1,0.00,1.10,0.00,2),(71,'2019-09-17 10:34:43',15452,'','',1,1,0.00,3.95,0.00,2),(71,'2019-09-17 10:34:43',17596,'','',3,1,0.00,0.20,0.00,2),(71,'2019-09-17 10:34:43',18735,'','',2,1,0.00,7.94,0.00,2),(72,'2019-09-17 10:37:11',18735,'','',1,1,0.00,0.20,0.00,2),(73,'2019-09-17 10:39:29',18735,'','',1,4,0.00,1.99,0.00,2),(74,'2019-09-17 10:41:08',15899,'','',1,1,0.00,6.95,0.00,2),(75,'2019-09-17 10:42:02',18735,'','',1,1,0.00,1.95,0.00,2),(76,'2019-09-17 10:43:12',18735,'','',1,1,0.00,11.50,0.00,2),(77,'2019-09-17 10:43:54',16245,'','',1,1,0.00,0.75,0.00,2),(78,'2019-09-17 10:47:21',18735,'','',1,1,0.00,3.95,0.00,2),(79,'2019-09-17 10:49:52',18735,'','',1,1,0.00,9.95,0.00,2),(80,'2019-09-17 10:50:24',16986,'','',1,1,0.00,9.95,0.00,2),(81,'2019-09-17 10:52:38',16594,'','',1,1,0.00,1.29,0.00,2),(81,'2019-09-17 10:52:38',17596,'','',3,1,0.00,0.20,0.00,2),(81,'2019-09-17 10:52:38',18735,'','',2,1,0.00,13.84,0.00,2),(82,'2019-09-17 10:54:17',16315,'','',1,1,0.00,2.99,0.00,2),(82,'2019-09-17 10:54:17',18735,'','',2,1,0.00,1.50,0.00,2),(83,'2019-09-17 10:58:58',18735,'','',1,1,0.00,25.90,0.00,2),(84,'2019-09-17 11:00:18',18735,'','',1,1,0.00,3.60,0.00,2),(85,'2019-09-17 11:01:07',18735,'','',1,1,0.00,0.90,0.00,2),(86,'2019-09-17 11:02:22',16818,'','',2,1,0.00,2.49,0.00,2),(86,'2019-09-17 11:02:22',17596,'','',4,1,0.00,0.20,0.00,2),(86,'2019-09-17 11:02:22',17742,'','',1,2,0.00,0.50,0.00,2),(86,'2019-09-17 11:02:22',18735,'','',3,1,0.00,10.95,0.00,2),(87,'2019-09-17 11:03:11',18735,'','',1,1,0.00,1.95,0.00,2),(88,'2019-09-17 11:03:55',18735,'','',1,1,0.00,3.00,0.00,2),(89,'2019-09-17 11:05:19',18735,'','',1,1,0.00,4.95,0.00,2),(90,'2019-09-17 11:06:18',17596,'','',1,1,0.00,0.20,0.00,2),(91,'2019-09-17 11:07:28',17596,'','',2,1,0.00,0.20,0.00,2),(91,'2019-09-17 11:07:28',18735,'','',1,1,0.00,7.18,0.00,2),(92,'2019-09-17 11:08:38',18735,'','',1,1,0.00,1.63,0.00,2),(93,'2019-09-17 11:11:54',18594,'','',1,1,0.00,2.75,0.00,2),(93,'2019-09-17 11:11:54',18735,'','',2,1,0.00,1.45,0.00,2),(94,'2019-09-17 11:12:33',16588,'','',1,1,0.00,2.95,0.00,2),(95,'2019-09-17 11:13:15',18735,'','',1,1,0.00,1.95,0.00,2),(96,'2019-09-17 11:14:02',18735,'','',1,1,0.00,0.20,0.00,2),(97,'2019-09-17 11:15:02',18735,'','',1,1,0.00,1.00,0.00,2),(98,'2019-09-17 11:16:23',18735,'','',1,1,0.00,2.11,0.00,2),(99,'2019-09-17 11:17:18',18735,'','',1,1,0.00,3.60,0.00,2),(100,'2019-09-17 11:19:25',18735,'','',1,1,0.00,1.25,0.00,2),(101,'2019-09-17 11:21:34',17596,'','',2,1,0.00,0.20,0.00,2),(101,'2019-09-17 11:21:34',18735,'','',1,1,0.00,23.90,0.00,2),(102,'2019-09-17 11:22:57',18735,'','',1,1,0.00,13.90,0.00,2),(103,'2019-09-17 11:25:23',15492,'','',1,2,0.00,0.19,0.00,2),(103,'2019-09-17 11:25:23',17479,'','',2,1,0.00,1.47,0.00,2),(103,'2019-09-17 11:25:23',18735,'','',3,1,0.00,2.17,0.00,2),(104,'2019-09-17 11:26:32',17477,'','',1,1,0.00,2.99,0.00,2),(105,'2019-09-17 11:31:30',16904,'','',1,1,0.00,4.99,0.00,2),(106,'2019-09-17 11:40:01',18507,'','',1,1,0.00,1.99,0.00,2),(107,'2019-09-17 11:43:21',15193,'','',2,1,0.00,1.99,0.00,2),(107,'2019-09-17 11:43:21',16594,'','',1,2,0.00,1.29,0.00,2),(107,'2019-09-17 11:43:21',17596,'','',3,1,0.00,0.20,0.00,2),(107,'2019-09-17 11:43:21',18735,'','',4,1,0.00,2.45,0.00,2),(108,'2019-09-17 11:44:07',16594,'','',1,2,0.00,1.29,0.00,2),(109,'2019-09-17 11:45:12',17596,'','',2,1,0.00,0.20,0.00,2),(109,'2019-09-17 11:45:12',17832,'','',1,1,0.00,8.83,0.00,2),(110,'2019-09-17 11:47:45',18735,'','',1,1,0.00,12.90,0.00,2),(111,'2019-09-17 11:49:15',17596,'','',3,1,0.00,0.20,0.00,2),(111,'2019-09-17 11:49:15',17832,'','',2,1,0.00,8.83,0.00,2),(111,'2019-09-17 11:49:15',18735,'','',1,1,0.00,3.98,0.00,2),(112,'2019-09-17 11:50:07',17034,'','',1,1,0.00,1.04,0.00,2),(113,'2019-09-17 11:55:10',18735,'','',1,1,0.00,3.95,0.00,2),(114,'2019-09-17 11:57:09',18735,'','',1,1,0.00,0.50,0.00,2),(115,'2019-09-17 11:57:58',15960,'','',1,1,0.00,2.00,0.00,2),(116,'2019-09-17 11:59:27',18735,'','',1,1,0.00,5.95,0.00,2),(117,'2019-09-17 12:00:49',18735,'','',1,1,0.00,1.95,0.00,2),(118,'2019-09-17 12:04:46',16793,'','',2,1,0.00,2.49,0.00,2),(118,'2019-09-17 12:04:46',17786,'','',1,1,0.00,2.99,0.00,2),(118,'2019-09-17 12:04:46',18735,'','',3,1,0.00,3.99,0.00,2),(119,'2019-09-17 12:05:51',15798,'','',3,1,0.00,3.29,0.00,2),(119,'2019-09-17 12:05:51',15900,'','',1,1,0.00,6.95,0.00,2),(119,'2019-09-17 12:05:51',17533,'','',2,1,0.00,3.99,0.00,2),(120,'2019-09-17 12:08:23',15587,'','',3,1,0.00,1.00,0.00,2),(120,'2019-09-17 12:08:23',18052,'','',1,1,0.00,1.50,0.00,2),(120,'2019-09-17 12:08:23',18106,'','',2,1,0.00,0.50,0.00,2),(121,'2019-09-17 12:10:02',17596,'','',2,1,0.00,0.20,0.00,2),(121,'2019-09-17 12:10:02',18735,'','',1,1,0.00,10.80,0.00,2),(122,'2019-09-17 12:13:59',15092,'','',2,1,0.00,0.26,0.00,2),(122,'2019-09-17 12:13:59',15492,'','',1,1,0.00,0.19,0.00,2),(122,'2019-09-17 12:13:59',16244,'','',3,1,0.00,0.10,0.00,2),(122,'2019-09-17 12:13:59',18735,'','',4,1,0.00,0.19,0.00,2),(123,'2019-09-17 12:15:20',16308,'','',1,1,0.00,2.99,0.00,2),(123,'2019-09-17 12:15:20',17793,'','',2,1,0.00,1.95,0.00,2),(124,'2019-09-17 12:15:56',16244,'','',1,1,0.00,0.10,0.00,2),(125,'2019-09-17 12:17:34',16719,'','',1,1,0.00,0.99,0.00,2),(126,'2019-09-17 12:20:06',17596,'','',2,1,0.00,0.20,0.00,2),(126,'2019-09-17 12:20:06',18735,'','',1,1,0.00,7.32,0.00,2),(127,'2019-09-17 12:21:15',16165,'','',1,3,0.00,1.50,0.00,2),(128,'2019-09-17 12:22:31',17084,'','',1,1,0.00,2.95,0.00,2),(129,'2019-09-17 12:30:06',16594,'','',1,3,0.00,1.29,0.00,2),(129,'2019-09-17 12:30:06',17596,'','',2,1,0.00,0.20,0.00,2),(130,'2019-09-17 12:31:09',18735,'','',1,1,0.00,6.99,0.00,2),(131,'2019-09-17 12:32:15',16473,'','',2,1,0.00,3.99,0.00,2),(131,'2019-09-17 12:32:15',17849,'','',1,1,0.00,6.95,0.00,2),(131,'2019-09-17 12:32:15',18045,'','',3,1,0.00,2.99,0.00,2),(132,'2019-09-17 12:33:27',18735,'','',1,1,0.00,6.95,0.00,2),(133,'2019-09-17 12:35:02',17754,'','',1,1,0.00,0.49,0.00,2),(133,'2019-09-17 12:35:02',18735,'','',2,1,0.00,0.48,0.00,2),(134,'2019-09-17 12:37:00',15583,'','',1,5,0.00,1.00,0.00,2),(135,'2019-09-17 12:40:06',16594,'','',1,1,0.00,1.29,0.00,2),(136,'2019-09-17 12:40:32',17488,'','',1,1,0.00,0.50,0.00,2),(137,'2019-09-17 12:41:26',15583,'','',1,1,0.00,1.00,0.00,2),(137,'2019-09-17 12:41:26',18735,'','',2,1,0.00,1.50,0.00,2),(138,'2019-09-17 12:42:40',15517,'','',1,1,0.00,0.20,0.00,2),(138,'2019-09-17 12:42:40',15518,'','',2,1,0.00,0.20,0.00,2),(139,'2019-09-17 12:43:18',16141,'','',1,1,0.00,3.95,0.00,2),(140,'2019-09-17 12:44:25',18735,'','',1,1,0.00,12.95,0.00,2),(141,'2019-09-17 12:45:17',18735,'','',1,1,0.00,2.49,0.00,2),(142,'2019-09-17 12:47:13',17944,'','',1,1,0.00,8.68,0.00,2),(143,'2019-09-17 12:49:07',18735,'','',1,1,0.00,6.44,0.00,2),(144,'2019-09-17 12:50:38',18735,'','',1,1,0.00,25.30,0.00,2),(145,'2019-09-17 12:51:28',18735,'','',1,1,0.00,1.25,0.00,2),(146,'2019-09-17 12:54:35',16520,'','',1,1,0.00,1.99,0.00,2),(146,'2019-09-17 12:54:35',17596,'','',3,1,0.00,0.20,0.00,2),(146,'2019-09-17 12:54:35',18735,'','',2,1,0.00,27.85,0.00,2),(147,'2019-09-17 12:55:34',18735,'','',1,1,0.00,5.95,0.00,2),(148,'2019-09-17 12:56:34',15496,'','',1,1,0.00,0.25,0.00,2),(149,'2019-09-17 12:57:14',18735,'','',1,1,0.00,4.50,0.00,2),(150,'2019-09-17 13:00:45',18735,'','',1,1,0.00,0.56,0.00,2),(151,'2019-09-17 13:04:30',18641,'','',1,1,0.00,3.99,0.00,2),(152,'2019-09-17 13:05:05',15492,'','',1,1,0.00,0.19,0.00,2),(153,'2019-09-17 13:08:13',17596,'','',2,1,0.00,0.20,0.00,2),(153,'2019-09-17 13:08:13',18735,'','',1,1,0.00,24.00,0.00,2),(154,'2019-09-17 13:09:15',18735,'','',1,1,0.00,4.68,0.00,2),(155,'2019-09-17 13:09:52',17404,'','',1,1,0.00,1.15,0.00,2),(156,'2019-09-17 13:11:05',18735,'','',1,1,0.00,1.80,0.00,2),(157,'2019-09-17 13:11:55',18735,'','',1,1,0.00,2.00,0.00,2),(158,'2019-09-17 13:22:46',17596,'','',2,1,0.00,0.20,0.00,2),(158,'2019-09-17 13:22:46',18261,'','',1,1,0.00,4.99,0.00,2),(159,'2019-09-17 13:25:32',16905,'','',1,1,0.00,4.99,0.00,2),(159,'2019-09-17 13:25:32',18735,'','',2,1,0.00,6.94,0.00,2),(160,'2019-09-17 13:29:02',18735,'','',1,1,0.00,1.99,0.00,2),(161,'2019-09-17 13:30:35',16520,'','',1,1,0.00,1.99,0.00,2),(162,'2019-09-17 13:32:04',16552,'','',3,1,0.00,5.99,0.00,2),(162,'2019-09-17 13:32:04',16715,'','',1,1,0.00,4.99,0.00,2),(162,'2019-09-17 13:32:04',17596,'','',4,1,0.00,0.20,0.00,2),(162,'2019-09-17 13:32:04',18735,'','',2,1,0.00,1.95,0.00,2),(163,'2019-09-17 13:35:45',18735,'','',1,4,0.00,10.00,0.00,2),(164,'2019-09-17 13:37:05',18735,'','',1,1,0.00,10.44,0.00,2),(165,'2019-09-17 13:38:41',18735,'','',1,1,0.00,8.00,0.00,2),(166,'2019-09-17 13:39:40',18735,'','',1,1,0.00,4.50,0.00,2),(167,'2019-09-17 13:43:51',17596,'','',1,1,0.00,0.20,0.00,2),(168,'2019-09-17 13:45:17',16594,'','',1,1,0.00,1.29,0.00,2),(168,'2019-09-17 13:45:17',18735,'','',2,1,0.00,0.96,0.00,2),(169,'2019-09-17 13:46:35',17596,'','',2,1,0.00,0.20,0.00,2),(169,'2019-09-17 13:46:35',18735,'','',1,1,0.00,4.65,0.00,2),(170,'2019-09-17 13:47:54',18735,'','',1,1,0.00,24.95,0.00,2),(171,'2019-09-17 13:49:17',18735,'','',1,1,0.00,2.80,0.00,2),(172,'2019-09-17 13:54:54',17596,'','',2,1,0.00,0.20,0.00,2),(172,'2019-09-17 13:54:54',18735,'','',3,1,0.00,31.80,0.00,2),(173,'2019-09-17 13:56:52',18735,'','',1,1,0.00,12.45,0.00,2),(174,'2019-09-17 13:58:41',17596,'','',2,1,0.00,0.20,0.00,2),(174,'2019-09-17 13:58:41',18735,'','',1,1,0.00,2.50,0.00,2),(175,'2019-09-17 14:02:58',18735,'','',1,1,0.00,1.00,0.00,2),(176,'2019-09-17 14:10:28',18735,'','',1,1,0.00,1.99,0.00,2),(177,'2019-09-17 14:12:10',16375,'','',2,1,0.00,1.00,0.00,2),(177,'2019-09-17 14:12:10',16393,'','',1,1,0.00,1.00,0.00,2),(178,'2019-09-17 14:22:05',18735,'','',1,1,0.00,1.00,0.00,2),(179,'2019-09-17 14:23:17',18735,'','',1,1,0.00,8.85,0.00,2),(180,'2019-09-17 14:24:33',17010,'','',1,1,0.00,1.00,0.00,2),(181,'2019-09-17 14:33:40',17596,'','',2,1,0.00,0.20,0.00,2),(181,'2019-09-17 14:33:40',18735,'','',1,1,0.00,18.98,0.00,2),(182,'2019-09-17 14:37:34',17596,'','',2,1,0.00,0.20,0.00,2),(182,'2019-09-17 14:37:34',18735,'','',1,1,0.00,7.96,0.00,2),(183,'2019-09-17 14:42:12',15583,'','',1,2,0.00,1.00,0.00,2),(183,'2019-09-17 14:42:12',18735,'','',2,1,0.00,2.50,0.00,2),(184,'2019-09-17 14:43:50',17596,'','',2,1,0.00,0.20,0.00,2),(184,'2019-09-17 14:43:50',18735,'','',1,1,0.00,6.08,0.00,2),(185,'2019-09-17 14:45:22',18735,'','',1,1,0.00,4.95,0.00,2),(186,'2019-09-17 14:46:21',17488,'','',1,1,0.00,0.50,0.00,2),(187,'2019-09-17 14:47:25',18735,'','',1,1,0.00,2.98,0.00,2),(188,'2019-09-17 14:49:47',18735,'','',1,1,0.00,2.95,0.00,2),(189,'2019-09-17 14:50:48',18735,'','',1,1,0.00,2.95,0.00,2),(190,'2019-09-17 14:52:03',18735,'','',1,1,0.00,7.45,0.00,2),(191,'2019-09-17 14:52:50',18735,'','',1,1,0.00,0.80,0.00,2),(192,'2019-09-17 14:55:21',17596,'','',2,1,0.00,0.20,0.00,2),(192,'2019-09-17 14:55:21',18735,'','',1,1,0.00,10.55,0.00,2),(193,'2019-09-17 14:57:39',18735,'','',1,1,0.00,4.30,0.00,2),(194,'2019-09-17 14:59:01',15797,'','',2,1,0.00,1.99,0.00,2),(194,'2019-09-17 14:59:01',17098,'','',1,1,0.00,1.50,0.00,2),(194,'2019-09-17 14:59:01',18735,'','',3,1,0.00,6.95,0.00,2),(195,'2019-09-17 14:59:53',18735,'','',1,1,0.00,1.50,0.00,2),(196,'2019-09-17 15:00:47',18735,'','',1,1,0.00,3.00,0.00,2),(197,'2019-09-17 15:01:49',18735,'','',1,1,0.00,2.00,0.00,2),(198,'2019-09-17 15:08:34',17470,'','',2,1,0.00,1.69,0.00,2),(198,'2019-09-17 15:08:34',18561,'','',1,1,0.00,1.25,0.00,2),(198,'2019-09-17 15:08:34',18735,'','',3,1,0.00,2.60,0.00,2),(199,'2019-09-17 15:09:28',18735,'','',1,1,0.00,4.25,0.00,2),(200,'2019-09-17 15:10:13',18735,'','',1,1,0.00,1.25,0.00,2),(201,'2019-09-17 15:11:43',18735,'','',1,1,0.00,15.00,0.00,2),(202,'2019-09-17 15:15:58',16984,'','',2,1,0.00,9.95,0.00,2),(202,'2019-09-17 15:15:58',17596,'','',3,1,0.00,0.20,0.00,2),(202,'2019-09-17 15:15:58',18735,'','',4,1,0.00,23.35,0.00,2),(203,'2019-09-17 15:16:35',18641,'','',1,1,0.00,3.99,0.00,2),(204,'2019-09-17 15:19:44',16594,'','',2,1,0.00,1.29,0.00,2),(204,'2019-09-17 15:19:44',18735,'','',1,1,0.00,0.50,0.00,2),(205,'2019-09-17 15:21:57',15583,'','',2,1,0.00,1.00,0.00,2),(205,'2019-09-17 15:21:57',17404,'','',3,1,0.00,1.15,0.00,2),(205,'2019-09-17 15:21:57',17794,'','',4,1,0.00,2.95,0.00,2),(205,'2019-09-17 15:21:57',17940,'','',1,1,0.00,7.78,0.00,2),(206,'2019-09-17 15:23:21',17596,'','',1,2,0.00,0.20,0.00,2),(207,'2019-09-17 15:24:31',16500,'','',1,1,0.00,2.95,0.00,2),(208,'2019-09-17 15:25:28',18735,'','',1,1,0.00,6.99,0.00,2),(209,'2019-09-17 15:30:42',18735,'','',1,1,0.00,0.36,0.00,2),(210,'2019-09-17 15:32:35',16555,'','',1,1,0.00,2.49,0.00,2),(210,'2019-09-17 15:32:35',17005,'','',2,1,0.00,2.49,0.00,2),(210,'2019-09-17 15:32:35',17596,'','',3,1,0.00,0.20,0.00,2),(211,'2019-09-17 15:33:44',18735,'','',1,1,0.00,1.95,0.00,2),(212,'2019-09-17 15:34:36',15587,'','',1,1,0.00,1.00,0.00,2),(213,'2019-09-17 15:41:26',17596,'','',2,1,0.00,0.20,0.00,2),(213,'2019-09-17 15:41:26',18735,'','',1,1,0.00,7.15,0.00,2),(214,'2019-09-17 15:43:41',18166,'','',1,1,0.00,4.99,0.00,2),(215,'2019-09-17 15:45:40',15587,'','',2,1,0.00,1.00,0.00,2),(215,'2019-09-17 15:45:40',17821,'','',1,1,0.00,1.50,0.00,2),(216,'2019-09-17 15:47:20',18735,'','',1,1,0.00,2.99,0.00,2),(217,'2019-09-17 15:48:28',17596,'','',2,1,0.00,0.20,0.00,2),(217,'2019-09-17 15:48:28',18735,'','',1,1,0.00,4.00,0.00,2),(218,'2019-09-17 15:49:23',17596,'','',2,1,0.00,0.20,0.00,2),(218,'2019-09-17 15:49:23',18735,'','',1,1,0.00,2.50,0.00,2),(219,'2019-09-17 15:50:33',18735,'','',1,1,0.00,1.10,0.00,2),(220,'2019-09-17 15:51:40',15050,'','',2,2,0.00,1.28,0.00,2),(220,'2019-09-17 15:51:40',17478,'','',1,1,0.00,1.27,0.00,2),(220,'2019-09-17 15:51:40',17596,'','',3,1,0.00,0.20,0.00,2),(221,'2019-09-17 15:53:53',15049,'','',2,1,0.00,2.66,0.00,2),(221,'2019-09-17 15:53:53',16553,'','',1,1,0.00,6.99,0.00,2),(221,'2019-09-17 15:53:53',17596,'','',4,1,0.00,0.20,0.00,2),(221,'2019-09-17 15:53:53',18735,'','',3,1,0.00,14.50,0.00,2),(222,'2019-09-17 15:54:33',17754,'','',1,1,0.00,0.49,0.00,2),(223,'2019-09-17 15:55:53',15587,'','',2,1,0.00,1.00,0.00,2),(223,'2019-09-17 15:55:53',15848,'','',1,1,0.00,3.79,0.00,2),(223,'2019-09-17 15:55:53',17221,'','',3,1,0.00,3.99,0.00,2),(224,'2019-09-17 15:56:29',18506,'','',1,1,0.00,1.00,0.00,2),(225,'2019-09-17 15:57:26',15793,'','',1,1,0.00,2.49,0.00,2),(225,'2019-09-17 15:57:26',18735,'','',2,1,0.00,1.00,0.00,2),(226,'2019-09-17 15:58:24',18735,'','',1,1,0.00,1.50,0.00,2),(227,'2019-09-17 15:59:26',17214,'','',1,1,0.00,3.99,0.00,2),(227,'2019-09-17 15:59:26',17470,'','',2,1,0.00,1.69,0.00,2),(228,'2019-09-17 16:00:24',16308,'','',1,1,0.00,2.99,0.00,2),(228,'2019-09-17 16:00:24',18735,'','',2,1,0.00,1.80,0.00,2),(229,'2019-09-17 16:01:23',17596,'','',1,1,0.00,0.20,0.00,2),(230,'2019-09-17 16:02:50',15106,'','',1,2,0.00,2.76,0.00,2),(230,'2019-09-17 16:02:50',17596,'','',2,1,0.00,0.20,0.00,2),(231,'2019-09-17 16:03:46',18735,'','',1,2,0.00,1.00,0.00,2),(232,'2019-09-17 16:04:33',18735,'','',1,1,0.00,5.00,0.00,2),(233,'2019-09-17 16:10:15',17596,'','',2,1,0.00,0.20,0.00,2),(233,'2019-09-17 16:10:15',18735,'','',1,1,0.00,5.45,0.00,2),(234,'2019-09-17 16:11:56',18735,'','',1,1,0.00,4.25,0.00,2),(235,'2019-09-17 16:13:21',18735,'','',1,1,0.00,0.90,0.00,2),(236,'2019-09-17 16:14:25',18659,'','',1,1,0.00,2.17,0.00,2),(237,'2019-09-17 16:15:16',17488,'','',1,1,0.00,0.50,0.00,2),(238,'2019-09-17 16:15:49',18724,'','',1,1,0.00,1.60,0.00,2),(239,'2019-09-17 16:16:48',16908,'','',2,1,0.00,1.50,0.00,2),(239,'2019-09-17 16:16:48',17162,'','',1,1,0.00,2.49,0.00,2),(240,'2019-09-17 16:17:33',18735,'','',1,1,0.00,3.00,0.00,2),(241,'2019-09-17 16:18:54',18735,'','',1,1,0.00,2.24,0.00,2),(242,'2019-09-17 16:25:15',17596,'','',3,1,0.00,0.20,0.00,2),(242,'2019-09-17 16:25:15',18510,'','',1,6,0.00,0.80,0.00,2),(242,'2019-09-17 16:25:15',18735,'','',2,1,0.00,76.55,0.00,2),(243,'2019-09-17 16:26:00',16244,'','',1,1,0.00,0.10,0.00,2),(244,'2019-09-17 16:26:30',16555,'','',1,1,0.00,2.49,0.00,2),(245,'2019-09-17 16:28:59',15515,'','',1,1,0.00,2.50,0.00,2),(245,'2019-09-17 16:28:59',15521,'','',2,1,0.00,2.50,0.00,2),(245,'2019-09-17 16:28:59',17596,'','',4,1,0.00,0.20,0.00,2),(245,'2019-09-17 16:28:59',18735,'','',3,1,0.00,2.40,0.00,2),(246,'2019-09-17 16:31:38',18735,'','',1,1,0.00,7.60,0.00,2),(247,'2019-09-17 16:33:22',15452,'','',2,1,0.00,3.95,0.00,2),(247,'2019-09-17 16:33:22',15587,'','',3,1,0.00,1.00,0.00,2),(247,'2019-09-17 16:33:22',16553,'','',1,1,0.00,6.99,0.00,2),(247,'2019-09-17 16:33:22',17596,'','',5,1,0.00,0.20,0.00,2),(247,'2019-09-17 16:33:22',18735,'','',4,1,0.00,0.50,0.00,2),(248,'2019-09-17 16:37:02',17596,'','',2,1,0.00,0.20,0.00,2),(248,'2019-09-17 16:37:02',17832,'','',1,2,0.00,8.83,0.00,2),(249,'2019-09-17 16:40:29',16510,'','',1,1,0.00,9.95,0.00,2),(250,'2019-09-17 16:41:17',18735,'','',1,1,0.00,5.00,0.00,2),(251,'2019-09-17 16:43:15',18735,'','',1,1,0.00,2.95,0.00,2),(252,'2019-09-17 16:44:08',18735,'','',1,1,0.00,5.95,0.00,2),(253,'2019-09-17 16:44:49',18735,'','',1,1,0.00,0.20,0.00,2),(254,'2019-09-17 16:45:46',15583,'','',2,1,0.00,1.00,0.00,2),(254,'2019-09-17 16:45:46',16592,'','',1,1,0.00,1.95,0.00,2),(254,'2019-09-17 16:45:46',17203,'','',3,1,0.00,2.99,0.00,2),(255,'2019-09-17 16:46:51',17596,'','',2,1,0.00,0.20,0.00,2),(255,'2019-09-17 16:46:51',17894,'','',1,1,0.00,7.49,0.00,2),(256,'2019-09-17 16:47:56',18735,'','',1,1,0.00,4.35,0.00,2),(257,'2019-09-17 16:48:45',16904,'','',1,1,0.00,4.99,0.00,2),(258,'2019-09-17 16:50:52',18235,'','',1,1,0.00,7.95,0.00,2),(259,'2019-09-17 16:52:12',16594,'','',1,2,0.00,1.29,0.00,2),(260,'2019-09-17 16:53:31',18735,'','',1,1,0.00,6.99,0.00,2),(261,'2019-09-17 16:55:21',18735,'','',1,1,0.00,49.93,0.00,2),(262,'2019-09-17 16:56:26',18735,'','',1,1,0.00,2.49,0.00,2),(263,'2019-09-17 17:00:22',15060,'','',4,1,0.00,1.95,0.00,2),(263,'2019-09-17 17:00:22',15496,'','',1,3,0.00,0.25,0.00,2),(263,'2019-09-17 17:00:22',17606,'','',2,1,0.00,0.35,0.00,2),(263,'2019-09-17 17:00:22',18735,'','',3,1,0.00,0.90,0.00,2),(264,'2019-09-17 17:02:44',17596,'','',2,1,0.00,0.20,0.00,2),(264,'2019-09-17 17:02:44',18735,'','',1,1,0.00,15.93,0.00,2),(265,'2019-09-17 17:03:33',17488,'','',2,1,0.00,0.50,0.00,2),(265,'2019-09-17 17:03:33',17794,'','',1,1,0.00,2.95,0.00,2),(266,'2019-09-17 17:04:43',16594,'','',1,1,0.00,1.29,0.00,2),(266,'2019-09-17 17:04:43',18735,'','',2,1,0.00,1.25,0.00,2),(267,'2019-09-17 17:06:33',17786,'','',1,1,0.00,2.99,0.00,2),(267,'2019-09-17 17:06:33',18325,'','',2,1,0.00,1.25,0.00,2),(267,'2019-09-17 17:06:33',18735,'','',3,1,0.00,4.95,0.00,2),(268,'2019-09-17 17:07:31',17596,'','',1,1,0.00,0.20,0.00,2),(269,'2019-09-17 17:08:08',18735,'','',1,1,0.00,1.00,0.00,2),(270,'2019-09-17 17:11:10',18735,'','',1,1,0.00,9.95,0.00,2),(271,'2019-09-17 17:13:04',18735,'','',1,1,0.00,3.35,0.00,2),(272,'2019-09-17 17:13:45',17596,'','',1,1,0.00,0.20,0.00,2),(273,'2019-09-17 17:15:04',18735,'','',1,1,0.00,5.50,0.00,2),(274,'2019-09-17 17:16:08',16165,'','',2,1,0.00,1.50,0.00,2),(274,'2019-09-17 17:16:08',17034,'','',1,1,0.00,1.04,0.00,2),(275,'2019-09-17 17:17:29',15848,'','',1,1,0.00,3.79,0.00,2),(275,'2019-09-17 17:17:29',17447,'','',2,1,0.00,3.99,0.00,2),(276,'2019-09-17 17:19:19',18735,'','',1,1,0.00,2.95,0.00,2),(277,'2019-09-17 17:23:43',18735,'','',1,1,0.00,2.99,0.00,2),(278,'2019-09-17 17:29:50',17349,'','',2,1,0.00,7.99,0.00,2),(278,'2019-09-17 17:29:50',17364,'','',1,1,0.00,7.99,0.00,2),(278,'2019-09-17 17:29:50',17596,'','',3,1,0.00,0.20,0.00,2),(279,'2019-09-17 17:33:41',16557,'','',1,1,0.00,2.49,0.00,2),(280,'2019-09-17 17:35:40',17596,'','',3,1,0.00,0.20,0.00,2),(280,'2019-09-17 17:35:40',17786,'','',2,1,0.00,2.99,0.00,2),(280,'2019-09-17 17:35:40',18735,'','',1,1,0.00,2.95,0.00,2),(281,'2019-09-17 17:38:16',17596,'','',2,1,0.00,0.20,0.00,2),(281,'2019-09-17 17:38:16',18735,'','',1,1,0.00,19.58,0.00,2),(282,'2019-09-17 17:39:23',18735,'','',1,1,0.00,2.99,0.00,2),(283,'2019-09-17 17:42:20',15153,'','',1,2,0.00,1.54,0.00,2),(283,'2019-09-17 17:42:20',17596,'','',3,1,0.00,0.20,0.00,2),(283,'2019-09-17 17:42:20',18735,'','',2,1,0.00,4.46,0.00,2),(284,'2019-09-17 17:43:56',18735,'','',1,1,0.00,2.42,0.00,2),(285,'2019-09-17 17:44:37',18735,'','',1,1,0.00,0.18,0.00,2),(286,'2019-09-17 17:45:57',18735,'','',1,1,0.00,1.49,0.00,2),(287,'2019-09-17 17:47:06',15848,'','',1,1,0.00,3.79,0.00,2),(287,'2019-09-17 17:47:06',18735,'','',2,1,0.00,1.00,0.00,2),(288,'2019-09-17 17:48:34',18735,'','',1,1,0.00,24.95,0.00,2),(289,'2019-09-17 17:51:55',17203,'','',1,1,0.00,2.99,0.00,2),(290,'2019-09-17 17:53:11',18735,'','',1,1,0.00,18.94,0.00,2),(291,'2019-09-17 17:53:48',18735,'','',1,1,0.00,1.00,0.00,2),(292,'2019-09-17 17:55:11',18735,'','',1,1,0.00,1.25,0.00,2),(293,'2019-09-17 17:56:17',16594,'','',1,2,0.00,1.29,0.00,2),(293,'2019-09-17 17:56:17',16793,'','',2,1,0.00,2.49,0.00,2),(294,'2019-09-17 17:56:58',15500,'','',1,1,0.00,2.95,0.00,2),(295,'2019-09-17 17:58:17',17596,'','',2,1,0.00,0.20,0.00,2),(295,'2019-09-17 17:58:17',18735,'','',1,1,0.00,12.93,0.00,2),(296,'2019-09-17 17:59:24',16716,'','',1,1,0.00,1.63,0.00,2),(296,'2019-09-17 17:59:24',18735,'','',2,1,0.00,3.99,0.00,2),(297,'2019-09-17 18:00:37',17596,'','',2,1,0.00,0.20,0.00,2),(297,'2019-09-17 18:00:37',18735,'','',1,1,0.00,2.95,0.00,2),(298,'2019-09-17 18:03:13',18724,'','',1,3,0.00,1.60,0.00,2),(298,'2019-09-17 18:03:13',18735,'','',2,1,0.00,1.50,0.00,2),(299,'2019-09-17 18:08:46',16990,'','',2,1,0.00,9.95,0.00,2),(299,'2019-09-17 18:08:46',17374,'','',3,1,0.00,5.99,0.00,2),(299,'2019-09-17 18:08:46',17596,'','',5,1,0.00,0.20,0.00,2),(299,'2019-09-17 18:08:46',18735,'','',4,1,0.00,3.00,0.00,2),(300,'2019-09-17 18:09:43',18237,'','',1,1,0.00,2.00,0.00,2),(301,'2019-09-17 18:10:46',17218,'','',1,1,0.00,3.99,0.00,2),(301,'2019-09-17 18:10:46',18044,'','',2,1,0.00,2.99,0.00,2),(302,'2019-09-17 18:11:29',15848,'','',1,1,0.00,3.79,0.00,2),(302,'2019-09-17 18:11:29',17021,'','',2,1,0.00,9.95,0.00,2),(303,'2019-09-17 18:12:19',18735,'','',1,1,0.00,1.29,0.00,2),(304,'2019-09-17 18:13:26',16594,'','',1,1,0.00,1.29,0.00,2),(305,'2019-09-17 18:14:24',17794,'','',1,1,0.00,2.95,0.00,2),(306,'2019-09-17 18:15:36',18735,'','',1,1,0.00,10.00,0.00,2),(307,'2019-09-17 18:19:44',18735,'','',1,1,0.00,1.29,0.00,2),(308,'2019-09-17 18:28:27',15092,'','',2,3,0.00,0.26,0.00,2),(308,'2019-09-17 18:28:27',16594,'','',1,2,0.00,1.29,0.00,2),(308,'2019-09-17 18:28:27',17596,'','',4,1,0.00,0.20,0.00,2),(308,'2019-09-17 18:28:27',18735,'','',3,1,0.00,15.38,0.00,2),(309,'2019-09-17 18:29:01',17013,'','',1,1,0.00,0.35,0.00,2),(310,'2019-09-17 18:30:07',18735,'','',1,1,0.00,0.46,0.00,2),(311,'2019-09-18 07:51:50',16588,'','',3,1,0.00,2.95,0.00,2),(311,'2019-09-18 07:51:50',18510,'','',2,1,0.00,0.80,0.00,2),(311,'2019-09-18 07:51:50',18511,'','',1,1,0.00,0.80,0.00,2),(311,'2019-09-18 07:51:50',18783,'','',5,1,0.00,0.24,0.00,2),(311,'2019-09-18 07:51:50',18821,'','',4,1,0.00,0.90,0.00,2),(312,'2019-09-18 07:54:07',18735,'','',1,1,0.00,5.95,0.00,2),(313,'2019-09-18 07:58:30',15583,'','',1,1,0.00,1.00,0.00,2),(313,'2019-09-18 07:58:30',17535,'','',2,1,0.00,3.99,0.00,2),(314,'2019-09-18 08:02:13',15793,'','',1,1,0.00,2.49,0.00,2),(314,'2019-09-18 08:02:13',17596,'','',4,1,0.00,0.20,0.00,2),(314,'2019-09-18 08:02:13',17887,'','',3,1,0.00,7.49,0.00,2),(314,'2019-09-18 08:02:13',18735,'','',2,1,0.00,6.15,0.00,2),(315,'2019-09-18 08:03:11',18735,'','',1,1,0.00,1.99,0.00,2),(316,'2019-09-18 08:04:25',18735,'','',1,1,0.00,0.23,0.00,2),(317,'2019-09-18 08:06:35',15050,'','',1,1,0.00,1.27,0.00,2),(318,'2019-09-18 08:08:50',15500,'','',1,1,0.00,2.95,0.00,2),(318,'2019-09-18 08:08:50',17488,'','',2,1,0.00,0.50,0.00,2),(319,'2019-09-18 08:12:42',17162,'','',1,1,0.00,2.49,0.00,2),(319,'2019-09-18 08:12:42',17596,'','',3,1,0.00,0.20,0.00,2),(319,'2019-09-18 08:12:42',18735,'','',2,1,0.00,2.95,0.00,2),(320,'2019-09-18 08:13:55',16576,'','',1,1,0.00,1.50,0.00,2),(320,'2019-09-18 08:13:55',18735,'','',2,1,0.00,2.95,0.00,2),(321,'2019-09-18 08:15:50',18735,'','',1,1,0.00,6.40,0.00,2),(322,'2019-09-18 08:17:29',18746,'','',1,1,0.00,0.20,0.00,2),(323,'2019-09-18 08:19:38',15019,'','',1,1,0.00,2.00,0.00,2),(324,'2019-09-18 08:23:55',15587,'','',1,1,0.00,1.00,0.00,2),(325,'2019-09-18 08:24:39',16470,'','',1,1,0.00,3.99,0.00,2),(326,'2019-09-18 08:26:23',18735,'','',1,1,0.00,1.95,0.00,2),(327,'2019-09-18 08:39:45',16343,'','',1,2,0.00,6.50,0.00,2),(328,'2019-09-18 08:43:09',18594,'','',1,1,0.00,2.75,0.00,2),(328,'2019-09-18 08:43:09',18735,'','',2,1,0.00,0.50,0.00,2),(329,'2019-09-18 08:47:02',18735,'','',1,1,0.00,3.20,0.00,2),(330,'2019-09-18 08:49:03',15300,'','',3,1,0.00,2.25,0.00,2),(330,'2019-09-18 08:49:03',16237,'','',1,1,0.00,6.95,0.00,2),(330,'2019-09-18 08:49:03',18594,'','',2,1,0.00,2.75,0.00,2),(330,'2019-09-18 08:49:03',18735,'','',4,1,0.00,6.95,0.00,2),(331,'2019-09-18 09:04:02',17794,'','',1,1,0.00,2.95,0.00,2),(332,'2019-09-18 09:24:42',18735,'','',1,1,0.00,1.63,0.00,2),(333,'2019-09-18 09:26:22',15541,'','',2,1,0.00,12.95,0.00,2),(333,'2019-09-18 09:26:22',17596,'','',3,1,0.00,0.20,0.00,2),(333,'2019-09-18 09:26:22',18427,'','',1,1,0.00,1.95,0.00,2),(334,'2019-09-18 09:29:40',18735,'','',1,1,0.00,1.69,0.00,2),(335,'2019-09-18 09:33:06',17323,'','',1,20,0.00,0.24,0.00,2),(335,'2019-09-18 09:33:06',18735,'','',2,1,0.00,9.99,0.00,2),(336,'2019-09-18 09:35:19',16588,'','',1,1,0.00,2.95,0.00,2),(337,'2019-09-18 09:40:58',18785,'','',1,1,0.00,1.00,0.00,2),(338,'2019-09-18 09:43:04',15849,'','',2,1,0.00,2.99,0.00,2),(338,'2019-09-18 09:43:04',16165,'','',1,1,0.00,1.50,0.00,2),(338,'2019-09-18 09:43:04',17596,'','',3,1,0.00,0.20,0.00,2),(339,'2019-09-18 09:43:45',15244,'','',1,1,0.00,1.99,0.00,2),(340,'2019-09-18 09:45:28',18735,'','',1,1,0.00,3.95,0.00,2),(341,'2019-09-18 09:46:43',18735,'','',1,1,0.00,10.95,0.00,2),(342,'2019-09-18 09:47:22',17596,'','',1,1,0.00,0.20,0.00,2),(343,'2019-09-18 09:50:14',15195,'','',1,1,0.00,2.49,0.00,2),(343,'2019-09-18 09:50:14',17596,'','',3,1,0.00,0.20,0.00,2),(343,'2019-09-18 09:50:14',18735,'','',2,1,0.00,3.05,0.00,2),(344,'2019-09-18 09:51:44',18735,'','',1,1,0.00,2.00,0.00,2),(345,'2019-09-18 09:56:48',16242,'','',2,3,0.00,0.50,0.00,2),(345,'2019-09-18 09:56:48',18510,'','',1,1,0.00,0.80,0.00,2),(346,'2019-09-18 10:01:11',18487,'','',1,1,0.00,1.00,0.00,2),(347,'2019-09-18 10:04:04',18735,'','',1,1,0.00,9.95,0.00,2),(348,'2019-09-18 10:12:21',15773,'','',4,1,0.00,3.99,0.00,2),(348,'2019-09-18 10:12:21',16109,'','',3,1,0.00,1.49,0.00,2),(348,'2019-09-18 10:12:21',17742,'','',2,1,0.00,0.50,0.00,2),(348,'2019-09-18 10:12:21',18506,'','',1,1,0.00,1.00,0.00,2),(348,'2019-09-18 10:12:21',18735,'','',5,1,0.00,1.00,0.00,2),(349,'2019-09-18 10:14:02',16669,'','',2,1,0.00,2.99,0.00,2),(349,'2019-09-18 10:14:02',18051,'','',1,1,0.00,5.95,0.00,2),(349,'2019-09-18 10:14:02',18735,'','',4,1,0.00,0.20,0.00,2),(349,'2019-09-18 10:14:02',18884,'','',3,2,0.00,0.25,0.00,2),(350,'2019-09-18 10:19:44',16552,'','',1,1,0.00,5.99,0.00,2),(350,'2019-09-18 10:19:44',17596,'','',4,1,0.00,0.20,0.00,2),(350,'2019-09-18 10:19:44',17760,'','',2,1,0.00,1.50,0.00,2),(350,'2019-09-18 10:19:44',18735,'','',3,1,0.00,2.95,0.00,2),(351,'2019-09-18 10:22:26',18735,'','',1,1,0.00,5.95,0.00,2),(352,'2019-09-18 10:25:55',18330,'','',1,1,0.00,0.50,0.00,2),(353,'2019-09-18 10:26:47',17420,'','',1,10,0.00,0.99,0.00,2),(354,'2019-09-18 10:29:11',18330,'','',1,1,0.00,0.50,0.00,2),(355,'2019-09-18 10:35:25',17849,'','',1,1,0.00,6.95,0.00,2),(355,'2019-09-18 10:35:25',18330,'','',3,4,0.00,0.50,0.00,2),(355,'2019-09-18 10:35:25',18532,'','',2,2,0.00,1.69,0.00,2),(355,'2019-09-18 10:35:25',18735,'','',4,1,0.00,1.95,0.00,2),(356,'2019-09-18 10:38:12',18735,'','',1,1,0.00,2.99,0.00,2),(357,'2019-09-18 10:45:03',18735,'','',1,1,0.00,5.00,0.00,2),(358,'2019-09-18 10:48:13',17488,'','',1,1,0.00,0.50,0.00,2),(358,'2019-09-18 10:48:13',18735,'','',2,1,0.00,6.99,0.00,2),(359,'2019-09-18 10:52:31',18735,'','',1,1,0.00,3.30,0.00,2),(360,'2019-09-18 10:54:20',18735,'','',1,1,0.00,1.50,0.00,2),(361,'2019-09-18 10:54:56',16594,'','',1,1,0.00,1.29,0.00,2),(362,'2019-09-18 10:56:41',18416,'','',1,1,0.00,4.95,0.00,2),(363,'2019-09-18 11:00:37',15772,'','',1,1,0.00,1.25,0.00,2),(363,'2019-09-18 11:00:37',18735,'','',2,1,0.00,1.95,0.00,2),(364,'2019-09-18 11:04:31',17596,'','',2,1,0.00,0.20,0.00,2),(364,'2019-09-18 11:04:31',18330,'','',3,2,0.00,0.50,0.00,2),(364,'2019-09-18 11:04:31',18869,'','',1,2,0.00,8.68,0.00,2),(365,'2019-09-18 11:05:49',18869,'','',1,1,0.00,8.68,0.00,2),(366,'2019-09-18 11:09:36',15880,'','',6,1,0.00,1.95,0.00,2),(366,'2019-09-18 11:09:36',15882,'','',4,1,0.00,1.99,0.00,2),(366,'2019-09-18 11:09:36',16716,'','',9,2,0.00,1.63,0.00,2),(366,'2019-09-18 11:09:36',16983,'','',2,1,0.00,9.95,0.00,2),(366,'2019-09-18 11:09:36',17372,'','',3,1,0.00,5.99,0.00,2),(366,'2019-09-18 11:09:36',17470,'','',8,2,0.00,1.69,0.00,2),(366,'2019-09-18 11:09:36',17596,'','',13,1,0.00,0.20,0.00,2),(366,'2019-09-18 11:09:36',17617,'','',11,1,0.00,2.95,0.00,2),(366,'2019-09-18 11:09:36',17894,'','',1,1,0.00,7.49,0.00,2),(366,'2019-09-18 11:09:36',18382,'','',5,1,0.00,1.60,0.00,2),(366,'2019-09-18 11:09:36',18595,'','',10,3,0.00,1.50,0.00,2),(366,'2019-09-18 11:09:36',18735,'','',12,1,0.00,21.85,0.00,2),(366,'2019-09-18 11:09:36',18746,'','',7,6,0.00,0.20,0.00,2),(367,'2019-09-18 11:10:27',17276,'','',1,1,0.00,3.45,0.00,2),(368,'2019-09-18 11:12:17',17846,'','',1,1,0.00,4.99,0.00,2),(369,'2019-09-18 11:15:13',16244,'','',1,1,0.00,0.10,0.00,2),(370,'2019-09-18 11:16:57',18735,'','',1,1,0.00,17.85,0.00,2),(371,'2019-09-18 11:18:25',17596,'','',3,1,0.00,0.20,0.00,2),(371,'2019-09-18 11:18:25',17754,'','',1,1,0.00,0.49,0.00,2),(371,'2019-09-18 11:18:25',18747,'','',2,3,0.00,0.15,0.00,2),(372,'2019-09-18 11:20:43',17043,'','',1,1,0.00,1.00,0.00,2),(372,'2019-09-18 11:20:43',18735,'','',2,1,0.00,1.10,0.00,2),(373,'2019-09-18 11:23:02',18735,'','',1,1,0.00,0.60,0.00,2),(374,'2019-09-18 11:24:44',16794,'','',1,1,0.00,1.95,0.00,2),(374,'2019-09-18 11:24:44',17596,'','',3,1,0.00,0.20,0.00,2),(374,'2019-09-18 11:24:44',18735,'','',2,1,0.00,6.99,0.00,2),(375,'2019-09-18 11:25:29',16594,'','',1,1,0.00,1.29,0.00,2),(376,'2019-09-18 11:26:08',18735,'','',1,1,0.00,1.20,0.00,2),(377,'2019-09-18 11:27:58',15798,'','',1,2,0.00,3.29,0.00,2),(377,'2019-09-18 11:27:58',18735,'','',2,1,0.00,10.00,0.00,2),(378,'2019-09-18 11:32:07',15853,'','',1,2,0.00,1.50,0.00,2),(378,'2019-09-18 11:32:07',17596,'','',3,1,0.00,0.20,0.00,2),(378,'2019-09-18 11:32:07',18735,'','',2,1,0.00,3.69,0.00,2),(379,'2019-09-18 11:38:09',15587,'','',2,1,0.00,1.00,0.00,2),(379,'2019-09-18 11:38:09',16308,'','',1,1,0.00,2.99,0.00,2),(379,'2019-09-18 11:38:09',16556,'','',3,1,0.00,5.99,0.00,2),(380,'2019-09-18 11:38:58',16261,'','',1,2,0.00,1.50,0.00,2),(381,'2019-09-18 11:39:54',16355,'','',1,1,0.00,1.00,0.00,2),(382,'2019-09-18 11:41:12',15452,'','',1,1,0.00,3.95,0.00,2),(383,'2019-09-18 11:42:03',17820,'','',1,1,0.00,1.00,0.00,2),(384,'2019-09-18 11:48:53',16552,'','',1,1,0.00,5.99,0.00,2),(384,'2019-09-18 11:48:53',18735,'','',2,1,0.00,8.49,0.00,2),(385,'2019-09-18 11:49:40',17488,'','',1,1,0.00,0.50,0.00,2),(386,'2019-09-18 11:53:31',15583,'','',1,2,0.00,1.00,0.00,2),(387,'2019-09-18 11:55:10',16732,'','',1,1,0.00,6.95,0.00,2),(387,'2019-09-18 11:55:10',18735,'','',2,1,0.00,2.95,0.00,2),(388,'2019-09-18 11:56:11',17222,'','',2,1,0.00,3.99,0.00,2),(388,'2019-09-18 11:56:11',18594,'','',1,1,0.00,2.75,0.00,2),(389,'2019-09-18 11:57:45',18735,'','',1,1,0.00,2.00,0.00,2),(390,'2019-09-18 11:58:42',18735,'','',1,1,0.00,7.95,0.00,2),(391,'2019-09-18 12:02:17',16594,'','',1,2,0.00,1.29,0.00,2),(392,'2019-09-18 12:04:01',16594,'','',1,2,0.00,1.29,0.00,2),(393,'2019-09-18 12:09:00',18735,'','',1,1,0.00,1.95,0.00,2),(394,'2019-09-18 12:11:43',15670,'','',1,1,0.00,7.99,0.00,2),(395,'2019-09-18 12:13:31',16794,'','',1,1,0.00,1.95,0.00,2),(396,'2019-09-18 12:15:12',16594,'','',1,1,0.00,1.29,0.00,2),(397,'2019-09-18 12:17:36',16552,'','',1,1,0.00,5.99,0.00,2),(397,'2019-09-18 12:17:36',17596,'','',4,1,0.00,0.20,0.00,2),(397,'2019-09-18 12:17:36',17793,'','',2,1,0.00,1.95,0.00,2),(397,'2019-09-18 12:17:36',18735,'','',5,1,0.00,4.90,0.00,2),(398,'2019-09-18 12:19:10',15314,'','',1,1,0.00,2.95,0.00,2),(398,'2019-09-18 12:19:10',17596,'','',3,1,0.00,0.20,0.00,2),(398,'2019-09-18 12:19:10',18735,'','',2,1,0.00,5.00,0.00,2),(399,'2019-09-18 12:20:55',17596,'','',4,1,0.00,0.20,0.00,2),(399,'2019-09-18 12:20:55',17679,'','',1,1,0.00,3.95,0.00,2),(399,'2019-09-18 12:20:55',17815,'','',2,3,0.00,0.50,0.00,2),(399,'2019-09-18 12:20:55',17819,'','',3,2,0.00,0.45,0.00,2),(400,'2019-09-18 12:24:29',15500,'','',1,1,0.00,2.95,0.00,2),(401,'2019-09-18 12:25:26',15794,'','',1,1,0.00,2.49,0.00,2),(402,'2019-09-18 12:29:56',16240,'','',1,2,0.00,0.20,0.00,2),(403,'2019-09-18 12:30:52',17446,'','',2,1,0.00,3.99,0.00,2),(403,'2019-09-18 12:30:52',17940,'','',1,1,0.00,7.78,0.00,2),(404,'2019-09-18 12:31:41',18735,'','',1,1,0.00,1.00,0.00,2),(405,'2019-09-18 12:32:23',17596,'','',2,1,0.00,0.20,0.00,2),(405,'2019-09-18 12:32:23',18735,'','',1,1,0.00,1.29,0.00,2),(406,'2019-09-18 12:33:56',15818,'','',1,1,0.00,1.20,0.00,2),(406,'2019-09-18 12:33:56',18214,'','',2,1,0.00,2.46,0.00,2),(406,'2019-09-18 12:33:56',18735,'','',3,1,0.00,13.90,0.00,2),(407,'2019-09-18 12:40:11',17544,'','',2,1,0.00,1.99,0.00,2),(407,'2019-09-18 12:40:11',17596,'','',4,1,0.00,0.20,0.00,2),(407,'2019-09-18 12:40:11',17940,'','',1,1,0.00,7.78,0.00,2),(407,'2019-09-18 12:40:11',18735,'','',3,1,0.00,13.93,0.00,2),(408,'2019-09-18 12:40:54',17348,'','',1,1,0.00,7.99,0.00,2),(409,'2019-09-18 12:45:22',18051,'','',1,1,0.00,5.95,0.00,2),(410,'2019-09-18 12:46:17',18735,'','',1,1,0.00,1.99,0.00,2),(411,'2019-09-18 12:47:06',17596,'','',2,1,0.00,0.20,0.00,2),(411,'2019-09-18 12:47:06',18307,'','',1,1,0.00,5.95,0.00,2),(412,'2019-09-18 12:47:50',15438,'','',1,1,0.00,1.99,0.00,2),(413,'2019-09-18 12:48:33',18735,'','',1,1,0.00,3.95,0.00,2),(414,'2019-09-18 12:53:03',17596,'','',3,1,0.00,0.20,0.00,2),(414,'2019-09-18 12:53:03',17832,'','',1,1,0.00,8.83,0.00,2),(414,'2019-09-18 12:53:03',18869,'','',2,1,0.00,8.68,0.00,2),(415,'2019-09-18 12:57:15',18735,'','',1,1,0.00,3.80,0.00,2),(416,'2019-09-18 13:00:18',16165,'','',1,1,0.00,1.50,0.00,2),(416,'2019-09-18 13:00:18',18330,'','',2,1,0.00,0.50,0.00,2),(417,'2019-09-18 13:04:18',15092,'','',2,1,0.00,0.26,0.00,2),(417,'2019-09-18 13:04:18',17479,'','',1,1,0.00,1.47,0.00,2),(417,'2019-09-18 13:04:18',17606,'','',5,1,0.00,0.14,0.00,2),(417,'2019-09-18 13:04:18',18783,'','',4,2,0.00,0.24,0.00,2),(417,'2019-09-18 13:04:18',18789,'','',3,2,0.00,0.24,0.00,2),(418,'2019-09-18 13:05:21',18735,'','',1,1,0.00,2.50,0.00,2),(419,'2019-09-18 13:06:00',15244,'','',1,1,0.00,1.99,0.00,2),(420,'2019-09-18 13:07:00',16818,'','',1,2,0.00,2.49,0.00,2),(421,'2019-09-18 13:09:58',15988,'','',1,1,0.00,1.25,0.00,2),(422,'2019-09-18 13:14:07',16378,'','',1,2,0.00,1.00,0.00,2),(422,'2019-09-18 13:14:07',16420,'','',2,2,0.00,0.86,0.00,2),(423,'2019-09-18 13:15:09',17596,'','',1,1,0.00,0.20,0.00,2),(424,'2019-09-18 13:17:12',17852,'','',1,1,0.00,1.50,0.00,2),(424,'2019-09-18 13:17:12',18735,'','',2,1,0.00,4.90,0.00,2),(425,'2019-09-18 13:22:23',17596,'','',3,1,0.00,0.20,0.00,2),(425,'2019-09-18 13:22:23',18735,'','',2,1,0.00,4.75,0.00,2),(425,'2019-09-18 13:22:23',18863,'','',1,1,0.00,10.00,0.00,2),(426,'2019-09-18 13:23:42',15137,'','',2,1,0.00,1.50,0.00,2),(426,'2019-09-18 13:23:42',17596,'','',4,1,0.00,0.20,0.00,2),(426,'2019-09-18 13:23:42',17961,'','',1,1,0.00,1.50,0.00,2),(426,'2019-09-18 13:23:42',18735,'','',3,1,0.00,1.95,0.00,2),(427,'2019-09-18 13:24:57',17596,'','',2,1,0.00,0.20,0.00,2),(427,'2019-09-18 13:24:57',17940,'','',1,2,0.00,7.78,0.00,2),(428,'2019-09-18 13:26:40',18916,'','',1,10,0.00,0.20,0.00,2),(429,'2019-09-18 13:28:20',16447,'','',2,1,0.00,1.00,0.00,2),(429,'2019-09-18 13:28:20',17214,'','',1,1,0.00,3.99,0.00,2),(429,'2019-09-18 13:28:20',18174,'','',3,1,0.00,3.99,0.00,2),(430,'2019-09-18 13:32:32',15175,'','',1,1,0.00,6.95,0.00,2),(430,'2019-09-18 13:32:32',17596,'','',2,1,0.00,0.20,0.00,2),(431,'2019-09-18 13:33:26',18735,'','',1,1,0.00,1.99,0.00,2),(432,'2019-09-18 13:35:12',18735,'','',2,1,0.00,21.39,0.00,2),(432,'2019-09-18 13:35:12',18766,'','',1,1,0.00,4.95,0.00,2),(433,'2019-09-18 13:48:35',16552,'','',1,1,0.00,5.99,0.00,2),(433,'2019-09-18 13:48:35',17202,'','',2,1,0.00,0.86,0.00,2),(433,'2019-09-18 13:48:35',18106,'','',4,1,0.00,0.50,0.00,2),(433,'2019-09-18 13:48:35',18641,'','',3,1,0.00,3.99,0.00,2),(433,'2019-09-18 13:48:35',18735,'','',5,1,0.00,7.64,0.00,2),(434,'2019-09-18 13:49:45',17596,'','',2,1,0.00,0.20,0.00,2),(434,'2019-09-18 13:49:45',18735,'','',1,1,0.00,5.45,0.00,2),(435,'2019-09-18 13:51:00',15244,'','',1,1,0.00,1.99,0.00,2),(435,'2019-09-18 13:51:00',17793,'','',2,1,0.00,1.95,0.00,2),(436,'2019-09-18 13:53:11',16594,'','',2,5,0.00,1.29,0.00,2),(436,'2019-09-18 13:53:11',17403,'','',3,1,0.00,2.30,0.00,2),(436,'2019-09-18 13:53:11',17596,'','',5,1,0.00,0.20,0.00,2),(436,'2019-09-18 13:53:11',18330,'','',1,2,0.00,0.50,0.00,2),(436,'2019-09-18 13:53:11',18376,'','',4,4,0.00,2.95,0.00,2),(437,'2019-09-18 13:55:50',18532,'','',1,1,0.00,1.69,0.00,2),(438,'2019-09-18 14:00:35',17596,'','',8,1,0.00,0.20,0.00,2),(438,'2019-09-18 14:00:35',17754,'','',2,1,0.00,0.49,0.00,2),(438,'2019-09-18 14:00:35',18177,'','',3,1,0.00,1.25,0.00,2),(438,'2019-09-18 14:00:35',18699,'','',1,1,0.00,0.59,0.00,2),(438,'2019-09-18 14:00:35',18735,'','',7,1,0.00,2.06,0.00,2),(438,'2019-09-18 14:00:35',18783,'','',4,2,0.00,0.24,0.00,2),(438,'2019-09-18 14:00:35',18789,'','',5,2,0.00,0.24,0.00,2),(438,'2019-09-18 14:00:35',18821,'','',6,1,0.00,0.90,0.00,2),(439,'2019-09-18 14:01:40',17794,'','',1,1,0.00,2.95,0.00,2),(439,'2019-09-18 14:01:40',18513,'','',2,1,0.00,1.10,0.00,2),(440,'2019-09-18 14:02:33',18735,'','',1,1,0.00,6.99,0.00,2),(441,'2019-09-18 14:03:22',18735,'','',1,1,0.00,10.00,0.00,2),(442,'2019-09-18 14:05:46',17596,'','',4,1,0.00,0.20,0.00,2),(442,'2019-09-18 14:05:46',17793,'','',3,1,0.00,1.95,0.00,2),(442,'2019-09-18 14:05:46',17844,'','',1,1,0.00,6.95,0.00,2),(442,'2019-09-18 14:05:46',17846,'','',2,2,0.00,4.99,0.00,2),(443,'2019-09-18 14:06:39',18735,'','',1,1,0.00,11.95,0.00,2),(444,'2019-09-18 14:07:43',15798,'','',1,1,0.00,3.29,0.00,2),(444,'2019-09-18 14:07:43',16588,'','',2,1,0.00,2.95,0.00,2),(444,'2019-09-18 14:07:43',18330,'','',3,1,0.00,0.50,0.00,2),(445,'2019-09-18 14:08:29',16165,'','',1,3,0.00,1.50,0.00,2),(446,'2019-09-18 14:09:22',18735,'','',1,1,0.00,3.00,0.00,2),(447,'2019-09-18 14:11:13',17596,'','',5,1,0.00,0.20,0.00,2),(447,'2019-09-18 14:11:13',18735,'','',4,1,0.00,4.15,0.00,2),(447,'2019-09-18 14:11:13',18785,'','',1,1,0.00,1.00,0.00,2),(447,'2019-09-18 14:11:13',18789,'','',2,2,0.00,0.24,0.00,2),(447,'2019-09-18 14:11:13',18795,'','',3,1,0.00,0.99,0.00,2),(448,'2019-09-18 14:11:55',15818,'','',1,1,0.00,1.20,0.00,2),(449,'2019-09-18 14:15:03',18735,'','',1,1,0.00,1.00,0.00,2),(450,'2019-09-18 14:17:18',17407,'','',1,1,0.00,9.99,0.00,2),(451,'2019-09-18 14:19:10',18735,'','',1,1,0.00,11.95,0.00,2),(452,'2019-09-18 14:20:06',15285,'','',1,1,0.00,4.95,0.00,2),(453,'2019-09-18 14:20:50',16719,'','',1,1,0.00,0.99,0.00,2),(454,'2019-09-18 14:22:19',16989,'','',1,1,0.00,9.95,0.00,2),(454,'2019-09-18 14:22:19',16990,'','',2,1,0.00,9.95,0.00,2),(454,'2019-09-18 14:22:19',17596,'','',4,1,0.00,0.20,0.00,2),(454,'2019-09-18 14:22:19',18735,'','',3,1,0.00,2.95,0.00,2),(455,'2019-09-18 14:25:07',17596,'','',2,1,0.00,0.20,0.00,2),(455,'2019-09-18 14:25:07',18735,'','',1,1,0.00,12.00,0.00,2),(456,'2019-09-18 14:29:19',17793,'','',1,1,0.00,1.95,0.00,2),(457,'2019-09-18 14:34:40',15518,'','',4,1,0.00,0.20,0.00,2),(457,'2019-09-18 14:34:40',16514,'','',2,1,0.00,5.95,0.00,2),(457,'2019-09-18 14:34:40',16719,'','',1,1,0.00,0.99,0.00,2),(457,'2019-09-18 14:34:40',17793,'','',3,1,0.00,1.95,0.00,2),(457,'2019-09-18 14:34:40',17950,'','',9,2,0.00,0.17,0.00,2),(457,'2019-09-18 14:34:40',18735,'','',10,1,0.00,6.00,0.00,2),(457,'2019-09-18 14:34:40',18783,'','',7,3,0.00,0.24,0.00,2),(457,'2019-09-18 14:34:40',18789,'','',6,1,0.00,0.24,0.00,2),(457,'2019-09-18 14:34:40',18790,'','',8,1,0.00,0.19,0.00,2),(457,'2019-09-18 14:34:40',18821,'','',5,1,0.00,0.90,0.00,2),(458,'2019-09-18 14:35:20',18869,'','',1,1,0.00,8.68,0.00,2),(459,'2019-09-18 14:36:28',17596,'','',2,1,0.00,0.20,0.00,2),(459,'2019-09-18 14:36:28',18735,'','',1,1,0.00,10.00,0.00,2),(460,'2019-09-18 14:38:45',15818,'','',1,1,0.00,1.20,0.00,2),(461,'2019-09-18 14:39:30',18735,'','',1,1,0.00,1.50,0.00,2),(462,'2019-09-18 14:47:29',15444,'','',13,1,0.00,4.95,0.00,2),(462,'2019-09-18 14:47:29',15515,'','',10,1,0.00,2.50,0.00,2),(462,'2019-09-18 14:47:29',15517,'','',15,1,0.00,0.20,0.00,2),(462,'2019-09-18 14:47:29',15518,'','',16,1,0.00,0.20,0.00,2),(462,'2019-09-18 14:47:29',15521,'','',11,1,0.00,2.50,0.00,2),(462,'2019-09-18 14:47:29',15587,'','',8,5,0.00,1.00,0.00,2),(462,'2019-09-18 14:47:29',15793,'','',7,5,0.00,2.49,0.00,2),(462,'2019-09-18 14:47:29',16166,'','',14,1,0.00,4.95,0.00,2),(462,'2019-09-18 14:47:29',16798,'','',19,1,0.00,0.24,0.00,2),(462,'2019-09-18 14:47:29',17013,'','',6,10,0.00,0.35,0.00,2),(462,'2019-09-18 14:47:29',17318,'','',12,1,0.00,2.20,0.00,2),(462,'2019-09-18 14:47:29',17901,'','',3,2,0.00,3.99,0.00,2),(462,'2019-09-18 14:47:29',17902,'','',5,1,0.00,3.99,0.00,2),(462,'2019-09-18 14:47:29',17910,'','',1,3,0.00,3.99,0.00,2),(462,'2019-09-18 14:47:29',17911,'','',2,2,0.00,3.99,0.00,2),(462,'2019-09-18 14:47:29',17915,'','',4,2,0.00,3.99,0.00,2),(462,'2019-09-18 14:47:29',18237,'','',9,5,0.00,2.00,0.00,2),(462,'2019-09-18 14:47:29',18735,'','',20,1,0.00,61.85,0.00,2),(462,'2019-09-18 14:47:29',18790,'','',17,1,0.00,0.19,0.00,2),(462,'2019-09-18 14:47:29',18821,'','',18,1,0.00,0.90,0.00,2),(463,'2019-09-18 14:48:24',18735,'','',1,1,0.00,0.75,0.00,2),(464,'2019-09-18 14:51:30',15174,'','',4,1,0.00,3.95,0.00,2),(464,'2019-09-18 14:51:30',15587,'','',1,4,0.00,1.00,0.00,2),(464,'2019-09-18 14:51:30',17596,'','',5,1,0.00,0.20,0.00,2),(464,'2019-09-18 14:51:30',18595,'','',3,2,0.00,1.50,0.00,2),(464,'2019-09-18 14:51:30',18724,'','',2,7,0.00,1.60,0.00,2),(465,'2019-09-18 14:53:27',18103,'','',4,1,0.00,2.99,0.00,2),(465,'2019-09-18 14:53:27',18516,'','',2,1,0.00,1.45,0.00,2),(465,'2019-09-18 14:53:27',18517,'','',1,1,0.00,1.45,0.00,2),(465,'2019-09-18 14:53:27',18735,'','',5,1,0.00,5.85,0.00,2),(465,'2019-09-18 14:53:27',18789,'','',3,2,0.00,0.24,0.00,2),(466,'2019-09-18 14:54:56',18735,'','',1,1,0.00,5.90,0.00,2),(467,'2019-09-18 14:56:12',18735,'','',1,1,0.00,8.85,0.00,2),(468,'2019-09-18 14:57:28',15424,'','',1,1,0.00,1.99,0.00,2),(468,'2019-09-18 14:57:28',17596,'','',2,1,0.00,0.20,0.00,2),(469,'2019-09-18 15:04:06',18609,'','',1,1,0.00,9.95,0.00,2),(470,'2019-09-18 15:04:49',16594,'','',1,2,0.00,1.29,0.00,2),(471,'2019-09-18 15:05:43',17162,'','',1,1,0.00,2.49,0.00,2),(472,'2019-09-18 15:06:30',17606,'','',1,1,0.00,0.14,0.00,2),(472,'2019-09-18 15:06:30',18783,'','',2,1,0.00,0.24,0.00,2),(473,'2019-09-18 15:07:34',17203,'','',1,1,0.00,2.99,0.00,2),(473,'2019-09-18 15:07:34',17349,'','',2,1,0.00,7.99,0.00,2),(473,'2019-09-18 15:07:34',18735,'','',3,1,0.00,5.95,0.00,2),(474,'2019-09-18 15:09:12',18735,'','',4,1,0.00,0.35,0.00,2),(474,'2019-09-18 15:09:12',18783,'','',1,1,0.00,0.24,0.00,2),(474,'2019-09-18 15:09:12',18789,'','',2,2,0.00,0.24,0.00,2),(474,'2019-09-18 15:09:12',18790,'','',3,1,0.00,0.19,0.00,2),(475,'2019-09-18 15:10:23',17596,'','',3,1,0.00,0.20,0.00,2),(475,'2019-09-18 15:10:23',18735,'','',2,1,0.00,8.94,0.00,2),(475,'2019-09-18 15:10:23',19015,'','',1,1,0.00,7.99,0.00,2),(476,'2019-09-18 15:11:02',15104,'','',1,1,0.00,1.13,0.00,2),(477,'2019-09-18 15:13:08',17005,'','',2,1,0.00,2.49,0.00,2),(477,'2019-09-18 15:13:08',17596,'','',3,1,0.00,0.20,0.00,2),(477,'2019-09-18 15:13:08',18988,'','',1,1,0.00,19.95,0.00,2),(478,'2019-09-18 15:14:11',16594,'','',1,1,0.00,1.29,0.00,2),(479,'2019-09-18 15:15:01',18735,'','',1,1,0.00,5.95,0.00,2),(480,'2019-09-18 15:15:54',17596,'','',1,1,0.00,0.20,0.00,2),(481,'2019-09-18 15:17:43',18735,'','',1,1,0.00,1.20,0.00,2),(482,'2019-09-18 15:19:37',18735,'','',1,1,0.00,3.99,0.00,2),(483,'2019-09-18 15:26:45',18511,'','',2,1,0.00,0.80,0.00,2),(483,'2019-09-18 15:26:45',18531,'','',3,1,0.00,0.80,0.00,2),(484,'2019-09-18 15:29:34',18594,'','',1,1,0.00,2.75,0.00,2),(485,'2019-09-18 15:30:22',18594,'','',1,1,0.00,2.75,0.00,2),(486,'2019-09-18 15:31:17',18594,'','',1,1,0.00,2.75,0.00,2),(487,'2019-09-18 15:32:06',18594,'','',1,1,0.00,2.75,0.00,2),(488,'2019-09-18 15:32:50',17954,'','',1,1,0.00,1.00,0.00,2),(489,'2019-09-18 15:35:24',16236,'','',8,2,0.00,0.50,0.00,2),(489,'2019-09-18 15:35:24',16306,'','',1,3,0.00,2.95,0.00,2),(489,'2019-09-18 15:35:24',16520,'','',6,1,0.00,1.99,0.00,2),(489,'2019-09-18 15:35:24',16805,'','',2,1,0.00,2.99,0.00,2),(489,'2019-09-18 15:35:24',17404,'','',5,1,0.00,1.15,0.00,2),(489,'2019-09-18 15:35:24',17596,'','',10,1,0.00,0.20,0.00,2),(489,'2019-09-18 15:35:24',17846,'','',3,1,0.00,4.99,0.00,2),(489,'2019-09-18 15:35:24',18513,'','',7,2,0.00,1.10,0.00,2),(489,'2019-09-18 15:35:24',18595,'','',4,1,0.00,1.50,0.00,2),(489,'2019-09-18 15:35:24',18735,'','',9,1,0.00,23.90,0.00,2),(490,'2019-09-18 15:36:19',15097,'','',1,1,0.00,1.99,0.00,2),(491,'2019-09-18 15:38:42',15452,'','',3,1,0.00,3.95,0.00,2),(491,'2019-09-18 15:38:42',15797,'','',4,1,0.00,1.99,0.00,2),(491,'2019-09-18 15:38:42',17596,'','',5,1,0.00,0.20,0.00,2),(491,'2019-09-18 15:38:42',18048,'','',1,1,0.00,2.99,0.00,2),(491,'2019-09-18 15:38:42',18735,'','',2,1,0.00,17.94,0.00,2),(492,'2019-09-18 15:40:05',18735,'','',1,1,0.00,1.95,0.00,2),(493,'2019-09-18 15:41:01',18735,'','',1,1,0.00,3.98,0.00,2),(494,'2019-09-18 15:42:41',17596,'','',3,1,0.00,0.20,0.00,2),(494,'2019-09-18 15:42:41',17679,'','',1,1,0.00,3.95,0.00,2),(494,'2019-09-18 15:42:41',18330,'','',4,10,0.00,0.50,0.00,2),(494,'2019-09-18 15:42:41',18735,'','',2,1,0.00,7.00,0.00,2),(495,'2019-09-18 15:47:08',18784,'','',1,2,0.00,1.00,0.00,2),(496,'2019-09-18 15:48:41',17544,'','',1,1,0.00,1.99,0.00,2),(497,'2019-09-18 15:51:21',15106,'','',1,1,0.00,2.76,0.00,2),(497,'2019-09-18 15:51:21',18735,'','',2,1,0.00,1.90,0.00,2),(498,'2019-09-18 15:52:17',15518,'','',1,1,0.00,0.20,0.00,2),(499,'2019-09-18 15:54:10',18735,'','',1,1,0.00,21.90,0.00,2),(500,'2019-09-18 15:55:35',16552,'','',2,1,0.00,5.99,0.00,2),(500,'2019-09-18 15:55:35',17596,'','',3,1,0.00,0.20,0.00,2),(500,'2019-09-18 15:55:35',18852,'','',1,3,0.00,1.99,0.00,2),(501,'2019-09-18 15:58:59',18789,'','',1,2,0.00,0.24,0.00,2),(502,'2019-09-18 16:01:38',16552,'','',1,1,0.00,5.99,0.00,2),(502,'2019-09-18 16:01:38',17596,'','',4,1,0.00,0.20,0.00,2),(502,'2019-09-18 16:01:38',18237,'','',2,1,0.00,2.00,0.00,2),(502,'2019-09-18 16:01:38',18735,'','',5,1,0.00,11.90,0.00,2),(503,'2019-09-18 16:02:17',17793,'','',1,1,0.00,1.95,0.00,2),(504,'2019-09-18 16:03:43',15431,'','',1,2,0.00,1.50,0.00,2),(504,'2019-09-18 16:03:43',18735,'','',2,1,0.00,9.90,0.00,2),(505,'2019-09-18 16:04:24',17596,'','',1,1,0.00,0.20,0.00,2),(506,'2019-09-18 16:04:58',18837,'','',1,1,0.00,1.00,0.00,2),(507,'2019-09-18 16:05:46',16594,'','',1,3,0.00,1.29,0.00,2),(507,'2019-09-18 16:05:46',17596,'','',2,1,0.00,0.20,0.00,2),(508,'2019-09-18 16:07:25',16629,'','',1,1,0.00,2.99,0.00,2),(508,'2019-09-18 16:07:25',16882,'','',2,1,0.00,6.95,0.00,2),(508,'2019-09-18 16:07:25',18735,'','',3,1,0.00,1.95,0.00,2),(509,'2019-09-18 16:07:54',17306,'','',1,1,0.00,1.00,0.00,2),(510,'2019-09-18 16:09:21',18735,'','',1,1,0.00,2.95,0.00,2),(511,'2019-09-18 16:10:44',15798,'','',1,1,0.00,3.29,0.00,2),(511,'2019-09-18 16:10:44',17793,'','',2,1,0.00,1.95,0.00,2),(511,'2019-09-18 16:10:44',18735,'','',3,1,0.00,1.95,0.00,2),(512,'2019-09-18 16:14:28',16594,'','',1,1,0.00,1.29,0.00,2),(513,'2019-09-18 16:17:34',15688,'','',1,1,0.00,5.95,0.00,2),(514,'2019-09-18 16:18:56',17348,'','',1,1,0.00,7.99,0.00,2),(514,'2019-09-18 16:18:56',18735,'','',2,1,0.00,4.95,0.00,2),(515,'2019-09-18 16:20:39',18735,'','',1,1,0.00,2.95,0.00,2),(516,'2019-09-18 16:21:31',18735,'','',1,1,0.00,2.95,0.00,2),(517,'2019-09-18 16:22:49',16576,'','',3,1,0.00,1.50,0.00,2),(517,'2019-09-18 16:22:49',17596,'','',6,1,0.00,0.20,0.00,2),(517,'2019-09-18 16:22:49',18510,'','',1,1,0.00,0.80,0.00,2),(517,'2019-09-18 16:22:49',18531,'','',2,1,0.00,0.80,0.00,2),(517,'2019-09-18 16:22:49',18746,'','',5,2,0.00,0.20,0.00,2),(517,'2019-09-18 16:22:49',18789,'','',4,2,0.00,0.24,0.00,2),(518,'2019-09-18 16:23:28',18236,'','',1,1,0.00,1.59,0.00,2),(519,'2019-09-18 16:28:38',16087,'','',7,1,0.00,1.99,0.00,2),(519,'2019-09-18 16:28:38',16141,'','',1,1,0.00,3.95,0.00,2),(519,'2019-09-18 16:28:38',16715,'','',2,1,0.00,4.99,0.00,2),(519,'2019-09-18 16:28:38',16927,'','',8,1,0.00,9.95,0.00,2),(519,'2019-09-18 16:28:38',17098,'','',5,1,0.00,1.50,0.00,2),(519,'2019-09-18 16:28:38',17104,'','',6,1,0.00,1.50,0.00,2),(519,'2019-09-18 16:28:38',17162,'','',3,1,0.00,2.49,0.00,2),(519,'2019-09-18 16:28:38',17214,'','',4,1,0.00,3.99,0.00,2),(519,'2019-09-18 16:28:38',17596,'','',10,1,0.00,0.20,0.00,2),(519,'2019-09-18 16:28:38',18735,'','',9,1,0.00,10.59,0.00,2),(520,'2019-09-18 16:31:32',18735,'','',1,1,0.00,14.95,0.00,2),(521,'2019-09-18 16:33:02',17201,'','',1,1,0.00,2.99,0.00,2),(521,'2019-09-18 16:33:02',17596,'','',3,1,0.00,0.20,0.00,2),(521,'2019-09-18 16:33:02',17679,'','',2,1,0.00,3.95,0.00,2),(522,'2019-09-18 16:35:30',16244,'','',2,1,0.00,0.10,0.00,2),(522,'2019-09-18 16:35:30',16298,'','',1,1,0.00,3.99,0.00,2),(522,'2019-09-18 16:35:30',17596,'','',5,1,0.00,0.20,0.00,2),(522,'2019-09-18 16:35:30',18699,'','',3,1,0.00,0.59,0.00,2),(522,'2019-09-18 16:35:30',18735,'','',4,1,0.00,3.95,0.00,2),(523,'2019-09-18 16:36:27',16668,'','',1,1,0.00,2.99,0.00,2),(524,'2019-09-18 16:41:02',17539,'','',1,1,0.00,5.95,0.00,2),(525,'2019-09-18 16:43:00',16594,'','',4,2,0.00,1.29,0.00,2),(525,'2019-09-18 16:43:00',16830,'','',3,1,0.00,5.95,0.00,2),(525,'2019-09-18 16:43:00',16850,'','',2,1,0.00,5.95,0.00,2),(525,'2019-09-18 16:43:00',17902,'','',1,1,0.00,3.99,0.00,2),(526,'2019-09-18 16:43:48',16552,'','',1,1,0.00,5.99,0.00,2),(527,'2019-09-18 16:44:31',17470,'','',1,2,0.00,1.69,0.00,2),(528,'2019-09-18 16:46:37',18752,'','',1,3,0.00,4.95,0.00,2),(529,'2019-09-18 16:50:51',16514,'','',1,1,0.00,5.95,0.00,2),(529,'2019-09-18 16:50:51',16594,'','',2,1,0.00,1.29,0.00,2),(529,'2019-09-18 16:50:51',17596,'','',3,1,0.00,0.20,0.00,2),(530,'2019-09-18 16:52:20',15688,'','',1,1,0.00,5.95,0.00,2),(531,'2019-09-18 16:53:20',17596,'','',2,1,0.00,0.20,0.00,2),(531,'2019-09-18 16:53:20',18869,'','',1,1,0.00,8.68,0.00,2),(532,'2019-09-18 16:54:54',18735,'','',1,1,0.00,3.95,0.00,2),(533,'2019-09-18 16:55:30',16664,'','',1,1,0.00,2.99,0.00,2),(534,'2019-09-18 16:58:02',18735,'','',1,1,0.00,6.99,0.00,2),(535,'2019-09-18 17:00:31',18735,'','',1,1,0.00,1.10,0.00,2),(536,'2019-09-18 17:01:26',18735,'','',1,1,0.00,1.00,0.00,2),(537,'2019-09-18 17:02:02',18735,'','',1,1,0.00,1.00,0.00,2),(538,'2019-09-18 17:03:27',17596,'','',2,1,0.00,0.20,0.00,2),(538,'2019-09-18 17:03:27',18735,'','',1,1,0.00,46.70,0.00,2),(539,'2019-09-18 17:04:01',16346,'','',1,1,0.00,6.99,0.00,2),(540,'2019-09-18 17:05:18',17231,'','',1,1,0.00,6.95,0.00,2),(540,'2019-09-18 17:05:18',18735,'','',2,1,0.00,6.95,0.00,2),(541,'2019-09-18 17:07:00',15541,'','',1,2,0.00,12.95,0.00,2),(542,'2019-09-18 17:07:44',16551,'','',1,1,0.00,6.99,0.00,2),(542,'2019-09-18 17:07:44',17596,'','',2,1,0.00,0.20,0.00,2),(543,'2019-09-18 17:08:26',17846,'','',1,1,0.00,4.99,0.00,2),(544,'2019-09-18 17:09:24',18174,'','',1,1,0.00,3.99,0.00,2),(545,'2019-09-18 17:11:04',17208,'','',1,1,0.00,6.95,0.00,2),(545,'2019-09-18 17:11:04',17209,'','',2,1,0.00,9.95,0.00,2),(545,'2019-09-18 17:11:04',17477,'','',3,1,0.00,2.99,0.00,2),(545,'2019-09-18 17:11:04',17596,'','',5,1,0.00,0.20,0.00,2),(545,'2019-09-18 17:11:04',18864,'','',4,2,0.00,5.00,0.00,2),(546,'2019-09-18 17:11:56',18735,'','',1,1,0.00,1.95,0.00,2),(547,'2019-09-18 17:12:24',15945,'','',1,1,0.00,1.00,0.00,2),(548,'2019-09-18 17:14:01',17596,'','',2,1,0.00,0.20,0.00,2),(548,'2019-09-18 17:14:01',18735,'','',1,1,0.00,12.68,0.00,2),(549,'2019-09-18 17:19:13',18735,'','',1,1,0.00,1.10,0.00,2),(550,'2019-09-18 17:20:10',16795,'','',1,1,0.00,2.95,0.00,2),(550,'2019-09-18 17:20:10',18735,'','',3,1,0.00,3.95,0.00,2),(550,'2019-09-18 17:20:10',18821,'','',2,2,0.00,0.90,0.00,2),(551,'2019-09-18 17:20:41',16594,'','',1,1,0.00,1.29,0.00,2),(552,'2019-09-18 17:21:17',18735,'','',1,1,0.00,5.00,0.00,2),(553,'2019-09-18 17:22:31',18735,'','',1,1,0.00,6.00,0.00,2),(554,'2019-09-18 17:23:53',17775,'','',1,1,0.00,1.99,0.00,2),(555,'2019-09-18 17:24:48',17302,'','',1,1,0.00,1.00,0.00,2),(556,'2019-09-18 17:25:36',18735,'','',1,1,0.00,1.95,0.00,2),(557,'2019-09-18 17:27:25',18595,'','',3,1,0.00,1.50,0.00,2),(557,'2019-09-18 17:27:25',18735,'','',4,1,0.00,1.86,0.00,2),(557,'2019-09-18 17:27:25',18746,'','',1,4,0.00,0.20,0.00,2),(557,'2019-09-18 17:27:25',18790,'','',2,2,0.00,0.19,0.00,2),(558,'2019-09-18 17:28:07',17218,'','',2,1,0.00,3.99,0.00,2),(558,'2019-09-18 17:28:07',17893,'','',1,1,0.00,7.49,0.00,2),(559,'2019-09-18 17:29:07',16514,'','',1,2,0.00,5.95,0.00,2),(559,'2019-09-18 17:29:07',18735,'','',2,1,0.00,1.95,0.00,2),(560,'2019-09-18 17:30:22',18735,'','',1,1,0.00,7.95,0.00,2),(561,'2019-09-18 17:30:54',17099,'','',1,1,0.00,1.50,0.00,2),(562,'2019-09-18 17:32:17',18735,'','',1,1,0.00,3.95,0.00,2),(563,'2019-09-18 17:37:44',17596,'','',2,1,0.00,0.20,0.00,2),(563,'2019-09-18 17:37:44',18735,'','',1,1,0.00,5.95,0.00,2),(564,'2019-09-18 17:38:59',18735,'','',1,1,0.00,8.95,0.00,2),(565,'2019-09-18 17:43:03',18735,'','',1,1,0.00,3.60,0.00,2),(566,'2019-09-18 17:44:33',18409,'','',1,1,0.00,0.59,0.00,2),(567,'2019-09-18 17:45:20',18330,'','',1,1,0.00,0.50,0.00,2),(568,'2019-09-18 17:47:57',15106,'','',1,1,0.00,2.76,0.00,2),(568,'2019-09-18 17:47:57',17276,'','',2,1,0.00,3.45,0.00,2),(568,'2019-09-18 17:47:57',17409,'','',3,1,0.00,9.99,0.00,2),(568,'2019-09-18 17:47:57',17596,'','',4,1,0.00,0.20,0.00,2),(569,'2019-09-18 17:48:48',18735,'','',1,1,0.00,3.95,0.00,2),(570,'2019-09-18 17:50:20',16751,'','',1,1,0.00,2.95,0.00,2),(570,'2019-09-18 17:50:20',18735,'','',2,1,0.00,5.98,0.00,2),(571,'2019-09-18 17:51:47',18735,'','',1,1,0.00,1.95,0.00,2),(572,'2019-09-18 17:53:25',15487,'','',2,1,0.00,2.99,0.00,2),(572,'2019-09-18 17:53:25',15496,'','',5,1,0.00,0.25,0.00,2),(572,'2019-09-18 17:53:25',17276,'','',1,1,0.00,3.45,0.00,2),(572,'2019-09-18 17:53:25',17949,'','',6,1,0.00,0.10,0.00,2),(572,'2019-09-18 17:53:25',18512,'','',4,1,0.00,1.10,0.00,2),(572,'2019-09-18 17:53:25',18513,'','',3,2,0.00,1.10,0.00,2),(573,'2019-09-18 17:54:50',15796,'','',1,1,0.00,4.99,0.00,2),(573,'2019-09-18 17:54:50',18735,'','',2,1,0.00,1.00,0.00,2),(574,'2019-09-18 17:55:48',17961,'','',1,1,0.00,1.50,0.00,2),(574,'2019-09-18 17:55:48',18735,'','',2,1,0.00,1.00,0.00,2),(575,'2019-09-18 17:58:30',17902,'','',2,1,0.00,3.99,0.00,2),(575,'2019-09-18 17:58:30',18106,'','',1,1,0.00,0.50,0.00,2),(575,'2019-09-18 17:58:30',18735,'','',3,1,0.00,14.89,0.00,2),(576,'2019-09-18 18:00:08',15451,'','',1,1,0.00,3.95,0.00,2),(577,'2019-09-18 18:00:50',18735,'','',1,1,0.00,25.50,0.00,2),(578,'2019-09-18 18:04:58',18516,'','',1,1,0.00,1.45,0.00,2),(578,'2019-09-18 18:04:58',18531,'','',2,2,0.00,0.80,0.00,2),(579,'2019-09-18 18:14:01',16520,'','',5,1,0.00,1.99,0.00,2),(579,'2019-09-18 18:14:01',16594,'','',2,2,0.00,1.29,0.00,2),(579,'2019-09-18 18:14:01',16719,'','',3,2,0.00,0.99,0.00,2),(579,'2019-09-18 18:14:01',17408,'','',13,1,0.00,5.49,0.00,2),(579,'2019-09-18 18:14:01',17427,'','',4,1,0.00,2.99,0.00,2),(579,'2019-09-18 18:14:01',17596,'','',14,1,0.00,0.20,0.00,2),(579,'2019-09-18 18:14:01',17936,'','',10,1,0.00,0.49,0.00,2),(579,'2019-09-18 18:14:01',18516,'','',8,2,0.00,1.45,0.00,2),(579,'2019-09-18 18:14:01',18724,'','',1,1,0.00,1.60,0.00,2),(579,'2019-09-18 18:14:01',18735,'','',12,1,0.00,57.06,0.00,2),(579,'2019-09-18 18:14:01',18746,'','',11,3,0.00,0.20,0.00,2),(579,'2019-09-18 18:14:01',18783,'','',7,2,0.00,0.24,0.00,2),(579,'2019-09-18 18:14:01',18789,'','',9,6,0.00,0.24,0.00,2),(579,'2019-09-18 18:14:01',18821,'','',6,4,0.00,0.90,0.00,2),(580,'2019-09-18 18:16:52',17272,'','',1,1,0.00,0.20,0.00,2),(581,'2019-09-18 18:18:20',15295,'','',2,1,0.00,2.29,0.00,2),(581,'2019-09-18 18:18:20',17596,'','',4,1,0.00,0.20,0.00,2),(581,'2019-09-18 18:18:20',17768,'','',3,1,0.00,1.39,0.00,2),(581,'2019-09-18 18:18:20',17849,'','',1,1,0.00,6.95,0.00,2),(582,'2019-09-18 18:19:03',16815,'','',1,1,0.00,2.29,0.00,2),(583,'2019-09-18 18:20:06',16709,'','',2,1,0.00,1.50,0.00,2),(583,'2019-09-18 18:20:06',17754,'','',1,1,0.00,0.49,0.00,2),(583,'2019-09-18 18:20:06',18595,'','',4,1,0.00,1.50,0.00,2),(583,'2019-09-18 18:20:06',18790,'','',3,6,0.00,0.19,0.00,2),(584,'2019-09-18 18:22:23',16914,'','',1,1,0.00,3.49,0.00,2),(584,'2019-09-18 18:22:23',16990,'','',5,1,0.00,9.95,0.00,2),(584,'2019-09-18 18:22:23',17596,'','',4,1,0.00,0.20,0.00,2),(584,'2019-09-18 18:22:23',17722,'','',2,1,0.00,4.95,0.00,2),(584,'2019-09-18 18:22:23',18735,'','',3,1,0.00,24.95,0.00,2),(585,'2019-09-18 18:23:18',16556,'','',1,1,0.00,5.99,0.00,2),(585,'2019-09-18 18:23:18',18735,'','',2,1,0.00,1.50,0.00,2),(586,'2019-09-18 18:25:50',18766,'','',1,1,0.00,4.95,0.00,2),(586,'2019-09-18 18:25:50',18810,'','',2,1,0.00,1.00,0.00,2),(587,'2019-09-18 18:26:30',19034,'','',1,1,0.00,7.99,0.00,2),(588,'2019-09-18 18:27:12',15050,'','',1,2,0.00,1.27,0.00,2),(589,'2019-09-18 18:28:27',17936,'','',1,1,0.00,0.49,0.00,2),(589,'2019-09-18 18:28:27',18735,'','',2,1,0.00,1.00,0.00,2),(590,'2019-09-18 18:29:24',16514,'','',2,1,0.00,5.95,0.00,2),(590,'2019-09-18 18:29:24',17596,'','',4,1,0.00,0.20,0.00,2),(590,'2019-09-18 18:29:24',18051,'','',1,1,0.00,5.95,0.00,2),(590,'2019-09-18 18:29:24',18837,'','',3,1,0.00,1.00,0.00,2),(591,'2019-09-18 19:12:06',15692,'','',1,1,0.00,1.00,0.00,2),(592,'2019-09-19 07:46:11',15023,'','',1,1,0.00,0.54,0.00,2),(592,'2019-09-19 07:46:11',17964,'','',2,1,0.00,0.14,0.00,2),(593,'2019-09-19 07:47:03',15307,'','',1,1,0.00,1.00,0.00,2),(594,'2019-09-19 07:47:47',15453,'','',1,1,0.00,3.95,0.00,2),(595,'2019-09-19 07:49:17',17012,'','',3,1,0.00,0.35,0.00,2),(595,'2019-09-19 07:49:17',17317,'','',2,1,0.00,0.18,0.00,2),(595,'2019-09-19 07:49:17',17318,'','',1,1,0.00,0.17,0.00,2),(596,'2019-09-19 07:50:35',18777,'','',1,2,0.00,0.24,0.00,2),(597,'2019-09-19 07:51:27',17466,'','',1,1,0.00,0.84,0.00,2),(598,'2019-09-19 07:52:46',18593,'','',1,1,0.00,1.50,0.00,2),(599,'2019-09-19 07:56:39',17478,'','',1,1,0.00,1.49,0.00,2),(600,'2019-09-19 08:27:23',18549,'','',1,1,0.00,35.00,0.00,2),(601,'2019-09-19 08:56:11',15549,'','',1,1,0.00,9.00,0.00,2),(602,'2019-09-19 08:57:27',15549,'','',1,1,0.00,9.00,0.00,2),(603,'2019-09-19 08:58:20',15549,'','',1,1,0.00,9.00,0.00,2),(604,'2019-09-19 08:59:36',15549,'','',1,1,0.00,9.00,0.00,2),(605,'2019-09-19 09:01:47',15549,'','',1,1,0.00,9.00,0.00,2),(606,'2019-09-19 09:06:11',15549,'','',1,1,0.00,9.00,0.00,2),(607,'2019-09-19 09:07:31',15549,'','',1,1,0.00,6.95,0.00,2),(608,'2019-09-19 10:21:54',15206,'','',1,1,0.00,9.00,0.00,2),(609,'2019-09-19 10:23:12',15204,'','',1,1,0.00,9.00,0.00,2),(610,'2019-09-19 11:57:11',18912,'','',1,1,0.00,1.14,0.00,2),(611,'2019-09-19 12:23:07',19225,'','',1,1,0.00,1.00,0.00,2),(612,'2019-09-19 13:45:39',19225,'','',1,1,0.00,8.00,0.00,2),(613,'2019-09-19 17:37:20',19225,'','',1,1,0.00,8.90,0.00,2),(614,'2019-09-19 17:41:17',15882,'','',2,1,0.00,1.99,0.00,2),(614,'2019-09-19 17:41:17',16551,'','',1,1,0.00,7.99,0.00,2),(614,'2019-09-19 17:41:17',16575,'','',5,1,0.00,1.50,0.00,2),(614,'2019-09-19 17:41:17',18511,'','',4,3,0.00,1.10,0.00,2),(614,'2019-09-19 17:41:17',18814,'','',3,1,0.00,0.90,0.00,2),(615,'2019-09-19 17:44:58',19225,'','',1,1,0.00,0.20,0.00,2),(616,'2019-09-19 17:46:42',15496,'','',3,2,0.00,0.25,0.00,2),(616,'2019-09-19 17:46:42',16768,'','',2,1,0.00,1.77,0.00,2),(616,'2019-09-19 17:46:42',19225,'','',1,1,0.00,6.95,0.00,2),(617,'2019-09-19 17:48:40',19225,'','',1,1,0.00,2.65,0.00,2),(618,'2019-09-19 17:56:21',17595,'','',2,1,0.00,0.20,0.00,2),(618,'2019-09-19 17:56:21',19225,'','',1,1,0.00,18.00,0.00,2),(619,'2019-09-19 17:58:37',19225,'','',1,1,0.00,14.00,0.00,2),(620,'2019-09-19 18:00:52',16903,'','',2,1,0.00,4.99,0.00,2),(620,'2019-09-19 18:00:52',18170,'','',1,1,0.00,4.99,0.00,2),(620,'2019-09-19 18:00:52',19201,'','',3,2,0.00,1.00,0.00,2),(621,'2019-09-20 07:40:11',19225,'','',1,1,0.00,1.56,0.00,2),(622,'2019-09-20 16:39:03',15092,'','',3,1,0.00,0.26,0.00,2),(622,'2019-09-20 16:39:03',15492,'','',7,2,0.00,0.19,0.00,2),(622,'2019-09-20 16:39:03',15977,'','',4,1,0.00,0.90,0.00,2),(622,'2019-09-20 16:39:03',16109,'','',1,1,0.00,1.49,0.00,2),(622,'2019-09-20 16:39:03',16763,'','',6,1,0.00,0.25,0.00,2),(622,'2019-09-20 16:39:03',17605,'','',5,1,0.00,0.23,0.00,2),(622,'2019-09-20 16:39:03',18659,'','',2,1,0.00,0.77,0.00,2),(622,'2019-09-20 16:39:03',19225,'','',8,1,0.00,2.49,0.00,2),(623,'2019-09-20 16:39:48',16261,'','',1,1,0.00,1.50,0.00,2),(624,'2019-09-20 16:42:03',19225,'','',1,2,0.00,1.99,0.00,2),(625,'2019-09-20 16:42:59',19225,'','',1,1,0.00,27.90,0.00,2),(626,'2019-09-20 16:47:01',19225,'','',1,1,0.00,7.50,0.00,2),(627,'2019-09-20 19:13:42',19225,'','',1,1,0.00,2.00,0.00,2),(628,'2019-09-21 08:52:58',17595,'','',2,1,0.00,0.20,0.00,2),(628,'2019-09-21 08:52:58',19225,'','',1,1,0.00,1.00,0.00,2),(629,'2019-09-21 10:49:50',16818,'','',1,1,0.00,3.99,0.00,2),(629,'2019-09-21 10:49:50',19225,'','',2,3,0.00,0.18,0.00,2),(630,'2019-09-21 10:51:19',19225,'','',1,22,0.00,0.20,0.00,2),(631,'2019-09-21 10:54:10',16243,'','',2,20,0.00,0.10,0.00,2),(631,'2019-09-21 10:54:10',19225,'','',1,2,0.00,1.25,0.00,2),(632,'2019-09-21 11:04:27',15587,'','',2,1,0.00,1.25,0.00,2),(632,'2019-09-21 11:04:27',15665,'','',3,1,0.00,1.00,0.00,2),(632,'2019-09-21 11:04:27',16301,'','',1,1,0.00,1.95,0.00,2),(632,'2019-09-21 11:04:27',17322,'','',5,2,0.00,0.23,0.00,2),(632,'2019-09-21 11:04:27',18593,'','',4,1,0.00,1.50,0.00,2),(633,'2019-09-21 11:05:46',18785,'','',2,1,0.00,1.95,0.00,2),(633,'2019-09-21 11:05:46',19149,'','',1,1,0.00,7.99,0.00,2),(634,'2019-09-21 11:06:45',18327,'','',1,1,0.00,2.50,0.00,2),(635,'2019-09-21 11:21:16',19225,'','',1,1,0.00,4.50,0.00,2),(636,'2019-09-21 11:27:46',15046,'','',1,1,0.00,2.14,0.00,2),(636,'2019-09-21 11:27:46',15092,'','',5,3,0.00,0.26,0.00,2),(636,'2019-09-21 11:27:46',15496,'','',3,3,0.00,0.25,0.00,2),(636,'2019-09-21 11:27:46',17620,'','',4,3,0.00,1.23,0.00,2),(636,'2019-09-21 11:27:46',17849,'','',2,2,0.00,1.72,0.00,2),(636,'2019-09-21 11:27:46',19225,'','',6,1,0.00,4.91,0.00,2),(637,'2019-09-21 11:33:36',17595,'','',2,1,0.00,0.20,0.00,2),(637,'2019-09-21 11:33:36',19225,'','',1,1,0.00,9.68,0.00,2),(638,'2019-09-21 11:34:59',19225,'','',1,1,0.00,4.95,0.00,2),(639,'2019-09-21 11:36:24',19225,'','',1,1,0.00,5.68,0.00,2),(640,'2019-09-21 11:39:25',19225,'','',1,1,0.00,4.24,0.00,2),(641,'2019-09-21 11:40:36',19225,'','',1,1,0.00,1.00,0.00,2),(642,'2019-09-21 11:41:35',19225,'','',1,2,0.00,1.00,0.00,2),(643,'2019-09-21 11:42:48',19225,'','',1,1,0.00,2.78,0.00,2),(644,'2019-09-21 11:46:10',19225,'','',1,1,0.00,0.95,0.00,2),(645,'2019-09-21 11:47:07',19225,'','',1,1,0.00,0.79,0.00,2),(646,'2019-09-21 11:48:12',19225,'','',1,1,0.00,1.80,0.00,2),(647,'2019-09-21 11:49:09',19225,'','',1,1,0.00,42.00,0.00,2),(648,'2019-09-21 11:50:34',19225,'','',1,1,0.00,9.95,0.00,2),(649,'2019-09-21 11:55:20',15091,'','',5,3,0.00,0.25,0.00,2),(649,'2019-09-21 11:55:20',15499,'','',7,2,0.00,0.19,0.00,2),(649,'2019-09-21 11:55:20',16235,'','',4,1,0.00,2.99,0.00,2),(649,'2019-09-21 11:55:20',17322,'','',8,2,0.00,0.24,0.00,2),(649,'2019-09-21 11:55:20',17423,'','',1,1,0.00,1.36,0.00,2),(649,'2019-09-21 11:55:20',17849,'','',3,2,0.00,1.72,0.00,2),(649,'2019-09-21 11:55:20',19186,'','',2,1,0.00,1.29,0.00,2),(649,'2019-09-21 11:55:20',19225,'','',6,1,0.00,18.07,0.00,2),(650,'2019-09-21 11:56:50',17595,'','',2,1,0.00,0.20,0.00,2),(650,'2019-09-21 11:56:50',17939,'','',1,1,0.00,7.78,0.00,2),(651,'2019-09-21 11:59:05',19225,'','',1,1,0.00,1.00,0.00,2),(652,'2019-09-21 12:22:31',16554,'','',2,1,0.00,2.49,0.00,2),(652,'2019-09-21 12:22:31',17103,'','',1,1,0.00,1.50,0.00,2),(652,'2019-09-21 12:22:31',17620,'','',3,1,0.00,1.23,0.00,2),(652,'2019-09-21 12:22:31',19225,'','',4,1,0.00,9.90,0.00,2),(653,'2019-09-21 12:24:14',19225,'','',1,1,0.00,1.00,0.00,2),(654,'2019-09-21 12:25:04',18407,'','',1,1,0.00,0.59,0.00,2),(655,'2019-09-21 12:26:27',19225,'','',1,1,0.00,6.70,0.00,2),(656,'2019-09-21 12:28:19',17000,'','',1,1,0.00,1.00,0.00,2),(657,'2019-09-21 12:37:10',15625,'','',1,2,0.00,0.89,0.00,2),(657,'2019-09-21 12:37:10',18593,'','',2,1,0.00,1.50,0.00,2),(657,'2019-09-21 12:37:10',19225,'','',3,1,0.00,6.95,0.00,2),(658,'2019-09-21 12:38:48',19225,'','',1,2,0.00,1.25,0.00,2),(659,'2019-09-21 12:39:51',19225,'','',1,1,0.00,0.25,0.00,2),(660,'2019-09-21 12:42:26',19225,'','',1,2,0.00,0.75,0.00,2),(661,'2019-09-21 12:54:00',19225,'','',1,1,0.00,3.60,0.00,2),(662,'2019-09-21 12:54:59',19225,'','',1,1,0.00,3.75,0.00,2),(663,'2019-09-21 12:56:55',17595,'','',2,1,0.00,0.20,0.00,2),(663,'2019-09-21 12:56:55',19225,'','',1,1,0.00,14.26,0.00,2),(664,'2019-09-21 12:58:02',16555,'','',1,1,0.00,5.99,0.00,2),(665,'2019-09-21 13:00:46',17595,'','',2,1,0.00,0.20,0.00,2),(665,'2019-09-21 13:00:46',19225,'','',1,1,0.00,10.20,0.00,2),(666,'2019-09-21 13:01:53',19225,'','',1,1,0.00,3.99,0.00,2),(667,'2019-09-21 13:03:21',19225,'','',1,1,0.00,4.59,0.00,2),(668,'2019-09-21 13:04:46',19225,'','',1,1,0.00,0.62,0.00,2),(669,'2019-09-21 13:05:30',17595,'','',1,1,0.00,0.20,0.00,2),(670,'2019-09-21 13:06:10',19225,'','',1,1,0.00,2.95,0.00,2),(671,'2019-09-21 13:06:47',16577,'','',1,1,0.00,2.95,0.00,2),(672,'2019-09-21 13:07:54',19225,'','',1,1,0.00,4.47,0.00,2),(673,'2019-09-21 13:10:27',17595,'','',2,1,0.00,0.20,0.00,2),(673,'2019-09-21 13:10:27',19225,'','',1,1,0.00,8.22,0.00,2),(674,'2019-09-21 13:12:02',17595,'','',2,1,0.00,0.20,0.00,2),(674,'2019-09-21 13:12:02',19225,'','',1,1,0.00,9.31,0.00,2),(675,'2019-09-21 13:12:43',16663,'','',1,1,0.00,2.99,0.00,2),(676,'2019-09-21 13:13:25',16165,'','',1,3,0.00,1.50,0.00,2),(677,'2019-09-21 13:14:01',16165,'','',1,1,0.00,1.50,0.00,2),(678,'2019-09-21 13:14:42',19225,'','',1,2,0.00,1.00,0.00,2),(679,'2019-09-21 13:15:52',19225,'','',1,3,0.00,1.00,0.00,2),(680,'2019-09-21 13:16:40',16552,'','',1,1,0.00,5.99,0.00,2),(680,'2019-09-21 13:16:40',17325,'','',2,1,0.00,2.95,0.00,2),(681,'2019-09-21 13:17:50',19225,'','',1,1,0.00,1.99,0.00,2),(682,'2019-09-21 13:21:46',17620,'','',2,1,0.00,1.23,0.00,2),(682,'2019-09-21 13:21:46',19225,'','',1,1,0.00,1.00,0.00,2),(683,'2019-09-21 13:25:07',15091,'','',5,1,0.00,0.25,0.00,2),(683,'2019-09-21 13:25:07',17318,'','',3,6,0.00,0.18,0.00,2),(683,'2019-09-21 13:25:07',17595,'','',6,1,0.00,0.20,0.00,2),(683,'2019-09-21 13:25:07',17605,'','',2,2,0.00,0.35,0.00,2),(683,'2019-09-21 13:25:07',17620,'','',1,1,0.00,1.23,0.00,2),(683,'2019-09-21 13:25:07',19225,'','',7,1,0.00,2.78,0.00,2),(683,'2019-09-21 13:25:07',19320,'','',4,1,0.00,2.00,0.00,2),(684,'2019-09-21 13:26:04',19225,'','',1,1,0.00,1.00,0.00,2),(685,'2019-09-21 13:31:33',19225,'','',1,1,0.00,5.95,0.00,2),(686,'2019-09-21 13:35:23',17012,'','',3,2,0.00,0.35,0.00,2),(686,'2019-09-21 13:35:23',17595,'','',5,1,0.00,0.20,0.00,2),(686,'2019-09-21 13:35:23',17669,'','',6,2,0.00,0.24,0.00,2),(686,'2019-09-21 13:35:23',17849,'','',1,1,0.00,1.72,0.00,2),(686,'2019-09-21 13:35:23',18784,'','',2,3,0.00,0.19,0.00,2),(686,'2019-09-21 13:35:23',19225,'','',4,2,0.00,0.49,0.00,2),(687,'2019-09-21 13:37:02',15625,'','',1,1,0.00,0.89,0.00,2),(687,'2019-09-21 13:37:02',17595,'','',5,1,0.00,0.20,0.00,2),(687,'2019-09-21 13:37:02',18599,'','',3,1,0.00,2.50,0.00,2),(687,'2019-09-21 13:37:02',19186,'','',2,1,0.00,1.29,0.00,2),(687,'2019-09-21 13:37:02',19225,'','',4,1,0.00,1.00,0.00,2),(688,'2019-09-21 13:43:15',16165,'','',2,1,0.00,1.50,0.00,2),(688,'2019-09-21 13:43:15',17595,'','',4,1,0.00,0.20,0.00,2),(688,'2019-09-21 13:43:15',17620,'','',3,1,0.00,1.23,0.00,2),(688,'2019-09-21 13:43:15',18944,'','',1,1,0.00,29.95,0.00,2),(689,'2019-09-21 13:44:38',17526,'','',1,1,0.00,3.99,0.00,2),(689,'2019-09-21 13:44:38',19225,'','',2,1,0.00,2.95,0.00,2),(690,'2019-09-21 13:45:22',15452,'','',1,1,0.00,3.95,0.00,2),(691,'2019-09-21 13:45:52',19225,'','',1,1,0.00,1.00,0.00,2),(692,'2019-09-21 13:46:24',19225,'','',1,2,0.00,1.00,0.00,2),(693,'2019-09-21 13:47:22',17543,'','',1,1,0.00,1.99,0.00,2),(694,'2019-09-21 13:48:16',19225,'','',1,1,0.00,0.29,0.00,2),(695,'2019-09-21 13:53:16',17595,'','',2,1,0.00,0.20,0.00,2),(695,'2019-09-21 13:53:16',19225,'','',1,1,0.00,15.93,0.00,2),(696,'2019-09-21 13:54:42',19225,'','',1,5,0.00,1.00,0.00,2),(697,'2019-09-21 13:55:21',19225,'','',1,1,0.00,1.00,0.00,2),(698,'2019-09-21 13:56:06',19225,'','',1,1,0.00,0.50,0.00,2),(699,'2019-09-21 13:57:03',19225,'','',1,1,0.00,1.64,0.00,2),(700,'2019-09-21 13:58:31',17595,'','',2,1,0.00,0.20,0.00,2),(700,'2019-09-21 13:58:31',19225,'','',1,1,0.00,4.89,0.00,2),(701,'2019-09-21 14:02:01',15452,'','',2,1,0.00,3.95,0.00,2),(701,'2019-09-21 14:02:01',17595,'','',7,1,0.00,0.20,0.00,2),(701,'2019-09-21 14:02:01',18165,'','',4,1,0.00,4.99,0.00,2),(701,'2019-09-21 14:02:01',18173,'','',3,1,0.00,3.99,0.00,2),(701,'2019-09-21 14:02:01',18382,'','',5,1,0.00,1.69,0.00,2),(701,'2019-09-21 14:02:01',18592,'','',1,1,0.00,2.75,0.00,2),(701,'2019-09-21 14:02:01',19225,'','',6,1,0.00,17.80,0.00,2),(702,'2019-09-21 14:04:34',19225,'','',1,1,0.00,3.95,0.00,2),(703,'2019-09-21 14:05:17',19201,'','',1,1,0.00,1.00,0.00,2),(704,'2019-09-21 14:08:43',15541,'','',1,1,0.00,12.95,0.00,2),(705,'2019-09-21 14:09:31',19201,'','',1,1,0.00,1.00,0.00,2),(706,'2019-09-21 14:16:01',19225,'','',1,1,0.00,1.95,0.00,2),(707,'2019-09-21 14:17:07',19225,'','',1,2,0.00,1.10,0.00,2),(708,'2019-09-21 14:18:35',15941,'','',1,2,0.00,0.91,0.00,2),(708,'2019-09-21 14:18:35',17669,'','',2,2,0.00,0.24,0.00,2),(709,'2019-09-21 14:49:15',19225,'','',1,1,0.00,22.23,0.00,2),(710,'2019-09-21 14:49:55',19225,'','',1,2,0.00,1.00,0.00,2),(711,'2019-09-21 14:51:20',17595,'','',2,1,0.00,0.20,0.00,2),(711,'2019-09-21 14:51:20',19225,'','',1,1,0.00,8.84,0.00,2),(712,'2019-09-21 14:52:39',19225,'','',1,1,0.00,5.55,0.00,2),(713,'2019-09-21 14:53:36',19225,'','',1,1,0.00,1.55,0.00,2),(714,'2019-09-21 14:54:28',19225,'','',1,1,0.00,0.92,0.00,2),(715,'2019-09-21 14:55:29',19225,'','',1,1,0.00,1.70,0.00,2),(716,'2019-09-21 14:58:28',19201,'','',1,3,0.00,1.00,0.00,2),(716,'2019-09-21 14:58:28',19225,'','',2,1,0.00,2.85,0.00,2),(717,'2019-09-21 14:59:20',17595,'','',1,1,0.00,0.20,0.00,2),(718,'2019-09-21 15:00:39',19225,'','',1,1,0.00,0.65,0.00,2),(719,'2019-09-21 15:17:11',17220,'','',1,1,0.00,3.99,0.00,2),(720,'2019-09-21 15:20:04',15492,'','',4,4,0.00,0.19,0.00,2),(720,'2019-09-21 15:20:04',15941,'','',1,1,0.00,0.91,0.00,2),(720,'2019-09-21 15:20:04',17595,'','',7,1,0.00,0.20,0.00,2),(720,'2019-09-21 15:20:04',17605,'','',5,1,0.00,0.35,0.00,2),(720,'2019-09-21 15:20:04',17669,'','',3,1,0.00,0.24,0.00,2),(720,'2019-09-21 15:20:04',18226,'','',2,1,0.00,1.65,0.00,2),(720,'2019-09-21 15:20:04',19225,'','',6,1,0.00,5.20,0.00,2),(721,'2019-09-21 15:21:24',19225,'','',1,1,0.00,10.90,0.00,2),(722,'2019-09-21 15:23:38',19225,'','',1,1,0.00,25.00,0.00,2),(723,'2019-09-21 15:24:48',15583,'','',1,2,0.00,1.00,0.00,2),(724,'2019-09-21 15:26:58',19225,'','',1,1,0.00,6.95,0.00,2),(725,'2019-09-21 15:28:50',15515,'','',1,1,0.00,2.50,0.00,2),(725,'2019-09-21 15:28:50',18877,'','',2,4,0.00,0.25,0.00,2),(725,'2019-09-21 15:28:50',19225,'','',3,1,0.00,2.22,0.00,2),(726,'2019-09-21 15:33:38',15977,'','',7,1,0.00,0.90,0.00,2),(726,'2019-09-21 15:33:38',17012,'','',6,1,0.00,0.35,0.00,2),(726,'2019-09-21 15:33:38',17319,'','',3,3,0.00,0.20,0.00,2),(726,'2019-09-21 15:33:38',17322,'','',9,1,0.00,0.24,0.00,2),(726,'2019-09-21 15:33:38',17470,'','',1,1,0.00,3.03,0.00,2),(726,'2019-09-21 15:33:38',17595,'','',11,1,0.00,0.20,0.00,2),(726,'2019-09-21 15:33:38',17964,'','',2,1,0.00,0.14,0.00,2),(726,'2019-09-21 15:33:38',18699,'','',10,1,0.00,0.10,0.00,2),(726,'2019-09-21 15:33:38',18877,'','',5,1,0.00,0.25,0.00,2),(726,'2019-09-21 15:33:38',18878,'','',4,1,0.00,0.18,0.00,2),(727,'2019-09-21 15:36:51',15092,'','',3,1,0.00,0.26,0.00,2),(727,'2019-09-21 15:36:51',16766,'','',1,1,0.00,2.78,0.00,2),(727,'2019-09-21 15:36:51',16863,'','',2,1,0.00,2.49,0.00,2),(727,'2019-09-21 15:36:51',17316,'','',4,4,0.00,0.17,0.00,2),(727,'2019-09-21 15:36:51',17595,'','',6,1,0.00,0.20,0.00,2),(727,'2019-09-21 15:36:51',19225,'','',5,1,0.00,0.70,0.00,2),(728,'2019-09-21 15:41:20',15092,'','',3,4,0.00,0.26,0.00,2),(728,'2019-09-21 15:41:20',16764,'','',2,1,0.00,2.78,0.00,2),(728,'2019-09-21 15:41:20',17012,'','',9,1,0.00,0.35,0.00,2),(728,'2019-09-21 15:41:20',17290,'','',7,1,0.00,0.55,0.00,2),(728,'2019-09-21 15:41:20',17322,'','',8,1,0.00,0.24,0.00,2),(728,'2019-09-21 15:41:20',17595,'','',12,1,0.00,0.20,0.00,2),(728,'2019-09-21 15:41:20',17620,'','',10,1,0.00,1.23,0.00,2),(728,'2019-09-21 15:41:20',17753,'','',1,2,0.00,0.49,0.00,2),(728,'2019-09-21 15:41:20',18425,'','',5,1,0.00,1.95,0.00,2),(728,'2019-09-21 15:41:20',18784,'','',6,4,0.00,0.19,0.00,2),(728,'2019-09-21 15:41:20',18877,'','',4,4,0.00,0.25,0.00,2),(728,'2019-09-21 15:41:20',19225,'','',11,1,0.00,4.50,0.00,2),(729,'2019-09-21 15:43:58',17318,'','',1,9,0.00,0.17,0.00,2),(729,'2019-09-21 15:43:58',17595,'','',5,1,0.00,0.20,0.00,2),(729,'2019-09-21 15:43:58',17964,'','',3,3,0.00,0.14,0.00,2),(729,'2019-09-21 15:43:58',18877,'','',2,3,0.00,0.25,0.00,2),(729,'2019-09-21 15:43:58',19225,'','',4,3,0.00,0.35,0.00,2),(730,'2019-09-21 15:45:29',15492,'','',2,3,0.00,0.19,0.00,2),(730,'2019-09-21 15:45:29',15625,'','',1,1,0.00,0.89,0.00,2),(730,'2019-09-21 15:45:29',17595,'','',4,1,0.00,0.20,0.00,2),(730,'2019-09-21 15:45:29',19225,'','',3,1,0.00,1.10,0.00,2),(731,'2019-09-21 15:46:48',17318,'','',2,2,0.00,0.17,0.00,2),(731,'2019-09-21 15:46:48',17964,'','',1,1,0.00,0.14,0.00,2),(731,'2019-09-21 15:46:48',19225,'','',3,1,0.00,0.35,0.00,2),(732,'2019-09-21 15:50:10',15032,'','',3,1,0.00,1.36,0.00,2),(732,'2019-09-21 15:50:10',15092,'','',7,1,0.00,0.26,0.00,2),(732,'2019-09-21 15:50:10',16763,'','',2,1,0.00,2.78,0.00,2),(732,'2019-09-21 15:50:10',17012,'','',6,1,0.00,0.35,0.00,2),(732,'2019-09-21 15:50:10',17132,'','',4,1,0.00,3.99,0.00,2),(732,'2019-09-21 15:50:10',17161,'','',1,1,0.00,2.49,0.00,2),(732,'2019-09-21 15:50:10',17318,'','',8,5,0.00,0.17,0.00,2),(732,'2019-09-21 15:50:10',17595,'','',12,1,0.00,0.20,0.00,2),(732,'2019-09-21 15:50:10',17828,'','',10,1,0.00,0.56,0.00,2),(732,'2019-09-21 15:50:10',18380,'','',5,1,0.00,1.60,0.00,2),(732,'2019-09-21 15:50:10',18877,'','',9,2,0.00,0.25,0.00,2),(732,'2019-09-21 15:50:10',19225,'','',11,1,0.00,5.95,0.00,2),(733,'2019-09-21 15:51:33',16569,'','',1,1,0.00,0.24,0.00,2),(734,'2019-09-21 15:52:58',18845,'','',1,4,0.00,1.99,0.00,2),(734,'2019-09-21 15:52:58',18965,'','',2,1,0.00,3.99,0.00,2),(735,'2019-09-21 15:53:38',17306,'','',1,1,0.00,9.95,0.00,2),(736,'2019-09-21 15:56:07',15496,'','',5,1,0.00,0.25,0.00,2),(736,'2019-09-21 15:56:07',16763,'','',1,1,0.00,2.78,0.00,2),(736,'2019-09-21 15:56:07',17595,'','',8,1,0.00,0.20,0.00,2),(736,'2019-09-21 15:56:07',17620,'','',3,1,0.00,1.23,0.00,2),(736,'2019-09-21 15:56:07',17669,'','',6,1,0.00,0.24,0.00,2),(736,'2019-09-21 15:56:07',17849,'','',2,1,0.00,1.72,0.00,2),(736,'2019-09-21 15:56:07',18323,'','',7,1,0.00,1.25,0.00,2),(736,'2019-09-21 15:56:07',18877,'','',4,1,0.00,0.25,0.00,2),(737,'2019-09-21 15:56:55',18000,'','',2,1,0.00,1.95,0.00,2),(737,'2019-09-21 15:56:55',19201,'','',1,1,0.00,1.00,0.00,2),(738,'2019-09-21 15:58:38',17595,'','',3,1,0.00,0.20,0.00,2),(738,'2019-09-21 15:58:38',17793,'','',1,2,0.00,2.95,0.00,2),(738,'2019-09-21 15:58:38',18328,'','',2,2,0.00,0.50,0.00,2),(739,'2019-09-21 15:59:32',19225,'','',1,1,0.00,1.99,0.00,2),(740,'2019-09-21 16:00:20',16551,'','',1,1,0.00,7.99,0.00,2),(741,'2019-09-21 16:01:24',15587,'','',2,1,0.00,1.25,0.00,2),(741,'2019-09-21 16:01:24',19094,'','',1,1,0.00,1.50,0.00,2),(742,'2019-09-21 16:02:33',16716,'','',1,1,0.00,0.99,0.00,2),(743,'2019-09-21 16:04:06',15091,'','',2,1,0.00,0.23,0.00,2),(743,'2019-09-21 16:04:06',15092,'','',1,1,0.00,0.26,0.00,2),(743,'2019-09-21 16:04:06',19225,'','',3,1,0.00,2.95,0.00,2),(744,'2019-09-21 16:04:46',19201,'','',1,2,0.00,1.00,0.00,2),(745,'2019-09-21 16:05:35',19225,'','',1,1,0.00,3.95,0.00,2),(746,'2019-09-21 16:13:44',15092,'','',3,1,0.00,0.26,0.00,2),(746,'2019-09-21 16:13:44',15481,'','',2,1,0.00,8.95,0.00,2),(746,'2019-09-21 16:13:44',16763,'','',1,1,0.00,2.78,0.00,2),(746,'2019-09-21 16:13:44',17012,'','',5,1,0.00,0.35,0.00,2),(746,'2019-09-21 16:13:44',17322,'','',6,1,0.00,0.24,0.00,2),(746,'2019-09-21 16:13:44',17620,'','',7,1,0.00,1.23,0.00,2),(746,'2019-09-21 16:13:44',18877,'','',4,2,0.00,0.25,0.00,2),(747,'2019-09-21 16:14:27',18593,'','',1,1,0.00,1.50,0.00,2),(748,'2019-09-21 16:15:39',17319,'','',2,2,0.00,0.20,0.00,2),(748,'2019-09-21 16:15:39',17322,'','',1,2,0.00,0.24,0.00,2),(749,'2019-09-21 16:18:49',17033,'','',1,1,0.00,1.04,0.00,2),(749,'2019-09-21 16:18:49',17620,'','',3,1,0.00,1.23,0.00,2),(749,'2019-09-21 16:18:49',19225,'','',2,1,0.00,2.95,0.00,2),(750,'2019-09-21 16:19:32',15877,'','',1,1,0.00,3.25,0.00,2),(751,'2019-09-21 16:20:36',18950,'','',1,1,0.00,1.99,0.00,2),(752,'2019-09-21 16:40:13',15424,'','',1,1,0.00,1.99,0.00,2),(752,'2019-09-21 16:40:13',17595,'','',2,1,0.00,0.20,0.00,2),(753,'2019-09-21 16:43:02',18845,'','',1,2,0.00,1.99,0.00,2),(754,'2019-09-21 16:46:00',17758,'','',1,1,0.00,1.00,0.00,2),(755,'2019-09-21 16:49:07',15091,'','',10,1,0.00,0.25,0.00,2),(755,'2019-09-21 16:49:07',15490,'','',9,1,0.00,1.25,0.00,2),(755,'2019-09-21 16:49:07',15492,'','',6,1,0.00,0.19,0.00,2),(755,'2019-09-21 16:49:07',15518,'','',7,1,0.00,0.20,0.00,2),(755,'2019-09-21 16:49:07',16552,'','',1,1,0.00,5.99,0.00,2),(755,'2019-09-21 16:49:07',16763,'','',2,1,0.00,2.78,0.00,2),(755,'2019-09-21 16:49:07',17318,'','',8,1,0.00,0.17,0.00,2),(755,'2019-09-21 16:49:07',17605,'','',5,1,0.00,0.35,0.00,2),(755,'2019-09-21 16:49:07',17620,'','',3,1,0.00,1.23,0.00,2),(755,'2019-09-21 16:49:07',19201,'','',4,1,0.00,1.00,0.00,2),(756,'2019-09-21 16:50:45',15091,'','',2,1,0.00,0.25,0.00,2),(756,'2019-09-21 16:50:45',15518,'','',4,1,0.00,0.20,0.00,2),(756,'2019-09-21 16:50:45',16763,'','',1,1,0.00,2.78,0.00,2),(756,'2019-09-21 16:50:45',17322,'','',5,1,0.00,0.24,0.00,2),(756,'2019-09-21 16:50:45',17595,'','',6,1,0.00,0.20,0.00,2),(756,'2019-09-21 16:50:45',17620,'','',3,1,0.00,1.23,0.00,2),(757,'2019-09-21 17:00:23',16575,'','',1,1,0.00,1.50,0.00,2),(757,'2019-09-21 17:00:23',19225,'','',2,1,0.00,1.23,0.00,2),(758,'2019-09-21 17:01:29',17595,'','',3,1,0.00,0.20,0.00,2),(758,'2019-09-21 17:01:29',17785,'','',1,1,0.00,2.99,0.00,2),(758,'2019-09-21 17:01:29',19225,'','',2,1,0.00,3.50,0.00,2),(759,'2019-09-21 17:03:31',17012,'','',2,1,0.00,0.35,0.00,2),(759,'2019-09-21 17:03:31',17595,'','',4,1,0.00,0.20,0.00,2),(759,'2019-09-21 17:03:31',17849,'','',1,1,0.00,1.75,0.00,2),(759,'2019-09-21 17:03:31',19225,'','',3,1,0.00,10.87,0.00,2),(760,'2019-09-21 17:05:06',16235,'','',2,1,0.00,2.99,0.00,2),(760,'2019-09-21 17:05:06',17753,'','',1,1,0.00,0.49,0.00,2),(760,'2019-09-21 17:05:06',19225,'','',3,1,0.00,2.25,0.00,2),(761,'2019-09-21 17:05:47',15625,'','',1,1,0.00,0.89,0.00,2),(761,'2019-09-21 17:05:47',16593,'','',2,1,0.00,1.29,0.00,2),(762,'2019-09-21 17:07:49',15451,'','',2,1,0.00,3.95,0.00,2),(762,'2019-09-21 17:07:49',16086,'','',3,1,0.00,3.95,0.00,2),(762,'2019-09-21 17:07:49',16879,'','',1,1,0.00,6.95,0.00,2),(762,'2019-09-21 17:07:49',17595,'','',5,1,0.00,0.20,0.00,2),(762,'2019-09-21 17:07:49',19225,'','',4,1,0.00,1.65,0.00,2),(763,'2019-09-21 17:10:19',15046,'','',4,1,0.00,2.17,0.00,2),(763,'2019-09-21 17:10:19',15625,'','',1,6,0.00,0.90,0.00,2),(763,'2019-09-21 17:10:19',17220,'','',3,1,0.00,3.99,0.00,2),(763,'2019-09-21 17:10:19',17595,'','',6,1,0.00,0.20,0.00,2),(763,'2019-09-21 17:10:19',18050,'','',2,1,0.00,5.95,0.00,2),(763,'2019-09-21 17:10:19',19225,'','',5,1,0.00,1.58,0.00,2),(764,'2019-09-21 17:11:38',18912,'','',1,1,0.00,1.14,0.00,2),(765,'2019-09-21 17:23:10',19225,'','',1,1,0.00,4.58,0.00,2),(766,'2019-09-21 17:23:58',16577,'','',1,1,0.00,2.95,0.00,2),(766,'2019-09-21 17:23:58',18692,'','',2,1,0.00,2.95,0.00,2),(767,'2019-09-21 17:24:52',19225,'','',1,1,0.00,5.15,0.00,2),(768,'2019-09-21 17:34:41',16554,'','',1,1,0.00,2.49,0.00,2),(768,'2019-09-21 17:34:41',17595,'','',3,1,0.00,0.20,0.00,2),(768,'2019-09-21 17:34:41',19225,'','',2,1,0.00,7.30,0.00,2),(769,'2019-09-21 17:35:31',19225,'','',1,1,0.00,4.95,0.00,2),(770,'2019-09-21 17:59:13',19201,'','',1,1,0.00,1.00,0.00,2),(771,'2019-09-21 18:01:19',15882,'','',3,1,0.00,1.99,0.00,2),(771,'2019-09-21 18:01:19',19201,'','',2,1,0.00,1.00,0.00,2),(771,'2019-09-21 18:01:19',19225,'','',4,1,0.00,6.00,0.00,2),(772,'2019-09-21 18:07:37',19225,'','',1,1,0.00,2.95,0.00,2),(773,'2019-09-21 18:09:04',19225,'','',1,1,0.00,5.95,0.00,2),(774,'2019-09-21 18:10:29',15496,'','',1,1,0.00,0.25,0.00,2),(774,'2019-09-21 18:10:29',17322,'','',2,3,0.00,0.24,0.00,2),(775,'2019-09-21 18:11:26',17595,'','',2,1,0.00,0.20,0.00,2),(775,'2019-09-21 18:11:26',17641,'','',1,1,0.00,2.95,0.00,2),(776,'2019-09-21 18:12:43',17595,'','',3,1,0.00,0.20,0.00,2),(776,'2019-09-21 18:12:43',17939,'','',1,1,0.00,7.78,0.00,2),(776,'2019-09-21 18:12:43',19225,'','',2,1,0.00,1.96,0.00,2),(777,'2019-09-21 18:14:51',19225,'','',1,1,0.00,6.95,0.00,2),(778,'2019-09-21 18:16:59',16552,'','',1,1,0.00,5.99,0.00,2),(778,'2019-09-21 18:16:59',17290,'','',4,2,0.00,0.55,0.00,2),(778,'2019-09-21 18:16:59',17605,'','',3,1,0.00,0.35,0.00,2),(778,'2019-09-21 18:16:59',17620,'','',2,1,0.00,1.23,0.00,2),(778,'2019-09-21 18:16:59',19320,'','',5,1,0.00,2.49,0.00,2),(779,'2019-09-21 18:25:29',16570,'','',1,2,0.00,1.50,0.00,2),(780,'2019-09-21 18:26:11',16647,'','',1,1,0.00,4.99,0.00,2),(781,'2019-09-23 08:21:08',17595,'','',1,1,0.00,0.20,0.00,2),(782,'2019-09-23 08:23:38',15219,'','',1,1,0.00,29.67,0.00,2),(783,'2019-09-23 09:24:59',19225,'','',1,1,0.00,0.50,0.00,2),(784,'2019-09-23 09:41:36',16556,'','',1,1,0.00,2.49,0.00,2),(785,'2019-09-23 09:43:17',18328,'','',1,1,0.00,0.50,0.00,2),(786,'2019-09-23 09:49:35',16556,'','',1,1,0.00,2.49,0.00,2),(787,'2019-09-23 09:51:04',16552,'','',1,1,0.00,2.50,0.00,2),(788,'2019-09-23 09:52:08',19225,'','',1,1,0.00,0.50,0.00,2),(789,'2019-09-23 09:53:16',18484,'','',1,1,0.00,5.95,0.00,2),(790,'2019-09-23 11:44:34',17322,'','',1,1,0.00,0.24,0.00,2),(791,'2019-09-23 17:41:23',19225,'','',1,1,0.00,20.70,0.00,2),(792,'2019-09-23 17:43:07',19225,'','',1,1,0.00,14.05,0.00,2),(793,'2019-09-23 17:44:24',18050,'','',1,1,0.00,5.95,0.00,2),(793,'2019-09-23 17:44:24',19225,'','',2,1,0.00,1.95,0.00,2),(794,'2019-09-23 17:45:36',17290,'','',1,1,0.00,0.55,0.00,2),(795,'2019-09-23 17:48:04',19263,'','',1,1,0.00,1.48,0.00,2),(796,'2019-09-23 17:55:45',19225,'','',1,1,0.00,4.00,0.00,2),(797,'2019-09-24 07:56:24',19225,'','',1,1,0.00,5.00,0.00,2),(798,'2019-09-24 07:58:19',19225,'','',1,1,0.00,5.60,0.00,2),(799,'2019-09-24 12:38:47',15492,'','',2,2,0.00,0.19,0.00,2),(799,'2019-09-24 12:38:47',16794,'','',1,1,0.00,2.95,0.00,2),(799,'2019-09-24 12:38:47',18510,'','',3,1,0.00,1.10,0.00,2),(800,'2019-09-24 12:39:22',19225,'','',1,1,0.00,1.00,0.00,2),(801,'2019-09-24 12:42:48',16520,'','',2,2,0.00,1.99,0.00,2),(801,'2019-09-24 12:42:48',16855,'','',1,1,0.00,1.00,0.00,2),(801,'2019-09-24 12:42:48',17103,'','',4,1,0.00,1.50,0.00,2),(801,'2019-09-24 12:42:48',17901,'','',5,1,0.00,4.49,0.00,2),(801,'2019-09-24 12:42:48',18593,'','',3,1,0.00,1.50,0.00,2),(801,'2019-09-24 12:42:48',19225,'','',6,1,0.00,1.99,0.00,2),(802,'2019-09-24 16:02:55',19225,'','',1,1,0.00,0.33,0.00,2),(803,'2019-09-24 16:07:08',16556,'','',1,1,0.00,2.49,0.00,2),(804,'2019-09-24 16:09:11',19225,'','',1,1,0.00,3.94,0.00,2),(805,'2019-09-24 17:21:17',19225,'','',1,1,0.00,1.00,0.00,2),(806,'2019-09-24 17:22:14',15295,'','',2,1,0.00,2.29,0.00,2),(806,'2019-09-24 17:22:14',18222,'','',1,1,0.00,1.49,0.00,2),(807,'2019-09-24 17:23:16',16556,'','',1,1,0.00,2.49,0.00,2),(808,'2019-09-24 17:24:11',17464,'','',1,3,0.00,2.99,0.00,2),(808,'2019-09-24 17:24:11',17595,'','',2,1,0.00,0.20,0.00,2),(809,'2019-09-24 17:24:59',17464,'','',1,1,0.00,2.99,0.00,2),(810,'2019-09-24 17:26:15',19225,'','',1,1,0.00,2.36,0.00,2),(811,'2019-09-25 07:49:36',19225,'','',1,1,0.00,2.78,0.00,2),(812,'2019-09-25 07:50:43',19225,'','',1,1,0.00,4.95,0.00,2),(813,'2019-09-25 07:51:47',19225,'','',1,1,0.00,2.78,0.00,2),(814,'2019-09-25 07:53:38',19225,'','',1,1,0.00,7.34,0.00,2),(815,'2019-09-25 07:54:16',19201,'','',1,2,0.00,1.00,0.00,2),(816,'2019-09-25 07:55:07',19225,'','',1,1,0.00,0.94,0.00,2),(817,'2019-09-25 07:55:52',19186,'','',1,1,0.00,1.29,0.00,2),(818,'2019-09-25 08:03:01',19225,'','',1,1,0.00,0.50,0.00,2),(819,'2019-09-25 15:20:27',19225,'','',1,1,0.00,0.50,0.00,2),(820,'2019-09-25 15:27:26',19225,'','',1,1,0.00,5.95,0.00,2),(821,'2019-09-25 15:28:29',17595,'','',1,1,0.00,0.20,0.00,2),(822,'2019-09-25 15:29:24',17161,'','',1,1,0.00,2.49,0.00,2),(823,'2019-09-25 15:31:23',19225,'','',1,1,0.00,1.50,0.00,2),(824,'2019-09-25 15:35:37',15515,'','',2,1,0.00,2.50,0.00,2),(824,'2019-09-25 15:35:37',17620,'','',1,1,0.00,1.23,0.00,2),(824,'2019-09-25 15:35:37',19225,'','',3,1,0.00,1.75,0.00,2),(825,'2019-09-25 15:36:44',19225,'','',1,1,0.00,4.85,0.00,2),(826,'2019-09-25 16:06:32',16556,'','',1,1,0.00,2.49,0.00,2),(827,'2019-09-25 16:08:37',15092,'','',4,1,0.00,0.26,0.00,2),(827,'2019-09-25 16:08:37',15492,'','',2,3,0.00,0.19,0.00,2),(827,'2019-09-25 16:08:37',17012,'','',1,1,0.00,0.35,0.00,2),(827,'2019-09-25 16:08:37',17595,'','',6,1,0.00,0.20,0.00,2),(827,'2019-09-25 16:08:37',18877,'','',3,1,0.00,0.25,0.00,2),(827,'2019-09-25 16:08:37',19225,'','',5,1,0.00,2.32,0.00,2),(828,'2019-09-25 16:11:22',15987,'','',1,3,0.00,2.00,0.00,2),(828,'2019-09-25 16:11:22',16921,'','',2,1,0.00,1.50,0.00,2),(829,'2019-09-25 16:26:06',15850,'','',1,1,0.00,2.95,0.00,2),(830,'2019-09-25 16:26:59',19225,'','',1,1,0.00,0.60,0.00,2),(831,'2019-09-25 16:27:39',19225,'','',1,1,0.00,1.50,0.00,2),(832,'2019-09-25 16:40:36',19225,'','',1,1,0.00,1.25,0.00,2),(833,'2019-09-25 16:42:15',19225,'','',1,1,0.00,5.59,0.00,2),(834,'2019-09-25 16:44:05',15091,'','',4,1,0.00,0.25,0.00,2),(834,'2019-09-25 16:44:05',15518,'','',2,2,0.00,0.20,0.00,2),(834,'2019-09-25 16:44:05',18510,'','',1,2,0.00,1.10,0.00,2),(834,'2019-09-25 16:44:05',18877,'','',3,1,0.00,0.25,0.00,2),(834,'2019-09-25 16:44:05',19225,'','',5,1,0.00,0.17,0.00,2),(835,'2019-09-25 16:44:49',15492,'','',1,3,0.00,0.19,0.00,2),(836,'2019-09-25 16:47:24',17363,'','',1,1,0.00,7.99,0.00,2),(837,'2019-09-25 17:13:33',19225,'','',1,1,0.00,1.00,0.00,2),(838,'2019-09-25 17:14:31',19225,'','',1,1,0.00,0.26,0.00,2),(839,'2019-09-25 17:44:31',15492,'','',2,1,0.00,0.19,0.00,2),(839,'2019-09-25 17:44:31',17595,'','',4,1,0.00,0.20,0.00,2),(839,'2019-09-25 17:44:31',17620,'','',1,1,0.00,1.23,0.00,2),(839,'2019-09-25 17:44:31',19225,'','',3,1,0.00,2.13,0.00,2),(840,'2019-09-25 17:45:08',17595,'','',1,1,0.00,0.20,0.00,2),(841,'2019-09-25 17:46:18',19225,'','',1,1,0.00,0.50,0.00,2),(842,'2019-09-28 12:44:01',18050,'','',1,1,0.00,5.95,0.00,2),(843,'2019-09-28 12:47:26',18845,'','',1,2.5,0.00,1.99,0.00,2),(843,'2019-09-28 12:47:26',19225,'','',2,1,0.00,27.38,0.00,2),(844,'2019-09-28 12:48:29',17445,'','',1,1,0.00,3.99,0.00,2);

--
-- Table structure for table `ospos_sales_items_taxes`
--

CREATE TABLE `ospos_sales_items_taxes` (
  `sale_id` int(10) NOT NULL,
  `item_id` int(10) NOT NULL,
  `line` int(3) NOT NULL DEFAULT '0',
  `name` varchar(255) NOT NULL,
  `percent` decimal(15,2) NOT NULL,
  PRIMARY KEY (`sale_id`,`item_id`,`line`,`name`,`percent`),
  KEY `sale_id` (`sale_id`),
  KEY `item_id` (`item_id`)
) ENGINE=InnoDB DEFAULT CHARSET=utf8;

--
-- Dumping data for table `ospos_sales_items_taxes`
--


--
-- Table structure for table `ospos_sales_payments`
--

CREATE TABLE `ospos_sales_payments` (
  `sale_id` int(10) NOT NULL,
  `payment_type` varchar(40) NOT NULL,
  `payment_amount` decimal(15,2) NOT NULL,
  PRIMARY KEY (`sale_id`,`payment_type`),
  KEY `sale_id` (`sale_id`)
) ENGINE=InnoDB DEFAULT CHARSET=utf8;

--
-- Dumping data for table `ospos_sales_payments`
--

INSERT INTO `ospos_sales_payments` VALUES (1,'Cash',4.99),(2,'Cash',1.50),(3,'Cash',1.72),(4,'Cash',1.95),(5,'Cash',7.95),(6,'Cash',1.95),(7,'Cash',1.20),(8,'Cash',4.80),(9,'Cash',0.50),(10,'Cash',2.60),(11,'Cash',1.80),(12,'Cash',2.95),(13,'Cash',6.74),(14,'Cash',1.50),(15,'Cash',1.10),(16,'Cash',1.00),(17,'Cash',3.99),(18,'Cash',7.95),(19,'Cash',6.78),(20,'Cash',0.20),(21,'Cash',2.49),(22,'Cash',7.85),(23,'Cash',6.97),(24,'Cash',1.25),(25,'Cash',5.95),(26,'Cash',5.65),(27,'Cash',1.00),(28,'Cash',4.20),(29,'Cash',100.00),(30,'Cash',0.20),(31,'Cash',50.00),(32,'Cash',2.99),(33,'Cash',5.00),(34,'Cash',50.00),(35,'Cash',20.00),(36,'Cash',10.00),(37,'Cash',2.00),(38,'Cash',5.00),(39,'Cash',2.00),(40,'Cash',5.00),(41,'Cash',20.00),(42,'Cash',6.00),(43,'Cash',20.00),(44,'Cash',0.10),(45,'Cash',5.00),(46,'Cash',1.25),(47,'Cash',50.00),(48,'Cash',1.00),(49,'Cash',20.00),(50,'Cash',50.00),(51,'Cash',1.00),(52,'Cash',0.50),(53,'Cash',0.20),(54,'Cash',6.00),(55,'Cash',1.99),(56,'Cash',100.00),(57,'Cash',20.00),(58,'Cash',10.00),(59,'Cash',10.00),(60,'Cash',10.00),(61,'Cash',10.00),(62,'Cash',1.50),(63,'Cash',50.00),(64,'Cash',5.00),(65,'Cash',5.00),(66,'Cash',0.20),(67,'Cash',5.00),(68,'Cash',5.00),(69,'Cash',50.00),(70,'Cash',2.00),(71,'Cash',50.00),(72,'Cash',0.20),(73,'Cash',8.00),(74,'Cash',10.00),(75,'Cash',2.00),(76,'Cash',20.00),(77,'Cash',10.00),(78,'Cash',5.00),(79,'Cash',50.00),(80,'Cash',20.00),(81,'Cash',20.00),(82,'Cash',10.00),(83,'Cash',50.00),(84,'Cash',3.60),(85,'Cash',1.00),(86,'Cash',50.00),(87,'Cash',2.00),(88,'Cash',3.00),(89,'Cash',5.00),(90,'Cash',0.20),(91,'Cash',10.00),(92,'Cash',2.00),(93,'Cash',5.00),(94,'Cash',2.95),(95,'Cash',2.00),(96,'Cash',1.00),(97,'Cash',10.00),(98,'Cash',2.11),(99,'Cash',4.00),(100,'Cash',1.30),(101,'Cash',40.00),(102,'Cash',20.00),(103,'Cash',5.00),(104,'Cash',5.00),(105,'Cash',10.00),(106,'Cash',10.00),(107,'Cash',10.00),(108,'Cash',2.58),(109,'Cash',20.00),(110,'Cash',20.00),(111,'Cash',20.00),(112,'Cash',2.00),(113,'Cash',5.00),(114,'Cash',0.50),(115,'Cash',2.00),(116,'Cash',6.00),(117,'Cash',10.00),(118,'Cash',10.00),(119,'Cash',20.00),(120,'Cash',50.00),(121,'Cash',20.00),(122,'Cash',1.00),(123,'Cash',5.00),(124,'Cash',0.10),(125,'Cash',1.00),(126,'Cash',50.00),(127,'Cash',50.00),(128,'Cash',5.00),(129,'Cash',5.00),(130,'Cash',10.00),(131,'Cash',20.00),(132,'Cash',50.00),(133,'Cash',0.97),(134,'Cash',5.00),(135,'Cash',2.00),(136,'Cash',0.50),(137,'Cash',5.00),(138,'Cash',0.50),(139,'Cash',10.00),(140,'Cash',13.00),(141,'Cash',2.49),(142,'Cash',50.00),(143,'Cash',50.00),(144,'Cash',30.30),(145,'Cash',2.00),(146,'Cash',30.50),(147,'Cash',10.00),(148,'Cash',0.30),(149,'Cash',10.00),(150,'Cash',0.60),(151,'Cash',10.00),(152,'Cash',0.20),(153,'Cash',100.00),(154,'Cash',10.00),(155,'Cash',2.00),(156,'Cash',2.00),(157,'Cash',2.00),(158,'Cash',5.50),(159,'Cash',15.00),(160,'Cash',1.99),(161,'Cash',2.00),(162,'Cash',50.15),(163,'Cash',50.00),(164,'Cash',20.00),(165,'Cash',8.00),(166,'Cash',10.00),(167,'Cash',0.50),(168,'Cash',2.25),(169,'Cash',10.00),(170,'Cash',25.00),(171,'Cash',20.00),(172,'Cash',50.00),(173,'Cash',20.00),(174,'Cash',2.70),(175,'Cash',1.00),(176,'Cash',2.00),(177,'Cash',2.00),(178,'Cash',2.00),(179,'Cash',9.00),(180,'Cash',1.00),(181,'Cash',20.00),(182,'Cash',20.15),(183,'Cash',10.00),(184,'Cash',10.00),(185,'Cash',5.00),(186,'Cash',0.50),(187,'Cash',10.00),(188,'Cash',6.00),(189,'Cash',2.95),(190,'Cash',10.00),(191,'Cash',1.00),(192,'Cash',50.00),(193,'Cash',4.30),(194,'Cash',11.00),(195,'Cash',1.50),(196,'Cash',20.00),(197,'Cash',2.00),(198,'Cash',5.60),(199,'Cash',5.00),(200,'Cash',1.50),(201,'Cash',15.00),(202,'Cash',50.00),(203,'Cash',10.00),(204,'Cash',5.00),(205,'Cash',20.00),(206,'Cash',0.40),(207,'Cash',10.00),(208,'Cash',20.00),(209,'Cash',0.50),(210,'Cash',20.00),(211,'Cash',5.00),(212,'Cash',1.00),(213,'Cash',50.00),(214,'Cash',20.00),(215,'Cash',10.00),(216,'Cash',10.00),(217,'Cash',4.20),(218,'Cash',5.00),(219,'Cash',1.10),(220,'Cash',5.00),(221,'Cash',25.00),(222,'Cash',0.49),(223,'Cash',20.00),(224,'Cash',1.00),(225,'Cash',10.00),(226,'Cash',1.50),(227,'Cash',6.00),(228,'Cash',6.00),(229,'Cash',0.50),(230,'Cash',5.72),(231,'Cash',2.00),(232,'Cash',5.00),(233,'Cash',10.00),(234,'Cash',10.00),(235,'Cash',1.00),(236,'Cash',5.00),(237,'Cash',0.50),(238,'Cash',5.00),(239,'Cash',3.99),(240,'Cash',3.10),(241,'Cash',5.00),(242,'Cash',100.00),(243,'Cash',0.20),(244,'Cash',2.49),(245,'Cash',7.60),(246,'Cash',7.60),(247,'Cash',50.00),(248,'Cash',20.00),(249,'Cash',50.00),(250,'Cash',10.00),(251,'Cash',20.00),(252,'Cash',11.90),(253,'Cash',0.20),(254,'Cash',10.00),(255,'Cash',10.00),(256,'Cash',10.00),(257,'Cash',4.99),(258,'Cash',10.00),(259,'Cash',10.00),(260,'Cash',10.00),(261,'Cash',50.00),(262,'Cash',5.00),(263,'Cash',20.00),(264,'Cash',20.00),(265,'Cash',10.00),(266,'Cash',5.00),(267,'Cash',20.00),(268,'Cash',0.20),(269,'Cash',1.00),(270,'Cash',20.00),(271,'Cash',10.00),(272,'Cash',0.20),(273,'Cash',10.00),(274,'Cash',5.00),(275,'Cash',20.00),(276,'Cash',5.00),(277,'Cash',4.00),(278,'Cash',20.00),(279,'Cash',20.00),(280,'Cash',10.00),(281,'Cash',20.00),(282,'Cash',10.00),(283,'Cash',8.00),(284,'Cash',5.00),(285,'Cash',0.18),(286,'Cash',2.00),(287,'Cash',10.00),(288,'Cash',50.00),(289,'Cash',5.00),(290,'Cash',20.00),(291,'Cash',1.00),(292,'Cash',1.25),(293,'Cash',5.07),(294,'Cash',20.00),(295,'Cash',15.00),(296,'Cash',7.00),(297,'Cash',10.00),(298,'Cash',6.30),(299,'Cash',50.00),(300,'Cash',2.00),(301,'Cash',10.00),(302,'Cash',20.00),(303,'Cash',10.00),(304,'Cash',1.29),(305,'Cash',3.00),(306,'Cash',10.00),(307,'Cash',2.00),(308,'Cash',20.00),(309,'Cash',0.50),(310,'Cash',1.00),(311,'Cash',7.00),(312,'Cash',10.00),(313,'Cash',20.00),(314,'Cash',20.00),(315,'Cash',1.99),(316,'Cash',0.30),(317,'Cash',2.00),(318,'Cash',3.45),(319,'Cash',6.00),(320,'Cash',5.00),(321,'Cash',6.40),(322,'Cash',0.20),(323,'Cash',2.00),(324,'Cash',1.00),(325,'Cash',3.99),(326,'Cash',2.00),(327,'Cash',14.00),(328,'Cash',20.00),(329,'Cash',3.20),(330,'Cash',18.90),(331,'Cash',3.00),(332,'Cash',10.00),(333,'Cash',15.10),(334,'Cash',5.00),(335,'Cash',15.00),(336,'Cash',10.00),(337,'Cash',2.00),(338,'Cash',20.00),(339,'Cash',1.99),(340,'Cash',50.00),(341,'Cash',20.00),(342,'Cash',0.20),(343,'Cash',20.00),(344,'Cash',20.00),(345,'Cash',2.30),(346,'Cash',1.00),(347,'Cash',10.00),(348,'Cash',8.00),(349,'Cash',20.00),(350,'Cash',11.00),(351,'Cash',50.00),(352,'Cash',1.00),(353,'Cash',10.00),(354,'Cash',0.50),(355,'Cash',50.00),(356,'Cash',5.00),(357,'Cash',20.00),(358,'Cash',10.00),(359,'Cash',5.00),(360,'Cash',2.00),(361,'Cash',2.00),(362,'Cash',10.00),(363,'Cash',8.00),(364,'Cash',40.00),(365,'Cash',10.00),(366,'Cash',100.00),(367,'Cash',3.50),(368,'Cash',20.00),(369,'Cash',0.10),(370,'Cash',50.00),(371,'Cash',2.00),(372,'Cash',10.00),(373,'Cash',5.00),(374,'Cash',10.00),(375,'Cash',1.29),(376,'Cash',2.00),(377,'Cash',16.58),(378,'Cash',10.00),(379,'Cash',20.00),(380,'Cash',3.00),(381,'Cash',1.00),(382,'Cash',4.00),(383,'Cash',1.00),(384,'Cash',50.00),(385,'Cash',0.50),(386,'Cash',5.00),(387,'Cash',10.00),(388,'Cash',50.00),(389,'Cash',2.00),(390,'Cash',10.00),(391,'Cash',2.58),(392,'Cash',2.58),(393,'Cash',2.00),(394,'Cash',10.00),(395,'Cash',2.00),(396,'Cash',1.29),(397,'Cash',13.04),(398,'Cash',50.00),(399,'Cash',7.00),(400,'Cash',3.00),(401,'Cash',2.49),(402,'Cash',0.40),(403,'Cash',50.00),(404,'Cash',1.00),(405,'Cash',5.00),(406,'Cash',50.00),(407,'Cash',50.00),(408,'Cash',20.00),(409,'Cash',20.00),(410,'Cash',1.99),(411,'Cash',10.00),(412,'Cash',1.99),(413,'Cash',10.00),(414,'Cash',20.00),(415,'Cash',5.00),(416,'Cash',20.00),(417,'Cash',7.00),(418,'Cash',5.00),(419,'Cash',1.99),(420,'Cash',50.00),(421,'Cash',1.25),(422,'Cash',5.00),(423,'Cash',0.20),(424,'Cash',10.00),(425,'Cash',20.00),(426,'Cash',50.00),(427,'Cash',20.00),(428,'Cash',2.00),(429,'Cash',20.00),(430,'Cash',10.00),(431,'Cash',1.99),(432,'Cash',100.00),(433,'Cash',50.00),(434,'Cash',20.00),(435,'Cash',4.00),(436,'Cash',50.00),(437,'Cash',2.00),(438,'Cash',50.00),(439,'Cash',10.00),(440,'Cash',6.99),(441,'Cash',20.00),(442,'Cash',50.00),(443,'Cash',12.00),(444,'Cash',7.00),(445,'Cash',5.00),(446,'Cash',5.00),(447,'Cash',10.00),(448,'Cash',1.20),(449,'Cash',1.00),(450,'Cash',9.99),(451,'Cash',50.00),(452,'Cash',5.00),(453,'Cash',0.99),(454,'Cash',50.00),(455,'Cash',100.00),(456,'Cash',2.00),(457,'Cash',20.00),(458,'Cash',20.00),(459,'Cash',20.00),(460,'Cash',2.00),(461,'Cash',5.00),(462,'Cash',200.00),(463,'Cash',10.00),(464,'Cash',50.00),(465,'Cash',50.00),(466,'Cash',5.90),(467,'Cash',10.00),(468,'Cash',5.00),(469,'Cash',9.95),(470,'Cash',3.00),(471,'Cash',2.49),(472,'Cash',1.00),(473,'Cash',50.00),(474,'Cash',2.00),(475,'Cash',20.00),(476,'Cash',1.20),(477,'Cash',52.65),(478,'Cash',5.00),(479,'Cash',10.00),(480,'Cash',1.00),(481,'Cash',1.20),(482,'Cash',50.00),(483,'Cash',2.00),(484,'Cash',3.00),(485,'Cash',3.00),(486,'Cash',3.00),(487,'Cash',3.00),(488,'Cash',2.00),(489,'Cash',50.00),(490,'Cash',1.99),(491,'Cash',27.50),(492,'Cash',2.00),(493,'Cash',10.00),(494,'Cash',20.00),(495,'Cash',2.00),(496,'Cash',1.99),(497,'Cash',5.00),(498,'Cash',0.20),(499,'Cash',50.00),(500,'Cash',100.00),(501,'Cash',0.48),(502,'Cash',20.20),(503,'Cash',2.00),(504,'Cash',13.00),(505,'Cash',0.20),(506,'Cash',1.00),(507,'Cash',20.00),(508,'Cash',11.89),(509,'Cash',1.00),(510,'Cash',3.00),(511,'Cash',8.00),(512,'Cash',1.50),(513,'Cash',20.00),(514,'Cash',20.00),(515,'Cash',3.00),(516,'Cash',3.00),(517,'Cash',10.00),(518,'Cash',1.70),(519,'Cash',50.00),(520,'Cash',20.00),(521,'Cash',100.00),(522,'Cash',8.90),(523,'Cash',2.99),(524,'Cash',20.00),(525,'Cash',50.00),(526,'Cash',5.99),(527,'Cash',5.00),(528,'Cash',15.00),(529,'Cash',10.00),(530,'Cash',10.00),(531,'Cash',20.00),(532,'Cash',4.00),(533,'Cash',5.00),(534,'Cash',20.00),(535,'Cash',20.00),(536,'Cash',1.00),(537,'Cash',1.00),(538,'Cash',50.00),(539,'Cash',6.99),(540,'Cash',20.00),(541,'Cash',25.90),(542,'Cash',20.00),(543,'Cash',10.00),(544,'Cash',20.00),(545,'Cash',100.00),(546,'Cash',2.00),(547,'Cash',1.00),(548,'Cash',50.00),(549,'Cash',1.10),(550,'Cash',8.70),(551,'Cash',1.29),(552,'Cash',5.00),(553,'Cash',6.00),(554,'Cash',20.00),(555,'Cash',1.00),(556,'Cash',5.00),(557,'Cash',10.00),(558,'Cash',50.00),(559,'Cash',20.00),(560,'Cash',8.00),(561,'Cash',2.00),(562,'Cash',4.00),(563,'Cash',6.20),(564,'Cash',10.00),(565,'Cash',3.60),(566,'Cash',1.00),(567,'Cash',20.00),(568,'Card',16.40),(569,'Cash',5.00),(570,'Cash',50.00),(571,'Cash',20.00),(572,'Cash',10.09),(573,'Cash',20.00),(574,'Cash',5.00),(575,'Cash',50.00),(576,'Cash',4.00),(577,'Cash',25.50),(578,'Cash',5.00),(579,'Card',83.40),(580,'Cash',0.20),(581,'Cash',12.00),(582,'Cash',5.00),(583,'Cash',20.00),(584,'Cash',50.00),(585,'Cash',7.49),(586,'Cash',5.95),(587,'Cash',20.00),(588,'Cash',5.00),(589,'Cash',1.49),(590,'Cash',20.00),(591,'Cash',1.00),(592,'Cash',1.00),(593,'Cash',1.00),(594,'Cash',5.00),(595,'Cash',1.00),(596,'Cash',0.48),(597,'Cash',0.84),(598,'Cash',1.50),(599,'Cash',1.49),(600,'Cash',35.00),(601,'Cash',9.00),(602,'Cash',9.00),(603,'Cash',9.00),(604,'Cash',9.00),(605,'Cash',9.00),(606,'Cash',9.00),(607,'Cash',6.95),(608,'Cash',9.00),(609,'Cash',9.00),(610,'Cash',1.14),(611,'Cash',1.00),(612,'Cash',8.00),(613,'Cash',20.00),(614,'Cash',50.00),(615,'Cash',0.20),(616,'Cash',10.00),(617,'Cash',3.00),(618,'Cash',68.40),(619,'Cash',20.00),(620,'Cash',11.98),(621,'Cash',1.56),(622,'Cash',7.00),(623,'Cash',2.00),(624,'Cash',3.98),(625,'Cash',40.00),(626,'Cash',8.00),(627,'Cash',2.00),(628,'Cash',1.20),(629,'Cash',5.00),(630,'Cash',10.00),(631,'Cash',5.00),(632,'Cash',7.00),(633,'Cash',11.00),(634,'Cash',2.50),(635,'Cash',4.50),(636,'Cash',20.00),(637,'Cash',100.00),(638,'Cash',5.00),(639,'Cash',10.00),(640,'Cash',4.50),(641,'Cash',2.00),(642,'Cash',5.00),(643,'Cash',5.00),(644,'Cash',5.00),(645,'Cash',1.00),(646,'Cash',2.00),(647,'Cash',52.00),(648,'Cash',10.00),(649,'Cash',30.00),(650,'Cash',20.00),(651,'Cash',3.00),(652,'Cash',15.12),(653,'Cash',5.00),(654,'Cash',1.00),(655,'Cash',7.00),(656,'Cash',1.00),(657,'Cash',100.00),(658,'Cash',5.00),(659,'Cash',0.50),(660,'Cash',2.00),(661,'Cash',3.60),(662,'Cash',20.00),(663,'Cash',20.00),(664,'Cash',5.99),(665,'Cash',10.40),(666,'Cash',5.00),(667,'Cash',6.00),(668,'Cash',2.00),(669,'Cash',0.20),(670,'Cash',3.00),(671,'Cash',5.00),(672,'Cash',20.00),(673,'Cash',9.40),(674,'Cash',10.00),(675,'Cash',20.00),(676,'Cash',4.50),(677,'Cash',2.00),(678,'Cash',2.00),(679,'Cash',3.00),(680,'Cash',10.00),(681,'Cash',5.00),(682,'Cash',5.00),(683,'Cash',10.00),(684,'Cash',1.00),(685,'Cash',7.00),(686,'Cash',5.00),(687,'Cash',10.00),(688,'Cash',50.00),(689,'Cash',7.00),(690,'Cash',4.00),(691,'Cash',1.00),(692,'Cash',2.00),(693,'Cash',50.00),(694,'Cash',2.00),(695,'Cash',16.13),(696,'Cash',20.00),(697,'Cash',1.00),(698,'Cash',1.00),(699,'Cash',2.00),(700,'Cash',5.09),(701,'Cash',50.00),(702,'Cash',10.00),(703,'Cash',2.00),(704,'Cash',50.00),(705,'Cash',20.00),(706,'Cash',1.95),(707,'Cash',2.20),(708,'Cash',20.00),(709,'Cash',22.23),(710,'Cash',2.00),(711,'Cash',50.00),(712,'Cash',5.60),(713,'Cash',2.00),(714,'Cash',1.00),(715,'Cash',2.00),(716,'Cash',6.00),(717,'Cash',0.20),(718,'Cash',1.00),(719,'Cash',10.00),(720,'Cash',10.00),(721,'Cash',11.00),(722,'Cash',50.00),(723,'Cash',10.00),(724,'Cash',10.00),(725,'Cash',6.00),(726,'Cash',10.00),(727,'Cash',20.00),(728,'Cash',20.00),(729,'Cash',10.00),(730,'Cash',2.80),(731,'Cash',1.83),(732,'Cash',21.00),(733,'Cash',0.24),(734,'Cash',12.00),(735,'Cash',10.00),(736,'Cash',7.92),(737,'Cash',3.00),(738,'Cash',10.00),(739,'Cash',1.99),(740,'Cash',8.10),(741,'Cash',10.00),(742,'Cash',2.00),(743,'Cash',4.00),(744,'Cash',2.00),(745,'Cash',5.00),(746,'Cash',20.00),(747,'Cash',100.00),(748,'Cash',5.00),(749,'Cash',5.22),(750,'Cash',3.25),(751,'Cash',1.99),(752,'Cash',5.00),(753,'Cash',10.00),(754,'Cash',1.00),(755,'Cash',100.00),(756,'Cash',20.00),(757,'Cash',3.00),(758,'Cash',7.00),(759,'Cash',13.20),(760,'Cash',6.00),(761,'Cash',5.00),(762,'Cash',20.00),(763,'Cash',20.00),(764,'Cash',20.00),(765,'Cash',4.70),(766,'Cash',7.00),(767,'Cash',10.00),(768,'Cash',20.00),(769,'Cash',5.00),(770,'Cash',1.00),(771,'Cash',50.00),(772,'Cash',3.00),(773,'Cash',6.00),(774,'Cash',1.00),(775,'Cash',3.15),(776,'Cash',10.00),(777,'Cash',7.00),(778,'Cash',11.16),(779,'Cash',3.00),(780,'Cash',4.99),(781,'Cash',0.20),(782,'Cash',100.00),(783,'Cash',0.50),(784,'Cash',3.00),(785,'Cash',2.00),(786,'Cash',5.00),(787,'Cash',2.50),(788,'Cash',0.50),(789,'Cash',10.00),(790,'Cash',1.00),(791,'Cash',21.00),(792,'Cash',14.05),(793,'Cash',20.00),(794,'Cash',0.55),(795,'Cash',20.00),(796,'Cash',4.00),(797,'Cash',20.00),(798,'Cash',5.60),(799,'Cash',5.00),(800,'Cash',1.00),(801,'Cash',15.00),(802,'Cash',1.00),(803,'Cash',2.49),(804,'Cash',10.00),(805,'Cash',5.00),(806,'Cash',4.00),(807,'Cash',3.00),(808,'Cash',10.00),(809,'Cash',5.00),(810,'Cash',2.50),(811,'Cash',5.00),(812,'Cash',5.00),(813,'Cash',3.00),(814,'Cash',10.00),(815,'Cash',2.00),(816,'Cash',1.00),(817,'Cash',1.50),(818,'Cash',2.00),(819,'Cash',2.00),(820,'Cash',6.00),(821,'Cash',0.50),(822,'Cash',3.00),(823,'Cash',20.00),(824,'Cash',6.00),(825,'Cash',20.00),(826,'Cash',2.49),(827,'Cash',5.00),(828,'Cash',8.00),(829,'Cash',4.00),(830,'Cash',0.60),(831,'Cash',1.50),(832,'Cash',1.25),(833,'Cash',5.59),(834,'Cash',10.00),(835,'Cash',2.00),(836,'Cash',8.00),(837,'Cash',2.00),(838,'Cash',0.50),(839,'Cash',4.00),(840,'Cash',0.50),(841,'Cash',2.00),(842,'Cash',5.95),(843,'Cash',100.00),(844,'Cash',4.00);

--
-- Table structure for table `ospos_sales_suspended`
--

CREATE TABLE `ospos_sales_suspended` (
  `sale_time` timestamp NOT NULL DEFAULT CURRENT_TIMESTAMP,
  `customer_id` int(10) DEFAULT NULL,
  `employee_id` int(10) NOT NULL DEFAULT '0',
  `comment` text NOT NULL,
  `invoice_number` varchar(32) DEFAULT NULL,
  `sale_id` int(10) NOT NULL AUTO_INCREMENT,
  `payment_type` varchar(512) DEFAULT NULL,
  PRIMARY KEY (`sale_id`),
  UNIQUE KEY `invoice_number` (`invoice_number`),
  KEY `customer_id` (`customer_id`),
  KEY `employee_id` (`employee_id`)
) ENGINE=InnoDB DEFAULT CHARSET=utf8;

--
-- Dumping data for table `ospos_sales_suspended`
--


--
-- Table structure for table `ospos_sales_suspended_items`
--

CREATE TABLE `ospos_sales_suspended_items` (
  `sale_id` int(10) NOT NULL DEFAULT '0',
  `item_id` int(10) NOT NULL DEFAULT '0',
  `description` varchar(30) DEFAULT NULL,
  `serialnumber` varchar(30) DEFAULT NULL,
  `line` int(3) NOT NULL DEFAULT '0',
  `quantity_purchased` decimal(15,2) NOT NULL DEFAULT '0.00',
  `item_cost_price` decimal(15,2) NOT NULL,
  `item_unit_price` decimal(15,2) NOT NULL,
  `discount_percent` decimal(15,2) NOT NULL DEFAULT '0.00',
  `item_location` int(11) NOT NULL,
  PRIMARY KEY (`sale_id`,`item_id`,`line`),
  KEY `sale_id` (`sale_id`),
  KEY `item_id` (`item_id`),
  KEY `ospos_sales_suspended_items_ibfk_3` (`item_location`)
) ENGINE=InnoDB DEFAULT CHARSET=utf8;

--
-- Dumping data for table `ospos_sales_suspended_items`
--


--
-- Table structure for table `ospos_sales_suspended_items_taxes`
--

CREATE TABLE `ospos_sales_suspended_items_taxes` (
  `sale_id` int(10) NOT NULL,
  `item_id` int(10) NOT NULL,
  `line` int(3) NOT NULL DEFAULT '0',
  `name` varchar(255) NOT NULL,
  `percent` decimal(15,2) NOT NULL,
  PRIMARY KEY (`sale_id`,`item_id`,`line`,`name`,`percent`),
  KEY `item_id` (`item_id`)
) ENGINE=InnoDB DEFAULT CHARSET=utf8;

--
-- Dumping data for table `ospos_sales_suspended_items_taxes`
--


--
-- Table structure for table `ospos_sales_suspended_payments`
--

CREATE TABLE `ospos_sales_suspended_payments` (
  `sale_id` int(10) NOT NULL,
  `payment_type` varchar(40) NOT NULL,
  `payment_amount` decimal(15,2) NOT NULL,
  PRIMARY KEY (`sale_id`,`payment_type`)
) ENGINE=InnoDB DEFAULT CHARSET=utf8;

--
-- Dumping data for table `ospos_sales_suspended_payments`
--


--
-- Table structure for table `ospos_stock_locations`
--

CREATE TABLE `ospos_stock_locations` (
  `location_id` int(11) NOT NULL AUTO_INCREMENT,
  `location_name` varchar(255) CHARACTER SET utf8 DEFAULT NULL,
  `deleted` int(1) NOT NULL DEFAULT '0',
  PRIMARY KEY (`location_id`)
) ENGINE=InnoDB AUTO_INCREMENT=3 DEFAULT CHARSET=latin1;

--
-- Dumping data for table `ospos_stock_locations`
--

INSERT INTO `ospos_stock_locations` VALUES (1,'stock',1),(2,'Suva Retail',0);

--
-- Table structure for table `ospos_suppliers`
--

CREATE TABLE `ospos_suppliers` (
  `person_id` int(10) NOT NULL,
  `company_name` varchar(255) NOT NULL,
  `account_number` varchar(255) DEFAULT NULL,
  `deleted` int(1) NOT NULL DEFAULT '0',
  UNIQUE KEY `account_number` (`account_number`),
  KEY `person_id` (`person_id`)
) ENGINE=InnoDB DEFAULT CHARSET=utf8;

--
-- Dumping data for table `ospos_suppliers`
--



